{"id":70316555,"date":"2020-05-27T17:19:10","date_gmt":"2020-05-27T15:19:10","guid":{"rendered":"https:\/\/bpk-archive.de\/tuellmann\/\/atbild\/gerald-van-de-groenekan-praesentiert-die-von-ihm-konstruierten-rietveld-stuehle\/"},"modified":"2020-08-11T16:40:00","modified_gmt":"2020-08-11T14:40:00","slug":"gerald-van-de-groenekan-praesentiert-die-von-ihm-konstruierten-rietveld-stuehle","status":"publish","type":"product","link":"https:\/\/bpk-archive.de\/tuellmann\/produkt\/gerald-van-de-groenekan-praesentiert-die-von-ihm-konstruierten-rietveld-stuehle\/","title":{"rendered":"Gerald van de Groenekan pr\u00e4sentiert die von ihm konstruierten Rietveld-St\u00fchle"},"content":{"rendered":"<p>Nach den Pl\u00e4nen des niederl\u00e4ndischen M\u00f6beldesigners und Architekten Gerrit Rietveld<\/p>\n","protected":false},"excerpt":{"rendered":"<p>Nach den Pl\u00e4nen des niederl\u00e4ndischen M\u00f6beldesigners und Architekten Gerrit Rietveld<\/p>\n","protected":false},"featured_media":70315907,"template":"","meta":[],"product_brand":[],"product_cat":[73387],"product_tag":[75526,75527,47237,13232,13234,13231,13233,47238,47921,47240,47418,47419,47420,47421,47422,47423,47424,60250,59267,50489,50490,50491,50492,50493,50494,50495,52908,52909,60188,60189,13784,13785,75025,75508,60190,66403,75501,75502,75503,75504,75505,75506,75507,60191,13258,13259,74602,74603,74604,13262,13263,13264,13265,13266,13267,13272,13273,52865,13294,49863,49864,75509,75525,75510,75511,75512,75513,54777,68302,68303,68304,59010,59011,59012,59013,59014,54778,75514,75515,75516,75517,75518,13818,13819,13820,13821,13822,13823,13824,13825,13826,55956,75519,60197,60198,64518,75520,54785,54786,68306,68307,68308,59020,59021,59022,59023,59024,47899,47900,13829,13830,13831,13832,13833,13834,13835,13836,13837,13838,13839,13840,13841,13842,47958,75521,58177,58178,52866,13519,13520,13521,13522,13523,13524,75522,49282,49283,49284,49285,75523,48535,48536,48537,48538,47968,75524],"class_list":{"0":"post-70316555","1":"product","2":"type-product","3":"status-publish","4":"has-post-thumbnail","6":"product_cat-mode-design","7":"product_tag-1888-1964","8":"product_tag-1904-1994","9":"product_tag-1980er-jahre","10":"product_tag-20-jahrhundert-nach-chr","11":"product_tag-20-jh-n-chr","12":"product_tag-20-jahrhundert","13":"product_tag-20-jh","14":"product_tag-80er","15":"product_tag-abisag","16":"product_tag-achtziger","17":"product_tag-alt","18":"product_tag-alte","19":"product_tag-alten","20":"product_tag-alter","21":"product_tag-aeltere","22":"product_tag-aelterer","23":"product_tag-altes","24":"product_tag-armsessel","25":"product_tag-armstuhl","26":"product_tag-aufgestuetzt","27":"product_tag-aufgestuetzte","28":"product_tag-aufgestuetztem","29":"product_tag-aufgestuetzten","30":"product_tag-aufgestuetzter","31":"product_tag-aufgestuetztes","32":"product_tag-aufstuetzen","33":"product_tag-bauhaus","34":"product_tag-bauhauses","35":"product_tag-beistelltisch","36":"product_tag-beistelltischchen","37":"product_tag-bildnis","38":"product_tag-bildnisse","39":"product_tag-de","40":"product_tag-de-stijl","41":"product_tag-design","42":"product_tag-designer","43":"product_tag-designermoebel","44":"product_tag-designerstueck","45":"product_tag-designerstuecke","46":"product_tag-designikone","47":"product_tag-designklassiker","48":"product_tag-designklassikers","49":"product_tag-designmoebel","50":"product_tag-designs","51":"product_tag-dia","52":"product_tag-diapositiv","53":"product_tag-fabrikant","54":"product_tag-fabrikanten","55":"product_tag-fabrikbesitzer","56":"product_tag-farbdia","57":"product_tag-farbdiapositiv","58":"product_tag-farbe","59":"product_tag-farben","60":"product_tag-farbfoto","61":"product_tag-farbfotografie","62":"product_tag-farbphoto","63":"product_tag-farbphotographie","64":"product_tag-fauteuil","65":"product_tag-fotografie","66":"product_tag-garten","67":"product_tag-gartens","68":"product_tag-gerald","69":"product_tag-gerald-van-de","70":"product_tag-gerald_van_de_groenekan","71":"product_tag-gerrit","72":"product_tag-gerrit_rietveld","73":"product_tag-groenekan","74":"product_tag-holland","75":"product_tag-hollaender","76":"product_tag-hollaendern","77":"product_tag-hollaenders","78":"product_tag-hollaendisch","79":"product_tag-hollaendische","80":"product_tag-hollaendischen","81":"product_tag-hollaendischer","82":"product_tag-hollaendisches","83":"product_tag-hollands","84":"product_tag-holzmoebel","85":"product_tag-holzstuhl","86":"product_tag-holzstuehle","87":"product_tag-konstrukteur","88":"product_tag-konstrukteure","89":"product_tag-mann","90":"product_tag-maenner","91":"product_tag-maennerbildnis","92":"product_tag-maennerbildnisse","93":"product_tag-maennerportrait","94":"product_tag-maennerportraits","95":"product_tag-maennerportraet","96":"product_tag-maennerportraets","97":"product_tag-mannes","98":"product_tag-moebel","99":"product_tag-moebelbauer","100":"product_tag-moebeldesign","101":"product_tag-moebeldesigns","102":"product_tag-moebelfabrik","103":"product_tag-moebelfabrikant","104":"product_tag-niederlande","105":"product_tag-niederlanden","106":"product_tag-niederlaender","107":"product_tag-niederlaendern","108":"product_tag-niederlaenders","109":"product_tag-niederlaendisch","110":"product_tag-niederlaendische","111":"product_tag-niederlaendischen","112":"product_tag-niederlaendischer","113":"product_tag-niederlaendisches","114":"product_tag-persoenlichkeit","115":"product_tag-persoenlichkeiten","116":"product_tag-portrait","117":"product_tag-portraitaufnahme","118":"product_tag-portraitfoto","119":"product_tag-portraitfotografie","120":"product_tag-portraitphoto","121":"product_tag-portraitphotographie","122":"product_tag-portraits","123":"product_tag-portraet","124":"product_tag-portraetaufnahme","125":"product_tag-portraetfoto","126":"product_tag-portraetfotografie","127":"product_tag-portraetphoto","128":"product_tag-portraetphotographie","129":"product_tag-portraets","130":"product_tag-querformat","131":"product_tag-rietveld","132":"product_tag-senior","133":"product_tag-senioren","134":"product_tag-sessel","135":"product_tag-stehen","136":"product_tag-stehend","137":"product_tag-stehende","138":"product_tag-stehenden","139":"product_tag-stehender","140":"product_tag-stehendes","141":"product_tag-stijl","142":"product_tag-stuhl","143":"product_tag-stuehle","144":"product_tag-stuhles","145":"product_tag-stuhls","146":"product_tag-systematik_1324469_id","147":"product_tag-tisch","148":"product_tag-tische","149":"product_tag-tischen","150":"product_tag-tisches","151":"product_tag-tuellmann","152":"product_tag-van","153":"pa_datierung-26683","154":"pa_fotograf-abisag-tuellmann","155":"pa_geografischer_bezug-aufnahmeort-de-bilt-niederlande","156":"pa_grunddaten_material_technik-foto-farbdia","157":"pa_inventarnummer-tue-f87-09-04-27","158":"pa_jahr_von-62747","159":"pa_mediennummer-75498","160":"pa_objekttyp-fotografie","162":"first","163":"instock","164":"product-type-simple"},"yoast_head":"<!-- This site is optimized with the Yoast SEO plugin v27.4 - https:\/\/yoast.com\/product\/yoast-seo-wordpress\/ -->\n<title>Gerald van de Groenekan pr\u00e4sentiert die von ihm konstruierten Rietveld-St\u00fchle - Abisag T\u00fcllmann<\/title>\n<meta name=\"robots\" content=\"index, follow, max-snippet:-1, max-image-preview:large, max-video-preview:-1\" \/>\n<link rel=\"canonical\" href=\"https:\/\/bpk-archive.de\/tuellmann\/produkt\/gerald-van-de-groenekan-praesentiert-die-von-ihm-konstruierten-rietveld-stuehle\/\" \/>\n<meta property=\"og:locale\" content=\"de_DE\" \/>\n<meta property=\"og:type\" content=\"article\" \/>\n<meta property=\"og:title\" content=\"Gerald van de Groenekan pr\u00e4sentiert die von ihm konstruierten Rietveld-St\u00fchle - Abisag T\u00fcllmann\" \/>\n<meta property=\"og:description\" content=\"Nach den Pl\u00e4nen des niederl\u00e4ndischen M\u00f6beldesigners und Architekten Gerrit Rietveld\" \/>\n<meta property=\"og:url\" content=\"https:\/\/bpk-archive.de\/tuellmann\/produkt\/gerald-van-de-groenekan-praesentiert-die-von-ihm-konstruierten-rietveld-stuehle\/\" \/>\n<meta property=\"og:site_name\" content=\"Abisag T\u00fcllmann\" \/>\n<meta property=\"article:modified_time\" content=\"2020-08-11T14:40:00+00:00\" \/>\n<meta property=\"og:image\" content=\"https:\/\/bpk-archive.de\/tuellmann\/wp-content\/uploads\/2020\/05\/bpk_00028108.jpg\" \/>\n\t<meta property=\"og:image:width\" content=\"1200\" \/>\n\t<meta property=\"og:image:height\" content=\"793\" \/>\n\t<meta property=\"og:image:type\" content=\"image\/jpeg\" \/>\n<meta name=\"twitter:card\" content=\"summary_large_image\" \/>\n<script type=\"application\/ld+json\" class=\"yoast-schema-graph\">{\"@context\":\"https:\\\/\\\/schema.org\",\"@graph\":[{\"@type\":\"WebPage\",\"@id\":\"https:\\\/\\\/bpk-archive.de\\\/tuellmann\\\/produkt\\\/gerald-van-de-groenekan-praesentiert-die-von-ihm-konstruierten-rietveld-stuehle\\\/\",\"url\":\"https:\\\/\\\/bpk-archive.de\\\/tuellmann\\\/produkt\\\/gerald-van-de-groenekan-praesentiert-die-von-ihm-konstruierten-rietveld-stuehle\\\/\",\"name\":\"Gerald van de Groenekan pr\u00e4sentiert die von ihm konstruierten Rietveld-St\u00fchle - Abisag T\u00fcllmann\",\"isPartOf\":{\"@id\":\"https:\\\/\\\/bpk-archive.de\\\/tuellmann\\\/#website\"},\"primaryImageOfPage\":{\"@id\":\"https:\\\/\\\/bpk-archive.de\\\/tuellmann\\\/produkt\\\/gerald-van-de-groenekan-praesentiert-die-von-ihm-konstruierten-rietveld-stuehle\\\/#primaryimage\"},\"image\":{\"@id\":\"https:\\\/\\\/bpk-archive.de\\\/tuellmann\\\/produkt\\\/gerald-van-de-groenekan-praesentiert-die-von-ihm-konstruierten-rietveld-stuehle\\\/#primaryimage\"},\"thumbnailUrl\":\"https:\\\/\\\/bpk-archive.de\\\/tuellmann\\\/wp-content\\\/uploads\\\/2020\\\/05\\\/bpk_00028108.jpg\",\"datePublished\":\"2020-05-27T15:19:10+00:00\",\"dateModified\":\"2020-08-11T14:40:00+00:00\",\"breadcrumb\":{\"@id\":\"https:\\\/\\\/bpk-archive.de\\\/tuellmann\\\/produkt\\\/gerald-van-de-groenekan-praesentiert-die-von-ihm-konstruierten-rietveld-stuehle\\\/#breadcrumb\"},\"inLanguage\":\"de\",\"potentialAction\":[{\"@type\":\"ReadAction\",\"target\":[\"https:\\\/\\\/bpk-archive.de\\\/tuellmann\\\/produkt\\\/gerald-van-de-groenekan-praesentiert-die-von-ihm-konstruierten-rietveld-stuehle\\\/\"]}]},{\"@type\":\"ImageObject\",\"inLanguage\":\"de\",\"@id\":\"https:\\\/\\\/bpk-archive.de\\\/tuellmann\\\/produkt\\\/gerald-van-de-groenekan-praesentiert-die-von-ihm-konstruierten-rietveld-stuehle\\\/#primaryimage\",\"url\":\"https:\\\/\\\/bpk-archive.de\\\/tuellmann\\\/wp-content\\\/uploads\\\/2020\\\/05\\\/bpk_00028108.jpg\",\"contentUrl\":\"https:\\\/\\\/bpk-archive.de\\\/tuellmann\\\/wp-content\\\/uploads\\\/2020\\\/05\\\/bpk_00028108.jpg\",\"width\":1200,\"height\":793,\"caption\":\"Nach den Pl\u00e4nen des niederl\u00e4ndischen M\u00f6beldesigners und Architekten Gerrit Rietveld Aufnahmedatum: 1987 Material\\\/Technik: Foto \\\/ Farbdia Aufnahmeort: De Bilt \\\/ Niederlande Inventar-Nr.: T\u00fc F87.09.04-27\"},{\"@type\":\"BreadcrumbList\",\"@id\":\"https:\\\/\\\/bpk-archive.de\\\/tuellmann\\\/produkt\\\/gerald-van-de-groenekan-praesentiert-die-von-ihm-konstruierten-rietveld-stuehle\\\/#breadcrumb\",\"itemListElement\":[{\"@type\":\"ListItem\",\"position\":1,\"name\":\"Startseite\",\"item\":\"https:\\\/\\\/bpk-archive.de\\\/tuellmann\\\/\"},{\"@type\":\"ListItem\",\"position\":2,\"name\":\"Shop\",\"item\":\"https:\\\/\\\/bpk-archive.de\\\/tuellmann\\\/shop\\\/\"},{\"@type\":\"ListItem\",\"position\":3,\"name\":\"Gerald van de Groenekan pr\u00e4sentiert die von ihm konstruierten Rietveld-St\u00fchle\"}]},{\"@type\":\"WebSite\",\"@id\":\"https:\\\/\\\/bpk-archive.de\\\/tuellmann\\\/#website\",\"url\":\"https:\\\/\\\/bpk-archive.de\\\/tuellmann\\\/\",\"name\":\"Abisag T\u00fcllmann\",\"description\":\"Eine weitere WordPress-Website\",\"potentialAction\":[{\"@type\":\"SearchAction\",\"target\":{\"@type\":\"EntryPoint\",\"urlTemplate\":\"https:\\\/\\\/bpk-archive.de\\\/tuellmann\\\/?s={search_term_string}\"},\"query-input\":{\"@type\":\"PropertyValueSpecification\",\"valueRequired\":true,\"valueName\":\"search_term_string\"}}],\"inLanguage\":\"de\"}]}<\/script>\n<!-- \/ Yoast SEO plugin. -->","yoast_head_json":{"title":"Gerald van de Groenekan pr\u00e4sentiert die von ihm konstruierten Rietveld-St\u00fchle - Abisag T\u00fcllmann","robots":{"index":"index","follow":"follow","max-snippet":"max-snippet:-1","max-image-preview":"max-image-preview:large","max-video-preview":"max-video-preview:-1"},"canonical":"https:\/\/bpk-archive.de\/tuellmann\/produkt\/gerald-van-de-groenekan-praesentiert-die-von-ihm-konstruierten-rietveld-stuehle\/","og_locale":"de_DE","og_type":"article","og_title":"Gerald van de Groenekan pr\u00e4sentiert die von ihm konstruierten Rietveld-St\u00fchle - Abisag T\u00fcllmann","og_description":"Nach den Pl\u00e4nen des niederl\u00e4ndischen M\u00f6beldesigners und Architekten Gerrit Rietveld","og_url":"https:\/\/bpk-archive.de\/tuellmann\/produkt\/gerald-van-de-groenekan-praesentiert-die-von-ihm-konstruierten-rietveld-stuehle\/","og_site_name":"Abisag T\u00fcllmann","article_modified_time":"2020-08-11T14:40:00+00:00","og_image":[{"width":1200,"height":793,"url":"https:\/\/bpk-archive.de\/tuellmann\/wp-content\/uploads\/2020\/05\/bpk_00028108.jpg","type":"image\/jpeg"}],"twitter_card":"summary_large_image","schema":{"@context":"https:\/\/schema.org","@graph":[{"@type":"WebPage","@id":"https:\/\/bpk-archive.de\/tuellmann\/produkt\/gerald-van-de-groenekan-praesentiert-die-von-ihm-konstruierten-rietveld-stuehle\/","url":"https:\/\/bpk-archive.de\/tuellmann\/produkt\/gerald-van-de-groenekan-praesentiert-die-von-ihm-konstruierten-rietveld-stuehle\/","name":"Gerald van de Groenekan pr\u00e4sentiert die von ihm konstruierten Rietveld-St\u00fchle - Abisag T\u00fcllmann","isPartOf":{"@id":"https:\/\/bpk-archive.de\/tuellmann\/#website"},"primaryImageOfPage":{"@id":"https:\/\/bpk-archive.de\/tuellmann\/produkt\/gerald-van-de-groenekan-praesentiert-die-von-ihm-konstruierten-rietveld-stuehle\/#primaryimage"},"image":{"@id":"https:\/\/bpk-archive.de\/tuellmann\/produkt\/gerald-van-de-groenekan-praesentiert-die-von-ihm-konstruierten-rietveld-stuehle\/#primaryimage"},"thumbnailUrl":"https:\/\/bpk-archive.de\/tuellmann\/wp-content\/uploads\/2020\/05\/bpk_00028108.jpg","datePublished":"2020-05-27T15:19:10+00:00","dateModified":"2020-08-11T14:40:00+00:00","breadcrumb":{"@id":"https:\/\/bpk-archive.de\/tuellmann\/produkt\/gerald-van-de-groenekan-praesentiert-die-von-ihm-konstruierten-rietveld-stuehle\/#breadcrumb"},"inLanguage":"de","potentialAction":[{"@type":"ReadAction","target":["https:\/\/bpk-archive.de\/tuellmann\/produkt\/gerald-van-de-groenekan-praesentiert-die-von-ihm-konstruierten-rietveld-stuehle\/"]}]},{"@type":"ImageObject","inLanguage":"de","@id":"https:\/\/bpk-archive.de\/tuellmann\/produkt\/gerald-van-de-groenekan-praesentiert-die-von-ihm-konstruierten-rietveld-stuehle\/#primaryimage","url":"https:\/\/bpk-archive.de\/tuellmann\/wp-content\/uploads\/2020\/05\/bpk_00028108.jpg","contentUrl":"https:\/\/bpk-archive.de\/tuellmann\/wp-content\/uploads\/2020\/05\/bpk_00028108.jpg","width":1200,"height":793,"caption":"Nach den Pl\u00e4nen des niederl\u00e4ndischen M\u00f6beldesigners und Architekten Gerrit Rietveld Aufnahmedatum: 1987 Material\/Technik: Foto \/ Farbdia Aufnahmeort: De Bilt \/ Niederlande Inventar-Nr.: T\u00fc F87.09.04-27"},{"@type":"BreadcrumbList","@id":"https:\/\/bpk-archive.de\/tuellmann\/produkt\/gerald-van-de-groenekan-praesentiert-die-von-ihm-konstruierten-rietveld-stuehle\/#breadcrumb","itemListElement":[{"@type":"ListItem","position":1,"name":"Startseite","item":"https:\/\/bpk-archive.de\/tuellmann\/"},{"@type":"ListItem","position":2,"name":"Shop","item":"https:\/\/bpk-archive.de\/tuellmann\/shop\/"},{"@type":"ListItem","position":3,"name":"Gerald van de Groenekan pr\u00e4sentiert die von ihm konstruierten Rietveld-St\u00fchle"}]},{"@type":"WebSite","@id":"https:\/\/bpk-archive.de\/tuellmann\/#website","url":"https:\/\/bpk-archive.de\/tuellmann\/","name":"Abisag T\u00fcllmann","description":"Eine weitere WordPress-Website","potentialAction":[{"@type":"SearchAction","target":{"@type":"EntryPoint","urlTemplate":"https:\/\/bpk-archive.de\/tuellmann\/?s={search_term_string}"},"query-input":{"@type":"PropertyValueSpecification","valueRequired":true,"valueName":"search_term_string"}}],"inLanguage":"de"}]}},"_links":{"self":[{"href":"https:\/\/bpk-archive.de\/tuellmann\/wp-json\/wp\/v2\/product\/70316555","targetHints":{"allow":["GET"]}}],"collection":[{"href":"https:\/\/bpk-archive.de\/tuellmann\/wp-json\/wp\/v2\/product"}],"about":[{"href":"https:\/\/bpk-archive.de\/tuellmann\/wp-json\/wp\/v2\/types\/product"}],"wp:featuredmedia":[{"embeddable":true,"href":"https:\/\/bpk-archive.de\/tuellmann\/wp-json\/wp\/v2\/media\/70315907"}],"wp:attachment":[{"href":"https:\/\/bpk-archive.de\/tuellmann\/wp-json\/wp\/v2\/media?parent=70316555"}],"wp:term":[{"taxonomy":"product_brand","embeddable":true,"href":"https:\/\/bpk-archive.de\/tuellmann\/wp-json\/wp\/v2\/product_brand?post=70316555"},{"taxonomy":"product_cat","embeddable":true,"href":"https:\/\/bpk-archive.de\/tuellmann\/wp-json\/wp\/v2\/product_cat?post=70316555"},{"taxonomy":"product_tag","embeddable":true,"href":"https:\/\/bpk-archive.de\/tuellmann\/wp-json\/wp\/v2\/product_tag?post=70316555"}],"curies":[{"name":"wp","href":"https:\/\/api.w.org\/{rel}","templated":true}]}}