{"id":70316425,"date":"2020-05-27T17:16:33","date_gmt":"2020-05-27T15:16:33","guid":{"rendered":"https:\/\/bpk-archive.de\/tuellmann\/\/atbild\/demonstration-gegen-die-ausweitung-des-vietnamkrieges-auf-kambodscha-hier-der-protestzug-in-der-kaiserstrassedemonstration-gegen-die-ausweitung-des-vietnamkrieges-auf-kambodscha-hier-der-protestzu\/"},"modified":"2020-08-11T16:57:03","modified_gmt":"2020-08-11T14:57:03","slug":"demonstration-gegen-die-ausweitung-des-vietnamkrieges-auf-kambodscha-hier-der-protestzug-in-der-kaiserstrassedemonstration-gegen-die-ausweitung-des-vietnamkrieges-auf-kambodscha-hier-der-protestzu","status":"publish","type":"product","link":"https:\/\/bpk-archive.de\/tuellmann\/produkt\/demonstration-gegen-die-ausweitung-des-vietnamkrieges-auf-kambodscha-hier-der-protestzug-in-der-kaiserstrassedemonstration-gegen-die-ausweitung-des-vietnamkrieges-auf-kambodscha-hier-der-protestzu\/","title":{"rendered":"Demonstration gegen die Ausweitung des Vietnamkrieges auf Kambodscha. Hier: Der Protestzug in der Kaiserstra\u00dfeDemonstration gegen die Ausweitung des Vietnamkrieges auf Kambodscha. Hier: Der Protestzug in der Kaiserstra\u00dfe"},"content":{"rendered":"<p>Die Parole auf dem Spruchband lautet: &#8222;Es gibt keine Neutralit\u00e4t gegen\u00fcber dem US-Imperialismus&#8220;. (Scan vom Vintageprint)<\/p>\n","protected":false},"excerpt":{"rendered":"<p>Die Parole auf dem Spruchband lautet: &#8222;Es gibt keine Neutralit\u00e4t gegen\u00fcber dem US-Imperialismus&#8220;. (Scan vom Vintageprint)<\/p>\n","protected":false},"featured_media":70316036,"template":"","meta":[],"product_brand":[],"product_cat":[73391],"product_tag":[14054,14055,13230,13232,13234,13231,13233,14056,14057,13235,47921,13777,50914,54332,13954,48438,13250,54333,13606,13469,13470,13607,13608,13609,13610,13611,13612,13613,13614,13615,13616,13617,13618,13619,13620,13621,13622,13623,13624,13253,13254,13255,13256,13257,13471,13472,13260,51715,51716,51717,51718,51719,51720,49500,49501,13293,13786,13787,13294,13295,13485,13486,13482,13481,13483,13484,50920,50917,50918,50919,47378,47379,47380,47381,47382,13492,13493,13494,13495,13496,13497,13301,74757,63331,63612,63613,63614,63615,63616,63617,47295,47296,47297,58216,13626,13627,13312,13313,13314,13315,13316,13317,13319,13320,13321,13322,13323,48491,49229,49230,48737,50921,50922,48738,48739,48740,48741,48742,13328,13827,13828,13329,13330,13843,13641,62470,13642,13643,13644,13645,13646,13647,13648,13649,13650,13651,13652,13653,47958,13877,13879,48364,13343,13344,48365,13345,13865,13864,13866,13858,13859,13860,13861,13862,13863,13354,49236,13357,13358,13359,48165,48166,13876,63336,47967,13878,13880,64613,13655,13656,47968,13375,13376,63337,63347,63338,63339,63340,63341,63342,63343,63344,63345,63346],"class_list":{"0":"post-70316425","1":"product","2":"type-product","3":"status-publish","4":"has-post-thumbnail","6":"product_cat-protestedemonstrationen","7":"product_tag-1968er","8":"product_tag-1968er-bewegung","9":"product_tag-1970er-jahre","10":"product_tag-20-jahrhundert-nach-chr","11":"product_tag-20-jh-n-chr","12":"product_tag-20-jahrhundert","13":"product_tag-20-jh","14":"product_tag-68er","15":"product_tag-68er-bewegung","16":"product_tag-70er","17":"product_tag-abisag","18":"product_tag-abzug","19":"product_tag-antikriegsbewegung","20":"product_tag-apo","21":"product_tag-arm-in-arm","22":"product_tag-aufschrift","23":"product_tag-aussen","24":"product_tag-ausserparlamentarische-opposition","25":"product_tag-banner","26":"product_tag-brd","27":"product_tag-bundesrepublik-deutschland","28":"product_tag-demo","29":"product_tag-demonstrant","30":"product_tag-demonstranten","31":"product_tag-demonstration","32":"product_tag-demonstrationen","33":"product_tag-demonstrationsplakat","34":"product_tag-demonstrationsschild","35":"product_tag-demonstrationszug","36":"product_tag-demonstrieren","37":"product_tag-demonstrierend","38":"product_tag-demonstrierende","39":"product_tag-demonstrierenden","40":"product_tag-demonstrierender","41":"product_tag-demonstrierendes","42":"product_tag-demonstriert","43":"product_tag-demoplakat","44":"product_tag-demos","45":"product_tag-demoschild","46":"product_tag-deutsch","47":"product_tag-deutsche","48":"product_tag-deutschen","49":"product_tag-deutscher","50":"product_tag-deutsches","51":"product_tag-deutschland","52":"product_tag-deutschlands","53":"product_tag-draussen","54":"product_tag-eingehakt","55":"product_tag-eingehakte","56":"product_tag-eingehakten","57":"product_tag-eingehakter","58":"product_tag-eingehaktes","59":"product_tag-einhaken","60":"product_tag-forderung","61":"product_tag-forderungen","62":"product_tag-foto","63":"product_tag-fotoabzug","64":"product_tag-fotoabzuege","65":"product_tag-fotografie","66":"product_tag-fotografien","67":"product_tag-frankfurt-m","68":"product_tag-frankfurt-main","69":"product_tag-frankfurt-a-main","70":"product_tag-frankfurt-a-m","71":"product_tag-frankfurt-am-main","72":"product_tag-frankfurter","73":"product_tag-friedens-demonstration","74":"product_tag-friedensbewegung","75":"product_tag-friedensdemo","76":"product_tag-friedensdemonstration","77":"product_tag-gehen","78":"product_tag-gehend","79":"product_tag-gehende","80":"product_tag-gehender","81":"product_tag-gehendes","82":"product_tag-hessen","83":"product_tag-hessisch","84":"product_tag-hessische","85":"product_tag-hessischen","86":"product_tag-hessischer","87":"product_tag-hessisches","88":"product_tag-im-freien","89":"product_tag-imperialismus","90":"product_tag-indochina","91":"product_tag-kambodscha","92":"product_tag-kambodschanisch","93":"product_tag-kambodschanische","94":"product_tag-kambodschanischen","95":"product_tag-kambodschanischer","96":"product_tag-kambodschanisches","97":"product_tag-krieg","98":"product_tag-kriege","99":"product_tag-krieges","100":"product_tag-kriegsgegner","101":"product_tag-kundgebung","102":"product_tag-kundgebungen","103":"product_tag-marschieren","104":"product_tag-marschierend","105":"product_tag-marschierende","106":"product_tag-marschierenden","107":"product_tag-marschierender","108":"product_tag-marschierendes","109":"product_tag-menschenansammlung","110":"product_tag-menschenauflauf","111":"product_tag-menschenmassen","112":"product_tag-menschenmenge","113":"product_tag-menschenschar","114":"product_tag-opposition","115":"product_tag-parole","116":"product_tag-parolen","117":"product_tag-pazifismus","118":"product_tag-pazifist","119":"product_tag-pazifisten","120":"product_tag-pazifistisch","121":"product_tag-pazifistische","122":"product_tag-pazifistischen","123":"product_tag-pazifistischer","124":"product_tag-pazifistisches","125":"product_tag-photo","126":"product_tag-photoabzug","127":"product_tag-photoabzuege","128":"product_tag-photographie","129":"product_tag-photographien","130":"product_tag-print","131":"product_tag-protest","132":"product_tag-protestbewegung","133":"product_tag-proteste","134":"product_tag-protestieren","135":"product_tag-protestierend","136":"product_tag-protestierende","137":"product_tag-protestierenden","138":"product_tag-protestierender","139":"product_tag-protestierendes","140":"product_tag-protestiert","141":"product_tag-protestmarsch","142":"product_tag-protestmarsches","143":"product_tag-protestmarschs","144":"product_tag-protestschild","145":"product_tag-querformat","146":"product_tag-s-w-fotografie","147":"product_tag-s-w-photographie","148":"product_tag-schrift","149":"product_tag-schriftband","150":"product_tag-schriftbaender","151":"product_tag-schriften","152":"product_tag-schriftzug","153":"product_tag-schwarzweissphotographie","154":"product_tag-schwarz-weiss-fotografie","155":"product_tag-schwarz-weiss-photographie","156":"product_tag-schwarzweiss","157":"product_tag-schwarzweisse","158":"product_tag-schwarzweissen","159":"product_tag-schwarzweisser","160":"product_tag-schwarzweisses","161":"product_tag-schwarzweissfotografie","162":"product_tag-siebziger","163":"product_tag-slogan","164":"product_tag-spruchband","165":"product_tag-spruchbaender","166":"product_tag-spruchbaendern","167":"product_tag-strasse","168":"product_tag-strassen","169":"product_tag-studentenbewegung","170":"product_tag-studentenproteste","171":"product_tag-sw","172":"product_tag-sw-fotografie","173":"product_tag-sw-photographie","174":"product_tag-systematik_105137_id","175":"product_tag-transparent","176":"product_tag-transparente","177":"product_tag-tuellmann","178":"product_tag-veranstaltung","179":"product_tag-veranstaltungen","180":"product_tag-vietnam","181":"product_tag-vietnam-proteste","182":"product_tag-vietnamesisch","183":"product_tag-vietnamesische","184":"product_tag-vietnamesischen","185":"product_tag-vietnamesischer","186":"product_tag-vietnamesisches","187":"product_tag-vietnamkrieg","188":"product_tag-vietnamkrieges","189":"product_tag-vietnamkriegs","190":"product_tag-vietnamproteste","191":"pa_datierung-13381","192":"pa_fotograf-abisag-tuellmann","193":"pa_geografischer_bezug-aufnahmeort-frankfurt-am-main-deutschland","194":"pa_grunddaten_material_technik-foto","195":"pa_inventarnummer-tue-70-154-34","196":"pa_jahr_von-53324","197":"pa_mediennummer-74755","198":"pa_objekttyp-fotografie","200":"first","201":"instock","202":"product-type-simple"},"yoast_head":"<!-- This site is optimized with the Yoast SEO plugin v27.3 - https:\/\/yoast.com\/product\/yoast-seo-wordpress\/ -->\n<title>Demonstration gegen die Ausweitung des Vietnamkrieges auf Kambodscha. Hier: Der Protestzug in der Kaiserstra\u00dfeDemonstration gegen die Ausweitung des Vietnamkrieges auf Kambodscha. Hier: Der Protestzug in der Kaiserstra\u00dfe - Abisag T\u00fcllmann<\/title>\n<meta name=\"robots\" content=\"index, follow, max-snippet:-1, max-image-preview:large, max-video-preview:-1\" \/>\n<link rel=\"canonical\" href=\"https:\/\/bpk-archive.de\/tuellmann\/produkt\/demonstration-gegen-die-ausweitung-des-vietnamkrieges-auf-kambodscha-hier-der-protestzug-in-der-kaiserstrassedemonstration-gegen-die-ausweitung-des-vietnamkrieges-auf-kambodscha-hier-der-protestzu\/\" \/>\n<meta property=\"og:locale\" content=\"de_DE\" \/>\n<meta property=\"og:type\" content=\"article\" \/>\n<meta property=\"og:title\" content=\"Demonstration gegen die Ausweitung des Vietnamkrieges auf Kambodscha. Hier: Der Protestzug in der Kaiserstra\u00dfeDemonstration gegen die Ausweitung des Vietnamkrieges auf Kambodscha. Hier: Der Protestzug in der Kaiserstra\u00dfe - Abisag T\u00fcllmann\" \/>\n<meta property=\"og:description\" content=\"Die Parole auf dem Spruchband lautet: &#8222;Es gibt keine Neutralit\u00e4t gegen\u00fcber dem US-Imperialismus&#8220;. (Scan vom Vintageprint)\" \/>\n<meta property=\"og:url\" content=\"https:\/\/bpk-archive.de\/tuellmann\/produkt\/demonstration-gegen-die-ausweitung-des-vietnamkrieges-auf-kambodscha-hier-der-protestzug-in-der-kaiserstrassedemonstration-gegen-die-ausweitung-des-vietnamkrieges-auf-kambodscha-hier-der-protestzu\/\" \/>\n<meta property=\"og:site_name\" content=\"Abisag T\u00fcllmann\" \/>\n<meta property=\"article:modified_time\" content=\"2020-08-11T14:57:03+00:00\" \/>\n<meta property=\"og:image\" content=\"https:\/\/bpk-archive.de\/tuellmann\/wp-content\/uploads\/2020\/05\/bpk_20034760.jpg\" \/>\n\t<meta property=\"og:image:width\" content=\"1200\" \/>\n\t<meta property=\"og:image:height\" content=\"796\" \/>\n\t<meta property=\"og:image:type\" content=\"image\/jpeg\" \/>\n<meta name=\"twitter:card\" content=\"summary_large_image\" \/>\n<script type=\"application\/ld+json\" class=\"yoast-schema-graph\">{\"@context\":\"https:\\\/\\\/schema.org\",\"@graph\":[{\"@type\":\"WebPage\",\"@id\":\"https:\\\/\\\/bpk-archive.de\\\/tuellmann\\\/produkt\\\/demonstration-gegen-die-ausweitung-des-vietnamkrieges-auf-kambodscha-hier-der-protestzug-in-der-kaiserstrassedemonstration-gegen-die-ausweitung-des-vietnamkrieges-auf-kambodscha-hier-der-protestzu\\\/\",\"url\":\"https:\\\/\\\/bpk-archive.de\\\/tuellmann\\\/produkt\\\/demonstration-gegen-die-ausweitung-des-vietnamkrieges-auf-kambodscha-hier-der-protestzug-in-der-kaiserstrassedemonstration-gegen-die-ausweitung-des-vietnamkrieges-auf-kambodscha-hier-der-protestzu\\\/\",\"name\":\"Demonstration gegen die Ausweitung des Vietnamkrieges auf Kambodscha. Hier: Der Protestzug in der Kaiserstra\u00dfeDemonstration gegen die Ausweitung des Vietnamkrieges auf Kambodscha. Hier: Der Protestzug in der Kaiserstra\u00dfe - Abisag T\u00fcllmann\",\"isPartOf\":{\"@id\":\"https:\\\/\\\/bpk-archive.de\\\/tuellmann\\\/#website\"},\"primaryImageOfPage\":{\"@id\":\"https:\\\/\\\/bpk-archive.de\\\/tuellmann\\\/produkt\\\/demonstration-gegen-die-ausweitung-des-vietnamkrieges-auf-kambodscha-hier-der-protestzug-in-der-kaiserstrassedemonstration-gegen-die-ausweitung-des-vietnamkrieges-auf-kambodscha-hier-der-protestzu\\\/#primaryimage\"},\"image\":{\"@id\":\"https:\\\/\\\/bpk-archive.de\\\/tuellmann\\\/produkt\\\/demonstration-gegen-die-ausweitung-des-vietnamkrieges-auf-kambodscha-hier-der-protestzug-in-der-kaiserstrassedemonstration-gegen-die-ausweitung-des-vietnamkrieges-auf-kambodscha-hier-der-protestzu\\\/#primaryimage\"},\"thumbnailUrl\":\"https:\\\/\\\/bpk-archive.de\\\/tuellmann\\\/wp-content\\\/uploads\\\/2020\\\/05\\\/bpk_20034760.jpg\",\"datePublished\":\"2020-05-27T15:16:33+00:00\",\"dateModified\":\"2020-08-11T14:57:03+00:00\",\"breadcrumb\":{\"@id\":\"https:\\\/\\\/bpk-archive.de\\\/tuellmann\\\/produkt\\\/demonstration-gegen-die-ausweitung-des-vietnamkrieges-auf-kambodscha-hier-der-protestzug-in-der-kaiserstrassedemonstration-gegen-die-ausweitung-des-vietnamkrieges-auf-kambodscha-hier-der-protestzu\\\/#breadcrumb\"},\"inLanguage\":\"de\",\"potentialAction\":[{\"@type\":\"ReadAction\",\"target\":[\"https:\\\/\\\/bpk-archive.de\\\/tuellmann\\\/produkt\\\/demonstration-gegen-die-ausweitung-des-vietnamkrieges-auf-kambodscha-hier-der-protestzug-in-der-kaiserstrassedemonstration-gegen-die-ausweitung-des-vietnamkrieges-auf-kambodscha-hier-der-protestzu\\\/\"]}]},{\"@type\":\"ImageObject\",\"inLanguage\":\"de\",\"@id\":\"https:\\\/\\\/bpk-archive.de\\\/tuellmann\\\/produkt\\\/demonstration-gegen-die-ausweitung-des-vietnamkrieges-auf-kambodscha-hier-der-protestzug-in-der-kaiserstrassedemonstration-gegen-die-ausweitung-des-vietnamkrieges-auf-kambodscha-hier-der-protestzu\\\/#primaryimage\",\"url\":\"https:\\\/\\\/bpk-archive.de\\\/tuellmann\\\/wp-content\\\/uploads\\\/2020\\\/05\\\/bpk_20034760.jpg\",\"contentUrl\":\"https:\\\/\\\/bpk-archive.de\\\/tuellmann\\\/wp-content\\\/uploads\\\/2020\\\/05\\\/bpk_20034760.jpg\",\"width\":1200,\"height\":796,\"caption\":\"Die Parole auf dem Spruchband lautet: \\\"Es gibt keine Neutralit\u00e4t gegen\u00fcber dem US-Imperialismus\\\". (Scan vom Vintageprint) Aufnahmedatum: 1970 Material\\\/Technik: Foto Aufnahmeort: Frankfurt am Main \\\/ Deutschland Inventar-Nr.: T\u00fc 70\\\/154-34\"},{\"@type\":\"BreadcrumbList\",\"@id\":\"https:\\\/\\\/bpk-archive.de\\\/tuellmann\\\/produkt\\\/demonstration-gegen-die-ausweitung-des-vietnamkrieges-auf-kambodscha-hier-der-protestzug-in-der-kaiserstrassedemonstration-gegen-die-ausweitung-des-vietnamkrieges-auf-kambodscha-hier-der-protestzu\\\/#breadcrumb\",\"itemListElement\":[{\"@type\":\"ListItem\",\"position\":1,\"name\":\"Startseite\",\"item\":\"https:\\\/\\\/bpk-archive.de\\\/tuellmann\\\/\"},{\"@type\":\"ListItem\",\"position\":2,\"name\":\"Shop\",\"item\":\"https:\\\/\\\/bpk-archive.de\\\/tuellmann\\\/shop\\\/\"},{\"@type\":\"ListItem\",\"position\":3,\"name\":\"Demonstration gegen die Ausweitung des Vietnamkrieges auf Kambodscha. Hier: Der Protestzug in der Kaiserstra\u00dfeDemonstration gegen die Ausweitung des Vietnamkrieges auf Kambodscha. Hier: Der Protestzug in der Kaiserstra\u00dfe\"}]},{\"@type\":\"WebSite\",\"@id\":\"https:\\\/\\\/bpk-archive.de\\\/tuellmann\\\/#website\",\"url\":\"https:\\\/\\\/bpk-archive.de\\\/tuellmann\\\/\",\"name\":\"Abisag T\u00fcllmann\",\"description\":\"Eine weitere WordPress-Website\",\"potentialAction\":[{\"@type\":\"SearchAction\",\"target\":{\"@type\":\"EntryPoint\",\"urlTemplate\":\"https:\\\/\\\/bpk-archive.de\\\/tuellmann\\\/?s={search_term_string}\"},\"query-input\":{\"@type\":\"PropertyValueSpecification\",\"valueRequired\":true,\"valueName\":\"search_term_string\"}}],\"inLanguage\":\"de\"}]}<\/script>\n<!-- \/ Yoast SEO plugin. -->","yoast_head_json":{"title":"Demonstration gegen die Ausweitung des Vietnamkrieges auf Kambodscha. Hier: Der Protestzug in der Kaiserstra\u00dfeDemonstration gegen die Ausweitung des Vietnamkrieges auf Kambodscha. Hier: Der Protestzug in der Kaiserstra\u00dfe - Abisag T\u00fcllmann","robots":{"index":"index","follow":"follow","max-snippet":"max-snippet:-1","max-image-preview":"max-image-preview:large","max-video-preview":"max-video-preview:-1"},"canonical":"https:\/\/bpk-archive.de\/tuellmann\/produkt\/demonstration-gegen-die-ausweitung-des-vietnamkrieges-auf-kambodscha-hier-der-protestzug-in-der-kaiserstrassedemonstration-gegen-die-ausweitung-des-vietnamkrieges-auf-kambodscha-hier-der-protestzu\/","og_locale":"de_DE","og_type":"article","og_title":"Demonstration gegen die Ausweitung des Vietnamkrieges auf Kambodscha. Hier: Der Protestzug in der Kaiserstra\u00dfeDemonstration gegen die Ausweitung des Vietnamkrieges auf Kambodscha. Hier: Der Protestzug in der Kaiserstra\u00dfe - Abisag T\u00fcllmann","og_description":"Die Parole auf dem Spruchband lautet: &#8222;Es gibt keine Neutralit\u00e4t gegen\u00fcber dem US-Imperialismus&#8220;. (Scan vom Vintageprint)","og_url":"https:\/\/bpk-archive.de\/tuellmann\/produkt\/demonstration-gegen-die-ausweitung-des-vietnamkrieges-auf-kambodscha-hier-der-protestzug-in-der-kaiserstrassedemonstration-gegen-die-ausweitung-des-vietnamkrieges-auf-kambodscha-hier-der-protestzu\/","og_site_name":"Abisag T\u00fcllmann","article_modified_time":"2020-08-11T14:57:03+00:00","og_image":[{"width":1200,"height":796,"url":"https:\/\/bpk-archive.de\/tuellmann\/wp-content\/uploads\/2020\/05\/bpk_20034760.jpg","type":"image\/jpeg"}],"twitter_card":"summary_large_image","schema":{"@context":"https:\/\/schema.org","@graph":[{"@type":"WebPage","@id":"https:\/\/bpk-archive.de\/tuellmann\/produkt\/demonstration-gegen-die-ausweitung-des-vietnamkrieges-auf-kambodscha-hier-der-protestzug-in-der-kaiserstrassedemonstration-gegen-die-ausweitung-des-vietnamkrieges-auf-kambodscha-hier-der-protestzu\/","url":"https:\/\/bpk-archive.de\/tuellmann\/produkt\/demonstration-gegen-die-ausweitung-des-vietnamkrieges-auf-kambodscha-hier-der-protestzug-in-der-kaiserstrassedemonstration-gegen-die-ausweitung-des-vietnamkrieges-auf-kambodscha-hier-der-protestzu\/","name":"Demonstration gegen die Ausweitung des Vietnamkrieges auf Kambodscha. Hier: Der Protestzug in der Kaiserstra\u00dfeDemonstration gegen die Ausweitung des Vietnamkrieges auf Kambodscha. Hier: Der Protestzug in der Kaiserstra\u00dfe - Abisag T\u00fcllmann","isPartOf":{"@id":"https:\/\/bpk-archive.de\/tuellmann\/#website"},"primaryImageOfPage":{"@id":"https:\/\/bpk-archive.de\/tuellmann\/produkt\/demonstration-gegen-die-ausweitung-des-vietnamkrieges-auf-kambodscha-hier-der-protestzug-in-der-kaiserstrassedemonstration-gegen-die-ausweitung-des-vietnamkrieges-auf-kambodscha-hier-der-protestzu\/#primaryimage"},"image":{"@id":"https:\/\/bpk-archive.de\/tuellmann\/produkt\/demonstration-gegen-die-ausweitung-des-vietnamkrieges-auf-kambodscha-hier-der-protestzug-in-der-kaiserstrassedemonstration-gegen-die-ausweitung-des-vietnamkrieges-auf-kambodscha-hier-der-protestzu\/#primaryimage"},"thumbnailUrl":"https:\/\/bpk-archive.de\/tuellmann\/wp-content\/uploads\/2020\/05\/bpk_20034760.jpg","datePublished":"2020-05-27T15:16:33+00:00","dateModified":"2020-08-11T14:57:03+00:00","breadcrumb":{"@id":"https:\/\/bpk-archive.de\/tuellmann\/produkt\/demonstration-gegen-die-ausweitung-des-vietnamkrieges-auf-kambodscha-hier-der-protestzug-in-der-kaiserstrassedemonstration-gegen-die-ausweitung-des-vietnamkrieges-auf-kambodscha-hier-der-protestzu\/#breadcrumb"},"inLanguage":"de","potentialAction":[{"@type":"ReadAction","target":["https:\/\/bpk-archive.de\/tuellmann\/produkt\/demonstration-gegen-die-ausweitung-des-vietnamkrieges-auf-kambodscha-hier-der-protestzug-in-der-kaiserstrassedemonstration-gegen-die-ausweitung-des-vietnamkrieges-auf-kambodscha-hier-der-protestzu\/"]}]},{"@type":"ImageObject","inLanguage":"de","@id":"https:\/\/bpk-archive.de\/tuellmann\/produkt\/demonstration-gegen-die-ausweitung-des-vietnamkrieges-auf-kambodscha-hier-der-protestzug-in-der-kaiserstrassedemonstration-gegen-die-ausweitung-des-vietnamkrieges-auf-kambodscha-hier-der-protestzu\/#primaryimage","url":"https:\/\/bpk-archive.de\/tuellmann\/wp-content\/uploads\/2020\/05\/bpk_20034760.jpg","contentUrl":"https:\/\/bpk-archive.de\/tuellmann\/wp-content\/uploads\/2020\/05\/bpk_20034760.jpg","width":1200,"height":796,"caption":"Die Parole auf dem Spruchband lautet: \"Es gibt keine Neutralit\u00e4t gegen\u00fcber dem US-Imperialismus\". (Scan vom Vintageprint) Aufnahmedatum: 1970 Material\/Technik: Foto Aufnahmeort: Frankfurt am Main \/ Deutschland Inventar-Nr.: T\u00fc 70\/154-34"},{"@type":"BreadcrumbList","@id":"https:\/\/bpk-archive.de\/tuellmann\/produkt\/demonstration-gegen-die-ausweitung-des-vietnamkrieges-auf-kambodscha-hier-der-protestzug-in-der-kaiserstrassedemonstration-gegen-die-ausweitung-des-vietnamkrieges-auf-kambodscha-hier-der-protestzu\/#breadcrumb","itemListElement":[{"@type":"ListItem","position":1,"name":"Startseite","item":"https:\/\/bpk-archive.de\/tuellmann\/"},{"@type":"ListItem","position":2,"name":"Shop","item":"https:\/\/bpk-archive.de\/tuellmann\/shop\/"},{"@type":"ListItem","position":3,"name":"Demonstration gegen die Ausweitung des Vietnamkrieges auf Kambodscha. Hier: Der Protestzug in der Kaiserstra\u00dfeDemonstration gegen die Ausweitung des Vietnamkrieges auf Kambodscha. Hier: Der Protestzug in der Kaiserstra\u00dfe"}]},{"@type":"WebSite","@id":"https:\/\/bpk-archive.de\/tuellmann\/#website","url":"https:\/\/bpk-archive.de\/tuellmann\/","name":"Abisag T\u00fcllmann","description":"Eine weitere WordPress-Website","potentialAction":[{"@type":"SearchAction","target":{"@type":"EntryPoint","urlTemplate":"https:\/\/bpk-archive.de\/tuellmann\/?s={search_term_string}"},"query-input":{"@type":"PropertyValueSpecification","valueRequired":true,"valueName":"search_term_string"}}],"inLanguage":"de"}]}},"_links":{"self":[{"href":"https:\/\/bpk-archive.de\/tuellmann\/wp-json\/wp\/v2\/product\/70316425","targetHints":{"allow":["GET"]}}],"collection":[{"href":"https:\/\/bpk-archive.de\/tuellmann\/wp-json\/wp\/v2\/product"}],"about":[{"href":"https:\/\/bpk-archive.de\/tuellmann\/wp-json\/wp\/v2\/types\/product"}],"wp:featuredmedia":[{"embeddable":true,"href":"https:\/\/bpk-archive.de\/tuellmann\/wp-json\/wp\/v2\/media\/70316036"}],"wp:attachment":[{"href":"https:\/\/bpk-archive.de\/tuellmann\/wp-json\/wp\/v2\/media?parent=70316425"}],"wp:term":[{"taxonomy":"product_brand","embeddable":true,"href":"https:\/\/bpk-archive.de\/tuellmann\/wp-json\/wp\/v2\/product_brand?post=70316425"},{"taxonomy":"product_cat","embeddable":true,"href":"https:\/\/bpk-archive.de\/tuellmann\/wp-json\/wp\/v2\/product_cat?post=70316425"},{"taxonomy":"product_tag","embeddable":true,"href":"https:\/\/bpk-archive.de\/tuellmann\/wp-json\/wp\/v2\/product_tag?post=70316425"}],"curies":[{"name":"wp","href":"https:\/\/api.w.org\/{rel}","templated":true}]}}