{"id":70316414,"date":"2020-05-27T17:16:05","date_gmt":"2020-05-27T15:16:05","guid":{"rendered":"https:\/\/bpk-archive.de\/tuellmann\/\/atbild\/demonstration-organisiert-vom-frankfurter-haeuserrat-gegen-die-drohende-raeumung-des-besetzten-hauses-kettenhofweg-51-im-frankfurter-westenddemonstration-organisiert-vom-frankfurter-haeuserrat\/"},"modified":"2020-08-11T16:57:25","modified_gmt":"2020-08-11T14:57:25","slug":"demonstration-organisiert-vom-frankfurter-haeuserrat-gegen-die-drohende-raeumung-des-besetzten-hauses-kettenhofweg-51-im-frankfurter-westenddemonstration-organisiert-vom-frankfurter-haeuserrat","status":"publish","type":"product","link":"https:\/\/bpk-archive.de\/tuellmann\/produkt\/demonstration-organisiert-vom-frankfurter-haeuserrat-gegen-die-drohende-raeumung-des-besetzten-hauses-kettenhofweg-51-im-frankfurter-westenddemonstration-organisiert-vom-frankfurter-haeuserrat\/","title":{"rendered":"Demonstration, organisiert vom &#8222;Frankfurter H\u00e4userrat&#8220;, gegen die drohende R\u00e4umung des besetzten Hauses Kettenhofweg 51 im Frankfurter WestendDemonstration, organisiert vom &#8222;Frankfurter H\u00e4userrat&#8220;, gegen die drohende R\u00e4umung des besetzten Hauses Ketten"},"content":{"rendered":"<p>Rudi Arndt, Oberb\u00fcrgermeister von Frankfurt, beobachtet neben einem Polizeifahrzeug stehend die Demonstration. (Scan vom Vintageprint)<\/p>\n","protected":false},"excerpt":{"rendered":"<p>Rudi Arndt, Oberb\u00fcrgermeister von Frankfurt, beobachtet neben einem Polizeifahrzeug stehend die Demonstration. (Scan vom Vintageprint)<\/p>\n","protected":false},"featured_media":70315807,"template":"","meta":[],"product_brand":[],"product_cat":[73391],"product_tag":[74684,13230,13232,13234,13231,13233,13235,47921,13777,74685,13250,13784,13785,14177,13469,13470,51223,51224,13607,13610,13611,13623,13253,13254,13255,13256,13257,13471,13472,13260,74686,74687,74688,74689,74690,74691,48972,48973,48974,48975,48976,48977,48978,48979,48980,48981,48982,48983,13293,13786,13787,13294,13295,13485,13486,13482,13481,13483,13484,13492,13493,13494,13495,13496,13497,13301,13626,13627,65123,65124,13818,13819,13826,47899,47900,13328,13827,13828,13329,13330,47901,48020,48021,48022,48023,47902,48496,54544,54545,51762,48497,48498,13829,13830,13831,13832,13833,13834,13835,13836,13837,13838,13839,13840,13841,13842,13843,13641,13642,47958,63888,74692,13877,13879,13865,13864,13866,13858,13859,13860,13861,13862,13863,13354,14243,14244,14245,14246,14247,14248,14249,48679,48680,48681,13519,13520,13521,13522,13523,13524,47967,13878,13880,64613,47968,53552,53553],"class_list":{"0":"post-70316414","1":"product","2":"type-product","3":"status-publish","4":"has-post-thumbnail","6":"product_cat-protestedemonstrationen","7":"product_tag-1927-2004","8":"product_tag-1970er-jahre","9":"product_tag-20-jahrhundert-nach-chr","10":"product_tag-20-jh-n-chr","11":"product_tag-20-jahrhundert","12":"product_tag-20-jh","13":"product_tag-70er","14":"product_tag-abisag","15":"product_tag-abzug","16":"product_tag-arndt","17":"product_tag-aussen","18":"product_tag-bildnis","19":"product_tag-bildnisse","20":"product_tag-blickkontakt","21":"product_tag-brd","22":"product_tag-bundesrepublik-deutschland","23":"product_tag-buergermeister","24":"product_tag-buergermeisters","25":"product_tag-demo","26":"product_tag-demonstration","27":"product_tag-demonstrationen","28":"product_tag-demos","29":"product_tag-deutsch","30":"product_tag-deutsche","31":"product_tag-deutschen","32":"product_tag-deutscher","33":"product_tag-deutsches","34":"product_tag-deutschland","35":"product_tag-deutschlands","36":"product_tag-draussen","37":"product_tag-entschlossen","38":"product_tag-entschlossene","39":"product_tag-entschlossenen","40":"product_tag-entschlossener","41":"product_tag-entschlossenes","42":"product_tag-entschlossenheit","43":"product_tag-ernst","44":"product_tag-ernste","45":"product_tag-ernstem","46":"product_tag-ernsten","47":"product_tag-ernster","48":"product_tag-ernstes","49":"product_tag-ernsthaft","50":"product_tag-ernsthafte","51":"product_tag-ernsthaften","52":"product_tag-ernsthafter","53":"product_tag-ernsthaftes","54":"product_tag-ernsthaftigkeit","55":"product_tag-foto","56":"product_tag-fotoabzug","57":"product_tag-fotoabzuege","58":"product_tag-fotografie","59":"product_tag-fotografien","60":"product_tag-frankfurt-m","61":"product_tag-frankfurt-main","62":"product_tag-frankfurt-a-main","63":"product_tag-frankfurt-a-m","64":"product_tag-frankfurt-am-main","65":"product_tag-frankfurter","66":"product_tag-hessen","67":"product_tag-hessisch","68":"product_tag-hessische","69":"product_tag-hessischen","70":"product_tag-hessischer","71":"product_tag-hessisches","72":"product_tag-im-freien","73":"product_tag-kundgebung","74":"product_tag-kundgebungen","75":"product_tag-lautsprecherwagen","76":"product_tag-lautsprecherwagens","77":"product_tag-mann","78":"product_tag-maenner","79":"product_tag-mannes","80":"product_tag-persoenlichkeit","81":"product_tag-persoenlichkeiten","82":"product_tag-photo","83":"product_tag-photoabzug","84":"product_tag-photoabzuege","85":"product_tag-photographie","86":"product_tag-photographien","87":"product_tag-politiker","88":"product_tag-politikerportrait","89":"product_tag-politikerportraits","90":"product_tag-politikerportraet","91":"product_tag-politikerportraets","92":"product_tag-politikers","93":"product_tag-polizei","94":"product_tag-polizeiauto","95":"product_tag-polizeiautos","96":"product_tag-polizeieinsatz","97":"product_tag-polizist","98":"product_tag-polizisten","99":"product_tag-portrait","100":"product_tag-portraitaufnahme","101":"product_tag-portraitfoto","102":"product_tag-portraitfotografie","103":"product_tag-portraitphoto","104":"product_tag-portraitphotographie","105":"product_tag-portraits","106":"product_tag-portraet","107":"product_tag-portraetaufnahme","108":"product_tag-portraetfoto","109":"product_tag-portraetfotografie","110":"product_tag-portraetphoto","111":"product_tag-portraetphotographie","112":"product_tag-portraets","113":"product_tag-print","114":"product_tag-protest","115":"product_tag-proteste","116":"product_tag-querformat","117":"product_tag-rudi","118":"product_tag-rudi_arndt","119":"product_tag-s-w-fotografie","120":"product_tag-s-w-photographie","121":"product_tag-schwarzweissphotographie","122":"product_tag-schwarz-weiss-fotografie","123":"product_tag-schwarz-weiss-photographie","124":"product_tag-schwarzweiss","125":"product_tag-schwarzweisse","126":"product_tag-schwarzweissen","127":"product_tag-schwarzweisser","128":"product_tag-schwarzweisses","129":"product_tag-schwarzweissfotografie","130":"product_tag-siebziger","131":"product_tag-sitzen","132":"product_tag-sitzend","133":"product_tag-sitzende","134":"product_tag-sitzenden","135":"product_tag-sitzender","136":"product_tag-sitzendes","137":"product_tag-sitzt","138":"product_tag-stadtteil","139":"product_tag-stadtteils","140":"product_tag-stadtviertel","141":"product_tag-stehen","142":"product_tag-stehend","143":"product_tag-stehende","144":"product_tag-stehenden","145":"product_tag-stehender","146":"product_tag-stehendes","147":"product_tag-sw","148":"product_tag-sw-fotografie","149":"product_tag-sw-photographie","150":"product_tag-systematik_105137_id","151":"product_tag-tuellmann","152":"product_tag-westend","153":"product_tag-westends","154":"pa_datierung-maerz-1973","155":"pa_fotograf-abisag-tuellmann","156":"pa_geografischer_bezug-aufnahmeort-frankfurt-am-main-deutschland","157":"pa_grunddaten_material_technik-foto","158":"pa_inventarnummer-tue-73-019-11a","159":"pa_jahr_von-54245","160":"pa_mediennummer-74682","161":"pa_objekttyp-fotografie","163":"first","164":"instock","165":"product-type-simple"},"yoast_head":"<!-- This site is optimized with the Yoast SEO plugin v27.4 - https:\/\/yoast.com\/product\/yoast-seo-wordpress\/ -->\n<title>Demonstration, organisiert vom &quot;Frankfurter H\u00e4userrat&quot;, gegen die drohende R\u00e4umung des besetzten Hauses Kettenhofweg 51 im Frankfurter WestendDemonstration, organisiert vom &quot;Frankfurter H\u00e4userrat&quot;, gegen die drohende R\u00e4umung des besetzten Hauses Ketten - Abisag T\u00fcllmann<\/title>\n<meta name=\"robots\" content=\"index, follow, max-snippet:-1, max-image-preview:large, max-video-preview:-1\" \/>\n<link rel=\"canonical\" href=\"https:\/\/bpk-archive.de\/tuellmann\/produkt\/demonstration-organisiert-vom-frankfurter-haeuserrat-gegen-die-drohende-raeumung-des-besetzten-hauses-kettenhofweg-51-im-frankfurter-westenddemonstration-organisiert-vom-frankfurter-haeuserrat\/\" \/>\n<meta property=\"og:locale\" content=\"de_DE\" \/>\n<meta property=\"og:type\" content=\"article\" \/>\n<meta property=\"og:title\" content=\"Demonstration, organisiert vom &quot;Frankfurter H\u00e4userrat&quot;, gegen die drohende R\u00e4umung des besetzten Hauses Kettenhofweg 51 im Frankfurter WestendDemonstration, organisiert vom &quot;Frankfurter H\u00e4userrat&quot;, gegen die drohende R\u00e4umung des besetzten Hauses Ketten - Abisag T\u00fcllmann\" \/>\n<meta property=\"og:description\" content=\"Rudi Arndt, Oberb\u00fcrgermeister von Frankfurt, beobachtet neben einem Polizeifahrzeug stehend die Demonstration. (Scan vom Vintageprint)\" \/>\n<meta property=\"og:url\" content=\"https:\/\/bpk-archive.de\/tuellmann\/produkt\/demonstration-organisiert-vom-frankfurter-haeuserrat-gegen-die-drohende-raeumung-des-besetzten-hauses-kettenhofweg-51-im-frankfurter-westenddemonstration-organisiert-vom-frankfurter-haeuserrat\/\" \/>\n<meta property=\"og:site_name\" content=\"Abisag T\u00fcllmann\" \/>\n<meta property=\"article:modified_time\" content=\"2020-08-11T14:57:25+00:00\" \/>\n<meta property=\"og:image\" content=\"https:\/\/bpk-archive.de\/tuellmann\/wp-content\/uploads\/2020\/05\/bpk_20034771.jpg\" \/>\n\t<meta property=\"og:image:width\" content=\"1200\" \/>\n\t<meta property=\"og:image:height\" content=\"930\" \/>\n\t<meta property=\"og:image:type\" content=\"image\/jpeg\" \/>\n<meta name=\"twitter:card\" content=\"summary_large_image\" \/>\n<script type=\"application\/ld+json\" class=\"yoast-schema-graph\">{\"@context\":\"https:\\\/\\\/schema.org\",\"@graph\":[{\"@type\":\"WebPage\",\"@id\":\"https:\\\/\\\/bpk-archive.de\\\/tuellmann\\\/produkt\\\/demonstration-organisiert-vom-frankfurter-haeuserrat-gegen-die-drohende-raeumung-des-besetzten-hauses-kettenhofweg-51-im-frankfurter-westenddemonstration-organisiert-vom-frankfurter-haeuserrat\\\/\",\"url\":\"https:\\\/\\\/bpk-archive.de\\\/tuellmann\\\/produkt\\\/demonstration-organisiert-vom-frankfurter-haeuserrat-gegen-die-drohende-raeumung-des-besetzten-hauses-kettenhofweg-51-im-frankfurter-westenddemonstration-organisiert-vom-frankfurter-haeuserrat\\\/\",\"name\":\"Demonstration, organisiert vom \\\"Frankfurter H\u00e4userrat\\\", gegen die drohende R\u00e4umung des besetzten Hauses Kettenhofweg 51 im Frankfurter WestendDemonstration, organisiert vom \\\"Frankfurter H\u00e4userrat\\\", gegen die drohende R\u00e4umung des besetzten Hauses Ketten - Abisag T\u00fcllmann\",\"isPartOf\":{\"@id\":\"https:\\\/\\\/bpk-archive.de\\\/tuellmann\\\/#website\"},\"primaryImageOfPage\":{\"@id\":\"https:\\\/\\\/bpk-archive.de\\\/tuellmann\\\/produkt\\\/demonstration-organisiert-vom-frankfurter-haeuserrat-gegen-die-drohende-raeumung-des-besetzten-hauses-kettenhofweg-51-im-frankfurter-westenddemonstration-organisiert-vom-frankfurter-haeuserrat\\\/#primaryimage\"},\"image\":{\"@id\":\"https:\\\/\\\/bpk-archive.de\\\/tuellmann\\\/produkt\\\/demonstration-organisiert-vom-frankfurter-haeuserrat-gegen-die-drohende-raeumung-des-besetzten-hauses-kettenhofweg-51-im-frankfurter-westenddemonstration-organisiert-vom-frankfurter-haeuserrat\\\/#primaryimage\"},\"thumbnailUrl\":\"https:\\\/\\\/bpk-archive.de\\\/tuellmann\\\/wp-content\\\/uploads\\\/2020\\\/05\\\/bpk_20034771.jpg\",\"datePublished\":\"2020-05-27T15:16:05+00:00\",\"dateModified\":\"2020-08-11T14:57:25+00:00\",\"breadcrumb\":{\"@id\":\"https:\\\/\\\/bpk-archive.de\\\/tuellmann\\\/produkt\\\/demonstration-organisiert-vom-frankfurter-haeuserrat-gegen-die-drohende-raeumung-des-besetzten-hauses-kettenhofweg-51-im-frankfurter-westenddemonstration-organisiert-vom-frankfurter-haeuserrat\\\/#breadcrumb\"},\"inLanguage\":\"de\",\"potentialAction\":[{\"@type\":\"ReadAction\",\"target\":[\"https:\\\/\\\/bpk-archive.de\\\/tuellmann\\\/produkt\\\/demonstration-organisiert-vom-frankfurter-haeuserrat-gegen-die-drohende-raeumung-des-besetzten-hauses-kettenhofweg-51-im-frankfurter-westenddemonstration-organisiert-vom-frankfurter-haeuserrat\\\/\"]}]},{\"@type\":\"ImageObject\",\"inLanguage\":\"de\",\"@id\":\"https:\\\/\\\/bpk-archive.de\\\/tuellmann\\\/produkt\\\/demonstration-organisiert-vom-frankfurter-haeuserrat-gegen-die-drohende-raeumung-des-besetzten-hauses-kettenhofweg-51-im-frankfurter-westenddemonstration-organisiert-vom-frankfurter-haeuserrat\\\/#primaryimage\",\"url\":\"https:\\\/\\\/bpk-archive.de\\\/tuellmann\\\/wp-content\\\/uploads\\\/2020\\\/05\\\/bpk_20034771.jpg\",\"contentUrl\":\"https:\\\/\\\/bpk-archive.de\\\/tuellmann\\\/wp-content\\\/uploads\\\/2020\\\/05\\\/bpk_20034771.jpg\",\"width\":1200,\"height\":930,\"caption\":\"Rudi Arndt, Oberb\u00fcrgermeister von Frankfurt, beobachtet neben einem Polizeifahrzeug stehend die Demonstration. (Scan vom Vintageprint) Aufnahmedatum: M\u00e4rz 1973 Material\\\/Technik: Foto Aufnahmeort: Frankfurt am Main \\\/ Deutschland Inventar-Nr.: T\u00fc 73\\\/019-11a\"},{\"@type\":\"BreadcrumbList\",\"@id\":\"https:\\\/\\\/bpk-archive.de\\\/tuellmann\\\/produkt\\\/demonstration-organisiert-vom-frankfurter-haeuserrat-gegen-die-drohende-raeumung-des-besetzten-hauses-kettenhofweg-51-im-frankfurter-westenddemonstration-organisiert-vom-frankfurter-haeuserrat\\\/#breadcrumb\",\"itemListElement\":[{\"@type\":\"ListItem\",\"position\":1,\"name\":\"Startseite\",\"item\":\"https:\\\/\\\/bpk-archive.de\\\/tuellmann\\\/\"},{\"@type\":\"ListItem\",\"position\":2,\"name\":\"Shop\",\"item\":\"https:\\\/\\\/bpk-archive.de\\\/tuellmann\\\/shop\\\/\"},{\"@type\":\"ListItem\",\"position\":3,\"name\":\"Demonstration, organisiert vom &#8220;Frankfurter H\u00e4userrat&#8221;, gegen die drohende R\u00e4umung des besetzten Hauses Kettenhofweg 51 im Frankfurter WestendDemonstration, organisiert vom &#8220;Frankfurter H\u00e4userrat&#8221;, gegen die drohende R\u00e4umung des besetzten Hauses Ketten\"}]},{\"@type\":\"WebSite\",\"@id\":\"https:\\\/\\\/bpk-archive.de\\\/tuellmann\\\/#website\",\"url\":\"https:\\\/\\\/bpk-archive.de\\\/tuellmann\\\/\",\"name\":\"Abisag T\u00fcllmann\",\"description\":\"Eine weitere WordPress-Website\",\"potentialAction\":[{\"@type\":\"SearchAction\",\"target\":{\"@type\":\"EntryPoint\",\"urlTemplate\":\"https:\\\/\\\/bpk-archive.de\\\/tuellmann\\\/?s={search_term_string}\"},\"query-input\":{\"@type\":\"PropertyValueSpecification\",\"valueRequired\":true,\"valueName\":\"search_term_string\"}}],\"inLanguage\":\"de\"}]}<\/script>\n<!-- \/ Yoast SEO plugin. -->","yoast_head_json":{"title":"Demonstration, organisiert vom \"Frankfurter H\u00e4userrat\", gegen die drohende R\u00e4umung des besetzten Hauses Kettenhofweg 51 im Frankfurter WestendDemonstration, organisiert vom \"Frankfurter H\u00e4userrat\", gegen die drohende R\u00e4umung des besetzten Hauses Ketten - Abisag T\u00fcllmann","robots":{"index":"index","follow":"follow","max-snippet":"max-snippet:-1","max-image-preview":"max-image-preview:large","max-video-preview":"max-video-preview:-1"},"canonical":"https:\/\/bpk-archive.de\/tuellmann\/produkt\/demonstration-organisiert-vom-frankfurter-haeuserrat-gegen-die-drohende-raeumung-des-besetzten-hauses-kettenhofweg-51-im-frankfurter-westenddemonstration-organisiert-vom-frankfurter-haeuserrat\/","og_locale":"de_DE","og_type":"article","og_title":"Demonstration, organisiert vom \"Frankfurter H\u00e4userrat\", gegen die drohende R\u00e4umung des besetzten Hauses Kettenhofweg 51 im Frankfurter WestendDemonstration, organisiert vom \"Frankfurter H\u00e4userrat\", gegen die drohende R\u00e4umung des besetzten Hauses Ketten - Abisag T\u00fcllmann","og_description":"Rudi Arndt, Oberb\u00fcrgermeister von Frankfurt, beobachtet neben einem Polizeifahrzeug stehend die Demonstration. (Scan vom Vintageprint)","og_url":"https:\/\/bpk-archive.de\/tuellmann\/produkt\/demonstration-organisiert-vom-frankfurter-haeuserrat-gegen-die-drohende-raeumung-des-besetzten-hauses-kettenhofweg-51-im-frankfurter-westenddemonstration-organisiert-vom-frankfurter-haeuserrat\/","og_site_name":"Abisag T\u00fcllmann","article_modified_time":"2020-08-11T14:57:25+00:00","og_image":[{"width":1200,"height":930,"url":"https:\/\/bpk-archive.de\/tuellmann\/wp-content\/uploads\/2020\/05\/bpk_20034771.jpg","type":"image\/jpeg"}],"twitter_card":"summary_large_image","schema":{"@context":"https:\/\/schema.org","@graph":[{"@type":"WebPage","@id":"https:\/\/bpk-archive.de\/tuellmann\/produkt\/demonstration-organisiert-vom-frankfurter-haeuserrat-gegen-die-drohende-raeumung-des-besetzten-hauses-kettenhofweg-51-im-frankfurter-westenddemonstration-organisiert-vom-frankfurter-haeuserrat\/","url":"https:\/\/bpk-archive.de\/tuellmann\/produkt\/demonstration-organisiert-vom-frankfurter-haeuserrat-gegen-die-drohende-raeumung-des-besetzten-hauses-kettenhofweg-51-im-frankfurter-westenddemonstration-organisiert-vom-frankfurter-haeuserrat\/","name":"Demonstration, organisiert vom \"Frankfurter H\u00e4userrat\", gegen die drohende R\u00e4umung des besetzten Hauses Kettenhofweg 51 im Frankfurter WestendDemonstration, organisiert vom \"Frankfurter H\u00e4userrat\", gegen die drohende R\u00e4umung des besetzten Hauses Ketten - Abisag T\u00fcllmann","isPartOf":{"@id":"https:\/\/bpk-archive.de\/tuellmann\/#website"},"primaryImageOfPage":{"@id":"https:\/\/bpk-archive.de\/tuellmann\/produkt\/demonstration-organisiert-vom-frankfurter-haeuserrat-gegen-die-drohende-raeumung-des-besetzten-hauses-kettenhofweg-51-im-frankfurter-westenddemonstration-organisiert-vom-frankfurter-haeuserrat\/#primaryimage"},"image":{"@id":"https:\/\/bpk-archive.de\/tuellmann\/produkt\/demonstration-organisiert-vom-frankfurter-haeuserrat-gegen-die-drohende-raeumung-des-besetzten-hauses-kettenhofweg-51-im-frankfurter-westenddemonstration-organisiert-vom-frankfurter-haeuserrat\/#primaryimage"},"thumbnailUrl":"https:\/\/bpk-archive.de\/tuellmann\/wp-content\/uploads\/2020\/05\/bpk_20034771.jpg","datePublished":"2020-05-27T15:16:05+00:00","dateModified":"2020-08-11T14:57:25+00:00","breadcrumb":{"@id":"https:\/\/bpk-archive.de\/tuellmann\/produkt\/demonstration-organisiert-vom-frankfurter-haeuserrat-gegen-die-drohende-raeumung-des-besetzten-hauses-kettenhofweg-51-im-frankfurter-westenddemonstration-organisiert-vom-frankfurter-haeuserrat\/#breadcrumb"},"inLanguage":"de","potentialAction":[{"@type":"ReadAction","target":["https:\/\/bpk-archive.de\/tuellmann\/produkt\/demonstration-organisiert-vom-frankfurter-haeuserrat-gegen-die-drohende-raeumung-des-besetzten-hauses-kettenhofweg-51-im-frankfurter-westenddemonstration-organisiert-vom-frankfurter-haeuserrat\/"]}]},{"@type":"ImageObject","inLanguage":"de","@id":"https:\/\/bpk-archive.de\/tuellmann\/produkt\/demonstration-organisiert-vom-frankfurter-haeuserrat-gegen-die-drohende-raeumung-des-besetzten-hauses-kettenhofweg-51-im-frankfurter-westenddemonstration-organisiert-vom-frankfurter-haeuserrat\/#primaryimage","url":"https:\/\/bpk-archive.de\/tuellmann\/wp-content\/uploads\/2020\/05\/bpk_20034771.jpg","contentUrl":"https:\/\/bpk-archive.de\/tuellmann\/wp-content\/uploads\/2020\/05\/bpk_20034771.jpg","width":1200,"height":930,"caption":"Rudi Arndt, Oberb\u00fcrgermeister von Frankfurt, beobachtet neben einem Polizeifahrzeug stehend die Demonstration. (Scan vom Vintageprint) Aufnahmedatum: M\u00e4rz 1973 Material\/Technik: Foto Aufnahmeort: Frankfurt am Main \/ Deutschland Inventar-Nr.: T\u00fc 73\/019-11a"},{"@type":"BreadcrumbList","@id":"https:\/\/bpk-archive.de\/tuellmann\/produkt\/demonstration-organisiert-vom-frankfurter-haeuserrat-gegen-die-drohende-raeumung-des-besetzten-hauses-kettenhofweg-51-im-frankfurter-westenddemonstration-organisiert-vom-frankfurter-haeuserrat\/#breadcrumb","itemListElement":[{"@type":"ListItem","position":1,"name":"Startseite","item":"https:\/\/bpk-archive.de\/tuellmann\/"},{"@type":"ListItem","position":2,"name":"Shop","item":"https:\/\/bpk-archive.de\/tuellmann\/shop\/"},{"@type":"ListItem","position":3,"name":"Demonstration, organisiert vom &#8220;Frankfurter H\u00e4userrat&#8221;, gegen die drohende R\u00e4umung des besetzten Hauses Kettenhofweg 51 im Frankfurter WestendDemonstration, organisiert vom &#8220;Frankfurter H\u00e4userrat&#8221;, gegen die drohende R\u00e4umung des besetzten Hauses Ketten"}]},{"@type":"WebSite","@id":"https:\/\/bpk-archive.de\/tuellmann\/#website","url":"https:\/\/bpk-archive.de\/tuellmann\/","name":"Abisag T\u00fcllmann","description":"Eine weitere WordPress-Website","potentialAction":[{"@type":"SearchAction","target":{"@type":"EntryPoint","urlTemplate":"https:\/\/bpk-archive.de\/tuellmann\/?s={search_term_string}"},"query-input":{"@type":"PropertyValueSpecification","valueRequired":true,"valueName":"search_term_string"}}],"inLanguage":"de"}]}},"_links":{"self":[{"href":"https:\/\/bpk-archive.de\/tuellmann\/wp-json\/wp\/v2\/product\/70316414","targetHints":{"allow":["GET"]}}],"collection":[{"href":"https:\/\/bpk-archive.de\/tuellmann\/wp-json\/wp\/v2\/product"}],"about":[{"href":"https:\/\/bpk-archive.de\/tuellmann\/wp-json\/wp\/v2\/types\/product"}],"wp:featuredmedia":[{"embeddable":true,"href":"https:\/\/bpk-archive.de\/tuellmann\/wp-json\/wp\/v2\/media\/70315807"}],"wp:attachment":[{"href":"https:\/\/bpk-archive.de\/tuellmann\/wp-json\/wp\/v2\/media?parent=70316414"}],"wp:term":[{"taxonomy":"product_brand","embeddable":true,"href":"https:\/\/bpk-archive.de\/tuellmann\/wp-json\/wp\/v2\/product_brand?post=70316414"},{"taxonomy":"product_cat","embeddable":true,"href":"https:\/\/bpk-archive.de\/tuellmann\/wp-json\/wp\/v2\/product_cat?post=70316414"},{"taxonomy":"product_tag","embeddable":true,"href":"https:\/\/bpk-archive.de\/tuellmann\/wp-json\/wp\/v2\/product_tag?post=70316414"}],"curies":[{"name":"wp","href":"https:\/\/api.w.org\/{rel}","templated":true}]}}