{"id":70316413,"date":"2020-05-27T17:16:05","date_gmt":"2020-05-27T15:16:05","guid":{"rendered":"https:\/\/bpk-archive.de\/tuellmann\/\/atbild\/demonstration-organisiert-vom-frankfurter-haeuserrat-gegen-die-drohende-raeumung-des-besetzten-hauses-kettenhofweg-51-im-frankfurter-westend-2\/"},"modified":"2020-08-12T10:30:54","modified_gmt":"2020-08-12T08:30:54","slug":"demonstration-organisiert-vom-frankfurter-haeuserrat-gegen-die-drohende-raeumung-des-besetzten-hauses-kettenhofweg-51-im-frankfurter-westend-2","status":"publish","type":"product","link":"https:\/\/bpk-archive.de\/tuellmann\/produkt\/demonstration-organisiert-vom-frankfurter-haeuserrat-gegen-die-drohende-raeumung-des-besetzten-hauses-kettenhofweg-51-im-frankfurter-westend-2\/","title":{"rendered":"Demonstration, organisiert vom &#8222;Frankfurter H\u00e4userrat&#8220;, gegen die drohende R\u00e4umung des besetzten Hauses Kettenhofweg 51 im Frankfurter Westend"},"content":{"rendered":"<p>(Scan vom Vintageprint)<\/p>\n","protected":false},"excerpt":{"rendered":"<p>(Scan vom Vintageprint)<\/p>\n","protected":false},"featured_media":70315808,"template":"","meta":[],"product_brand":[],"product_cat":[73398],"product_tag":[13230,13232,13234,13231,13233,13235,47921,47922,47923,13777,13250,13606,47248,47249,47250,47251,47252,47253,13469,13470,48968,54355,53560,54356,48969,13607,13608,13609,13610,13611,13612,13613,13615,13616,13617,13618,13619,13620,13621,13622,13623,13624,13253,13254,13255,13256,13257,13471,13472,13260,13264,49500,49501,13293,13786,13787,13294,13295,13485,13486,13482,13481,13483,13484,53779,53780,53781,53564,13492,13493,13494,13495,13496,13497,13301,13626,13627,48399,48400,48401,48402,48403,48404,48405,13319,13320,13321,13322,13323,49229,49230,13328,13827,13828,13329,13330,48266,48267,48496,54543,54544,54545,51762,48497,48498,48269,13843,13641,13642,13643,13644,13645,13646,13647,13648,13649,13653,47958,13877,13879,13343,13344,13865,13864,13866,13858,13859,13860,13861,13862,13863,13354,63335,14243,14244,14245,14246,14247,14248,14249,49236,49239,13357,13358,13359,48679,48680,48681,47967,13878,13880,64613,13655,13656,47968,48414,48415,66103,53552,53553,53782,53783],"class_list":{"0":"post-70316413","1":"product","2":"type-product","3":"status-publish","4":"has-post-thumbnail","6":"product_cat-westend","7":"product_tag-1970er-jahre","8":"product_tag-20-jahrhundert-nach-chr","9":"product_tag-20-jh-n-chr","10":"product_tag-20-jahrhundert","11":"product_tag-20-jh","12":"product_tag-70er","13":"product_tag-abisag","14":"product_tag-absperrung","15":"product_tag-absperrungen","16":"product_tag-abzug","17":"product_tag-aussen","18":"product_tag-banner","19":"product_tag-besetzen","20":"product_tag-besetzt","21":"product_tag-besetzte","22":"product_tag-besetzten","23":"product_tag-besetzter","24":"product_tag-besetztes","25":"product_tag-brd","26":"product_tag-bundesrepublik-deutschland","27":"product_tag-buerger","28":"product_tag-buergerbewegung","29":"product_tag-buergerinitiative","30":"product_tag-buergerinitiativen","31":"product_tag-buergers","32":"product_tag-demo","33":"product_tag-demonstrant","34":"product_tag-demonstranten","35":"product_tag-demonstration","36":"product_tag-demonstrationen","37":"product_tag-demonstrationsplakat","38":"product_tag-demonstrationsschild","39":"product_tag-demonstrieren","40":"product_tag-demonstrierend","41":"product_tag-demonstrierende","42":"product_tag-demonstrierenden","43":"product_tag-demonstrierender","44":"product_tag-demonstrierendes","45":"product_tag-demonstriert","46":"product_tag-demoplakat","47":"product_tag-demos","48":"product_tag-demoschild","49":"product_tag-deutsch","50":"product_tag-deutsche","51":"product_tag-deutschen","52":"product_tag-deutscher","53":"product_tag-deutsches","54":"product_tag-deutschland","55":"product_tag-deutschlands","56":"product_tag-draussen","57":"product_tag-farbe","58":"product_tag-forderung","59":"product_tag-forderungen","60":"product_tag-foto","61":"product_tag-fotoabzug","62":"product_tag-fotoabzuege","63":"product_tag-fotografie","64":"product_tag-fotografien","65":"product_tag-frankfurt-m","66":"product_tag-frankfurt-main","67":"product_tag-frankfurt-a-main","68":"product_tag-frankfurt-a-m","69":"product_tag-frankfurt-am-main","70":"product_tag-frankfurter","71":"product_tag-hausbesetzer","72":"product_tag-hausbesetzung","73":"product_tag-hausbesetzungen","74":"product_tag-haeuserkampf","75":"product_tag-hessen","76":"product_tag-hessisch","77":"product_tag-hessische","78":"product_tag-hessischen","79":"product_tag-hessischer","80":"product_tag-hessisches","81":"product_tag-im-freien","82":"product_tag-kundgebung","83":"product_tag-kundgebungen","84":"product_tag-luftaufnahme","85":"product_tag-luftaufnahmen","86":"product_tag-luftbild","87":"product_tag-luftbildaufnahme","88":"product_tag-luftbildaufnahmen","89":"product_tag-luftbilder","90":"product_tag-luftperspektive","91":"product_tag-menschenansammlung","92":"product_tag-menschenauflauf","93":"product_tag-menschenmassen","94":"product_tag-menschenmenge","95":"product_tag-menschenschar","96":"product_tag-parole","97":"product_tag-parolen","98":"product_tag-photo","99":"product_tag-photoabzug","100":"product_tag-photoabzuege","101":"product_tag-photographie","102":"product_tag-photographien","103":"product_tag-plakat","104":"product_tag-plakate","105":"product_tag-polizei","106":"product_tag-polizeiaufgebot","107":"product_tag-polizeiauto","108":"product_tag-polizeiautos","109":"product_tag-polizeieinsatz","110":"product_tag-polizist","111":"product_tag-polizisten","112":"product_tag-poster","113":"product_tag-print","114":"product_tag-protest","115":"product_tag-proteste","116":"product_tag-protestieren","117":"product_tag-protestierend","118":"product_tag-protestierende","119":"product_tag-protestierenden","120":"product_tag-protestierender","121":"product_tag-protestierendes","122":"product_tag-protestiert","123":"product_tag-protestschild","124":"product_tag-querformat","125":"product_tag-s-w-fotografie","126":"product_tag-s-w-photographie","127":"product_tag-schriftband","128":"product_tag-schriftbaender","129":"product_tag-schwarzweissphotographie","130":"product_tag-schwarz-weiss-fotografie","131":"product_tag-schwarz-weiss-photographie","132":"product_tag-schwarzweiss","133":"product_tag-schwarzweisse","134":"product_tag-schwarzweissen","135":"product_tag-schwarzweisser","136":"product_tag-schwarzweisses","137":"product_tag-schwarzweissfotografie","138":"product_tag-siebziger","139":"product_tag-sitzblockade","140":"product_tag-sitzen","141":"product_tag-sitzend","142":"product_tag-sitzende","143":"product_tag-sitzenden","144":"product_tag-sitzender","145":"product_tag-sitzendes","146":"product_tag-sitzt","147":"product_tag-slogan","148":"product_tag-spruch","149":"product_tag-spruchband","150":"product_tag-spruchbaender","151":"product_tag-spruchbaendern","152":"product_tag-stadtteil","153":"product_tag-stadtteils","154":"product_tag-stadtviertel","155":"product_tag-sw","156":"product_tag-sw-fotografie","157":"product_tag-sw-photographie","158":"product_tag-systematik_105137_id","159":"product_tag-transparent","160":"product_tag-transparente","161":"product_tag-tuellmann","162":"product_tag-vogelperspektive","163":"product_tag-vogelschau","164":"product_tag-wasserwerfer","165":"product_tag-westend","166":"product_tag-westends","167":"product_tag-zwangsraeumung","168":"product_tag-zwangsraeumungen","169":"pa_datierung-maerz-1973","170":"pa_fotograf-abisag-tuellmann","171":"pa_geografischer_bezug-aufnahmeort-frankfurt-am-main-westend-deutschland","172":"pa_grunddaten_material_technik-foto","173":"pa_inventarnummer-tue-73-019-19a","174":"pa_jahr_von-54245","175":"pa_mediennummer-74680","176":"pa_objekttyp-fotografie","178":"first","179":"instock","180":"product-type-simple"},"yoast_head":"<!-- This site is optimized with the Yoast SEO plugin v27.3 - https:\/\/yoast.com\/product\/yoast-seo-wordpress\/ -->\n<title>Demonstration, organisiert vom &quot;Frankfurter H\u00e4userrat&quot;, gegen die drohende R\u00e4umung des besetzten Hauses Kettenhofweg 51 im Frankfurter Westend - Abisag T\u00fcllmann<\/title>\n<meta name=\"robots\" content=\"index, follow, max-snippet:-1, max-image-preview:large, max-video-preview:-1\" \/>\n<link rel=\"canonical\" href=\"https:\/\/bpk-archive.de\/tuellmann\/produkt\/demonstration-organisiert-vom-frankfurter-haeuserrat-gegen-die-drohende-raeumung-des-besetzten-hauses-kettenhofweg-51-im-frankfurter-westend-2\/\" \/>\n<meta property=\"og:locale\" content=\"de_DE\" \/>\n<meta property=\"og:type\" content=\"article\" \/>\n<meta property=\"og:title\" content=\"Demonstration, organisiert vom &quot;Frankfurter H\u00e4userrat&quot;, gegen die drohende R\u00e4umung des besetzten Hauses Kettenhofweg 51 im Frankfurter Westend - Abisag T\u00fcllmann\" \/>\n<meta property=\"og:description\" content=\"(Scan vom Vintageprint)\" \/>\n<meta property=\"og:url\" content=\"https:\/\/bpk-archive.de\/tuellmann\/produkt\/demonstration-organisiert-vom-frankfurter-haeuserrat-gegen-die-drohende-raeumung-des-besetzten-hauses-kettenhofweg-51-im-frankfurter-westend-2\/\" \/>\n<meta property=\"og:site_name\" content=\"Abisag T\u00fcllmann\" \/>\n<meta property=\"article:modified_time\" content=\"2020-08-12T08:30:54+00:00\" \/>\n<meta property=\"og:image\" content=\"https:\/\/bpk-archive.de\/tuellmann\/wp-content\/uploads\/2020\/05\/bpk_20034772.jpg\" \/>\n\t<meta property=\"og:image:width\" content=\"1200\" \/>\n\t<meta property=\"og:image:height\" content=\"815\" \/>\n\t<meta property=\"og:image:type\" content=\"image\/jpeg\" \/>\n<meta name=\"twitter:card\" content=\"summary_large_image\" \/>\n<script type=\"application\/ld+json\" class=\"yoast-schema-graph\">{\"@context\":\"https:\\\/\\\/schema.org\",\"@graph\":[{\"@type\":\"WebPage\",\"@id\":\"https:\\\/\\\/bpk-archive.de\\\/tuellmann\\\/produkt\\\/demonstration-organisiert-vom-frankfurter-haeuserrat-gegen-die-drohende-raeumung-des-besetzten-hauses-kettenhofweg-51-im-frankfurter-westend-2\\\/\",\"url\":\"https:\\\/\\\/bpk-archive.de\\\/tuellmann\\\/produkt\\\/demonstration-organisiert-vom-frankfurter-haeuserrat-gegen-die-drohende-raeumung-des-besetzten-hauses-kettenhofweg-51-im-frankfurter-westend-2\\\/\",\"name\":\"Demonstration, organisiert vom \\\"Frankfurter H\u00e4userrat\\\", gegen die drohende R\u00e4umung des besetzten Hauses Kettenhofweg 51 im Frankfurter Westend - Abisag T\u00fcllmann\",\"isPartOf\":{\"@id\":\"https:\\\/\\\/bpk-archive.de\\\/tuellmann\\\/#website\"},\"primaryImageOfPage\":{\"@id\":\"https:\\\/\\\/bpk-archive.de\\\/tuellmann\\\/produkt\\\/demonstration-organisiert-vom-frankfurter-haeuserrat-gegen-die-drohende-raeumung-des-besetzten-hauses-kettenhofweg-51-im-frankfurter-westend-2\\\/#primaryimage\"},\"image\":{\"@id\":\"https:\\\/\\\/bpk-archive.de\\\/tuellmann\\\/produkt\\\/demonstration-organisiert-vom-frankfurter-haeuserrat-gegen-die-drohende-raeumung-des-besetzten-hauses-kettenhofweg-51-im-frankfurter-westend-2\\\/#primaryimage\"},\"thumbnailUrl\":\"https:\\\/\\\/bpk-archive.de\\\/tuellmann\\\/wp-content\\\/uploads\\\/2020\\\/05\\\/bpk_20034772.jpg\",\"datePublished\":\"2020-05-27T15:16:05+00:00\",\"dateModified\":\"2020-08-12T08:30:54+00:00\",\"breadcrumb\":{\"@id\":\"https:\\\/\\\/bpk-archive.de\\\/tuellmann\\\/produkt\\\/demonstration-organisiert-vom-frankfurter-haeuserrat-gegen-die-drohende-raeumung-des-besetzten-hauses-kettenhofweg-51-im-frankfurter-westend-2\\\/#breadcrumb\"},\"inLanguage\":\"de\",\"potentialAction\":[{\"@type\":\"ReadAction\",\"target\":[\"https:\\\/\\\/bpk-archive.de\\\/tuellmann\\\/produkt\\\/demonstration-organisiert-vom-frankfurter-haeuserrat-gegen-die-drohende-raeumung-des-besetzten-hauses-kettenhofweg-51-im-frankfurter-westend-2\\\/\"]}]},{\"@type\":\"ImageObject\",\"inLanguage\":\"de\",\"@id\":\"https:\\\/\\\/bpk-archive.de\\\/tuellmann\\\/produkt\\\/demonstration-organisiert-vom-frankfurter-haeuserrat-gegen-die-drohende-raeumung-des-besetzten-hauses-kettenhofweg-51-im-frankfurter-westend-2\\\/#primaryimage\",\"url\":\"https:\\\/\\\/bpk-archive.de\\\/tuellmann\\\/wp-content\\\/uploads\\\/2020\\\/05\\\/bpk_20034772.jpg\",\"contentUrl\":\"https:\\\/\\\/bpk-archive.de\\\/tuellmann\\\/wp-content\\\/uploads\\\/2020\\\/05\\\/bpk_20034772.jpg\",\"width\":1200,\"height\":815,\"caption\":\"(Scan vom Vintageprint) Aufnahmedatum: M\u00e4rz 1973 Material\\\/Technik: Foto Aufnahmeort: Frankfurt am Main - Westend \\\/ Deutschland Inventar-Nr.: T\u00fc 73\\\/019-19a\"},{\"@type\":\"BreadcrumbList\",\"@id\":\"https:\\\/\\\/bpk-archive.de\\\/tuellmann\\\/produkt\\\/demonstration-organisiert-vom-frankfurter-haeuserrat-gegen-die-drohende-raeumung-des-besetzten-hauses-kettenhofweg-51-im-frankfurter-westend-2\\\/#breadcrumb\",\"itemListElement\":[{\"@type\":\"ListItem\",\"position\":1,\"name\":\"Startseite\",\"item\":\"https:\\\/\\\/bpk-archive.de\\\/tuellmann\\\/\"},{\"@type\":\"ListItem\",\"position\":2,\"name\":\"Shop\",\"item\":\"https:\\\/\\\/bpk-archive.de\\\/tuellmann\\\/shop\\\/\"},{\"@type\":\"ListItem\",\"position\":3,\"name\":\"Demonstration, organisiert vom &#8220;Frankfurter H\u00e4userrat&#8221;, gegen die drohende R\u00e4umung des besetzten Hauses Kettenhofweg 51 im Frankfurter Westend\"}]},{\"@type\":\"WebSite\",\"@id\":\"https:\\\/\\\/bpk-archive.de\\\/tuellmann\\\/#website\",\"url\":\"https:\\\/\\\/bpk-archive.de\\\/tuellmann\\\/\",\"name\":\"Abisag T\u00fcllmann\",\"description\":\"Eine weitere WordPress-Website\",\"potentialAction\":[{\"@type\":\"SearchAction\",\"target\":{\"@type\":\"EntryPoint\",\"urlTemplate\":\"https:\\\/\\\/bpk-archive.de\\\/tuellmann\\\/?s={search_term_string}\"},\"query-input\":{\"@type\":\"PropertyValueSpecification\",\"valueRequired\":true,\"valueName\":\"search_term_string\"}}],\"inLanguage\":\"de\"}]}<\/script>\n<!-- \/ Yoast SEO plugin. -->","yoast_head_json":{"title":"Demonstration, organisiert vom \"Frankfurter H\u00e4userrat\", gegen die drohende R\u00e4umung des besetzten Hauses Kettenhofweg 51 im Frankfurter Westend - Abisag T\u00fcllmann","robots":{"index":"index","follow":"follow","max-snippet":"max-snippet:-1","max-image-preview":"max-image-preview:large","max-video-preview":"max-video-preview:-1"},"canonical":"https:\/\/bpk-archive.de\/tuellmann\/produkt\/demonstration-organisiert-vom-frankfurter-haeuserrat-gegen-die-drohende-raeumung-des-besetzten-hauses-kettenhofweg-51-im-frankfurter-westend-2\/","og_locale":"de_DE","og_type":"article","og_title":"Demonstration, organisiert vom \"Frankfurter H\u00e4userrat\", gegen die drohende R\u00e4umung des besetzten Hauses Kettenhofweg 51 im Frankfurter Westend - Abisag T\u00fcllmann","og_description":"(Scan vom Vintageprint)","og_url":"https:\/\/bpk-archive.de\/tuellmann\/produkt\/demonstration-organisiert-vom-frankfurter-haeuserrat-gegen-die-drohende-raeumung-des-besetzten-hauses-kettenhofweg-51-im-frankfurter-westend-2\/","og_site_name":"Abisag T\u00fcllmann","article_modified_time":"2020-08-12T08:30:54+00:00","og_image":[{"width":1200,"height":815,"url":"https:\/\/bpk-archive.de\/tuellmann\/wp-content\/uploads\/2020\/05\/bpk_20034772.jpg","type":"image\/jpeg"}],"twitter_card":"summary_large_image","schema":{"@context":"https:\/\/schema.org","@graph":[{"@type":"WebPage","@id":"https:\/\/bpk-archive.de\/tuellmann\/produkt\/demonstration-organisiert-vom-frankfurter-haeuserrat-gegen-die-drohende-raeumung-des-besetzten-hauses-kettenhofweg-51-im-frankfurter-westend-2\/","url":"https:\/\/bpk-archive.de\/tuellmann\/produkt\/demonstration-organisiert-vom-frankfurter-haeuserrat-gegen-die-drohende-raeumung-des-besetzten-hauses-kettenhofweg-51-im-frankfurter-westend-2\/","name":"Demonstration, organisiert vom \"Frankfurter H\u00e4userrat\", gegen die drohende R\u00e4umung des besetzten Hauses Kettenhofweg 51 im Frankfurter Westend - Abisag T\u00fcllmann","isPartOf":{"@id":"https:\/\/bpk-archive.de\/tuellmann\/#website"},"primaryImageOfPage":{"@id":"https:\/\/bpk-archive.de\/tuellmann\/produkt\/demonstration-organisiert-vom-frankfurter-haeuserrat-gegen-die-drohende-raeumung-des-besetzten-hauses-kettenhofweg-51-im-frankfurter-westend-2\/#primaryimage"},"image":{"@id":"https:\/\/bpk-archive.de\/tuellmann\/produkt\/demonstration-organisiert-vom-frankfurter-haeuserrat-gegen-die-drohende-raeumung-des-besetzten-hauses-kettenhofweg-51-im-frankfurter-westend-2\/#primaryimage"},"thumbnailUrl":"https:\/\/bpk-archive.de\/tuellmann\/wp-content\/uploads\/2020\/05\/bpk_20034772.jpg","datePublished":"2020-05-27T15:16:05+00:00","dateModified":"2020-08-12T08:30:54+00:00","breadcrumb":{"@id":"https:\/\/bpk-archive.de\/tuellmann\/produkt\/demonstration-organisiert-vom-frankfurter-haeuserrat-gegen-die-drohende-raeumung-des-besetzten-hauses-kettenhofweg-51-im-frankfurter-westend-2\/#breadcrumb"},"inLanguage":"de","potentialAction":[{"@type":"ReadAction","target":["https:\/\/bpk-archive.de\/tuellmann\/produkt\/demonstration-organisiert-vom-frankfurter-haeuserrat-gegen-die-drohende-raeumung-des-besetzten-hauses-kettenhofweg-51-im-frankfurter-westend-2\/"]}]},{"@type":"ImageObject","inLanguage":"de","@id":"https:\/\/bpk-archive.de\/tuellmann\/produkt\/demonstration-organisiert-vom-frankfurter-haeuserrat-gegen-die-drohende-raeumung-des-besetzten-hauses-kettenhofweg-51-im-frankfurter-westend-2\/#primaryimage","url":"https:\/\/bpk-archive.de\/tuellmann\/wp-content\/uploads\/2020\/05\/bpk_20034772.jpg","contentUrl":"https:\/\/bpk-archive.de\/tuellmann\/wp-content\/uploads\/2020\/05\/bpk_20034772.jpg","width":1200,"height":815,"caption":"(Scan vom Vintageprint) Aufnahmedatum: M\u00e4rz 1973 Material\/Technik: Foto Aufnahmeort: Frankfurt am Main - Westend \/ Deutschland Inventar-Nr.: T\u00fc 73\/019-19a"},{"@type":"BreadcrumbList","@id":"https:\/\/bpk-archive.de\/tuellmann\/produkt\/demonstration-organisiert-vom-frankfurter-haeuserrat-gegen-die-drohende-raeumung-des-besetzten-hauses-kettenhofweg-51-im-frankfurter-westend-2\/#breadcrumb","itemListElement":[{"@type":"ListItem","position":1,"name":"Startseite","item":"https:\/\/bpk-archive.de\/tuellmann\/"},{"@type":"ListItem","position":2,"name":"Shop","item":"https:\/\/bpk-archive.de\/tuellmann\/shop\/"},{"@type":"ListItem","position":3,"name":"Demonstration, organisiert vom &#8220;Frankfurter H\u00e4userrat&#8221;, gegen die drohende R\u00e4umung des besetzten Hauses Kettenhofweg 51 im Frankfurter Westend"}]},{"@type":"WebSite","@id":"https:\/\/bpk-archive.de\/tuellmann\/#website","url":"https:\/\/bpk-archive.de\/tuellmann\/","name":"Abisag T\u00fcllmann","description":"Eine weitere WordPress-Website","potentialAction":[{"@type":"SearchAction","target":{"@type":"EntryPoint","urlTemplate":"https:\/\/bpk-archive.de\/tuellmann\/?s={search_term_string}"},"query-input":{"@type":"PropertyValueSpecification","valueRequired":true,"valueName":"search_term_string"}}],"inLanguage":"de"}]}},"_links":{"self":[{"href":"https:\/\/bpk-archive.de\/tuellmann\/wp-json\/wp\/v2\/product\/70316413","targetHints":{"allow":["GET"]}}],"collection":[{"href":"https:\/\/bpk-archive.de\/tuellmann\/wp-json\/wp\/v2\/product"}],"about":[{"href":"https:\/\/bpk-archive.de\/tuellmann\/wp-json\/wp\/v2\/types\/product"}],"wp:featuredmedia":[{"embeddable":true,"href":"https:\/\/bpk-archive.de\/tuellmann\/wp-json\/wp\/v2\/media\/70315808"}],"wp:attachment":[{"href":"https:\/\/bpk-archive.de\/tuellmann\/wp-json\/wp\/v2\/media?parent=70316413"}],"wp:term":[{"taxonomy":"product_brand","embeddable":true,"href":"https:\/\/bpk-archive.de\/tuellmann\/wp-json\/wp\/v2\/product_brand?post=70316413"},{"taxonomy":"product_cat","embeddable":true,"href":"https:\/\/bpk-archive.de\/tuellmann\/wp-json\/wp\/v2\/product_cat?post=70316413"},{"taxonomy":"product_tag","embeddable":true,"href":"https:\/\/bpk-archive.de\/tuellmann\/wp-json\/wp\/v2\/product_tag?post=70316413"}],"curies":[{"name":"wp","href":"https:\/\/api.w.org\/{rel}","templated":true}]}}