{"id":70316394,"date":"2020-05-27T17:15:40","date_gmt":"2020-05-27T15:15:40","guid":{"rendered":"https:\/\/bpk-archive.de\/tuellmann\/\/atbild\/silvia-bovenschen-5\/"},"modified":"2020-08-11T16:34:32","modified_gmt":"2020-08-11T14:34:32","slug":"silvia-bovenschen-5","status":"publish","type":"product","link":"https:\/\/bpk-archive.de\/tuellmann\/produkt\/silvia-bovenschen-5\/","title":{"rendered":"Silvia Bovenschen"},"content":{"rendered":"<p>(Scan vom Vintageprint) [das Gem\u00e4lde an der Wand das Gem\u00e4lde &#8222;Silvia&#8220;, 1977, zeigt die Dargestellte und ist ein Werk ihrer Lebensgef\u00e4hrtin Sarah Schumann]<\/p>\n","protected":false},"excerpt":{"rendered":"<p>(Scan vom Vintageprint) [das Gem\u00e4lde an der Wand das Gem\u00e4lde &#8222;Silvia&#8220;, 1977, zeigt die Dargestellte und ist ein Werk ihrer Lebensgef\u00e4hrtin Sarah Schumann]<\/p>\n","protected":false},"featured_media":70315827,"template":"","meta":[],"product_brand":[],"product_cat":[73385],"product_tag":[74567,47237,13232,13234,13231,13233,47238,47921,13777,47240,56173,56174,63398,63399,74559,74560,48096,48097,13784,13785,14177,74561,13469,13470,74562,13958,13959,13253,13254,13255,13256,13257,13471,13472,13473,48140,48141,48142,48143,48144,48145,13474,13475,13476,13477,13478,13479,13480,49993,49994,49995,49996,49997,48972,48973,48974,48975,48976,48977,48978,48979,48980,48981,48982,48983,73520,73521,13293,13786,13787,13294,13295,13485,13486,13482,13481,13483,13484,13487,13488,13974,13975,13976,13977,13978,13489,13490,13491,13492,13493,13494,13495,13496,13497,47743,13498,74563,13507,13508,47899,47900,13328,13827,13828,13329,13330,13829,13830,13831,13832,13833,13834,13835,13836,13837,13838,13839,13840,13841,13842,13843,49999,50000,50001,50002,50003,13877,13879,63400,63401,74564,74565,13865,13864,13866,13858,13859,13860,13861,13862,13863,53300,53301,53302,53303,53304,53305,59459,74566,14243,14244,14245,14246,14247,14248,14249,47967,13878,13880,64613,47968,13525,48805,48804],"class_list":{"0":"post-70316394","1":"product","2":"type-product","3":"status-publish","4":"has-post-thumbnail","6":"product_cat-literatur-wissenschaft","7":"product_tag-5-3-1946-25-10-2017","8":"product_tag-1980er-jahre","9":"product_tag-20-jahrhundert-nach-chr","10":"product_tag-20-jh-n-chr","11":"product_tag-20-jahrhundert","12":"product_tag-20-jh","13":"product_tag-80er","14":"product_tag-abisag","15":"product_tag-abzug","16":"product_tag-achtziger","17":"product_tag-allein","18":"product_tag-alleine","19":"product_tag-autorin","20":"product_tag-autorinnen","21":"product_tag-autorinnenportrait","22":"product_tag-autorinnenportraet","23":"product_tag-bett","24":"product_tag-betten","25":"product_tag-bildnis","26":"product_tag-bildnisse","27":"product_tag-blickkontakt","28":"product_tag-bovenschen","29":"product_tag-brd","30":"product_tag-bundesrepublik-deutschland","31":"product_tag-chaiselongue","32":"product_tag-damenportraet","33":"product_tag-damenportraets","34":"product_tag-deutsch","35":"product_tag-deutsche","36":"product_tag-deutschen","37":"product_tag-deutscher","38":"product_tag-deutsches","39":"product_tag-deutschland","40":"product_tag-deutschlands","41":"product_tag-drinnen","42":"product_tag-einsam","43":"product_tag-einsame","44":"product_tag-einsamen","45":"product_tag-einsamer","46":"product_tag-einsames","47":"product_tag-einsamkeit","48":"product_tag-elegant","49":"product_tag-elegante","50":"product_tag-elegantem","51":"product_tag-eleganten","52":"product_tag-eleganter","53":"product_tag-elegantes","54":"product_tag-eleganz","55":"product_tag-entspannen","56":"product_tag-entspannt","57":"product_tag-entspannte","58":"product_tag-entspannter","59":"product_tag-entspanntes","60":"product_tag-ernst","61":"product_tag-ernste","62":"product_tag-ernstem","63":"product_tag-ernsten","64":"product_tag-ernster","65":"product_tag-ernstes","66":"product_tag-ernsthaft","67":"product_tag-ernsthafte","68":"product_tag-ernsthaften","69":"product_tag-ernsthafter","70":"product_tag-ernsthaftes","71":"product_tag-ernsthaftigkeit","72":"product_tag-feministin","73":"product_tag-feministinnen","74":"product_tag-foto","75":"product_tag-fotoabzug","76":"product_tag-fotoabzuege","77":"product_tag-fotografie","78":"product_tag-fotografien","79":"product_tag-frankfurt-m","80":"product_tag-frankfurt-main","81":"product_tag-frankfurt-a-main","82":"product_tag-frankfurt-a-m","83":"product_tag-frankfurt-am-main","84":"product_tag-frankfurter","85":"product_tag-frau","86":"product_tag-frauen","87":"product_tag-frauenbildnis","88":"product_tag-frauenportrait","89":"product_tag-frauenportraits","90":"product_tag-frauenportraet","91":"product_tag-frauenportraets","92":"product_tag-gemaelde","93":"product_tag-gemaelden","94":"product_tag-gemaeldes","95":"product_tag-hessen","96":"product_tag-hessisch","97":"product_tag-hessische","98":"product_tag-hessischen","99":"product_tag-hessischer","100":"product_tag-hessisches","101":"product_tag-hochformat","102":"product_tag-innen","103":"product_tag-literaturwissenschaftlerin","104":"product_tag-malerei","105":"product_tag-malereien","106":"product_tag-persoenlichkeit","107":"product_tag-persoenlichkeiten","108":"product_tag-photo","109":"product_tag-photoabzug","110":"product_tag-photoabzuege","111":"product_tag-photographie","112":"product_tag-photographien","113":"product_tag-portrait","114":"product_tag-portraitaufnahme","115":"product_tag-portraitfoto","116":"product_tag-portraitfotografie","117":"product_tag-portraitphoto","118":"product_tag-portraitphotographie","119":"product_tag-portraits","120":"product_tag-portraet","121":"product_tag-portraetaufnahme","122":"product_tag-portraetfoto","123":"product_tag-portraetfotografie","124":"product_tag-portraetphoto","125":"product_tag-portraetphotographie","126":"product_tag-portraets","127":"product_tag-print","128":"product_tag-relaxen","129":"product_tag-relaxt","130":"product_tag-relaxte","131":"product_tag-relaxter","132":"product_tag-relaxtes","133":"product_tag-s-w-fotografie","134":"product_tag-s-w-photographie","135":"product_tag-schriftstellerin","136":"product_tag-schriftstellerinnen","137":"product_tag-schriftstellerinnenportrait","138":"product_tag-schriftstellerinnenportraet","139":"product_tag-schwarzweissphotographie","140":"product_tag-schwarz-weiss-fotografie","141":"product_tag-schwarz-weiss-photographie","142":"product_tag-schwarzweiss","143":"product_tag-schwarzweisse","144":"product_tag-schwarzweissen","145":"product_tag-schwarzweisser","146":"product_tag-schwarzweisses","147":"product_tag-schwarzweissfotografie","148":"product_tag-selbstbewusst","149":"product_tag-selbstbewusste","150":"product_tag-selbstbewussten","151":"product_tag-selbstbewusster","152":"product_tag-selbstbewusstes","153":"product_tag-selbstbewusstsein","154":"product_tag-silvia","155":"product_tag-silvia_bovenschen","156":"product_tag-sitzen","157":"product_tag-sitzend","158":"product_tag-sitzende","159":"product_tag-sitzenden","160":"product_tag-sitzender","161":"product_tag-sitzendes","162":"product_tag-sitzt","163":"product_tag-sw","164":"product_tag-sw-fotografie","165":"product_tag-sw-photographie","166":"product_tag-systematik_105137_id","167":"product_tag-tuellmann","168":"product_tag-von-innen","169":"product_tag-zu-hause","170":"product_tag-zuhause","171":"pa_datierung-26348","172":"pa_fotograf-abisag-tuellmann","173":"pa_geografischer_bezug-aufnahmeort-frankfurt-am-main-deutschland","174":"pa_grunddaten_material_technik-foto","175":"pa_inventarnummer-tue-89-051-23","176":"pa_jahr_von-54297","177":"pa_kuenstler-sarah-schumann","178":"pa_mediennummer-74556","179":"pa_objekttyp-fotografie","181":"first","182":"instock","183":"product-type-simple"},"yoast_head":"<!-- This site is optimized with the Yoast SEO plugin v27.4 - https:\/\/yoast.com\/product\/yoast-seo-wordpress\/ -->\n<title>Silvia Bovenschen - Abisag T\u00fcllmann<\/title>\n<meta name=\"robots\" content=\"index, follow, max-snippet:-1, max-image-preview:large, max-video-preview:-1\" \/>\n<link rel=\"canonical\" href=\"https:\/\/bpk-archive.de\/tuellmann\/produkt\/silvia-bovenschen-5\/\" \/>\n<meta property=\"og:locale\" content=\"de_DE\" \/>\n<meta property=\"og:type\" content=\"article\" \/>\n<meta property=\"og:title\" content=\"Silvia Bovenschen - Abisag T\u00fcllmann\" \/>\n<meta property=\"og:description\" content=\"(Scan vom Vintageprint) [das Gem\u00e4lde an der Wand das Gem\u00e4lde &#8222;Silvia&#8220;, 1977, zeigt die Dargestellte und ist ein Werk ihrer Lebensgef\u00e4hrtin Sarah Schumann]\" \/>\n<meta property=\"og:url\" content=\"https:\/\/bpk-archive.de\/tuellmann\/produkt\/silvia-bovenschen-5\/\" \/>\n<meta property=\"og:site_name\" content=\"Abisag T\u00fcllmann\" \/>\n<meta property=\"article:modified_time\" content=\"2020-08-11T14:34:32+00:00\" \/>\n<meta property=\"og:image\" content=\"https:\/\/bpk-archive.de\/tuellmann\/wp-content\/uploads\/2020\/05\/bpk_20034800.jpg\" \/>\n\t<meta property=\"og:image:width\" content=\"967\" \/>\n\t<meta property=\"og:image:height\" content=\"1200\" \/>\n\t<meta property=\"og:image:type\" content=\"image\/jpeg\" \/>\n<meta name=\"twitter:card\" content=\"summary_large_image\" \/>\n<script type=\"application\/ld+json\" class=\"yoast-schema-graph\">{\"@context\":\"https:\\\/\\\/schema.org\",\"@graph\":[{\"@type\":\"WebPage\",\"@id\":\"https:\\\/\\\/bpk-archive.de\\\/tuellmann\\\/produkt\\\/silvia-bovenschen-5\\\/\",\"url\":\"https:\\\/\\\/bpk-archive.de\\\/tuellmann\\\/produkt\\\/silvia-bovenschen-5\\\/\",\"name\":\"Silvia Bovenschen - Abisag T\u00fcllmann\",\"isPartOf\":{\"@id\":\"https:\\\/\\\/bpk-archive.de\\\/tuellmann\\\/#website\"},\"primaryImageOfPage\":{\"@id\":\"https:\\\/\\\/bpk-archive.de\\\/tuellmann\\\/produkt\\\/silvia-bovenschen-5\\\/#primaryimage\"},\"image\":{\"@id\":\"https:\\\/\\\/bpk-archive.de\\\/tuellmann\\\/produkt\\\/silvia-bovenschen-5\\\/#primaryimage\"},\"thumbnailUrl\":\"https:\\\/\\\/bpk-archive.de\\\/tuellmann\\\/wp-content\\\/uploads\\\/2020\\\/05\\\/bpk_20034800.jpg\",\"datePublished\":\"2020-05-27T15:15:40+00:00\",\"dateModified\":\"2020-08-11T14:34:32+00:00\",\"breadcrumb\":{\"@id\":\"https:\\\/\\\/bpk-archive.de\\\/tuellmann\\\/produkt\\\/silvia-bovenschen-5\\\/#breadcrumb\"},\"inLanguage\":\"de\",\"potentialAction\":[{\"@type\":\"ReadAction\",\"target\":[\"https:\\\/\\\/bpk-archive.de\\\/tuellmann\\\/produkt\\\/silvia-bovenschen-5\\\/\"]}]},{\"@type\":\"ImageObject\",\"inLanguage\":\"de\",\"@id\":\"https:\\\/\\\/bpk-archive.de\\\/tuellmann\\\/produkt\\\/silvia-bovenschen-5\\\/#primaryimage\",\"url\":\"https:\\\/\\\/bpk-archive.de\\\/tuellmann\\\/wp-content\\\/uploads\\\/2020\\\/05\\\/bpk_20034800.jpg\",\"contentUrl\":\"https:\\\/\\\/bpk-archive.de\\\/tuellmann\\\/wp-content\\\/uploads\\\/2020\\\/05\\\/bpk_20034800.jpg\",\"width\":967,\"height\":1200,\"caption\":\"(Scan vom Vintageprint) [das Gem\u00e4lde an der Wand das Gem\u00e4lde \\\"Silvia\\\", 1977, zeigt die Dargestellte und ist ein Werk ihrer Lebensgef\u00e4hrtin Sarah Schumann] Aufnahmedatum: 1989 Material\\\/Technik: Foto Aufnahmeort: Frankfurt am Main \\\/ Deutschland Inventar-Nr.: T\u00fc 89\\\/051-23\"},{\"@type\":\"BreadcrumbList\",\"@id\":\"https:\\\/\\\/bpk-archive.de\\\/tuellmann\\\/produkt\\\/silvia-bovenschen-5\\\/#breadcrumb\",\"itemListElement\":[{\"@type\":\"ListItem\",\"position\":1,\"name\":\"Startseite\",\"item\":\"https:\\\/\\\/bpk-archive.de\\\/tuellmann\\\/\"},{\"@type\":\"ListItem\",\"position\":2,\"name\":\"Shop\",\"item\":\"https:\\\/\\\/bpk-archive.de\\\/tuellmann\\\/shop\\\/\"},{\"@type\":\"ListItem\",\"position\":3,\"name\":\"Silvia Bovenschen\"}]},{\"@type\":\"WebSite\",\"@id\":\"https:\\\/\\\/bpk-archive.de\\\/tuellmann\\\/#website\",\"url\":\"https:\\\/\\\/bpk-archive.de\\\/tuellmann\\\/\",\"name\":\"Abisag T\u00fcllmann\",\"description\":\"Eine weitere WordPress-Website\",\"potentialAction\":[{\"@type\":\"SearchAction\",\"target\":{\"@type\":\"EntryPoint\",\"urlTemplate\":\"https:\\\/\\\/bpk-archive.de\\\/tuellmann\\\/?s={search_term_string}\"},\"query-input\":{\"@type\":\"PropertyValueSpecification\",\"valueRequired\":true,\"valueName\":\"search_term_string\"}}],\"inLanguage\":\"de\"}]}<\/script>\n<!-- \/ Yoast SEO plugin. -->","yoast_head_json":{"title":"Silvia Bovenschen - Abisag T\u00fcllmann","robots":{"index":"index","follow":"follow","max-snippet":"max-snippet:-1","max-image-preview":"max-image-preview:large","max-video-preview":"max-video-preview:-1"},"canonical":"https:\/\/bpk-archive.de\/tuellmann\/produkt\/silvia-bovenschen-5\/","og_locale":"de_DE","og_type":"article","og_title":"Silvia Bovenschen - Abisag T\u00fcllmann","og_description":"(Scan vom Vintageprint) [das Gem\u00e4lde an der Wand das Gem\u00e4lde &#8222;Silvia&#8220;, 1977, zeigt die Dargestellte und ist ein Werk ihrer Lebensgef\u00e4hrtin Sarah Schumann]","og_url":"https:\/\/bpk-archive.de\/tuellmann\/produkt\/silvia-bovenschen-5\/","og_site_name":"Abisag T\u00fcllmann","article_modified_time":"2020-08-11T14:34:32+00:00","og_image":[{"width":967,"height":1200,"url":"https:\/\/bpk-archive.de\/tuellmann\/wp-content\/uploads\/2020\/05\/bpk_20034800.jpg","type":"image\/jpeg"}],"twitter_card":"summary_large_image","schema":{"@context":"https:\/\/schema.org","@graph":[{"@type":"WebPage","@id":"https:\/\/bpk-archive.de\/tuellmann\/produkt\/silvia-bovenschen-5\/","url":"https:\/\/bpk-archive.de\/tuellmann\/produkt\/silvia-bovenschen-5\/","name":"Silvia Bovenschen - Abisag T\u00fcllmann","isPartOf":{"@id":"https:\/\/bpk-archive.de\/tuellmann\/#website"},"primaryImageOfPage":{"@id":"https:\/\/bpk-archive.de\/tuellmann\/produkt\/silvia-bovenschen-5\/#primaryimage"},"image":{"@id":"https:\/\/bpk-archive.de\/tuellmann\/produkt\/silvia-bovenschen-5\/#primaryimage"},"thumbnailUrl":"https:\/\/bpk-archive.de\/tuellmann\/wp-content\/uploads\/2020\/05\/bpk_20034800.jpg","datePublished":"2020-05-27T15:15:40+00:00","dateModified":"2020-08-11T14:34:32+00:00","breadcrumb":{"@id":"https:\/\/bpk-archive.de\/tuellmann\/produkt\/silvia-bovenschen-5\/#breadcrumb"},"inLanguage":"de","potentialAction":[{"@type":"ReadAction","target":["https:\/\/bpk-archive.de\/tuellmann\/produkt\/silvia-bovenschen-5\/"]}]},{"@type":"ImageObject","inLanguage":"de","@id":"https:\/\/bpk-archive.de\/tuellmann\/produkt\/silvia-bovenschen-5\/#primaryimage","url":"https:\/\/bpk-archive.de\/tuellmann\/wp-content\/uploads\/2020\/05\/bpk_20034800.jpg","contentUrl":"https:\/\/bpk-archive.de\/tuellmann\/wp-content\/uploads\/2020\/05\/bpk_20034800.jpg","width":967,"height":1200,"caption":"(Scan vom Vintageprint) [das Gem\u00e4lde an der Wand das Gem\u00e4lde \"Silvia\", 1977, zeigt die Dargestellte und ist ein Werk ihrer Lebensgef\u00e4hrtin Sarah Schumann] Aufnahmedatum: 1989 Material\/Technik: Foto Aufnahmeort: Frankfurt am Main \/ Deutschland Inventar-Nr.: T\u00fc 89\/051-23"},{"@type":"BreadcrumbList","@id":"https:\/\/bpk-archive.de\/tuellmann\/produkt\/silvia-bovenschen-5\/#breadcrumb","itemListElement":[{"@type":"ListItem","position":1,"name":"Startseite","item":"https:\/\/bpk-archive.de\/tuellmann\/"},{"@type":"ListItem","position":2,"name":"Shop","item":"https:\/\/bpk-archive.de\/tuellmann\/shop\/"},{"@type":"ListItem","position":3,"name":"Silvia Bovenschen"}]},{"@type":"WebSite","@id":"https:\/\/bpk-archive.de\/tuellmann\/#website","url":"https:\/\/bpk-archive.de\/tuellmann\/","name":"Abisag T\u00fcllmann","description":"Eine weitere WordPress-Website","potentialAction":[{"@type":"SearchAction","target":{"@type":"EntryPoint","urlTemplate":"https:\/\/bpk-archive.de\/tuellmann\/?s={search_term_string}"},"query-input":{"@type":"PropertyValueSpecification","valueRequired":true,"valueName":"search_term_string"}}],"inLanguage":"de"}]}},"_links":{"self":[{"href":"https:\/\/bpk-archive.de\/tuellmann\/wp-json\/wp\/v2\/product\/70316394","targetHints":{"allow":["GET"]}}],"collection":[{"href":"https:\/\/bpk-archive.de\/tuellmann\/wp-json\/wp\/v2\/product"}],"about":[{"href":"https:\/\/bpk-archive.de\/tuellmann\/wp-json\/wp\/v2\/types\/product"}],"wp:featuredmedia":[{"embeddable":true,"href":"https:\/\/bpk-archive.de\/tuellmann\/wp-json\/wp\/v2\/media\/70315827"}],"wp:attachment":[{"href":"https:\/\/bpk-archive.de\/tuellmann\/wp-json\/wp\/v2\/media?parent=70316394"}],"wp:term":[{"taxonomy":"product_brand","embeddable":true,"href":"https:\/\/bpk-archive.de\/tuellmann\/wp-json\/wp\/v2\/product_brand?post=70316394"},{"taxonomy":"product_cat","embeddable":true,"href":"https:\/\/bpk-archive.de\/tuellmann\/wp-json\/wp\/v2\/product_cat?post=70316394"},{"taxonomy":"product_tag","embeddable":true,"href":"https:\/\/bpk-archive.de\/tuellmann\/wp-json\/wp\/v2\/product_tag?post=70316394"}],"curies":[{"name":"wp","href":"https:\/\/api.w.org\/{rel}","templated":true}]}}