{"id":70316166,"date":"2020-05-27T17:12:01","date_gmt":"2020-05-27T15:12:01","guid":{"rendered":"https:\/\/bpk-archive.de\/tuellmann\/\/atbild\/erstes-internationales-frauenfilmseminar-im-kino-arsenal-3\/"},"modified":"2020-08-11T16:22:49","modified_gmt":"2020-08-11T14:22:49","slug":"erstes-internationales-frauenfilmseminar-im-kino-arsenal-3","status":"publish","type":"product","link":"https:\/\/bpk-archive.de\/tuellmann\/produkt\/erstes-internationales-frauenfilmseminar-im-kino-arsenal-3\/","title":{"rendered":"&#8222;Erstes Internationales Frauenfilmseminar&#8220; im Kino Arsenal"},"content":{"rendered":"<p>Das von Helke Sander und Claudia von Alemann organisierte &#8222;Frauenfilmseminar&#8220; gilt als das weltweit erste Frauen-Filmfestival mit Filmen von und \u00fcber Frauen. Es wurden 45 Filme aus 7 L\u00e4ndern gezeigt, die meisten davon als Erstauff\u00fchrungen<\/p>\n","protected":false},"excerpt":{"rendered":"<p>Das von Helke Sander und Claudia von Alemann organisierte &#8222;Frauenfilmseminar&#8220; gilt als das weltweit erste Frauen-Filmfestival mit Filmen von und \u00fcber Frauen. Es wurden 45 Filme aus 7 L\u00e4ndern gezeigt, die meisten davon als Erstauff\u00fchrungen<\/p>\n","protected":false},"featured_media":70315787,"template":"","meta":[],"product_brand":[],"product_cat":[73372],"product_tag":[13230,13232,13234,13231,13233,13235,73518,13777,54771,54772,73519,53253,53254,53255,53256,13469,13470,13253,13254,13255,13256,13257,13471,13472,49678,53792,73520,73521,53793,53794,53795,53796,55800,55801,63112,63113,60946,60947,60948,60949,60950,60951,63116,63117,63118,55802,49027,13293,13786,13787,13294,13295,47267,13487,13488,53797,73522,53798,53799,53800,54923,49028,61998,61999,62000,62001,49033,49034,49035,13328,13827,13828,13329,13330,47332,53482,53803,53483,53484,53804,53485,13843,47333,47334,47335,47336,47337,13877,13879,67723,67724,13865,13864,13866,13858,13859,13860,13861,13862,13863,73523,73524,13354,13869,13870,13871,13872,48679,48680,48681,13878,13880,53279,53281,53283,53285,53278,53280,53282,53284,60969,60970,60971,60972,60973,60974,60975],"class_list":{"0":"post-70316166","1":"product","2":"type-product","3":"status-publish","4":"has-post-thumbnail","6":"product_cat-arbeiten-film","7":"product_tag-1970er-jahre","8":"product_tag-20-jahrhundert-nach-chr","9":"product_tag-20-jh-n-chr","10":"product_tag-20-jahrhundert","11":"product_tag-20-jh","12":"product_tag-70er","13":"product_tag-abt_936","14":"product_tag-abzug","15":"product_tag-aktivistin","16":"product_tag-aktivistinnen","17":"product_tag-at_film","18":"product_tag-berlin","19":"product_tag-berliner","20":"product_tag-berliners","21":"product_tag-berlins","22":"product_tag-brd","23":"product_tag-bundesrepublik-deutschland","24":"product_tag-deutsch","25":"product_tag-deutsche","26":"product_tag-deutschen","27":"product_tag-deutscher","28":"product_tag-deutsches","29":"product_tag-deutschland","30":"product_tag-deutschlands","31":"product_tag-emanzipation","32":"product_tag-feminismus","33":"product_tag-feministin","34":"product_tag-feministinnen","35":"product_tag-feministisch","36":"product_tag-feministische","37":"product_tag-feministischer","38":"product_tag-feministisches","39":"product_tag-film","40":"product_tag-filme","41":"product_tag-filmemacher","42":"product_tag-filmemachers","43":"product_tag-filmfest","44":"product_tag-filmfeste","45":"product_tag-filmfestival","46":"product_tag-filmfestivals","47":"product_tag-filmfestspiele","48":"product_tag-filmfestspielen","49":"product_tag-filmregisseur","50":"product_tag-filmregisseure","51":"product_tag-filmregisseurs","52":"product_tag-films","53":"product_tag-filmtheater","54":"product_tag-foto","55":"product_tag-fotoabzug","56":"product_tag-fotoabzuege","57":"product_tag-fotografie","58":"product_tag-fotografien","59":"product_tag-fotoreportage","60":"product_tag-frau","61":"product_tag-frauen","62":"product_tag-frauenbewegung","63":"product_tag-frauenfilmfestival","64":"product_tag-frauenrecht","65":"product_tag-frauenrechtlerin","66":"product_tag-frauenrechtlerinnen","67":"product_tag-gleichberechtigung","68":"product_tag-kino","69":"product_tag-kinofilm","70":"product_tag-kinofilme","71":"product_tag-kinofilmen","72":"product_tag-kinofilms","73":"product_tag-kinos","74":"product_tag-lichtspiele","75":"product_tag-lichtspieltheater","76":"product_tag-photo","77":"product_tag-photoabzug","78":"product_tag-photoabzuege","79":"product_tag-photographie","80":"product_tag-photographien","81":"product_tag-photoreportage","82":"product_tag-pressefoto","83":"product_tag-pressefotografie","84":"product_tag-pressefotos","85":"product_tag-pressephoto","86":"product_tag-pressephotographie","87":"product_tag-pressephotos","88":"product_tag-print","89":"product_tag-reportage","90":"product_tag-reportagefoto","91":"product_tag-reportagefotografie","92":"product_tag-reportagephoto","93":"product_tag-reportagephotographie","94":"product_tag-s-w-fotografie","95":"product_tag-s-w-photographie","96":"product_tag-schoeneberg","97":"product_tag-schoeneberger","98":"product_tag-schwarzweissphotographie","99":"product_tag-schwarz-weiss-fotografie","100":"product_tag-schwarz-weiss-photographie","101":"product_tag-schwarzweiss","102":"product_tag-schwarzweisse","103":"product_tag-schwarzweissen","104":"product_tag-schwarzweisser","105":"product_tag-schwarzweisses","106":"product_tag-schwarzweissfotografie","107":"product_tag-seminar","108":"product_tag-seminare","109":"product_tag-siebziger","110":"product_tag-silbergelatine","111":"product_tag-silbergelatineabzug","112":"product_tag-silbergelatineabzuege","113":"product_tag-silbergelatineprint","114":"product_tag-stadtteil","115":"product_tag-stadtteils","116":"product_tag-stadtviertel","117":"product_tag-sw-fotografie","118":"product_tag-sw-photographie","119":"product_tag-west-berlin","120":"product_tag-west-berliner","121":"product_tag-west-berliners","122":"product_tag-west-berlins","123":"product_tag-westberlin","124":"product_tag-westberliner","125":"product_tag-westberliners","126":"product_tag-westberlins","127":"product_tag-westdeutsch","128":"product_tag-westdeutsche","129":"product_tag-westdeutschen","130":"product_tag-westdeutscher","131":"product_tag-westdeutsches","132":"product_tag-westdeutschland","133":"product_tag-westdeutschlands","134":"pa_datierung-november-1973","135":"pa_fotograf-abisag-tuellmann","136":"pa_geografischer_bezug-aufnahmeort-berlin-schoeneberg-brd-deutschland","137":"pa_grunddaten_material_technik-foto-silbergelatine-auf-barytpapier","138":"pa_inventarnummer-tue-73-153-31a","139":"pa_jahr_von-54245","140":"pa_massangaben-bildformat-foto-24-x-306-cm","141":"pa_mediennummer-73527","142":"pa_objekttyp-fotografie","144":"first","145":"instock","146":"product-type-simple"},"yoast_head":"<!-- This site is optimized with the Yoast SEO plugin v27.3 - https:\/\/yoast.com\/product\/yoast-seo-wordpress\/ -->\n<title>&quot;Erstes Internationales Frauenfilmseminar&quot; im Kino Arsenal - Abisag T\u00fcllmann<\/title>\n<meta name=\"robots\" content=\"index, follow, max-snippet:-1, max-image-preview:large, max-video-preview:-1\" \/>\n<link rel=\"canonical\" href=\"https:\/\/bpk-archive.de\/tuellmann\/produkt\/erstes-internationales-frauenfilmseminar-im-kino-arsenal-3\/\" \/>\n<meta property=\"og:locale\" content=\"de_DE\" \/>\n<meta property=\"og:type\" content=\"article\" \/>\n<meta property=\"og:title\" content=\"&quot;Erstes Internationales Frauenfilmseminar&quot; im Kino Arsenal - Abisag T\u00fcllmann\" \/>\n<meta property=\"og:description\" content=\"Das von Helke Sander und Claudia von Alemann organisierte &#8222;Frauenfilmseminar&#8220; gilt als das weltweit erste Frauen-Filmfestival mit Filmen von und \u00fcber Frauen. Es wurden 45 Filme aus 7 L\u00e4ndern gezeigt, die meisten davon als Erstauff\u00fchrungen\" \/>\n<meta property=\"og:url\" content=\"https:\/\/bpk-archive.de\/tuellmann\/produkt\/erstes-internationales-frauenfilmseminar-im-kino-arsenal-3\/\" \/>\n<meta property=\"og:site_name\" content=\"Abisag T\u00fcllmann\" \/>\n<meta property=\"article:modified_time\" content=\"2020-08-11T14:22:49+00:00\" \/>\n<meta property=\"og:image\" content=\"https:\/\/bpk-archive.de\/tuellmann\/wp-content\/uploads\/2020\/05\/bpk_70240858.jpg\" \/>\n\t<meta property=\"og:image:width\" content=\"1200\" \/>\n\t<meta property=\"og:image:height\" content=\"931\" \/>\n\t<meta property=\"og:image:type\" content=\"image\/jpeg\" \/>\n<meta name=\"twitter:card\" content=\"summary_large_image\" \/>\n<script type=\"application\/ld+json\" class=\"yoast-schema-graph\">{\"@context\":\"https:\\\/\\\/schema.org\",\"@graph\":[{\"@type\":\"WebPage\",\"@id\":\"https:\\\/\\\/bpk-archive.de\\\/tuellmann\\\/produkt\\\/erstes-internationales-frauenfilmseminar-im-kino-arsenal-3\\\/\",\"url\":\"https:\\\/\\\/bpk-archive.de\\\/tuellmann\\\/produkt\\\/erstes-internationales-frauenfilmseminar-im-kino-arsenal-3\\\/\",\"name\":\"\\\"Erstes Internationales Frauenfilmseminar\\\" im Kino Arsenal - Abisag T\u00fcllmann\",\"isPartOf\":{\"@id\":\"https:\\\/\\\/bpk-archive.de\\\/tuellmann\\\/#website\"},\"primaryImageOfPage\":{\"@id\":\"https:\\\/\\\/bpk-archive.de\\\/tuellmann\\\/produkt\\\/erstes-internationales-frauenfilmseminar-im-kino-arsenal-3\\\/#primaryimage\"},\"image\":{\"@id\":\"https:\\\/\\\/bpk-archive.de\\\/tuellmann\\\/produkt\\\/erstes-internationales-frauenfilmseminar-im-kino-arsenal-3\\\/#primaryimage\"},\"thumbnailUrl\":\"https:\\\/\\\/bpk-archive.de\\\/tuellmann\\\/wp-content\\\/uploads\\\/2020\\\/05\\\/bpk_70240858.jpg\",\"datePublished\":\"2020-05-27T15:12:01+00:00\",\"dateModified\":\"2020-08-11T14:22:49+00:00\",\"breadcrumb\":{\"@id\":\"https:\\\/\\\/bpk-archive.de\\\/tuellmann\\\/produkt\\\/erstes-internationales-frauenfilmseminar-im-kino-arsenal-3\\\/#breadcrumb\"},\"inLanguage\":\"de\",\"potentialAction\":[{\"@type\":\"ReadAction\",\"target\":[\"https:\\\/\\\/bpk-archive.de\\\/tuellmann\\\/produkt\\\/erstes-internationales-frauenfilmseminar-im-kino-arsenal-3\\\/\"]}]},{\"@type\":\"ImageObject\",\"inLanguage\":\"de\",\"@id\":\"https:\\\/\\\/bpk-archive.de\\\/tuellmann\\\/produkt\\\/erstes-internationales-frauenfilmseminar-im-kino-arsenal-3\\\/#primaryimage\",\"url\":\"https:\\\/\\\/bpk-archive.de\\\/tuellmann\\\/wp-content\\\/uploads\\\/2020\\\/05\\\/bpk_70240858.jpg\",\"contentUrl\":\"https:\\\/\\\/bpk-archive.de\\\/tuellmann\\\/wp-content\\\/uploads\\\/2020\\\/05\\\/bpk_70240858.jpg\",\"width\":1200,\"height\":931,\"caption\":\"Das von Helke Sander und Claudia von Alemann organisierte \\\"Frauenfilmseminar\\\" gilt als das weltweit erste Frauen-Filmfestival mit Filmen von und \u00fcber Frauen. Es wurden 45 Filme aus 7 L\u00e4ndern gezeigt, die meisten davon als Erstauff\u00fchrungen Aufnahmedatum: November 1973 Material\\\/Technik: Foto \\\/ Silbergelatine auf Barytpapier Bildformat (Foto): 24 x 30,6 cm Aufnahmeort: Berlin - Sch\u00f6neberg \\\/ BRD (Deutschland) Inventar-Nr.: T\u00fc 73\\\/153-31a\"},{\"@type\":\"BreadcrumbList\",\"@id\":\"https:\\\/\\\/bpk-archive.de\\\/tuellmann\\\/produkt\\\/erstes-internationales-frauenfilmseminar-im-kino-arsenal-3\\\/#breadcrumb\",\"itemListElement\":[{\"@type\":\"ListItem\",\"position\":1,\"name\":\"Startseite\",\"item\":\"https:\\\/\\\/bpk-archive.de\\\/tuellmann\\\/\"},{\"@type\":\"ListItem\",\"position\":2,\"name\":\"Shop\",\"item\":\"https:\\\/\\\/bpk-archive.de\\\/tuellmann\\\/shop\\\/\"},{\"@type\":\"ListItem\",\"position\":3,\"name\":\"&#8220;Erstes Internationales Frauenfilmseminar&#8221; im Kino Arsenal\"}]},{\"@type\":\"WebSite\",\"@id\":\"https:\\\/\\\/bpk-archive.de\\\/tuellmann\\\/#website\",\"url\":\"https:\\\/\\\/bpk-archive.de\\\/tuellmann\\\/\",\"name\":\"Abisag T\u00fcllmann\",\"description\":\"Eine weitere WordPress-Website\",\"potentialAction\":[{\"@type\":\"SearchAction\",\"target\":{\"@type\":\"EntryPoint\",\"urlTemplate\":\"https:\\\/\\\/bpk-archive.de\\\/tuellmann\\\/?s={search_term_string}\"},\"query-input\":{\"@type\":\"PropertyValueSpecification\",\"valueRequired\":true,\"valueName\":\"search_term_string\"}}],\"inLanguage\":\"de\"}]}<\/script>\n<!-- \/ Yoast SEO plugin. -->","yoast_head_json":{"title":"\"Erstes Internationales Frauenfilmseminar\" im Kino Arsenal - Abisag T\u00fcllmann","robots":{"index":"index","follow":"follow","max-snippet":"max-snippet:-1","max-image-preview":"max-image-preview:large","max-video-preview":"max-video-preview:-1"},"canonical":"https:\/\/bpk-archive.de\/tuellmann\/produkt\/erstes-internationales-frauenfilmseminar-im-kino-arsenal-3\/","og_locale":"de_DE","og_type":"article","og_title":"\"Erstes Internationales Frauenfilmseminar\" im Kino Arsenal - Abisag T\u00fcllmann","og_description":"Das von Helke Sander und Claudia von Alemann organisierte &#8222;Frauenfilmseminar&#8220; gilt als das weltweit erste Frauen-Filmfestival mit Filmen von und \u00fcber Frauen. Es wurden 45 Filme aus 7 L\u00e4ndern gezeigt, die meisten davon als Erstauff\u00fchrungen","og_url":"https:\/\/bpk-archive.de\/tuellmann\/produkt\/erstes-internationales-frauenfilmseminar-im-kino-arsenal-3\/","og_site_name":"Abisag T\u00fcllmann","article_modified_time":"2020-08-11T14:22:49+00:00","og_image":[{"width":1200,"height":931,"url":"https:\/\/bpk-archive.de\/tuellmann\/wp-content\/uploads\/2020\/05\/bpk_70240858.jpg","type":"image\/jpeg"}],"twitter_card":"summary_large_image","schema":{"@context":"https:\/\/schema.org","@graph":[{"@type":"WebPage","@id":"https:\/\/bpk-archive.de\/tuellmann\/produkt\/erstes-internationales-frauenfilmseminar-im-kino-arsenal-3\/","url":"https:\/\/bpk-archive.de\/tuellmann\/produkt\/erstes-internationales-frauenfilmseminar-im-kino-arsenal-3\/","name":"\"Erstes Internationales Frauenfilmseminar\" im Kino Arsenal - Abisag T\u00fcllmann","isPartOf":{"@id":"https:\/\/bpk-archive.de\/tuellmann\/#website"},"primaryImageOfPage":{"@id":"https:\/\/bpk-archive.de\/tuellmann\/produkt\/erstes-internationales-frauenfilmseminar-im-kino-arsenal-3\/#primaryimage"},"image":{"@id":"https:\/\/bpk-archive.de\/tuellmann\/produkt\/erstes-internationales-frauenfilmseminar-im-kino-arsenal-3\/#primaryimage"},"thumbnailUrl":"https:\/\/bpk-archive.de\/tuellmann\/wp-content\/uploads\/2020\/05\/bpk_70240858.jpg","datePublished":"2020-05-27T15:12:01+00:00","dateModified":"2020-08-11T14:22:49+00:00","breadcrumb":{"@id":"https:\/\/bpk-archive.de\/tuellmann\/produkt\/erstes-internationales-frauenfilmseminar-im-kino-arsenal-3\/#breadcrumb"},"inLanguage":"de","potentialAction":[{"@type":"ReadAction","target":["https:\/\/bpk-archive.de\/tuellmann\/produkt\/erstes-internationales-frauenfilmseminar-im-kino-arsenal-3\/"]}]},{"@type":"ImageObject","inLanguage":"de","@id":"https:\/\/bpk-archive.de\/tuellmann\/produkt\/erstes-internationales-frauenfilmseminar-im-kino-arsenal-3\/#primaryimage","url":"https:\/\/bpk-archive.de\/tuellmann\/wp-content\/uploads\/2020\/05\/bpk_70240858.jpg","contentUrl":"https:\/\/bpk-archive.de\/tuellmann\/wp-content\/uploads\/2020\/05\/bpk_70240858.jpg","width":1200,"height":931,"caption":"Das von Helke Sander und Claudia von Alemann organisierte \"Frauenfilmseminar\" gilt als das weltweit erste Frauen-Filmfestival mit Filmen von und \u00fcber Frauen. Es wurden 45 Filme aus 7 L\u00e4ndern gezeigt, die meisten davon als Erstauff\u00fchrungen Aufnahmedatum: November 1973 Material\/Technik: Foto \/ Silbergelatine auf Barytpapier Bildformat (Foto): 24 x 30,6 cm Aufnahmeort: Berlin - Sch\u00f6neberg \/ BRD (Deutschland) Inventar-Nr.: T\u00fc 73\/153-31a"},{"@type":"BreadcrumbList","@id":"https:\/\/bpk-archive.de\/tuellmann\/produkt\/erstes-internationales-frauenfilmseminar-im-kino-arsenal-3\/#breadcrumb","itemListElement":[{"@type":"ListItem","position":1,"name":"Startseite","item":"https:\/\/bpk-archive.de\/tuellmann\/"},{"@type":"ListItem","position":2,"name":"Shop","item":"https:\/\/bpk-archive.de\/tuellmann\/shop\/"},{"@type":"ListItem","position":3,"name":"&#8220;Erstes Internationales Frauenfilmseminar&#8221; im Kino Arsenal"}]},{"@type":"WebSite","@id":"https:\/\/bpk-archive.de\/tuellmann\/#website","url":"https:\/\/bpk-archive.de\/tuellmann\/","name":"Abisag T\u00fcllmann","description":"Eine weitere WordPress-Website","potentialAction":[{"@type":"SearchAction","target":{"@type":"EntryPoint","urlTemplate":"https:\/\/bpk-archive.de\/tuellmann\/?s={search_term_string}"},"query-input":{"@type":"PropertyValueSpecification","valueRequired":true,"valueName":"search_term_string"}}],"inLanguage":"de"}]}},"_links":{"self":[{"href":"https:\/\/bpk-archive.de\/tuellmann\/wp-json\/wp\/v2\/product\/70316166","targetHints":{"allow":["GET"]}}],"collection":[{"href":"https:\/\/bpk-archive.de\/tuellmann\/wp-json\/wp\/v2\/product"}],"about":[{"href":"https:\/\/bpk-archive.de\/tuellmann\/wp-json\/wp\/v2\/types\/product"}],"wp:featuredmedia":[{"embeddable":true,"href":"https:\/\/bpk-archive.de\/tuellmann\/wp-json\/wp\/v2\/media\/70315787"}],"wp:attachment":[{"href":"https:\/\/bpk-archive.de\/tuellmann\/wp-json\/wp\/v2\/media?parent=70316166"}],"wp:term":[{"taxonomy":"product_brand","embeddable":true,"href":"https:\/\/bpk-archive.de\/tuellmann\/wp-json\/wp\/v2\/product_brand?post=70316166"},{"taxonomy":"product_cat","embeddable":true,"href":"https:\/\/bpk-archive.de\/tuellmann\/wp-json\/wp\/v2\/product_cat?post=70316166"},{"taxonomy":"product_tag","embeddable":true,"href":"https:\/\/bpk-archive.de\/tuellmann\/wp-json\/wp\/v2\/product_tag?post=70316166"}],"curies":[{"name":"wp","href":"https:\/\/api.w.org\/{rel}","templated":true}]}}