{"id":70316151,"date":"2020-05-27T17:11:40","date_gmt":"2020-05-27T15:11:40","guid":{"rendered":"https:\/\/bpk-archive.de\/tuellmann\/\/atbild\/rueckseite-von-kreditpolitische-tagung-im-grossen-saal-der-deutschen-bank-2\/"},"modified":"2020-05-27T17:11:46","modified_gmt":"2020-05-27T15:11:46","slug":"rueckseite-von-kreditpolitische-tagung-im-grossen-saal-der-deutschen-bank-2","status":"publish","type":"product","link":"https:\/\/bpk-archive.de\/tuellmann\/produkt\/rueckseite-von-kreditpolitische-tagung-im-grossen-saal-der-deutschen-bank-2\/","title":{"rendered":"R\u00fcckseite von: Kreditpolitische Tagung im gro\u00dfen Saal der Deutschen Bank"},"content":{"rendered":"<p>Vorderseite siehe: 70243312 Hermann Josef Abs, Aufsichtsratvorsitzender der Deutschen Bank (links) und Otmar Emminger, Pr\u00e4sident der Deutschen Bundesbank R\u00fcckseitenbeschriftung von Hand der Fotografin: &#8222;Hermann Abs (\u00e0 gauche) et Otmar Emminger (\u00e0 droite)&#8220;<\/p>\n","protected":false},"excerpt":{"rendered":"<p>Vorderseite siehe: 70243312 Hermann Josef Abs, Aufsichtsratvorsitzender der Deutschen Bank (links) und Otmar Emminger, Pr\u00e4sident der Deutschen Bundesbank R\u00fcckseitenbeschriftung von Hand der Fotografin: &#8222;Hermann Abs (\u00e0 gauche) et Otmar Emminger (\u00e0 droite)&#8220;<\/p>\n","protected":false},"featured_media":70292650,"template":"","meta":[],"product_brand":[],"product_cat":[],"product_tag":[13230,13232,13234,13231,13233,13235,62742,13777,55446,55447,51714,73492,13469,13470,13253,13254,13255,13256,13257,13471,13472,13473,62699,62700,62701,62702,62703,13293,13786,13787,73493,13294,13295,13296,13297,13485,13486,13482,13481,13483,13484,51357,51358,51359,51360,51361,53205,48439,48442,48443,48444,48445,48446,13492,13493,13494,13495,13496,13497,13498,51841,51842,13328,13827,13828,13329,13330,13331,13332,53482,53803,53483,53484,53804,53485,13843,47594,47595,13877,13879,13865,13864,13866,13858,13859,13860,13861,13862,13863,13354,13869,13870,13871,13872,48454,48455,48456,48457,48458,48459,48460,48461,48462,13878,13880,59743,48366,48367,47615,13525,48368],"class_list":{"0":"post-70316151","1":"product","2":"type-product","3":"status-publish","4":"has-post-thumbnail","6":"product_tag-1970er-jahre","7":"product_tag-20-jahrhundert-nach-chr","8":"product_tag-20-jh-n-chr","9":"product_tag-20-jahrhundert","10":"product_tag-20-jh","11":"product_tag-70er","12":"product_tag-abt_013","13":"product_tag-abzug","14":"product_tag-agentur","15":"product_tag-agenturen","16":"product_tag-at_pressefotografie-brd","17":"product_tag-bildagentur","18":"product_tag-brd","19":"product_tag-bundesrepublik-deutschland","20":"product_tag-deutsch","21":"product_tag-deutsche","22":"product_tag-deutschen","23":"product_tag-deutscher","24":"product_tag-deutsches","25":"product_tag-deutschland","26":"product_tag-deutschlands","27":"product_tag-drinnen","28":"product_tag-eigenhaendig","29":"product_tag-eigenhaendige","30":"product_tag-eigenhaendigen","31":"product_tag-eigenhaendiger","32":"product_tag-eigenhaendiges","33":"product_tag-foto","34":"product_tag-fotoabzug","35":"product_tag-fotoabzuege","36":"product_tag-fotoagentur","37":"product_tag-fotografie","38":"product_tag-fotografien","39":"product_tag-fotografin","40":"product_tag-fotografinnen","41":"product_tag-frankfurt-m","42":"product_tag-frankfurt-main","43":"product_tag-frankfurt-a-main","44":"product_tag-frankfurt-a-m","45":"product_tag-frankfurt-am-main","46":"product_tag-frankfurter","47":"product_tag-franzoesisch","48":"product_tag-franzoesische","49":"product_tag-franzoesischen","50":"product_tag-franzoesischer","51":"product_tag-franzoesisches","52":"product_tag-fremdsprache","53":"product_tag-gestempelt","54":"product_tag-handschriftlich","55":"product_tag-handschriftliche","56":"product_tag-handschriftlichen","57":"product_tag-handschriftlicher","58":"product_tag-handschriftliches","59":"product_tag-hessen","60":"product_tag-hessisch","61":"product_tag-hessische","62":"product_tag-hessischen","63":"product_tag-hessischer","64":"product_tag-hessisches","65":"product_tag-innen","66":"product_tag-notiz","67":"product_tag-notizen","68":"product_tag-photo","69":"product_tag-photoabzug","70":"product_tag-photoabzuege","71":"product_tag-photographie","72":"product_tag-photographien","73":"product_tag-photographin","74":"product_tag-photographinnen","75":"product_tag-pressefoto","76":"product_tag-pressefotografie","77":"product_tag-pressefotos","78":"product_tag-pressephoto","79":"product_tag-pressephotographie","80":"product_tag-pressephotos","81":"product_tag-print","82":"product_tag-rueckansicht","83":"product_tag-rueckseite","84":"product_tag-s-w-fotografie","85":"product_tag-s-w-photographie","86":"product_tag-schwarzweissphotographie","87":"product_tag-schwarz-weiss-fotografie","88":"product_tag-schwarz-weiss-photographie","89":"product_tag-schwarzweiss","90":"product_tag-schwarzweisse","91":"product_tag-schwarzweissen","92":"product_tag-schwarzweisser","93":"product_tag-schwarzweisses","94":"product_tag-schwarzweissfotografie","95":"product_tag-siebziger","96":"product_tag-silbergelatine","97":"product_tag-silbergelatineabzug","98":"product_tag-silbergelatineabzuege","99":"product_tag-silbergelatineprint","100":"product_tag-stempel","101":"product_tag-stempelabdruck","102":"product_tag-stempelabdruecke","103":"product_tag-stempelabdruckes","104":"product_tag-stempelabdrucks","105":"product_tag-stempeldruck","106":"product_tag-stempeldrucke","107":"product_tag-stempeldruckes","108":"product_tag-stempeldrucks","109":"product_tag-sw-fotografie","110":"product_tag-sw-photographie","111":"product_tag-titel","112":"product_tag-v","113":"product_tag-verso","114":"product_tag-von-hinten","115":"product_tag-von-innen","116":"product_tag-vs","117":"pa_datierung-november-1975","118":"pa_fotograf-abisag-tuellmann","119":"pa_geografischer_bezug-aufnahmeort-frankfurt-am-main-deutschland","120":"pa_grunddaten_material_technik-foto-silbergelatine-auf-barytpapier","121":"pa_inventarnummer-tue-75-221-26a","122":"pa_jahr_von-53481","123":"pa_massangaben-bildformat-foto-232-x-303-cm","124":"pa_mediennummer-62817","125":"pa_objekttyp-fotografie","127":"first","128":"instock","129":"product-type-simple"},"yoast_head":"<!-- This site is optimized with the Yoast SEO plugin v27.4 - https:\/\/yoast.com\/product\/yoast-seo-wordpress\/ -->\n<title>R\u00fcckseite von: Kreditpolitische Tagung im gro\u00dfen Saal der Deutschen Bank - Abisag T\u00fcllmann<\/title>\n<meta name=\"robots\" content=\"index, follow, max-snippet:-1, max-image-preview:large, max-video-preview:-1\" \/>\n<link rel=\"canonical\" href=\"https:\/\/bpk-archive.de\/tuellmann\/produkt\/rueckseite-von-kreditpolitische-tagung-im-grossen-saal-der-deutschen-bank-2\/\" \/>\n<meta property=\"og:locale\" content=\"de_DE\" \/>\n<meta property=\"og:type\" content=\"article\" \/>\n<meta property=\"og:title\" content=\"R\u00fcckseite von: Kreditpolitische Tagung im gro\u00dfen Saal der Deutschen Bank - Abisag T\u00fcllmann\" \/>\n<meta property=\"og:description\" content=\"Vorderseite siehe: 70243312 Hermann Josef Abs, Aufsichtsratvorsitzender der Deutschen Bank (links) und Otmar Emminger, Pr\u00e4sident der Deutschen Bundesbank R\u00fcckseitenbeschriftung von Hand der Fotografin: &#8222;Hermann Abs (\u00e0 gauche) et Otmar Emminger (\u00e0 droite)&#8220;\" \/>\n<meta property=\"og:url\" content=\"https:\/\/bpk-archive.de\/tuellmann\/produkt\/rueckseite-von-kreditpolitische-tagung-im-grossen-saal-der-deutschen-bank-2\/\" \/>\n<meta property=\"og:site_name\" content=\"Abisag T\u00fcllmann\" \/>\n<meta property=\"article:modified_time\" content=\"2020-05-27T15:11:46+00:00\" \/>\n<meta property=\"og:image\" content=\"https:\/\/bpk-archive.de\/tuellmann\/wp-content\/uploads\/2019\/08\/bpk_70243313.jpg\" \/>\n\t<meta property=\"og:image:width\" content=\"1200\" \/>\n\t<meta property=\"og:image:height\" content=\"937\" \/>\n\t<meta property=\"og:image:type\" content=\"image\/jpeg\" \/>\n<meta name=\"twitter:card\" content=\"summary_large_image\" \/>\n<script type=\"application\/ld+json\" class=\"yoast-schema-graph\">{\"@context\":\"https:\\\/\\\/schema.org\",\"@graph\":[{\"@type\":\"WebPage\",\"@id\":\"https:\\\/\\\/bpk-archive.de\\\/tuellmann\\\/produkt\\\/rueckseite-von-kreditpolitische-tagung-im-grossen-saal-der-deutschen-bank-2\\\/\",\"url\":\"https:\\\/\\\/bpk-archive.de\\\/tuellmann\\\/produkt\\\/rueckseite-von-kreditpolitische-tagung-im-grossen-saal-der-deutschen-bank-2\\\/\",\"name\":\"R\u00fcckseite von: Kreditpolitische Tagung im gro\u00dfen Saal der Deutschen Bank - Abisag T\u00fcllmann\",\"isPartOf\":{\"@id\":\"https:\\\/\\\/bpk-archive.de\\\/tuellmann\\\/#website\"},\"primaryImageOfPage\":{\"@id\":\"https:\\\/\\\/bpk-archive.de\\\/tuellmann\\\/produkt\\\/rueckseite-von-kreditpolitische-tagung-im-grossen-saal-der-deutschen-bank-2\\\/#primaryimage\"},\"image\":{\"@id\":\"https:\\\/\\\/bpk-archive.de\\\/tuellmann\\\/produkt\\\/rueckseite-von-kreditpolitische-tagung-im-grossen-saal-der-deutschen-bank-2\\\/#primaryimage\"},\"thumbnailUrl\":\"https:\\\/\\\/bpk-archive.de\\\/tuellmann\\\/wp-content\\\/uploads\\\/2019\\\/08\\\/bpk_70243313.jpg\",\"datePublished\":\"2020-05-27T15:11:40+00:00\",\"dateModified\":\"2020-05-27T15:11:46+00:00\",\"breadcrumb\":{\"@id\":\"https:\\\/\\\/bpk-archive.de\\\/tuellmann\\\/produkt\\\/rueckseite-von-kreditpolitische-tagung-im-grossen-saal-der-deutschen-bank-2\\\/#breadcrumb\"},\"inLanguage\":\"de\",\"potentialAction\":[{\"@type\":\"ReadAction\",\"target\":[\"https:\\\/\\\/bpk-archive.de\\\/tuellmann\\\/produkt\\\/rueckseite-von-kreditpolitische-tagung-im-grossen-saal-der-deutschen-bank-2\\\/\"]}]},{\"@type\":\"ImageObject\",\"inLanguage\":\"de\",\"@id\":\"https:\\\/\\\/bpk-archive.de\\\/tuellmann\\\/produkt\\\/rueckseite-von-kreditpolitische-tagung-im-grossen-saal-der-deutschen-bank-2\\\/#primaryimage\",\"url\":\"https:\\\/\\\/bpk-archive.de\\\/tuellmann\\\/wp-content\\\/uploads\\\/2019\\\/08\\\/bpk_70243313.jpg\",\"contentUrl\":\"https:\\\/\\\/bpk-archive.de\\\/tuellmann\\\/wp-content\\\/uploads\\\/2019\\\/08\\\/bpk_70243313.jpg\",\"width\":1200,\"height\":937,\"caption\":\"R\u00fcckseite von: Kreditpolitische Tagung im gro\u00dfen Saal der Deutschen Bank\"},{\"@type\":\"BreadcrumbList\",\"@id\":\"https:\\\/\\\/bpk-archive.de\\\/tuellmann\\\/produkt\\\/rueckseite-von-kreditpolitische-tagung-im-grossen-saal-der-deutschen-bank-2\\\/#breadcrumb\",\"itemListElement\":[{\"@type\":\"ListItem\",\"position\":1,\"name\":\"Startseite\",\"item\":\"https:\\\/\\\/bpk-archive.de\\\/tuellmann\\\/\"},{\"@type\":\"ListItem\",\"position\":2,\"name\":\"Shop\",\"item\":\"https:\\\/\\\/bpk-archive.de\\\/tuellmann\\\/shop\\\/\"},{\"@type\":\"ListItem\",\"position\":3,\"name\":\"R\u00fcckseite von: Kreditpolitische Tagung im gro\u00dfen Saal der Deutschen Bank\"}]},{\"@type\":\"WebSite\",\"@id\":\"https:\\\/\\\/bpk-archive.de\\\/tuellmann\\\/#website\",\"url\":\"https:\\\/\\\/bpk-archive.de\\\/tuellmann\\\/\",\"name\":\"Abisag T\u00fcllmann\",\"description\":\"Eine weitere WordPress-Website\",\"potentialAction\":[{\"@type\":\"SearchAction\",\"target\":{\"@type\":\"EntryPoint\",\"urlTemplate\":\"https:\\\/\\\/bpk-archive.de\\\/tuellmann\\\/?s={search_term_string}\"},\"query-input\":{\"@type\":\"PropertyValueSpecification\",\"valueRequired\":true,\"valueName\":\"search_term_string\"}}],\"inLanguage\":\"de\"}]}<\/script>\n<!-- \/ Yoast SEO plugin. -->","yoast_head_json":{"title":"R\u00fcckseite von: Kreditpolitische Tagung im gro\u00dfen Saal der Deutschen Bank - Abisag T\u00fcllmann","robots":{"index":"index","follow":"follow","max-snippet":"max-snippet:-1","max-image-preview":"max-image-preview:large","max-video-preview":"max-video-preview:-1"},"canonical":"https:\/\/bpk-archive.de\/tuellmann\/produkt\/rueckseite-von-kreditpolitische-tagung-im-grossen-saal-der-deutschen-bank-2\/","og_locale":"de_DE","og_type":"article","og_title":"R\u00fcckseite von: Kreditpolitische Tagung im gro\u00dfen Saal der Deutschen Bank - Abisag T\u00fcllmann","og_description":"Vorderseite siehe: 70243312 Hermann Josef Abs, Aufsichtsratvorsitzender der Deutschen Bank (links) und Otmar Emminger, Pr\u00e4sident der Deutschen Bundesbank R\u00fcckseitenbeschriftung von Hand der Fotografin: &#8222;Hermann Abs (\u00e0 gauche) et Otmar Emminger (\u00e0 droite)&#8220;","og_url":"https:\/\/bpk-archive.de\/tuellmann\/produkt\/rueckseite-von-kreditpolitische-tagung-im-grossen-saal-der-deutschen-bank-2\/","og_site_name":"Abisag T\u00fcllmann","article_modified_time":"2020-05-27T15:11:46+00:00","og_image":[{"width":1200,"height":937,"url":"https:\/\/bpk-archive.de\/tuellmann\/wp-content\/uploads\/2019\/08\/bpk_70243313.jpg","type":"image\/jpeg"}],"twitter_card":"summary_large_image","schema":{"@context":"https:\/\/schema.org","@graph":[{"@type":"WebPage","@id":"https:\/\/bpk-archive.de\/tuellmann\/produkt\/rueckseite-von-kreditpolitische-tagung-im-grossen-saal-der-deutschen-bank-2\/","url":"https:\/\/bpk-archive.de\/tuellmann\/produkt\/rueckseite-von-kreditpolitische-tagung-im-grossen-saal-der-deutschen-bank-2\/","name":"R\u00fcckseite von: Kreditpolitische Tagung im gro\u00dfen Saal der Deutschen Bank - Abisag T\u00fcllmann","isPartOf":{"@id":"https:\/\/bpk-archive.de\/tuellmann\/#website"},"primaryImageOfPage":{"@id":"https:\/\/bpk-archive.de\/tuellmann\/produkt\/rueckseite-von-kreditpolitische-tagung-im-grossen-saal-der-deutschen-bank-2\/#primaryimage"},"image":{"@id":"https:\/\/bpk-archive.de\/tuellmann\/produkt\/rueckseite-von-kreditpolitische-tagung-im-grossen-saal-der-deutschen-bank-2\/#primaryimage"},"thumbnailUrl":"https:\/\/bpk-archive.de\/tuellmann\/wp-content\/uploads\/2019\/08\/bpk_70243313.jpg","datePublished":"2020-05-27T15:11:40+00:00","dateModified":"2020-05-27T15:11:46+00:00","breadcrumb":{"@id":"https:\/\/bpk-archive.de\/tuellmann\/produkt\/rueckseite-von-kreditpolitische-tagung-im-grossen-saal-der-deutschen-bank-2\/#breadcrumb"},"inLanguage":"de","potentialAction":[{"@type":"ReadAction","target":["https:\/\/bpk-archive.de\/tuellmann\/produkt\/rueckseite-von-kreditpolitische-tagung-im-grossen-saal-der-deutschen-bank-2\/"]}]},{"@type":"ImageObject","inLanguage":"de","@id":"https:\/\/bpk-archive.de\/tuellmann\/produkt\/rueckseite-von-kreditpolitische-tagung-im-grossen-saal-der-deutschen-bank-2\/#primaryimage","url":"https:\/\/bpk-archive.de\/tuellmann\/wp-content\/uploads\/2019\/08\/bpk_70243313.jpg","contentUrl":"https:\/\/bpk-archive.de\/tuellmann\/wp-content\/uploads\/2019\/08\/bpk_70243313.jpg","width":1200,"height":937,"caption":"R\u00fcckseite von: Kreditpolitische Tagung im gro\u00dfen Saal der Deutschen Bank"},{"@type":"BreadcrumbList","@id":"https:\/\/bpk-archive.de\/tuellmann\/produkt\/rueckseite-von-kreditpolitische-tagung-im-grossen-saal-der-deutschen-bank-2\/#breadcrumb","itemListElement":[{"@type":"ListItem","position":1,"name":"Startseite","item":"https:\/\/bpk-archive.de\/tuellmann\/"},{"@type":"ListItem","position":2,"name":"Shop","item":"https:\/\/bpk-archive.de\/tuellmann\/shop\/"},{"@type":"ListItem","position":3,"name":"R\u00fcckseite von: Kreditpolitische Tagung im gro\u00dfen Saal der Deutschen Bank"}]},{"@type":"WebSite","@id":"https:\/\/bpk-archive.de\/tuellmann\/#website","url":"https:\/\/bpk-archive.de\/tuellmann\/","name":"Abisag T\u00fcllmann","description":"Eine weitere WordPress-Website","potentialAction":[{"@type":"SearchAction","target":{"@type":"EntryPoint","urlTemplate":"https:\/\/bpk-archive.de\/tuellmann\/?s={search_term_string}"},"query-input":{"@type":"PropertyValueSpecification","valueRequired":true,"valueName":"search_term_string"}}],"inLanguage":"de"}]}},"_links":{"self":[{"href":"https:\/\/bpk-archive.de\/tuellmann\/wp-json\/wp\/v2\/product\/70316151","targetHints":{"allow":["GET"]}}],"collection":[{"href":"https:\/\/bpk-archive.de\/tuellmann\/wp-json\/wp\/v2\/product"}],"about":[{"href":"https:\/\/bpk-archive.de\/tuellmann\/wp-json\/wp\/v2\/types\/product"}],"wp:featuredmedia":[{"embeddable":true,"href":"https:\/\/bpk-archive.de\/tuellmann\/wp-json\/wp\/v2\/media\/70292650"}],"wp:attachment":[{"href":"https:\/\/bpk-archive.de\/tuellmann\/wp-json\/wp\/v2\/media?parent=70316151"}],"wp:term":[{"taxonomy":"product_brand","embeddable":true,"href":"https:\/\/bpk-archive.de\/tuellmann\/wp-json\/wp\/v2\/product_brand?post=70316151"},{"taxonomy":"product_cat","embeddable":true,"href":"https:\/\/bpk-archive.de\/tuellmann\/wp-json\/wp\/v2\/product_cat?post=70316151"},{"taxonomy":"product_tag","embeddable":true,"href":"https:\/\/bpk-archive.de\/tuellmann\/wp-json\/wp\/v2\/product_tag?post=70316151"}],"curies":[{"name":"wp","href":"https:\/\/api.w.org\/{rel}","templated":true}]}}