{"id":70314629,"date":"2019-11-15T14:05:01","date_gmt":"2019-11-15T13:05:01","guid":{"rendered":"https:\/\/bpk-archive.de\/tuellmann\/\/atbild\/italien-venedig-biennale-putzfrauen-vor-u-leute-in-verhaengtem-frz-p-dt-p-horst-jansen-schw-p-v-aussen-besucher-warten-auf-einlass-carabinieri-auf-bruecke-vor-den-guardini\/"},"modified":"2019-11-15T14:05:12","modified_gmt":"2019-11-15T13:05:12","slug":"italien-venedig-biennale-putzfrauen-vor-u-leute-in-verhaengtem-frz-p-dt-p-horst-jansen-schw-p-v-aussen-besucher-warten-auf-einlass-carabinieri-auf-bruecke-vor-den-guardini","status":"publish","type":"product","link":"https:\/\/bpk-archive.de\/tuellmann\/produkt\/italien-venedig-biennale-putzfrauen-vor-u-leute-in-verhaengtem-frz-p-dt-p-horst-jansen-schw-p-v-aussen-besucher-warten-auf-einlass-carabinieri-auf-bruecke-vor-den-guardini\/","title":{"rendered":"Italien \/ Venedig, Biennale: Putzfrauen vor u. Leute in verh\u00e4ngtem frz. P.; dt., P: Horst Jansen; schw. P v. au\u00dfen; Besucher warten auf Einlass; Carabinieri auf Br\u00fccke vor den Guardini"},"content":{"rendered":"<p>Kulturelle Veranstaltungen, Portr\u00e4ts<\/p>\n","protected":false},"excerpt":{"rendered":"<p>Kulturelle Veranstaltungen, Portr\u00e4ts<\/p>\n","protected":false},"featured_media":70303920,"template":"","meta":[],"product_brand":[],"product_cat":[],"product_tag":[],"class_list":{"0":"post-70314629","1":"product","2":"type-product","3":"status-publish","4":"has-post-thumbnail","6":"pa_datierung-56046","7":"pa_fotograf-abisag-tuellmann","8":"pa_grunddaten_material_technik-foto-kontaktbogen","9":"pa_interne_nummer-68-06-115","10":"pa_inventarnummer-tue68-115","11":"pa_mediennummer-72405","12":"pa_objekttyp-kontaktbogen","14":"first","15":"instock","16":"product-type-simple"},"yoast_head":"<!-- This site is optimized with the Yoast SEO plugin v27.4 - https:\/\/yoast.com\/product\/yoast-seo-wordpress\/ -->\n<title>Italien \/ Venedig, Biennale: Putzfrauen vor u. Leute in verh\u00e4ngtem frz. P.; dt., P: Horst Jansen; schw. P v. au\u00dfen; Besucher warten auf Einlass; Carabinieri auf Br\u00fccke vor den Guardini - Abisag T\u00fcllmann<\/title>\n<meta name=\"robots\" content=\"index, follow, max-snippet:-1, max-image-preview:large, max-video-preview:-1\" \/>\n<link rel=\"canonical\" href=\"https:\/\/bpk-archive.de\/tuellmann\/produkt\/italien-venedig-biennale-putzfrauen-vor-u-leute-in-verhaengtem-frz-p-dt-p-horst-jansen-schw-p-v-aussen-besucher-warten-auf-einlass-carabinieri-auf-bruecke-vor-den-guardini\/\" \/>\n<meta property=\"og:locale\" content=\"de_DE\" \/>\n<meta property=\"og:type\" content=\"article\" \/>\n<meta property=\"og:title\" content=\"Italien \/ Venedig, Biennale: Putzfrauen vor u. Leute in verh\u00e4ngtem frz. P.; dt., P: Horst Jansen; schw. P v. au\u00dfen; Besucher warten auf Einlass; Carabinieri auf Br\u00fccke vor den Guardini - Abisag T\u00fcllmann\" \/>\n<meta property=\"og:description\" content=\"Kulturelle Veranstaltungen, Portr\u00e4ts\" \/>\n<meta property=\"og:url\" content=\"https:\/\/bpk-archive.de\/tuellmann\/produkt\/italien-venedig-biennale-putzfrauen-vor-u-leute-in-verhaengtem-frz-p-dt-p-horst-jansen-schw-p-v-aussen-besucher-warten-auf-einlass-carabinieri-auf-bruecke-vor-den-guardini\/\" \/>\n<meta property=\"og:site_name\" content=\"Abisag T\u00fcllmann\" \/>\n<meta property=\"article:modified_time\" content=\"2019-11-15T13:05:12+00:00\" \/>\n<meta property=\"og:image\" content=\"https:\/\/bpk-archive.de\/tuellmann\/wp-content\/uploads\/2019\/10\/70382880-1041x1300.jpg\" \/>\n\t<meta property=\"og:image:width\" content=\"1041\" \/>\n\t<meta property=\"og:image:height\" content=\"1300\" \/>\n\t<meta property=\"og:image:type\" content=\"image\/jpeg\" \/>\n<meta name=\"twitter:card\" content=\"summary_large_image\" \/>\n<script type=\"application\/ld+json\" class=\"yoast-schema-graph\">{\"@context\":\"https:\\\/\\\/schema.org\",\"@graph\":[{\"@type\":\"WebPage\",\"@id\":\"https:\\\/\\\/bpk-archive.de\\\/tuellmann\\\/produkt\\\/italien-venedig-biennale-putzfrauen-vor-u-leute-in-verhaengtem-frz-p-dt-p-horst-jansen-schw-p-v-aussen-besucher-warten-auf-einlass-carabinieri-auf-bruecke-vor-den-guardini\\\/\",\"url\":\"https:\\\/\\\/bpk-archive.de\\\/tuellmann\\\/produkt\\\/italien-venedig-biennale-putzfrauen-vor-u-leute-in-verhaengtem-frz-p-dt-p-horst-jansen-schw-p-v-aussen-besucher-warten-auf-einlass-carabinieri-auf-bruecke-vor-den-guardini\\\/\",\"name\":\"Italien \\\/ Venedig, Biennale: Putzfrauen vor u. Leute in verh\u00e4ngtem frz. P.; dt., P: Horst Jansen; schw. P v. au\u00dfen; Besucher warten auf Einlass; Carabinieri auf Br\u00fccke vor den Guardini - Abisag T\u00fcllmann\",\"isPartOf\":{\"@id\":\"https:\\\/\\\/bpk-archive.de\\\/tuellmann\\\/#website\"},\"primaryImageOfPage\":{\"@id\":\"https:\\\/\\\/bpk-archive.de\\\/tuellmann\\\/produkt\\\/italien-venedig-biennale-putzfrauen-vor-u-leute-in-verhaengtem-frz-p-dt-p-horst-jansen-schw-p-v-aussen-besucher-warten-auf-einlass-carabinieri-auf-bruecke-vor-den-guardini\\\/#primaryimage\"},\"image\":{\"@id\":\"https:\\\/\\\/bpk-archive.de\\\/tuellmann\\\/produkt\\\/italien-venedig-biennale-putzfrauen-vor-u-leute-in-verhaengtem-frz-p-dt-p-horst-jansen-schw-p-v-aussen-besucher-warten-auf-einlass-carabinieri-auf-bruecke-vor-den-guardini\\\/#primaryimage\"},\"thumbnailUrl\":\"https:\\\/\\\/bpk-archive.de\\\/tuellmann\\\/wp-content\\\/uploads\\\/2019\\\/10\\\/70382880.jpg\",\"datePublished\":\"2019-11-15T13:05:01+00:00\",\"dateModified\":\"2019-11-15T13:05:12+00:00\",\"breadcrumb\":{\"@id\":\"https:\\\/\\\/bpk-archive.de\\\/tuellmann\\\/produkt\\\/italien-venedig-biennale-putzfrauen-vor-u-leute-in-verhaengtem-frz-p-dt-p-horst-jansen-schw-p-v-aussen-besucher-warten-auf-einlass-carabinieri-auf-bruecke-vor-den-guardini\\\/#breadcrumb\"},\"inLanguage\":\"de\",\"potentialAction\":[{\"@type\":\"ReadAction\",\"target\":[\"https:\\\/\\\/bpk-archive.de\\\/tuellmann\\\/produkt\\\/italien-venedig-biennale-putzfrauen-vor-u-leute-in-verhaengtem-frz-p-dt-p-horst-jansen-schw-p-v-aussen-besucher-warten-auf-einlass-carabinieri-auf-bruecke-vor-den-guardini\\\/\"]}]},{\"@type\":\"ImageObject\",\"inLanguage\":\"de\",\"@id\":\"https:\\\/\\\/bpk-archive.de\\\/tuellmann\\\/produkt\\\/italien-venedig-biennale-putzfrauen-vor-u-leute-in-verhaengtem-frz-p-dt-p-horst-jansen-schw-p-v-aussen-besucher-warten-auf-einlass-carabinieri-auf-bruecke-vor-den-guardini\\\/#primaryimage\",\"url\":\"https:\\\/\\\/bpk-archive.de\\\/tuellmann\\\/wp-content\\\/uploads\\\/2019\\\/10\\\/70382880.jpg\",\"contentUrl\":\"https:\\\/\\\/bpk-archive.de\\\/tuellmann\\\/wp-content\\\/uploads\\\/2019\\\/10\\\/70382880.jpg\",\"width\":3655,\"height\":4565},{\"@type\":\"BreadcrumbList\",\"@id\":\"https:\\\/\\\/bpk-archive.de\\\/tuellmann\\\/produkt\\\/italien-venedig-biennale-putzfrauen-vor-u-leute-in-verhaengtem-frz-p-dt-p-horst-jansen-schw-p-v-aussen-besucher-warten-auf-einlass-carabinieri-auf-bruecke-vor-den-guardini\\\/#breadcrumb\",\"itemListElement\":[{\"@type\":\"ListItem\",\"position\":1,\"name\":\"Startseite\",\"item\":\"https:\\\/\\\/bpk-archive.de\\\/tuellmann\\\/\"},{\"@type\":\"ListItem\",\"position\":2,\"name\":\"Shop\",\"item\":\"https:\\\/\\\/bpk-archive.de\\\/tuellmann\\\/shop\\\/\"},{\"@type\":\"ListItem\",\"position\":3,\"name\":\"Italien \\\/ Venedig, Biennale: Putzfrauen vor u. Leute in verh\u00e4ngtem frz. P.; dt., P: Horst Jansen; schw. P v. au\u00dfen; Besucher warten auf Einlass; Carabinieri auf Br\u00fccke vor den Guardini\"}]},{\"@type\":\"WebSite\",\"@id\":\"https:\\\/\\\/bpk-archive.de\\\/tuellmann\\\/#website\",\"url\":\"https:\\\/\\\/bpk-archive.de\\\/tuellmann\\\/\",\"name\":\"Abisag T\u00fcllmann\",\"description\":\"Eine weitere WordPress-Website\",\"potentialAction\":[{\"@type\":\"SearchAction\",\"target\":{\"@type\":\"EntryPoint\",\"urlTemplate\":\"https:\\\/\\\/bpk-archive.de\\\/tuellmann\\\/?s={search_term_string}\"},\"query-input\":{\"@type\":\"PropertyValueSpecification\",\"valueRequired\":true,\"valueName\":\"search_term_string\"}}],\"inLanguage\":\"de\"}]}<\/script>\n<!-- \/ Yoast SEO plugin. -->","yoast_head_json":{"title":"Italien \/ Venedig, Biennale: Putzfrauen vor u. Leute in verh\u00e4ngtem frz. P.; dt., P: Horst Jansen; schw. P v. au\u00dfen; Besucher warten auf Einlass; Carabinieri auf Br\u00fccke vor den Guardini - Abisag T\u00fcllmann","robots":{"index":"index","follow":"follow","max-snippet":"max-snippet:-1","max-image-preview":"max-image-preview:large","max-video-preview":"max-video-preview:-1"},"canonical":"https:\/\/bpk-archive.de\/tuellmann\/produkt\/italien-venedig-biennale-putzfrauen-vor-u-leute-in-verhaengtem-frz-p-dt-p-horst-jansen-schw-p-v-aussen-besucher-warten-auf-einlass-carabinieri-auf-bruecke-vor-den-guardini\/","og_locale":"de_DE","og_type":"article","og_title":"Italien \/ Venedig, Biennale: Putzfrauen vor u. Leute in verh\u00e4ngtem frz. P.; dt., P: Horst Jansen; schw. P v. au\u00dfen; Besucher warten auf Einlass; Carabinieri auf Br\u00fccke vor den Guardini - Abisag T\u00fcllmann","og_description":"Kulturelle Veranstaltungen, Portr\u00e4ts","og_url":"https:\/\/bpk-archive.de\/tuellmann\/produkt\/italien-venedig-biennale-putzfrauen-vor-u-leute-in-verhaengtem-frz-p-dt-p-horst-jansen-schw-p-v-aussen-besucher-warten-auf-einlass-carabinieri-auf-bruecke-vor-den-guardini\/","og_site_name":"Abisag T\u00fcllmann","article_modified_time":"2019-11-15T13:05:12+00:00","og_image":[{"width":1041,"height":1300,"url":"https:\/\/bpk-archive.de\/tuellmann\/wp-content\/uploads\/2019\/10\/70382880-1041x1300.jpg","type":"image\/jpeg"}],"twitter_card":"summary_large_image","schema":{"@context":"https:\/\/schema.org","@graph":[{"@type":"WebPage","@id":"https:\/\/bpk-archive.de\/tuellmann\/produkt\/italien-venedig-biennale-putzfrauen-vor-u-leute-in-verhaengtem-frz-p-dt-p-horst-jansen-schw-p-v-aussen-besucher-warten-auf-einlass-carabinieri-auf-bruecke-vor-den-guardini\/","url":"https:\/\/bpk-archive.de\/tuellmann\/produkt\/italien-venedig-biennale-putzfrauen-vor-u-leute-in-verhaengtem-frz-p-dt-p-horst-jansen-schw-p-v-aussen-besucher-warten-auf-einlass-carabinieri-auf-bruecke-vor-den-guardini\/","name":"Italien \/ Venedig, Biennale: Putzfrauen vor u. Leute in verh\u00e4ngtem frz. P.; dt., P: Horst Jansen; schw. P v. au\u00dfen; Besucher warten auf Einlass; Carabinieri auf Br\u00fccke vor den Guardini - Abisag T\u00fcllmann","isPartOf":{"@id":"https:\/\/bpk-archive.de\/tuellmann\/#website"},"primaryImageOfPage":{"@id":"https:\/\/bpk-archive.de\/tuellmann\/produkt\/italien-venedig-biennale-putzfrauen-vor-u-leute-in-verhaengtem-frz-p-dt-p-horst-jansen-schw-p-v-aussen-besucher-warten-auf-einlass-carabinieri-auf-bruecke-vor-den-guardini\/#primaryimage"},"image":{"@id":"https:\/\/bpk-archive.de\/tuellmann\/produkt\/italien-venedig-biennale-putzfrauen-vor-u-leute-in-verhaengtem-frz-p-dt-p-horst-jansen-schw-p-v-aussen-besucher-warten-auf-einlass-carabinieri-auf-bruecke-vor-den-guardini\/#primaryimage"},"thumbnailUrl":"https:\/\/bpk-archive.de\/tuellmann\/wp-content\/uploads\/2019\/10\/70382880.jpg","datePublished":"2019-11-15T13:05:01+00:00","dateModified":"2019-11-15T13:05:12+00:00","breadcrumb":{"@id":"https:\/\/bpk-archive.de\/tuellmann\/produkt\/italien-venedig-biennale-putzfrauen-vor-u-leute-in-verhaengtem-frz-p-dt-p-horst-jansen-schw-p-v-aussen-besucher-warten-auf-einlass-carabinieri-auf-bruecke-vor-den-guardini\/#breadcrumb"},"inLanguage":"de","potentialAction":[{"@type":"ReadAction","target":["https:\/\/bpk-archive.de\/tuellmann\/produkt\/italien-venedig-biennale-putzfrauen-vor-u-leute-in-verhaengtem-frz-p-dt-p-horst-jansen-schw-p-v-aussen-besucher-warten-auf-einlass-carabinieri-auf-bruecke-vor-den-guardini\/"]}]},{"@type":"ImageObject","inLanguage":"de","@id":"https:\/\/bpk-archive.de\/tuellmann\/produkt\/italien-venedig-biennale-putzfrauen-vor-u-leute-in-verhaengtem-frz-p-dt-p-horst-jansen-schw-p-v-aussen-besucher-warten-auf-einlass-carabinieri-auf-bruecke-vor-den-guardini\/#primaryimage","url":"https:\/\/bpk-archive.de\/tuellmann\/wp-content\/uploads\/2019\/10\/70382880.jpg","contentUrl":"https:\/\/bpk-archive.de\/tuellmann\/wp-content\/uploads\/2019\/10\/70382880.jpg","width":3655,"height":4565},{"@type":"BreadcrumbList","@id":"https:\/\/bpk-archive.de\/tuellmann\/produkt\/italien-venedig-biennale-putzfrauen-vor-u-leute-in-verhaengtem-frz-p-dt-p-horst-jansen-schw-p-v-aussen-besucher-warten-auf-einlass-carabinieri-auf-bruecke-vor-den-guardini\/#breadcrumb","itemListElement":[{"@type":"ListItem","position":1,"name":"Startseite","item":"https:\/\/bpk-archive.de\/tuellmann\/"},{"@type":"ListItem","position":2,"name":"Shop","item":"https:\/\/bpk-archive.de\/tuellmann\/shop\/"},{"@type":"ListItem","position":3,"name":"Italien \/ Venedig, Biennale: Putzfrauen vor u. Leute in verh\u00e4ngtem frz. P.; dt., P: Horst Jansen; schw. P v. au\u00dfen; Besucher warten auf Einlass; Carabinieri auf Br\u00fccke vor den Guardini"}]},{"@type":"WebSite","@id":"https:\/\/bpk-archive.de\/tuellmann\/#website","url":"https:\/\/bpk-archive.de\/tuellmann\/","name":"Abisag T\u00fcllmann","description":"Eine weitere WordPress-Website","potentialAction":[{"@type":"SearchAction","target":{"@type":"EntryPoint","urlTemplate":"https:\/\/bpk-archive.de\/tuellmann\/?s={search_term_string}"},"query-input":{"@type":"PropertyValueSpecification","valueRequired":true,"valueName":"search_term_string"}}],"inLanguage":"de"}]}},"_links":{"self":[{"href":"https:\/\/bpk-archive.de\/tuellmann\/wp-json\/wp\/v2\/product\/70314629","targetHints":{"allow":["GET"]}}],"collection":[{"href":"https:\/\/bpk-archive.de\/tuellmann\/wp-json\/wp\/v2\/product"}],"about":[{"href":"https:\/\/bpk-archive.de\/tuellmann\/wp-json\/wp\/v2\/types\/product"}],"wp:featuredmedia":[{"embeddable":true,"href":"https:\/\/bpk-archive.de\/tuellmann\/wp-json\/wp\/v2\/media\/70303920"}],"wp:attachment":[{"href":"https:\/\/bpk-archive.de\/tuellmann\/wp-json\/wp\/v2\/media?parent=70314629"}],"wp:term":[{"taxonomy":"product_brand","embeddable":true,"href":"https:\/\/bpk-archive.de\/tuellmann\/wp-json\/wp\/v2\/product_brand?post=70314629"},{"taxonomy":"product_cat","embeddable":true,"href":"https:\/\/bpk-archive.de\/tuellmann\/wp-json\/wp\/v2\/product_cat?post=70314629"},{"taxonomy":"product_tag","embeddable":true,"href":"https:\/\/bpk-archive.de\/tuellmann\/wp-json\/wp\/v2\/product_tag?post=70314629"}],"curies":[{"name":"wp","href":"https:\/\/api.w.org\/{rel}","templated":true}]}}