{"id":70297479,"date":"2019-09-05T16:26:50","date_gmt":"2019-09-05T14:26:50","guid":{"rendered":"http:\/\/abisagtuellmann.bpk-news.de\/atbild\/oesterreichischer-empfang-auf-der-35-biennale-von-venedig\/"},"modified":"2019-09-05T16:26:52","modified_gmt":"2019-09-05T14:26:52","slug":"oesterreichischer-empfang-auf-der-35-biennale-von-venedig","status":"publish","type":"product","link":"https:\/\/bpk-archive.de\/tuellmann\/produkt\/oesterreichischer-empfang-auf-der-35-biennale-von-venedig\/","title":{"rendered":"\u00d6sterreichischer Empfang auf der 35. Biennale von Venedig"},"content":{"rendered":"<p>R\u00fcckseitenbeschriftung von Hand der Fotografin: &#8222;\u00d6sterreichischer Empfang&#8220;<\/p>\n","protected":false},"excerpt":{"rendered":"<p>R\u00fcckseitenbeschriftung von Hand der Fotografin: &#8222;\u00d6sterreichischer Empfang&#8220;<\/p>\n","protected":false},"featured_media":70292387,"template":"","meta":[],"product_brand":[],"product_cat":[],"product_tag":[13230,13232,13234,13231,13233,13235,63025,13777,50442,56175,56176,56106,56107,56108,56109,56110,56111,60161,13250,50837,50838,56058,56059,56064,56065,13784,13785,50443,13958,13959,13253,13254,13255,13256,13257,13260,13474,13475,13476,13477,13478,13479,13480,53825,53826,13293,13786,13787,13294,13295,13296,13297,13487,13488,13974,13975,13976,13977,13978,49863,68884,49864,13301,51508,51509,51510,51511,51512,51513,51514,51515,51516,56428,56080,13499,13500,56081,51518,51519,51520,51521,51522,51523,51524,51597,51599,51600,51602,58649,58651,58652,58653,58654,58655,58656,58657,49638,49639,49640,49641,57435,56082,56083,56084,13328,13827,13828,13329,13330,13331,13332,13829,13830,13831,13832,13833,13834,13835,13836,13837,13838,13839,13840,13841,13842,13843,13877,13879,13865,13864,13866,13858,13859,13860,13861,13862,13863,13354,13869,13870,13871,13872,13519,13520,13521,13522,13523,13524,51537,51538,51539,51540,51541,51542,51543,51544,13878,13880,55983,55984,55985,55986,55987,55988,55989,55990,55991,55992,55993],"class_list":{"0":"post-70297479","1":"product","2":"type-product","3":"status-publish","4":"has-post-thumbnail","6":"product_tag-1970er-jahre","7":"product_tag-20-jahrhundert-nach-chr","8":"product_tag-20-jh-n-chr","9":"product_tag-20-jahrhundert","10":"product_tag-20-jh","11":"product_tag-70er","12":"product_tag-abt_007","13":"product_tag-abzug","14":"product_tag-anrichte","15":"product_tag-asiatin","16":"product_tag-asiatinnen","17":"product_tag-asiatisch","18":"product_tag-asiatische","19":"product_tag-asiatischem","20":"product_tag-asiatischen","21":"product_tag-asiatischer","22":"product_tag-asiatisches","23":"product_tag-at_kunst","24":"product_tag-aussen","25":"product_tag-ausstellung","26":"product_tag-ausstellungen","27":"product_tag-ausstellungspavillon","28":"product_tag-ausstellungspavillons","29":"product_tag-biennale","30":"product_tag-bildende-kunst","31":"product_tag-bildnis","32":"product_tag-bildnisse","33":"product_tag-buffet","34":"product_tag-damenportraet","35":"product_tag-damenportraets","36":"product_tag-deutsch","37":"product_tag-deutsche","38":"product_tag-deutschen","39":"product_tag-deutscher","40":"product_tag-deutsches","41":"product_tag-draussen","42":"product_tag-elegant","43":"product_tag-elegante","44":"product_tag-elegantem","45":"product_tag-eleganten","46":"product_tag-eleganter","47":"product_tag-elegantes","48":"product_tag-eleganz","49":"product_tag-empfang","50":"product_tag-empfaenge","51":"product_tag-foto","52":"product_tag-fotoabzug","53":"product_tag-fotoabzuege","54":"product_tag-fotografie","55":"product_tag-fotografien","56":"product_tag-fotografin","57":"product_tag-fotografinnen","58":"product_tag-frau","59":"product_tag-frauen","60":"product_tag-frauenbildnis","61":"product_tag-frauenportrait","62":"product_tag-frauenportraits","63":"product_tag-frauenportraet","64":"product_tag-frauenportraets","65":"product_tag-garten","66":"product_tag-gartenparty","67":"product_tag-gartens","68":"product_tag-im-freien","69":"product_tag-italien","70":"product_tag-italiener","71":"product_tag-italienern","72":"product_tag-italienisch","73":"product_tag-italienische","74":"product_tag-italienischen","75":"product_tag-italienischer","76":"product_tag-italienisches","77":"product_tag-italiens","78":"product_tag-kultur","79":"product_tag-kunst","80":"product_tag-kunstausstellung","81":"product_tag-kunstausstellungen","82":"product_tag-kuenste","83":"product_tag-mediterran","84":"product_tag-mediterrane","85":"product_tag-mediterranen","86":"product_tag-mediterraner","87":"product_tag-mediterranes","88":"product_tag-mittelmeerland","89":"product_tag-mittelmeerlaender","90":"product_tag-norditalien","91":"product_tag-norditalienisch","92":"product_tag-oberitalien","93":"product_tag-oberitalienisch","94":"product_tag-oesterreich","95":"product_tag-oesterreichisch","96":"product_tag-oesterreichische","97":"product_tag-oesterreichischem","98":"product_tag-oesterreichischen","99":"product_tag-oesterreichischer","100":"product_tag-oesterreichisches","101":"product_tag-oesterreichs","102":"product_tag-park","103":"product_tag-parkanlage","104":"product_tag-parkanlagen","105":"product_tag-parks","106":"product_tag-party","107":"product_tag-pavillion","108":"product_tag-pavillon","109":"product_tag-pavillons","110":"product_tag-photo","111":"product_tag-photoabzug","112":"product_tag-photoabzuege","113":"product_tag-photographie","114":"product_tag-photographien","115":"product_tag-photographin","116":"product_tag-photographinnen","117":"product_tag-portrait","118":"product_tag-portraitaufnahme","119":"product_tag-portraitfoto","120":"product_tag-portraitfotografie","121":"product_tag-portraitphoto","122":"product_tag-portraitphotographie","123":"product_tag-portraits","124":"product_tag-portraet","125":"product_tag-portraetaufnahme","126":"product_tag-portraetfoto","127":"product_tag-portraetfotografie","128":"product_tag-portraetphoto","129":"product_tag-portraetphotographie","130":"product_tag-portraets","131":"product_tag-print","132":"product_tag-s-w-fotografie","133":"product_tag-s-w-photographie","134":"product_tag-schwarzweissphotographie","135":"product_tag-schwarz-weiss-fotografie","136":"product_tag-schwarz-weiss-photographie","137":"product_tag-schwarzweiss","138":"product_tag-schwarzweisse","139":"product_tag-schwarzweissen","140":"product_tag-schwarzweisser","141":"product_tag-schwarzweisses","142":"product_tag-schwarzweissfotografie","143":"product_tag-siebziger","144":"product_tag-silbergelatine","145":"product_tag-silbergelatineabzug","146":"product_tag-silbergelatineabzuege","147":"product_tag-silbergelatineprint","148":"product_tag-stehen","149":"product_tag-stehend","150":"product_tag-stehende","151":"product_tag-stehenden","152":"product_tag-stehender","153":"product_tag-stehendes","154":"product_tag-suedeuropa","155":"product_tag-suedeuropaeer","156":"product_tag-suedeuropaeisch","157":"product_tag-suedeuropaeische","158":"product_tag-suedeuropaeischem","159":"product_tag-suedeuropaeischen","160":"product_tag-suedeuropaeischer","161":"product_tag-suedeuropaeisches","162":"product_tag-sw-fotografie","163":"product_tag-sw-photographie","164":"product_tag-venedig","165":"product_tag-venedigs","166":"product_tag-venezianer","167":"product_tag-venezianern","168":"product_tag-venezianers","169":"product_tag-venezianisch","170":"product_tag-venezianische","171":"product_tag-venezianischem","172":"product_tag-venezianischen","173":"product_tag-venezianischer","174":"product_tag-venezianisches","175":"pa_datierung-juni-1970","176":"pa_fotograf-abisag-tuellmann","177":"pa_geografischer_bezug-aufnahmeort-venedig-italien","178":"pa_grunddaten_material_technik-foto-silbergelatine-auf-barytpapier","179":"pa_inventarnummer-tue-70-197-09a","180":"pa_jahr_von-53324","181":"pa_massangaben-bildformat-foto-238-x-294-cm","182":"pa_mediennummer-68882","183":"pa_objekt_typ-fotografie","185":"first","186":"instock","187":"product-type-simple"},"yoast_head":"<!-- This site is optimized with the Yoast SEO plugin v27.3 - https:\/\/yoast.com\/product\/yoast-seo-wordpress\/ -->\n<title>\u00d6sterreichischer Empfang auf der 35. Biennale von Venedig - Abisag T\u00fcllmann<\/title>\n<meta name=\"robots\" content=\"index, follow, max-snippet:-1, max-image-preview:large, max-video-preview:-1\" \/>\n<link rel=\"canonical\" href=\"https:\/\/bpk-archive.de\/tuellmann\/produkt\/oesterreichischer-empfang-auf-der-35-biennale-von-venedig\/\" \/>\n<meta property=\"og:locale\" content=\"de_DE\" \/>\n<meta property=\"og:type\" content=\"article\" \/>\n<meta property=\"og:title\" content=\"\u00d6sterreichischer Empfang auf der 35. Biennale von Venedig - Abisag T\u00fcllmann\" \/>\n<meta property=\"og:description\" content=\"R\u00fcckseitenbeschriftung von Hand der Fotografin: &#8222;\u00d6sterreichischer Empfang&#8220;\" \/>\n<meta property=\"og:url\" content=\"https:\/\/bpk-archive.de\/tuellmann\/produkt\/oesterreichischer-empfang-auf-der-35-biennale-von-venedig\/\" \/>\n<meta property=\"og:site_name\" content=\"Abisag T\u00fcllmann\" \/>\n<meta property=\"article:modified_time\" content=\"2019-09-05T14:26:52+00:00\" \/>\n<meta property=\"og:image\" content=\"https:\/\/bpk-archive.de\/tuellmann\/wp-content\/uploads\/2019\/08\/bpk_70242970.jpg\" \/>\n\t<meta property=\"og:image:width\" content=\"1200\" \/>\n\t<meta property=\"og:image:height\" content=\"976\" \/>\n\t<meta property=\"og:image:type\" content=\"image\/jpeg\" \/>\n<meta name=\"twitter:card\" content=\"summary_large_image\" \/>\n<script type=\"application\/ld+json\" class=\"yoast-schema-graph\">{\"@context\":\"https:\\\/\\\/schema.org\",\"@graph\":[{\"@type\":\"WebPage\",\"@id\":\"https:\\\/\\\/bpk-archive.de\\\/tuellmann\\\/produkt\\\/oesterreichischer-empfang-auf-der-35-biennale-von-venedig\\\/\",\"url\":\"https:\\\/\\\/bpk-archive.de\\\/tuellmann\\\/produkt\\\/oesterreichischer-empfang-auf-der-35-biennale-von-venedig\\\/\",\"name\":\"\u00d6sterreichischer Empfang auf der 35. Biennale von Venedig - Abisag T\u00fcllmann\",\"isPartOf\":{\"@id\":\"https:\\\/\\\/bpk-archive.de\\\/tuellmann\\\/#website\"},\"primaryImageOfPage\":{\"@id\":\"https:\\\/\\\/bpk-archive.de\\\/tuellmann\\\/produkt\\\/oesterreichischer-empfang-auf-der-35-biennale-von-venedig\\\/#primaryimage\"},\"image\":{\"@id\":\"https:\\\/\\\/bpk-archive.de\\\/tuellmann\\\/produkt\\\/oesterreichischer-empfang-auf-der-35-biennale-von-venedig\\\/#primaryimage\"},\"thumbnailUrl\":\"https:\\\/\\\/bpk-archive.de\\\/tuellmann\\\/wp-content\\\/uploads\\\/2019\\\/08\\\/bpk_70242970.jpg\",\"datePublished\":\"2019-09-05T14:26:50+00:00\",\"dateModified\":\"2019-09-05T14:26:52+00:00\",\"breadcrumb\":{\"@id\":\"https:\\\/\\\/bpk-archive.de\\\/tuellmann\\\/produkt\\\/oesterreichischer-empfang-auf-der-35-biennale-von-venedig\\\/#breadcrumb\"},\"inLanguage\":\"de\",\"potentialAction\":[{\"@type\":\"ReadAction\",\"target\":[\"https:\\\/\\\/bpk-archive.de\\\/tuellmann\\\/produkt\\\/oesterreichischer-empfang-auf-der-35-biennale-von-venedig\\\/\"]}]},{\"@type\":\"ImageObject\",\"inLanguage\":\"de\",\"@id\":\"https:\\\/\\\/bpk-archive.de\\\/tuellmann\\\/produkt\\\/oesterreichischer-empfang-auf-der-35-biennale-von-venedig\\\/#primaryimage\",\"url\":\"https:\\\/\\\/bpk-archive.de\\\/tuellmann\\\/wp-content\\\/uploads\\\/2019\\\/08\\\/bpk_70242970.jpg\",\"contentUrl\":\"https:\\\/\\\/bpk-archive.de\\\/tuellmann\\\/wp-content\\\/uploads\\\/2019\\\/08\\\/bpk_70242970.jpg\",\"width\":1200,\"height\":976,\"caption\":\"\u00d6sterreichischer Empfang auf der 35. Biennale von Venedig\"},{\"@type\":\"BreadcrumbList\",\"@id\":\"https:\\\/\\\/bpk-archive.de\\\/tuellmann\\\/produkt\\\/oesterreichischer-empfang-auf-der-35-biennale-von-venedig\\\/#breadcrumb\",\"itemListElement\":[{\"@type\":\"ListItem\",\"position\":1,\"name\":\"Startseite\",\"item\":\"https:\\\/\\\/bpk-archive.de\\\/tuellmann\\\/\"},{\"@type\":\"ListItem\",\"position\":2,\"name\":\"Shop\",\"item\":\"https:\\\/\\\/bpk-archive.de\\\/tuellmann\\\/shop\\\/\"},{\"@type\":\"ListItem\",\"position\":3,\"name\":\"\u00d6sterreichischer Empfang auf der 35. Biennale von Venedig\"}]},{\"@type\":\"WebSite\",\"@id\":\"https:\\\/\\\/bpk-archive.de\\\/tuellmann\\\/#website\",\"url\":\"https:\\\/\\\/bpk-archive.de\\\/tuellmann\\\/\",\"name\":\"Abisag T\u00fcllmann\",\"description\":\"Eine weitere WordPress-Website\",\"potentialAction\":[{\"@type\":\"SearchAction\",\"target\":{\"@type\":\"EntryPoint\",\"urlTemplate\":\"https:\\\/\\\/bpk-archive.de\\\/tuellmann\\\/?s={search_term_string}\"},\"query-input\":{\"@type\":\"PropertyValueSpecification\",\"valueRequired\":true,\"valueName\":\"search_term_string\"}}],\"inLanguage\":\"de\"}]}<\/script>\n<!-- \/ Yoast SEO plugin. -->","yoast_head_json":{"title":"\u00d6sterreichischer Empfang auf der 35. Biennale von Venedig - Abisag T\u00fcllmann","robots":{"index":"index","follow":"follow","max-snippet":"max-snippet:-1","max-image-preview":"max-image-preview:large","max-video-preview":"max-video-preview:-1"},"canonical":"https:\/\/bpk-archive.de\/tuellmann\/produkt\/oesterreichischer-empfang-auf-der-35-biennale-von-venedig\/","og_locale":"de_DE","og_type":"article","og_title":"\u00d6sterreichischer Empfang auf der 35. Biennale von Venedig - Abisag T\u00fcllmann","og_description":"R\u00fcckseitenbeschriftung von Hand der Fotografin: &#8222;\u00d6sterreichischer Empfang&#8220;","og_url":"https:\/\/bpk-archive.de\/tuellmann\/produkt\/oesterreichischer-empfang-auf-der-35-biennale-von-venedig\/","og_site_name":"Abisag T\u00fcllmann","article_modified_time":"2019-09-05T14:26:52+00:00","og_image":[{"width":1200,"height":976,"url":"https:\/\/bpk-archive.de\/tuellmann\/wp-content\/uploads\/2019\/08\/bpk_70242970.jpg","type":"image\/jpeg"}],"twitter_card":"summary_large_image","schema":{"@context":"https:\/\/schema.org","@graph":[{"@type":"WebPage","@id":"https:\/\/bpk-archive.de\/tuellmann\/produkt\/oesterreichischer-empfang-auf-der-35-biennale-von-venedig\/","url":"https:\/\/bpk-archive.de\/tuellmann\/produkt\/oesterreichischer-empfang-auf-der-35-biennale-von-venedig\/","name":"\u00d6sterreichischer Empfang auf der 35. Biennale von Venedig - Abisag T\u00fcllmann","isPartOf":{"@id":"https:\/\/bpk-archive.de\/tuellmann\/#website"},"primaryImageOfPage":{"@id":"https:\/\/bpk-archive.de\/tuellmann\/produkt\/oesterreichischer-empfang-auf-der-35-biennale-von-venedig\/#primaryimage"},"image":{"@id":"https:\/\/bpk-archive.de\/tuellmann\/produkt\/oesterreichischer-empfang-auf-der-35-biennale-von-venedig\/#primaryimage"},"thumbnailUrl":"https:\/\/bpk-archive.de\/tuellmann\/wp-content\/uploads\/2019\/08\/bpk_70242970.jpg","datePublished":"2019-09-05T14:26:50+00:00","dateModified":"2019-09-05T14:26:52+00:00","breadcrumb":{"@id":"https:\/\/bpk-archive.de\/tuellmann\/produkt\/oesterreichischer-empfang-auf-der-35-biennale-von-venedig\/#breadcrumb"},"inLanguage":"de","potentialAction":[{"@type":"ReadAction","target":["https:\/\/bpk-archive.de\/tuellmann\/produkt\/oesterreichischer-empfang-auf-der-35-biennale-von-venedig\/"]}]},{"@type":"ImageObject","inLanguage":"de","@id":"https:\/\/bpk-archive.de\/tuellmann\/produkt\/oesterreichischer-empfang-auf-der-35-biennale-von-venedig\/#primaryimage","url":"https:\/\/bpk-archive.de\/tuellmann\/wp-content\/uploads\/2019\/08\/bpk_70242970.jpg","contentUrl":"https:\/\/bpk-archive.de\/tuellmann\/wp-content\/uploads\/2019\/08\/bpk_70242970.jpg","width":1200,"height":976,"caption":"\u00d6sterreichischer Empfang auf der 35. Biennale von Venedig"},{"@type":"BreadcrumbList","@id":"https:\/\/bpk-archive.de\/tuellmann\/produkt\/oesterreichischer-empfang-auf-der-35-biennale-von-venedig\/#breadcrumb","itemListElement":[{"@type":"ListItem","position":1,"name":"Startseite","item":"https:\/\/bpk-archive.de\/tuellmann\/"},{"@type":"ListItem","position":2,"name":"Shop","item":"https:\/\/bpk-archive.de\/tuellmann\/shop\/"},{"@type":"ListItem","position":3,"name":"\u00d6sterreichischer Empfang auf der 35. Biennale von Venedig"}]},{"@type":"WebSite","@id":"https:\/\/bpk-archive.de\/tuellmann\/#website","url":"https:\/\/bpk-archive.de\/tuellmann\/","name":"Abisag T\u00fcllmann","description":"Eine weitere WordPress-Website","potentialAction":[{"@type":"SearchAction","target":{"@type":"EntryPoint","urlTemplate":"https:\/\/bpk-archive.de\/tuellmann\/?s={search_term_string}"},"query-input":{"@type":"PropertyValueSpecification","valueRequired":true,"valueName":"search_term_string"}}],"inLanguage":"de"}]}},"_links":{"self":[{"href":"https:\/\/bpk-archive.de\/tuellmann\/wp-json\/wp\/v2\/product\/70297479","targetHints":{"allow":["GET"]}}],"collection":[{"href":"https:\/\/bpk-archive.de\/tuellmann\/wp-json\/wp\/v2\/product"}],"about":[{"href":"https:\/\/bpk-archive.de\/tuellmann\/wp-json\/wp\/v2\/types\/product"}],"wp:featuredmedia":[{"embeddable":true,"href":"https:\/\/bpk-archive.de\/tuellmann\/wp-json\/wp\/v2\/media\/70292387"}],"wp:attachment":[{"href":"https:\/\/bpk-archive.de\/tuellmann\/wp-json\/wp\/v2\/media?parent=70297479"}],"wp:term":[{"taxonomy":"product_brand","embeddable":true,"href":"https:\/\/bpk-archive.de\/tuellmann\/wp-json\/wp\/v2\/product_brand?post=70297479"},{"taxonomy":"product_cat","embeddable":true,"href":"https:\/\/bpk-archive.de\/tuellmann\/wp-json\/wp\/v2\/product_cat?post=70297479"},{"taxonomy":"product_tag","embeddable":true,"href":"https:\/\/bpk-archive.de\/tuellmann\/wp-json\/wp\/v2\/product_tag?post=70297479"}],"curies":[{"name":"wp","href":"https:\/\/api.w.org\/{rel}","templated":true}]}}