{"id":70297436,"date":"2019-09-05T16:26:00","date_gmt":"2019-09-05T14:26:00","guid":{"rendered":"http:\/\/abisagtuellmann.bpk-news.de\/atbild\/junge-raphael-mit-selbstgebasteltem-spielzeug-aus-einer-blechbuechse-und-einem-stock\/"},"modified":"2019-09-05T16:26:13","modified_gmt":"2019-09-05T14:26:13","slug":"junge-raphael-mit-selbstgebasteltem-spielzeug-aus-einer-blechbuechse-und-einem-stock","status":"publish","type":"product","link":"https:\/\/bpk-archive.de\/tuellmann\/produkt\/junge-raphael-mit-selbstgebasteltem-spielzeug-aus-einer-blechbuechse-und-einem-stock\/","title":{"rendered":"Junge (Raphael) mit selbstgebasteltem Spielzeug aus einer Blechb\u00fcchse und einem Stock"},"content":{"rendered":"<p>R\u00fcckseitenbeschriftung von Hand der Fotografin: &#8222;Zambia&#8220;<\/p>\n","protected":false},"excerpt":{"rendered":"<p>R\u00fcckseitenbeschriftung von Hand der Fotografin: &#8222;Zambia&#8220;<\/p>\n","protected":false},"featured_media":70292410,"template":"","meta":[],"product_brand":[],"product_cat":[],"product_tag":[13230,13232,13234,13231,13233,13235,62361,13777,13236,13237,13240,13241,13242,13243,13244,13245,60555,13250,13784,13785,53876,53877,14177,14178,14179,13253,13254,13255,13256,13257,13260,13261,13268,13269,13270,13271,13293,13786,13787,13294,13295,13296,13297,13301,51984,51985,51986,51987,51988,51989,13813,13814,14203,14204,14205,14206,14207,14208,14209,14210,14213,14214,14215,14216,14217,50178,14218,14219,14220,14221,14000,14001,14002,14003,14004,14005,14006,13328,13827,13828,13329,13330,13331,13332,13829,13830,13831,13832,13833,13834,13835,13836,13837,13838,13839,13840,13841,13842,13843,13877,13879,13333,13334,13335,13338,13339,13340,13341,13342,48155,68671,13865,13864,13866,13351,13352,13353,13858,13859,13860,13861,13862,13863,56274,56275,56276,56277,56278,13354,13869,13870,13871,13872,49605,49606,49607,49608,49609,49610,50184,13519,13520,13521,13522,13523,13524,57504,57505,13363,13364,13365,13366,13367,13368,13369,13878,13880,62377],"class_list":{"0":"post-70297436","1":"product","2":"type-product","3":"status-publish","4":"has-post-thumbnail","6":"product_tag-1970er-jahre","7":"product_tag-20-jahrhundert-nach-chr","8":"product_tag-20-jh-n-chr","9":"product_tag-20-jahrhundert","10":"product_tag-20-jh","11":"product_tag-70er","12":"product_tag-abt_011","13":"product_tag-abzug","14":"product_tag-afrika","15":"product_tag-afrikaner","16":"product_tag-afrikanisch","17":"product_tag-afrikanische","18":"product_tag-afrikanischen","19":"product_tag-afrikanischer","20":"product_tag-afrikanisches","21":"product_tag-afrikas","22":"product_tag-at_sambia","23":"product_tag-aussen","24":"product_tag-bildnis","25":"product_tag-bildnisse","26":"product_tag-blechdose","27":"product_tag-blechdosen","28":"product_tag-blickkontakt","29":"product_tag-bube","30":"product_tag-buben","31":"product_tag-deutsch","32":"product_tag-deutsche","33":"product_tag-deutschen","34":"product_tag-deutscher","35":"product_tag-deutsches","36":"product_tag-draussen","37":"product_tag-dunkelhaeutiger","38":"product_tag-farbige","39":"product_tag-farbigen","40":"product_tag-farbiger","41":"product_tag-farbiges","42":"product_tag-foto","43":"product_tag-fotoabzug","44":"product_tag-fotoabzuege","45":"product_tag-fotografie","46":"product_tag-fotografien","47":"product_tag-fotografin","48":"product_tag-fotografinnen","49":"product_tag-im-freien","50":"product_tag-improvisation","51":"product_tag-improvisiert","52":"product_tag-improvisierte","53":"product_tag-improvisierten","54":"product_tag-improvisierter","55":"product_tag-improvisiertes","56":"product_tag-junge","57":"product_tag-jungen","58":"product_tag-jungens","59":"product_tag-jungs","60":"product_tag-kind","61":"product_tag-kinde","62":"product_tag-kinder","63":"product_tag-kinderbild","64":"product_tag-kinderbildnis","65":"product_tag-kinderbildnisse","66":"product_tag-kindern","67":"product_tag-kinderportrait","68":"product_tag-kinderportraits","69":"product_tag-kinderportraet","70":"product_tag-kinderportraets","71":"product_tag-kinderspielzeug","72":"product_tag-kindes","73":"product_tag-kindheit","74":"product_tag-knabe","75":"product_tag-knaben","76":"product_tag-laecheln","77":"product_tag-laechelnd","78":"product_tag-laechelnde","79":"product_tag-laechelnden","80":"product_tag-laechelnder","81":"product_tag-laechelndes","82":"product_tag-laechelt","83":"product_tag-photo","84":"product_tag-photoabzug","85":"product_tag-photoabzuege","86":"product_tag-photographie","87":"product_tag-photographien","88":"product_tag-photographin","89":"product_tag-photographinnen","90":"product_tag-portrait","91":"product_tag-portraitaufnahme","92":"product_tag-portraitfoto","93":"product_tag-portraitfotografie","94":"product_tag-portraitphoto","95":"product_tag-portraitphotographie","96":"product_tag-portraits","97":"product_tag-portraet","98":"product_tag-portraetaufnahme","99":"product_tag-portraetfoto","100":"product_tag-portraetfotografie","101":"product_tag-portraetphoto","102":"product_tag-portraetphotographie","103":"product_tag-portraets","104":"product_tag-print","105":"product_tag-s-w-fotografie","106":"product_tag-s-w-photographie","107":"product_tag-sambia","108":"product_tag-sambias","109":"product_tag-sambier","110":"product_tag-sambisch","111":"product_tag-sambische","112":"product_tag-sambischem","113":"product_tag-sambischen","114":"product_tag-sambischer","115":"product_tag-sand","116":"product_tag-sandhaufen","117":"product_tag-schwarzweissphotographie","118":"product_tag-schwarz-weiss-fotografie","119":"product_tag-schwarz-weiss-photographie","120":"product_tag-schwarze","121":"product_tag-schwarzen","122":"product_tag-schwarzer","123":"product_tag-schwarzweiss","124":"product_tag-schwarzweisse","125":"product_tag-schwarzweissen","126":"product_tag-schwarzweisser","127":"product_tag-schwarzweisses","128":"product_tag-schwarzweissfotografie","129":"product_tag-selbstgemacht","130":"product_tag-selbstgemachte","131":"product_tag-selbstgemachten","132":"product_tag-selbstgemachter","133":"product_tag-selbstgemachtes","134":"product_tag-siebziger","135":"product_tag-silbergelatine","136":"product_tag-silbergelatineabzug","137":"product_tag-silbergelatineabzuege","138":"product_tag-silbergelatineprint","139":"product_tag-spielen","140":"product_tag-spielend","141":"product_tag-spielende","142":"product_tag-spielenden","143":"product_tag-spielender","144":"product_tag-spielendes","145":"product_tag-spielzeug","146":"product_tag-stehen","147":"product_tag-stehend","148":"product_tag-stehende","149":"product_tag-stehenden","150":"product_tag-stehender","151":"product_tag-stehendes","152":"product_tag-stock","153":"product_tag-stoecke","154":"product_tag-suedafrika","155":"product_tag-suedafrikanisch","156":"product_tag-suedafrikanische","157":"product_tag-suedafrikanischen","158":"product_tag-suedafrikanischer","159":"product_tag-suedafrikanisches","160":"product_tag-suedafrikas","161":"product_tag-sw-fotografie","162":"product_tag-sw-photographie","163":"product_tag-zambia","164":"pa_datierung-november-1974","165":"pa_fotograf-abisag-tuellmann","166":"pa_geografischer_bezug-aufnahmeort-sambia","167":"pa_grunddaten_material_technik-foto-silbergelatine-auf-barytpapier","168":"pa_inventarnummer-tue-74-291a-24a","169":"pa_jahr_von-51802","170":"pa_massangaben-bildformat-foto-232-x-302-cm","171":"pa_mediennummer-68669","172":"pa_objekt_typ-fotografie","174":"first","175":"instock","176":"product-type-simple"},"yoast_head":"<!-- This site is optimized with the Yoast SEO plugin v27.4 - https:\/\/yoast.com\/product\/yoast-seo-wordpress\/ -->\n<title>Junge (Raphael) mit selbstgebasteltem Spielzeug aus einer Blechb\u00fcchse und einem Stock - Abisag T\u00fcllmann<\/title>\n<meta name=\"robots\" content=\"index, follow, max-snippet:-1, max-image-preview:large, max-video-preview:-1\" \/>\n<link rel=\"canonical\" href=\"https:\/\/bpk-archive.de\/tuellmann\/produkt\/junge-raphael-mit-selbstgebasteltem-spielzeug-aus-einer-blechbuechse-und-einem-stock\/\" \/>\n<meta property=\"og:locale\" content=\"de_DE\" \/>\n<meta property=\"og:type\" content=\"article\" \/>\n<meta property=\"og:title\" content=\"Junge (Raphael) mit selbstgebasteltem Spielzeug aus einer Blechb\u00fcchse und einem Stock - Abisag T\u00fcllmann\" \/>\n<meta property=\"og:description\" content=\"R\u00fcckseitenbeschriftung von Hand der Fotografin: &#8222;Zambia&#8220;\" \/>\n<meta property=\"og:url\" content=\"https:\/\/bpk-archive.de\/tuellmann\/produkt\/junge-raphael-mit-selbstgebasteltem-spielzeug-aus-einer-blechbuechse-und-einem-stock\/\" \/>\n<meta property=\"og:site_name\" content=\"Abisag T\u00fcllmann\" \/>\n<meta property=\"article:modified_time\" content=\"2019-09-05T14:26:13+00:00\" \/>\n<meta property=\"og:image\" content=\"https:\/\/bpk-archive.de\/tuellmann\/wp-content\/uploads\/2019\/08\/bpk_70243083.jpg\" \/>\n\t<meta property=\"og:image:width\" content=\"1200\" \/>\n\t<meta property=\"og:image:height\" content=\"933\" \/>\n\t<meta property=\"og:image:type\" content=\"image\/jpeg\" \/>\n<meta name=\"twitter:card\" content=\"summary_large_image\" \/>\n<script type=\"application\/ld+json\" class=\"yoast-schema-graph\">{\"@context\":\"https:\\\/\\\/schema.org\",\"@graph\":[{\"@type\":\"WebPage\",\"@id\":\"https:\\\/\\\/bpk-archive.de\\\/tuellmann\\\/produkt\\\/junge-raphael-mit-selbstgebasteltem-spielzeug-aus-einer-blechbuechse-und-einem-stock\\\/\",\"url\":\"https:\\\/\\\/bpk-archive.de\\\/tuellmann\\\/produkt\\\/junge-raphael-mit-selbstgebasteltem-spielzeug-aus-einer-blechbuechse-und-einem-stock\\\/\",\"name\":\"Junge (Raphael) mit selbstgebasteltem Spielzeug aus einer Blechb\u00fcchse und einem Stock - Abisag T\u00fcllmann\",\"isPartOf\":{\"@id\":\"https:\\\/\\\/bpk-archive.de\\\/tuellmann\\\/#website\"},\"primaryImageOfPage\":{\"@id\":\"https:\\\/\\\/bpk-archive.de\\\/tuellmann\\\/produkt\\\/junge-raphael-mit-selbstgebasteltem-spielzeug-aus-einer-blechbuechse-und-einem-stock\\\/#primaryimage\"},\"image\":{\"@id\":\"https:\\\/\\\/bpk-archive.de\\\/tuellmann\\\/produkt\\\/junge-raphael-mit-selbstgebasteltem-spielzeug-aus-einer-blechbuechse-und-einem-stock\\\/#primaryimage\"},\"thumbnailUrl\":\"https:\\\/\\\/bpk-archive.de\\\/tuellmann\\\/wp-content\\\/uploads\\\/2019\\\/08\\\/bpk_70243083.jpg\",\"datePublished\":\"2019-09-05T14:26:00+00:00\",\"dateModified\":\"2019-09-05T14:26:13+00:00\",\"breadcrumb\":{\"@id\":\"https:\\\/\\\/bpk-archive.de\\\/tuellmann\\\/produkt\\\/junge-raphael-mit-selbstgebasteltem-spielzeug-aus-einer-blechbuechse-und-einem-stock\\\/#breadcrumb\"},\"inLanguage\":\"de\",\"potentialAction\":[{\"@type\":\"ReadAction\",\"target\":[\"https:\\\/\\\/bpk-archive.de\\\/tuellmann\\\/produkt\\\/junge-raphael-mit-selbstgebasteltem-spielzeug-aus-einer-blechbuechse-und-einem-stock\\\/\"]}]},{\"@type\":\"ImageObject\",\"inLanguage\":\"de\",\"@id\":\"https:\\\/\\\/bpk-archive.de\\\/tuellmann\\\/produkt\\\/junge-raphael-mit-selbstgebasteltem-spielzeug-aus-einer-blechbuechse-und-einem-stock\\\/#primaryimage\",\"url\":\"https:\\\/\\\/bpk-archive.de\\\/tuellmann\\\/wp-content\\\/uploads\\\/2019\\\/08\\\/bpk_70243083.jpg\",\"contentUrl\":\"https:\\\/\\\/bpk-archive.de\\\/tuellmann\\\/wp-content\\\/uploads\\\/2019\\\/08\\\/bpk_70243083.jpg\",\"width\":1200,\"height\":933,\"caption\":\"Junge (Raphael) mit selbstgebasteltem Spielzeug aus einer Blechb\u00fcchse und einem Stock\"},{\"@type\":\"BreadcrumbList\",\"@id\":\"https:\\\/\\\/bpk-archive.de\\\/tuellmann\\\/produkt\\\/junge-raphael-mit-selbstgebasteltem-spielzeug-aus-einer-blechbuechse-und-einem-stock\\\/#breadcrumb\",\"itemListElement\":[{\"@type\":\"ListItem\",\"position\":1,\"name\":\"Startseite\",\"item\":\"https:\\\/\\\/bpk-archive.de\\\/tuellmann\\\/\"},{\"@type\":\"ListItem\",\"position\":2,\"name\":\"Shop\",\"item\":\"https:\\\/\\\/bpk-archive.de\\\/tuellmann\\\/shop\\\/\"},{\"@type\":\"ListItem\",\"position\":3,\"name\":\"Junge (Raphael) mit selbstgebasteltem Spielzeug aus einer Blechb\u00fcchse und einem Stock\"}]},{\"@type\":\"WebSite\",\"@id\":\"https:\\\/\\\/bpk-archive.de\\\/tuellmann\\\/#website\",\"url\":\"https:\\\/\\\/bpk-archive.de\\\/tuellmann\\\/\",\"name\":\"Abisag T\u00fcllmann\",\"description\":\"Eine weitere WordPress-Website\",\"potentialAction\":[{\"@type\":\"SearchAction\",\"target\":{\"@type\":\"EntryPoint\",\"urlTemplate\":\"https:\\\/\\\/bpk-archive.de\\\/tuellmann\\\/?s={search_term_string}\"},\"query-input\":{\"@type\":\"PropertyValueSpecification\",\"valueRequired\":true,\"valueName\":\"search_term_string\"}}],\"inLanguage\":\"de\"}]}<\/script>\n<!-- \/ Yoast SEO plugin. -->","yoast_head_json":{"title":"Junge (Raphael) mit selbstgebasteltem Spielzeug aus einer Blechb\u00fcchse und einem Stock - Abisag T\u00fcllmann","robots":{"index":"index","follow":"follow","max-snippet":"max-snippet:-1","max-image-preview":"max-image-preview:large","max-video-preview":"max-video-preview:-1"},"canonical":"https:\/\/bpk-archive.de\/tuellmann\/produkt\/junge-raphael-mit-selbstgebasteltem-spielzeug-aus-einer-blechbuechse-und-einem-stock\/","og_locale":"de_DE","og_type":"article","og_title":"Junge (Raphael) mit selbstgebasteltem Spielzeug aus einer Blechb\u00fcchse und einem Stock - Abisag T\u00fcllmann","og_description":"R\u00fcckseitenbeschriftung von Hand der Fotografin: &#8222;Zambia&#8220;","og_url":"https:\/\/bpk-archive.de\/tuellmann\/produkt\/junge-raphael-mit-selbstgebasteltem-spielzeug-aus-einer-blechbuechse-und-einem-stock\/","og_site_name":"Abisag T\u00fcllmann","article_modified_time":"2019-09-05T14:26:13+00:00","og_image":[{"width":1200,"height":933,"url":"https:\/\/bpk-archive.de\/tuellmann\/wp-content\/uploads\/2019\/08\/bpk_70243083.jpg","type":"image\/jpeg"}],"twitter_card":"summary_large_image","schema":{"@context":"https:\/\/schema.org","@graph":[{"@type":"WebPage","@id":"https:\/\/bpk-archive.de\/tuellmann\/produkt\/junge-raphael-mit-selbstgebasteltem-spielzeug-aus-einer-blechbuechse-und-einem-stock\/","url":"https:\/\/bpk-archive.de\/tuellmann\/produkt\/junge-raphael-mit-selbstgebasteltem-spielzeug-aus-einer-blechbuechse-und-einem-stock\/","name":"Junge (Raphael) mit selbstgebasteltem Spielzeug aus einer Blechb\u00fcchse und einem Stock - Abisag T\u00fcllmann","isPartOf":{"@id":"https:\/\/bpk-archive.de\/tuellmann\/#website"},"primaryImageOfPage":{"@id":"https:\/\/bpk-archive.de\/tuellmann\/produkt\/junge-raphael-mit-selbstgebasteltem-spielzeug-aus-einer-blechbuechse-und-einem-stock\/#primaryimage"},"image":{"@id":"https:\/\/bpk-archive.de\/tuellmann\/produkt\/junge-raphael-mit-selbstgebasteltem-spielzeug-aus-einer-blechbuechse-und-einem-stock\/#primaryimage"},"thumbnailUrl":"https:\/\/bpk-archive.de\/tuellmann\/wp-content\/uploads\/2019\/08\/bpk_70243083.jpg","datePublished":"2019-09-05T14:26:00+00:00","dateModified":"2019-09-05T14:26:13+00:00","breadcrumb":{"@id":"https:\/\/bpk-archive.de\/tuellmann\/produkt\/junge-raphael-mit-selbstgebasteltem-spielzeug-aus-einer-blechbuechse-und-einem-stock\/#breadcrumb"},"inLanguage":"de","potentialAction":[{"@type":"ReadAction","target":["https:\/\/bpk-archive.de\/tuellmann\/produkt\/junge-raphael-mit-selbstgebasteltem-spielzeug-aus-einer-blechbuechse-und-einem-stock\/"]}]},{"@type":"ImageObject","inLanguage":"de","@id":"https:\/\/bpk-archive.de\/tuellmann\/produkt\/junge-raphael-mit-selbstgebasteltem-spielzeug-aus-einer-blechbuechse-und-einem-stock\/#primaryimage","url":"https:\/\/bpk-archive.de\/tuellmann\/wp-content\/uploads\/2019\/08\/bpk_70243083.jpg","contentUrl":"https:\/\/bpk-archive.de\/tuellmann\/wp-content\/uploads\/2019\/08\/bpk_70243083.jpg","width":1200,"height":933,"caption":"Junge (Raphael) mit selbstgebasteltem Spielzeug aus einer Blechb\u00fcchse und einem Stock"},{"@type":"BreadcrumbList","@id":"https:\/\/bpk-archive.de\/tuellmann\/produkt\/junge-raphael-mit-selbstgebasteltem-spielzeug-aus-einer-blechbuechse-und-einem-stock\/#breadcrumb","itemListElement":[{"@type":"ListItem","position":1,"name":"Startseite","item":"https:\/\/bpk-archive.de\/tuellmann\/"},{"@type":"ListItem","position":2,"name":"Shop","item":"https:\/\/bpk-archive.de\/tuellmann\/shop\/"},{"@type":"ListItem","position":3,"name":"Junge (Raphael) mit selbstgebasteltem Spielzeug aus einer Blechb\u00fcchse und einem Stock"}]},{"@type":"WebSite","@id":"https:\/\/bpk-archive.de\/tuellmann\/#website","url":"https:\/\/bpk-archive.de\/tuellmann\/","name":"Abisag T\u00fcllmann","description":"Eine weitere WordPress-Website","potentialAction":[{"@type":"SearchAction","target":{"@type":"EntryPoint","urlTemplate":"https:\/\/bpk-archive.de\/tuellmann\/?s={search_term_string}"},"query-input":{"@type":"PropertyValueSpecification","valueRequired":true,"valueName":"search_term_string"}}],"inLanguage":"de"}]}},"_links":{"self":[{"href":"https:\/\/bpk-archive.de\/tuellmann\/wp-json\/wp\/v2\/product\/70297436","targetHints":{"allow":["GET"]}}],"collection":[{"href":"https:\/\/bpk-archive.de\/tuellmann\/wp-json\/wp\/v2\/product"}],"about":[{"href":"https:\/\/bpk-archive.de\/tuellmann\/wp-json\/wp\/v2\/types\/product"}],"wp:featuredmedia":[{"embeddable":true,"href":"https:\/\/bpk-archive.de\/tuellmann\/wp-json\/wp\/v2\/media\/70292410"}],"wp:attachment":[{"href":"https:\/\/bpk-archive.de\/tuellmann\/wp-json\/wp\/v2\/media?parent=70297436"}],"wp:term":[{"taxonomy":"product_brand","embeddable":true,"href":"https:\/\/bpk-archive.de\/tuellmann\/wp-json\/wp\/v2\/product_brand?post=70297436"},{"taxonomy":"product_cat","embeddable":true,"href":"https:\/\/bpk-archive.de\/tuellmann\/wp-json\/wp\/v2\/product_cat?post=70297436"},{"taxonomy":"product_tag","embeddable":true,"href":"https:\/\/bpk-archive.de\/tuellmann\/wp-json\/wp\/v2\/product_tag?post=70297436"}],"curies":[{"name":"wp","href":"https:\/\/api.w.org\/{rel}","templated":true}]}}