{"id":70297428,"date":"2019-09-05T16:26:00","date_gmt":"2019-09-05T14:26:00","guid":{"rendered":"http:\/\/abisagtuellmann.bpk-news.de\/atbild\/junge-frau-in-20er-jahre-kostuem-mit-kamerastativ-modeaufnahme\/"},"modified":"2019-09-05T16:26:08","modified_gmt":"2019-09-05T14:26:08","slug":"junge-frau-in-20er-jahre-kostuem-mit-kamerastativ-modeaufnahme","status":"publish","type":"product","link":"https:\/\/bpk-archive.de\/tuellmann\/produkt\/junge-frau-in-20er-jahre-kostuem-mit-kamerastativ-modeaufnahme\/","title":{"rendered":"Junge Frau in 20er Jahre Kost\u00fcm mit Kamerastativ (Modeaufnahme)"},"content":{"rendered":"<p>Neben ihr an der Wand h\u00e4ngt eine Pferdekopf-Attrappe<\/p>\n","protected":false},"excerpt":{"rendered":"<p>Neben ihr an der Wand h\u00e4ngt eine Pferdekopf-Attrappe<\/p>\n","protected":false},"featured_media":70292137,"template":"","meta":[],"product_brand":[],"product_cat":[],"product_tag":[53905,13232,13234,13231,13233,53906,14271,13777,14272,48570,48571,48572,48573,48574,13469,13470,68618,13253,13254,13255,13256,13257,13471,13472,68619,13473,68620,13293,13786,13787,47368,47369,13294,13295,13296,13297,47373,47374,55854,55855,68621,13487,13488,53907,68622,13498,13812,13813,13814,13815,13816,55861,60297,60298,60299,60300,60301,49115,49116,49117,60302,60303,60304,54462,54463,54464,54465,54466,54467,68623,68624,68625,68626,68166,68167,68168,13328,13827,13828,47397,47398,13329,13330,13331,13332,47402,47403,55867,55868,14231,13843,13877,13879,48593,48594,48595,48596,48597,13865,13864,13866,13858,13859,13860,13861,13862,13863,13869,13870,13871,13872,68627,68628,68122,68123,13878,13880,13525,48279,48280,48281,48282,68629],"class_list":{"0":"post-70297428","1":"product","2":"type-product","3":"status-publish","4":"has-post-thumbnail","6":"product_tag-1950er-jahre","7":"product_tag-20-jahrhundert-nach-chr","8":"product_tag-20-jh-n-chr","9":"product_tag-20-jahrhundert","10":"product_tag-20-jh","11":"product_tag-50er","12":"product_tag-abt_009","13":"product_tag-abzug","14":"product_tag-at_mode-design","15":"product_tag-attraktiv","16":"product_tag-attraktive","17":"product_tag-attraktiven","18":"product_tag-attraktiver","19":"product_tag-attraktives","20":"product_tag-brd","21":"product_tag-bundesrepublik-deutschland","22":"product_tag-charleston","23":"product_tag-deutsch","24":"product_tag-deutsche","25":"product_tag-deutschen","26":"product_tag-deutscher","27":"product_tag-deutsches","28":"product_tag-deutschland","29":"product_tag-deutschlands","30":"product_tag-die-goldenen-zwanziger-jahre","31":"product_tag-drinnen","32":"product_tag-flapper","33":"product_tag-foto","34":"product_tag-fotoabzug","35":"product_tag-fotoabzuege","36":"product_tag-fotoapparat","37":"product_tag-fotoapparate","38":"product_tag-fotografie","39":"product_tag-fotografien","40":"product_tag-fotografin","41":"product_tag-fotografinnen","42":"product_tag-fotokamera","43":"product_tag-fotokameras","44":"product_tag-fotomodel","45":"product_tag-fotomodell","46":"product_tag-fransen","47":"product_tag-frau","48":"product_tag-frauen","49":"product_tag-fuenfziger","50":"product_tag-goldene-zwanziger","51":"product_tag-innen","52":"product_tag-jung","53":"product_tag-junge","54":"product_tag-jungen","55":"product_tag-junger","56":"product_tag-junges","57":"product_tag-mode","58":"product_tag-modeaufnahme","59":"product_tag-modeaufnahmen","60":"product_tag-modefoto","61":"product_tag-modefotografie","62":"product_tag-modefotos","63":"product_tag-modell","64":"product_tag-modelle","65":"product_tag-modellen","66":"product_tag-modephoto","67":"product_tag-modephotographie","68":"product_tag-modephotos","69":"product_tag-modern","70":"product_tag-moderne","71":"product_tag-modernem","72":"product_tag-modernen","73":"product_tag-moderner","74":"product_tag-modernes","75":"product_tag-paillette","76":"product_tag-pailletten","77":"product_tag-paillettenkleid","78":"product_tag-paillettenkleider","79":"product_tag-pferdekopf","80":"product_tag-pferdekoepfe","81":"product_tag-pferdekoepfen","82":"product_tag-photo","83":"product_tag-photoabzug","84":"product_tag-photoabzuege","85":"product_tag-photoapparat","86":"product_tag-photoapparate","87":"product_tag-photographie","88":"product_tag-photographien","89":"product_tag-photographin","90":"product_tag-photographinnen","91":"product_tag-photokamera","92":"product_tag-photokameras","93":"product_tag-photomodel","94":"product_tag-photomodell","95":"product_tag-posieren","96":"product_tag-print","97":"product_tag-s-w-fotografie","98":"product_tag-s-w-photographie","99":"product_tag-schoen","100":"product_tag-schoene","101":"product_tag-schoenen","102":"product_tag-schoener","103":"product_tag-schoenes","104":"product_tag-schwarzweissphotographie","105":"product_tag-schwarz-weiss-fotografie","106":"product_tag-schwarz-weiss-photographie","107":"product_tag-schwarzweiss","108":"product_tag-schwarzweisse","109":"product_tag-schwarzweissen","110":"product_tag-schwarzweisser","111":"product_tag-schwarzweisses","112":"product_tag-schwarzweissfotografie","113":"product_tag-silbergelatine","114":"product_tag-silbergelatineabzug","115":"product_tag-silbergelatineabzuege","116":"product_tag-silbergelatineprint","117":"product_tag-stativ","118":"product_tag-stative","119":"product_tag-studioaufnahme","120":"product_tag-studioaufnahmen","121":"product_tag-sw-fotografie","122":"product_tag-sw-photographie","123":"product_tag-von-innen","124":"product_tag-wanddekor","125":"product_tag-wanddekoration","126":"product_tag-wanddekorationen","127":"product_tag-wanddekors","128":"product_tag-zwanziger-jahre","129":"pa_datierung-ca-1958","130":"pa_fotograf-abisag-tuellmann","131":"pa_geografischer_bezug-aufnahmeort-deutschland","132":"pa_grunddaten_material_technik-foto-silbergelatine-auf-barytpapier","133":"pa_jahr_von-ca-1958","134":"pa_massangaben-bildformat-foto-29-x-195-cm","135":"pa_mediennummer-68614","136":"pa_objekt_typ-fotografie","138":"first","139":"instock","140":"product-type-simple"},"yoast_head":"<!-- This site is optimized with the Yoast SEO plugin v27.3 - https:\/\/yoast.com\/product\/yoast-seo-wordpress\/ -->\n<title>Junge Frau in 20er Jahre Kost\u00fcm mit Kamerastativ (Modeaufnahme) - Abisag T\u00fcllmann<\/title>\n<meta name=\"robots\" content=\"index, follow, max-snippet:-1, max-image-preview:large, max-video-preview:-1\" \/>\n<link rel=\"canonical\" href=\"https:\/\/bpk-archive.de\/tuellmann\/produkt\/junge-frau-in-20er-jahre-kostuem-mit-kamerastativ-modeaufnahme\/\" \/>\n<meta property=\"og:locale\" content=\"de_DE\" \/>\n<meta property=\"og:type\" content=\"article\" \/>\n<meta property=\"og:title\" content=\"Junge Frau in 20er Jahre Kost\u00fcm mit Kamerastativ (Modeaufnahme) - Abisag T\u00fcllmann\" \/>\n<meta property=\"og:description\" content=\"Neben ihr an der Wand h\u00e4ngt eine Pferdekopf-Attrappe\" \/>\n<meta property=\"og:url\" content=\"https:\/\/bpk-archive.de\/tuellmann\/produkt\/junge-frau-in-20er-jahre-kostuem-mit-kamerastativ-modeaufnahme\/\" \/>\n<meta property=\"og:site_name\" content=\"Abisag T\u00fcllmann\" \/>\n<meta property=\"article:modified_time\" content=\"2019-09-05T14:26:08+00:00\" \/>\n<meta property=\"og:image\" content=\"https:\/\/bpk-archive.de\/tuellmann\/wp-content\/uploads\/2019\/08\/bpk_70242862.jpg\" \/>\n\t<meta property=\"og:image:width\" content=\"828\" \/>\n\t<meta property=\"og:image:height\" content=\"1200\" \/>\n\t<meta property=\"og:image:type\" content=\"image\/jpeg\" \/>\n<meta name=\"twitter:card\" content=\"summary_large_image\" \/>\n<script type=\"application\/ld+json\" class=\"yoast-schema-graph\">{\"@context\":\"https:\\\/\\\/schema.org\",\"@graph\":[{\"@type\":\"WebPage\",\"@id\":\"https:\\\/\\\/bpk-archive.de\\\/tuellmann\\\/produkt\\\/junge-frau-in-20er-jahre-kostuem-mit-kamerastativ-modeaufnahme\\\/\",\"url\":\"https:\\\/\\\/bpk-archive.de\\\/tuellmann\\\/produkt\\\/junge-frau-in-20er-jahre-kostuem-mit-kamerastativ-modeaufnahme\\\/\",\"name\":\"Junge Frau in 20er Jahre Kost\u00fcm mit Kamerastativ (Modeaufnahme) - Abisag T\u00fcllmann\",\"isPartOf\":{\"@id\":\"https:\\\/\\\/bpk-archive.de\\\/tuellmann\\\/#website\"},\"primaryImageOfPage\":{\"@id\":\"https:\\\/\\\/bpk-archive.de\\\/tuellmann\\\/produkt\\\/junge-frau-in-20er-jahre-kostuem-mit-kamerastativ-modeaufnahme\\\/#primaryimage\"},\"image\":{\"@id\":\"https:\\\/\\\/bpk-archive.de\\\/tuellmann\\\/produkt\\\/junge-frau-in-20er-jahre-kostuem-mit-kamerastativ-modeaufnahme\\\/#primaryimage\"},\"thumbnailUrl\":\"https:\\\/\\\/bpk-archive.de\\\/tuellmann\\\/wp-content\\\/uploads\\\/2019\\\/08\\\/bpk_70242862.jpg\",\"datePublished\":\"2019-09-05T14:26:00+00:00\",\"dateModified\":\"2019-09-05T14:26:08+00:00\",\"breadcrumb\":{\"@id\":\"https:\\\/\\\/bpk-archive.de\\\/tuellmann\\\/produkt\\\/junge-frau-in-20er-jahre-kostuem-mit-kamerastativ-modeaufnahme\\\/#breadcrumb\"},\"inLanguage\":\"de\",\"potentialAction\":[{\"@type\":\"ReadAction\",\"target\":[\"https:\\\/\\\/bpk-archive.de\\\/tuellmann\\\/produkt\\\/junge-frau-in-20er-jahre-kostuem-mit-kamerastativ-modeaufnahme\\\/\"]}]},{\"@type\":\"ImageObject\",\"inLanguage\":\"de\",\"@id\":\"https:\\\/\\\/bpk-archive.de\\\/tuellmann\\\/produkt\\\/junge-frau-in-20er-jahre-kostuem-mit-kamerastativ-modeaufnahme\\\/#primaryimage\",\"url\":\"https:\\\/\\\/bpk-archive.de\\\/tuellmann\\\/wp-content\\\/uploads\\\/2019\\\/08\\\/bpk_70242862.jpg\",\"contentUrl\":\"https:\\\/\\\/bpk-archive.de\\\/tuellmann\\\/wp-content\\\/uploads\\\/2019\\\/08\\\/bpk_70242862.jpg\",\"width\":828,\"height\":1200,\"caption\":\"Junge Frau in 20er Jahre Kost\u00fcm mit Kamerastativ (Modeaufnahme)\"},{\"@type\":\"BreadcrumbList\",\"@id\":\"https:\\\/\\\/bpk-archive.de\\\/tuellmann\\\/produkt\\\/junge-frau-in-20er-jahre-kostuem-mit-kamerastativ-modeaufnahme\\\/#breadcrumb\",\"itemListElement\":[{\"@type\":\"ListItem\",\"position\":1,\"name\":\"Startseite\",\"item\":\"https:\\\/\\\/bpk-archive.de\\\/tuellmann\\\/\"},{\"@type\":\"ListItem\",\"position\":2,\"name\":\"Shop\",\"item\":\"https:\\\/\\\/bpk-archive.de\\\/tuellmann\\\/shop\\\/\"},{\"@type\":\"ListItem\",\"position\":3,\"name\":\"Junge Frau in 20er Jahre Kost\u00fcm mit Kamerastativ (Modeaufnahme)\"}]},{\"@type\":\"WebSite\",\"@id\":\"https:\\\/\\\/bpk-archive.de\\\/tuellmann\\\/#website\",\"url\":\"https:\\\/\\\/bpk-archive.de\\\/tuellmann\\\/\",\"name\":\"Abisag T\u00fcllmann\",\"description\":\"Eine weitere WordPress-Website\",\"potentialAction\":[{\"@type\":\"SearchAction\",\"target\":{\"@type\":\"EntryPoint\",\"urlTemplate\":\"https:\\\/\\\/bpk-archive.de\\\/tuellmann\\\/?s={search_term_string}\"},\"query-input\":{\"@type\":\"PropertyValueSpecification\",\"valueRequired\":true,\"valueName\":\"search_term_string\"}}],\"inLanguage\":\"de\"}]}<\/script>\n<!-- \/ Yoast SEO plugin. -->","yoast_head_json":{"title":"Junge Frau in 20er Jahre Kost\u00fcm mit Kamerastativ (Modeaufnahme) - Abisag T\u00fcllmann","robots":{"index":"index","follow":"follow","max-snippet":"max-snippet:-1","max-image-preview":"max-image-preview:large","max-video-preview":"max-video-preview:-1"},"canonical":"https:\/\/bpk-archive.de\/tuellmann\/produkt\/junge-frau-in-20er-jahre-kostuem-mit-kamerastativ-modeaufnahme\/","og_locale":"de_DE","og_type":"article","og_title":"Junge Frau in 20er Jahre Kost\u00fcm mit Kamerastativ (Modeaufnahme) - Abisag T\u00fcllmann","og_description":"Neben ihr an der Wand h\u00e4ngt eine Pferdekopf-Attrappe","og_url":"https:\/\/bpk-archive.de\/tuellmann\/produkt\/junge-frau-in-20er-jahre-kostuem-mit-kamerastativ-modeaufnahme\/","og_site_name":"Abisag T\u00fcllmann","article_modified_time":"2019-09-05T14:26:08+00:00","og_image":[{"width":828,"height":1200,"url":"https:\/\/bpk-archive.de\/tuellmann\/wp-content\/uploads\/2019\/08\/bpk_70242862.jpg","type":"image\/jpeg"}],"twitter_card":"summary_large_image","schema":{"@context":"https:\/\/schema.org","@graph":[{"@type":"WebPage","@id":"https:\/\/bpk-archive.de\/tuellmann\/produkt\/junge-frau-in-20er-jahre-kostuem-mit-kamerastativ-modeaufnahme\/","url":"https:\/\/bpk-archive.de\/tuellmann\/produkt\/junge-frau-in-20er-jahre-kostuem-mit-kamerastativ-modeaufnahme\/","name":"Junge Frau in 20er Jahre Kost\u00fcm mit Kamerastativ (Modeaufnahme) - Abisag T\u00fcllmann","isPartOf":{"@id":"https:\/\/bpk-archive.de\/tuellmann\/#website"},"primaryImageOfPage":{"@id":"https:\/\/bpk-archive.de\/tuellmann\/produkt\/junge-frau-in-20er-jahre-kostuem-mit-kamerastativ-modeaufnahme\/#primaryimage"},"image":{"@id":"https:\/\/bpk-archive.de\/tuellmann\/produkt\/junge-frau-in-20er-jahre-kostuem-mit-kamerastativ-modeaufnahme\/#primaryimage"},"thumbnailUrl":"https:\/\/bpk-archive.de\/tuellmann\/wp-content\/uploads\/2019\/08\/bpk_70242862.jpg","datePublished":"2019-09-05T14:26:00+00:00","dateModified":"2019-09-05T14:26:08+00:00","breadcrumb":{"@id":"https:\/\/bpk-archive.de\/tuellmann\/produkt\/junge-frau-in-20er-jahre-kostuem-mit-kamerastativ-modeaufnahme\/#breadcrumb"},"inLanguage":"de","potentialAction":[{"@type":"ReadAction","target":["https:\/\/bpk-archive.de\/tuellmann\/produkt\/junge-frau-in-20er-jahre-kostuem-mit-kamerastativ-modeaufnahme\/"]}]},{"@type":"ImageObject","inLanguage":"de","@id":"https:\/\/bpk-archive.de\/tuellmann\/produkt\/junge-frau-in-20er-jahre-kostuem-mit-kamerastativ-modeaufnahme\/#primaryimage","url":"https:\/\/bpk-archive.de\/tuellmann\/wp-content\/uploads\/2019\/08\/bpk_70242862.jpg","contentUrl":"https:\/\/bpk-archive.de\/tuellmann\/wp-content\/uploads\/2019\/08\/bpk_70242862.jpg","width":828,"height":1200,"caption":"Junge Frau in 20er Jahre Kost\u00fcm mit Kamerastativ (Modeaufnahme)"},{"@type":"BreadcrumbList","@id":"https:\/\/bpk-archive.de\/tuellmann\/produkt\/junge-frau-in-20er-jahre-kostuem-mit-kamerastativ-modeaufnahme\/#breadcrumb","itemListElement":[{"@type":"ListItem","position":1,"name":"Startseite","item":"https:\/\/bpk-archive.de\/tuellmann\/"},{"@type":"ListItem","position":2,"name":"Shop","item":"https:\/\/bpk-archive.de\/tuellmann\/shop\/"},{"@type":"ListItem","position":3,"name":"Junge Frau in 20er Jahre Kost\u00fcm mit Kamerastativ (Modeaufnahme)"}]},{"@type":"WebSite","@id":"https:\/\/bpk-archive.de\/tuellmann\/#website","url":"https:\/\/bpk-archive.de\/tuellmann\/","name":"Abisag T\u00fcllmann","description":"Eine weitere WordPress-Website","potentialAction":[{"@type":"SearchAction","target":{"@type":"EntryPoint","urlTemplate":"https:\/\/bpk-archive.de\/tuellmann\/?s={search_term_string}"},"query-input":{"@type":"PropertyValueSpecification","valueRequired":true,"valueName":"search_term_string"}}],"inLanguage":"de"}]}},"_links":{"self":[{"href":"https:\/\/bpk-archive.de\/tuellmann\/wp-json\/wp\/v2\/product\/70297428","targetHints":{"allow":["GET"]}}],"collection":[{"href":"https:\/\/bpk-archive.de\/tuellmann\/wp-json\/wp\/v2\/product"}],"about":[{"href":"https:\/\/bpk-archive.de\/tuellmann\/wp-json\/wp\/v2\/types\/product"}],"wp:featuredmedia":[{"embeddable":true,"href":"https:\/\/bpk-archive.de\/tuellmann\/wp-json\/wp\/v2\/media\/70292137"}],"wp:attachment":[{"href":"https:\/\/bpk-archive.de\/tuellmann\/wp-json\/wp\/v2\/media?parent=70297428"}],"wp:term":[{"taxonomy":"product_brand","embeddable":true,"href":"https:\/\/bpk-archive.de\/tuellmann\/wp-json\/wp\/v2\/product_brand?post=70297428"},{"taxonomy":"product_cat","embeddable":true,"href":"https:\/\/bpk-archive.de\/tuellmann\/wp-json\/wp\/v2\/product_cat?post=70297428"},{"taxonomy":"product_tag","embeddable":true,"href":"https:\/\/bpk-archive.de\/tuellmann\/wp-json\/wp\/v2\/product_tag?post=70297428"}],"curies":[{"name":"wp","href":"https:\/\/api.w.org\/{rel}","templated":true}]}}