{"id":70297331,"date":"2019-09-05T16:24:21","date_gmt":"2019-09-05T14:24:21","guid":{"rendered":"http:\/\/abisagtuellmann.bpk-news.de\/atbild\/die-russische-chansonsaengerin-elena-kamburova-bei-einem-auftritt-in-mainz\/"},"modified":"2019-09-05T16:24:33","modified_gmt":"2019-09-05T14:24:33","slug":"die-russische-chansonsaengerin-elena-kamburova-bei-einem-auftritt-in-mainz","status":"publish","type":"product","link":"https:\/\/bpk-archive.de\/tuellmann\/produkt\/die-russische-chansonsaengerin-elena-kamburova-bei-einem-auftritt-in-mainz\/","title":{"rendered":"Die russische Chansons\u00e4ngerin Elena Kamburova bei einem Auftritt in Mainz"},"content":{"rendered":"<p>R\u00fcckseitenbeschriftung von anderer Hand: &#8222;Elena Kamburova, Okt. 1991&#8220;<\/p>\n","protected":false},"excerpt":{"rendered":"<p>R\u00fcckseitenbeschriftung von anderer Hand: &#8222;Elena Kamburova, Okt. 1991&#8220;<\/p>\n","protected":false},"featured_media":70291978,"template":"","meta":[],"product_brand":[],"product_cat":[],"product_tag":[14308,13232,49666,13234,49667,13231,13233,14309,63025,13777,66247,56152,56153,13784,13785,13469,51805,51806,13470,68079,68080,49469,13958,13959,49470,49471,13253,13254,13255,13256,13257,13471,13472,13473,13293,13786,13787,13294,13295,13296,13297,13487,13488,13974,13975,13976,13977,13978,48986,48987,48988,48989,48990,48991,48992,48993,48994,48995,48996,49481,51628,50410,51629,13498,56428,49542,49543,14071,14072,49802,57991,57992,59356,59357,49484,14328,47899,47900,13328,13827,13828,13329,13330,13331,13332,13829,13830,13831,13832,13833,13834,13835,13836,13837,13838,13839,13840,13841,13842,13843,49545,49546,49547,49548,49549,49550,49554,49551,49552,49553,49555,52660,52661,52662,52663,52664,52665,52666,13877,13879,67541,67542,13865,13864,13866,13858,13859,13860,13861,13862,13863,13868,13869,13870,13871,13872,50281,50282,50283,50284,50285,50286,13519,13520,13521,13522,13523,13524,13878,13880,13525,13882],"class_list":{"0":"post-70297331","1":"product","2":"type-product","3":"status-publish","4":"has-post-thumbnail","6":"product_tag-1990er-jahre","7":"product_tag-20-jahrhundert-nach-chr","8":"product_tag-20-jahrhundert-vor-chr","9":"product_tag-20-jh-n-chr","10":"product_tag-20-jh-v-chr","11":"product_tag-20-jahrhundert","12":"product_tag-20-jh","13":"product_tag-90er","14":"product_tag-abt_007","15":"product_tag-abzug","16":"product_tag-at_musik","17":"product_tag-auftritt","18":"product_tag-auftritts","19":"product_tag-bildnis","20":"product_tag-bildnisse","21":"product_tag-brd","22":"product_tag-buehne","23":"product_tag-buehnen","24":"product_tag-bundesrepublik-deutschland","25":"product_tag-chansonniere","26":"product_tag-chansonsaengerin","27":"product_tag-close-up","28":"product_tag-damenportraet","29":"product_tag-damenportraets","30":"product_tag-detail","31":"product_tag-details","32":"product_tag-deutsch","33":"product_tag-deutsche","34":"product_tag-deutschen","35":"product_tag-deutscher","36":"product_tag-deutsches","37":"product_tag-deutschland","38":"product_tag-deutschlands","39":"product_tag-drinnen","40":"product_tag-foto","41":"product_tag-fotoabzug","42":"product_tag-fotoabzuege","43":"product_tag-fotografie","44":"product_tag-fotografien","45":"product_tag-fotografin","46":"product_tag-fotografinnen","47":"product_tag-frau","48":"product_tag-frauen","49":"product_tag-frauenbildnis","50":"product_tag-frauenportrait","51":"product_tag-frauenportraits","52":"product_tag-frauenportraet","53":"product_tag-frauenportraets","54":"product_tag-geste","55":"product_tag-gesten","56":"product_tag-gestik","57":"product_tag-gestikulation","58":"product_tag-gestikulieren","59":"product_tag-gestikulierend","60":"product_tag-gestikulierende","61":"product_tag-gestikulierenden","62":"product_tag-gestikulierender","63":"product_tag-gestikulierendes","64":"product_tag-gestikuliert","65":"product_tag-grossaufnahme","66":"product_tag-hand","67":"product_tag-haende","68":"product_tag-haenden","69":"product_tag-innen","70":"product_tag-kultur","71":"product_tag-mainz","72":"product_tag-mainzer","73":"product_tag-mikrofon","74":"product_tag-mikrophon","75":"product_tag-musik","76":"product_tag-musikerin","77":"product_tag-musikerinnen","78":"product_tag-musikerinnenportrait","79":"product_tag-musikerinnenportraet","80":"product_tag-nahaufnahme","81":"product_tag-neunziger","82":"product_tag-persoenlichkeit","83":"product_tag-persoenlichkeiten","84":"product_tag-photo","85":"product_tag-photoabzug","86":"product_tag-photoabzuege","87":"product_tag-photographie","88":"product_tag-photographien","89":"product_tag-photographin","90":"product_tag-photographinnen","91":"product_tag-portrait","92":"product_tag-portraitaufnahme","93":"product_tag-portraitfoto","94":"product_tag-portraitfotografie","95":"product_tag-portraitphoto","96":"product_tag-portraitphotographie","97":"product_tag-portraits","98":"product_tag-portraet","99":"product_tag-portraetaufnahme","100":"product_tag-portraetfoto","101":"product_tag-portraetfotografie","102":"product_tag-portraetphoto","103":"product_tag-portraetphotographie","104":"product_tag-portraets","105":"product_tag-print","106":"product_tag-rheinisch","107":"product_tag-rheinische","108":"product_tag-rheinischen","109":"product_tag-rheinischer","110":"product_tag-rheinisches","111":"product_tag-rheinland","112":"product_tag-rheinland-pfalz","113":"product_tag-rheinlande","114":"product_tag-rheinlanden","115":"product_tag-rheinlandes","116":"product_tag-rheinlands","117":"product_tag-russin","118":"product_tag-russinnen","119":"product_tag-russisch","120":"product_tag-russische","121":"product_tag-russischen","122":"product_tag-russischer","123":"product_tag-russisches","124":"product_tag-s-w-fotografie","125":"product_tag-s-w-photographie","126":"product_tag-saengerin","127":"product_tag-saengerinnen","128":"product_tag-schwarzweissphotographie","129":"product_tag-schwarz-weiss-fotografie","130":"product_tag-schwarz-weiss-photographie","131":"product_tag-schwarzweiss","132":"product_tag-schwarzweisse","133":"product_tag-schwarzweissen","134":"product_tag-schwarzweisser","135":"product_tag-schwarzweisses","136":"product_tag-schwarzweissfotografie","137":"product_tag-seitlich","138":"product_tag-silbergelatine","139":"product_tag-silbergelatineabzug","140":"product_tag-silbergelatineabzuege","141":"product_tag-silbergelatineprint","142":"product_tag-singen","143":"product_tag-singend","144":"product_tag-singende","145":"product_tag-singenden","146":"product_tag-singender","147":"product_tag-singendes","148":"product_tag-stehen","149":"product_tag-stehend","150":"product_tag-stehende","151":"product_tag-stehenden","152":"product_tag-stehender","153":"product_tag-stehendes","154":"product_tag-sw-fotografie","155":"product_tag-sw-photographie","156":"product_tag-von-innen","157":"product_tag-zur-seite","158":"pa_datierung-oktober-1991","159":"pa_fotograf-abisag-tuellmann","160":"pa_geografischer_bezug-aufnahmeort-mainz-deutschland","161":"pa_grunddaten_material_technik-foto-silbergelatine-auf-barytpapier","162":"pa_inventarnummer-tue-91-118-25","163":"pa_jahr_von-50355","164":"pa_massangaben-bildformat-foto-233-x-304-cm","165":"pa_mediennummer-68077","166":"pa_objekt_typ-fotografie","168":"first","169":"instock","170":"product-type-simple"},"yoast_head":"<!-- This site is optimized with the Yoast SEO plugin v27.4 - https:\/\/yoast.com\/product\/yoast-seo-wordpress\/ -->\n<title>Die russische Chansons\u00e4ngerin Elena Kamburova bei einem Auftritt in Mainz - Abisag T\u00fcllmann<\/title>\n<meta name=\"robots\" content=\"index, follow, max-snippet:-1, max-image-preview:large, max-video-preview:-1\" \/>\n<link rel=\"canonical\" href=\"https:\/\/bpk-archive.de\/tuellmann\/produkt\/die-russische-chansonsaengerin-elena-kamburova-bei-einem-auftritt-in-mainz\/\" \/>\n<meta property=\"og:locale\" content=\"de_DE\" \/>\n<meta property=\"og:type\" content=\"article\" \/>\n<meta property=\"og:title\" content=\"Die russische Chansons\u00e4ngerin Elena Kamburova bei einem Auftritt in Mainz - Abisag T\u00fcllmann\" \/>\n<meta property=\"og:description\" content=\"R\u00fcckseitenbeschriftung von anderer Hand: &#8222;Elena Kamburova, Okt. 1991&#8220;\" \/>\n<meta property=\"og:url\" content=\"https:\/\/bpk-archive.de\/tuellmann\/produkt\/die-russische-chansonsaengerin-elena-kamburova-bei-einem-auftritt-in-mainz\/\" \/>\n<meta property=\"og:site_name\" content=\"Abisag T\u00fcllmann\" \/>\n<meta property=\"article:modified_time\" content=\"2019-09-05T14:24:33+00:00\" \/>\n<meta property=\"og:image\" content=\"https:\/\/bpk-archive.de\/tuellmann\/wp-content\/uploads\/2019\/08\/bpk_70242658.jpg\" \/>\n\t<meta property=\"og:image:width\" content=\"1200\" \/>\n\t<meta property=\"og:image:height\" content=\"928\" \/>\n\t<meta property=\"og:image:type\" content=\"image\/jpeg\" \/>\n<meta name=\"twitter:card\" content=\"summary_large_image\" \/>\n<script type=\"application\/ld+json\" class=\"yoast-schema-graph\">{\"@context\":\"https:\\\/\\\/schema.org\",\"@graph\":[{\"@type\":\"WebPage\",\"@id\":\"https:\\\/\\\/bpk-archive.de\\\/tuellmann\\\/produkt\\\/die-russische-chansonsaengerin-elena-kamburova-bei-einem-auftritt-in-mainz\\\/\",\"url\":\"https:\\\/\\\/bpk-archive.de\\\/tuellmann\\\/produkt\\\/die-russische-chansonsaengerin-elena-kamburova-bei-einem-auftritt-in-mainz\\\/\",\"name\":\"Die russische Chansons\u00e4ngerin Elena Kamburova bei einem Auftritt in Mainz - Abisag T\u00fcllmann\",\"isPartOf\":{\"@id\":\"https:\\\/\\\/bpk-archive.de\\\/tuellmann\\\/#website\"},\"primaryImageOfPage\":{\"@id\":\"https:\\\/\\\/bpk-archive.de\\\/tuellmann\\\/produkt\\\/die-russische-chansonsaengerin-elena-kamburova-bei-einem-auftritt-in-mainz\\\/#primaryimage\"},\"image\":{\"@id\":\"https:\\\/\\\/bpk-archive.de\\\/tuellmann\\\/produkt\\\/die-russische-chansonsaengerin-elena-kamburova-bei-einem-auftritt-in-mainz\\\/#primaryimage\"},\"thumbnailUrl\":\"https:\\\/\\\/bpk-archive.de\\\/tuellmann\\\/wp-content\\\/uploads\\\/2019\\\/08\\\/bpk_70242658.jpg\",\"datePublished\":\"2019-09-05T14:24:21+00:00\",\"dateModified\":\"2019-09-05T14:24:33+00:00\",\"breadcrumb\":{\"@id\":\"https:\\\/\\\/bpk-archive.de\\\/tuellmann\\\/produkt\\\/die-russische-chansonsaengerin-elena-kamburova-bei-einem-auftritt-in-mainz\\\/#breadcrumb\"},\"inLanguage\":\"de\",\"potentialAction\":[{\"@type\":\"ReadAction\",\"target\":[\"https:\\\/\\\/bpk-archive.de\\\/tuellmann\\\/produkt\\\/die-russische-chansonsaengerin-elena-kamburova-bei-einem-auftritt-in-mainz\\\/\"]}]},{\"@type\":\"ImageObject\",\"inLanguage\":\"de\",\"@id\":\"https:\\\/\\\/bpk-archive.de\\\/tuellmann\\\/produkt\\\/die-russische-chansonsaengerin-elena-kamburova-bei-einem-auftritt-in-mainz\\\/#primaryimage\",\"url\":\"https:\\\/\\\/bpk-archive.de\\\/tuellmann\\\/wp-content\\\/uploads\\\/2019\\\/08\\\/bpk_70242658.jpg\",\"contentUrl\":\"https:\\\/\\\/bpk-archive.de\\\/tuellmann\\\/wp-content\\\/uploads\\\/2019\\\/08\\\/bpk_70242658.jpg\",\"width\":1200,\"height\":928,\"caption\":\"Die russische Chansons\u00e4ngerin Elena Kamburova bei einem Auftritt in Mainz\"},{\"@type\":\"BreadcrumbList\",\"@id\":\"https:\\\/\\\/bpk-archive.de\\\/tuellmann\\\/produkt\\\/die-russische-chansonsaengerin-elena-kamburova-bei-einem-auftritt-in-mainz\\\/#breadcrumb\",\"itemListElement\":[{\"@type\":\"ListItem\",\"position\":1,\"name\":\"Startseite\",\"item\":\"https:\\\/\\\/bpk-archive.de\\\/tuellmann\\\/\"},{\"@type\":\"ListItem\",\"position\":2,\"name\":\"Shop\",\"item\":\"https:\\\/\\\/bpk-archive.de\\\/tuellmann\\\/shop\\\/\"},{\"@type\":\"ListItem\",\"position\":3,\"name\":\"Die russische Chansons\u00e4ngerin Elena Kamburova bei einem Auftritt in Mainz\"}]},{\"@type\":\"WebSite\",\"@id\":\"https:\\\/\\\/bpk-archive.de\\\/tuellmann\\\/#website\",\"url\":\"https:\\\/\\\/bpk-archive.de\\\/tuellmann\\\/\",\"name\":\"Abisag T\u00fcllmann\",\"description\":\"Eine weitere WordPress-Website\",\"potentialAction\":[{\"@type\":\"SearchAction\",\"target\":{\"@type\":\"EntryPoint\",\"urlTemplate\":\"https:\\\/\\\/bpk-archive.de\\\/tuellmann\\\/?s={search_term_string}\"},\"query-input\":{\"@type\":\"PropertyValueSpecification\",\"valueRequired\":true,\"valueName\":\"search_term_string\"}}],\"inLanguage\":\"de\"}]}<\/script>\n<!-- \/ Yoast SEO plugin. -->","yoast_head_json":{"title":"Die russische Chansons\u00e4ngerin Elena Kamburova bei einem Auftritt in Mainz - Abisag T\u00fcllmann","robots":{"index":"index","follow":"follow","max-snippet":"max-snippet:-1","max-image-preview":"max-image-preview:large","max-video-preview":"max-video-preview:-1"},"canonical":"https:\/\/bpk-archive.de\/tuellmann\/produkt\/die-russische-chansonsaengerin-elena-kamburova-bei-einem-auftritt-in-mainz\/","og_locale":"de_DE","og_type":"article","og_title":"Die russische Chansons\u00e4ngerin Elena Kamburova bei einem Auftritt in Mainz - Abisag T\u00fcllmann","og_description":"R\u00fcckseitenbeschriftung von anderer Hand: &#8222;Elena Kamburova, Okt. 1991&#8220;","og_url":"https:\/\/bpk-archive.de\/tuellmann\/produkt\/die-russische-chansonsaengerin-elena-kamburova-bei-einem-auftritt-in-mainz\/","og_site_name":"Abisag T\u00fcllmann","article_modified_time":"2019-09-05T14:24:33+00:00","og_image":[{"width":1200,"height":928,"url":"https:\/\/bpk-archive.de\/tuellmann\/wp-content\/uploads\/2019\/08\/bpk_70242658.jpg","type":"image\/jpeg"}],"twitter_card":"summary_large_image","schema":{"@context":"https:\/\/schema.org","@graph":[{"@type":"WebPage","@id":"https:\/\/bpk-archive.de\/tuellmann\/produkt\/die-russische-chansonsaengerin-elena-kamburova-bei-einem-auftritt-in-mainz\/","url":"https:\/\/bpk-archive.de\/tuellmann\/produkt\/die-russische-chansonsaengerin-elena-kamburova-bei-einem-auftritt-in-mainz\/","name":"Die russische Chansons\u00e4ngerin Elena Kamburova bei einem Auftritt in Mainz - Abisag T\u00fcllmann","isPartOf":{"@id":"https:\/\/bpk-archive.de\/tuellmann\/#website"},"primaryImageOfPage":{"@id":"https:\/\/bpk-archive.de\/tuellmann\/produkt\/die-russische-chansonsaengerin-elena-kamburova-bei-einem-auftritt-in-mainz\/#primaryimage"},"image":{"@id":"https:\/\/bpk-archive.de\/tuellmann\/produkt\/die-russische-chansonsaengerin-elena-kamburova-bei-einem-auftritt-in-mainz\/#primaryimage"},"thumbnailUrl":"https:\/\/bpk-archive.de\/tuellmann\/wp-content\/uploads\/2019\/08\/bpk_70242658.jpg","datePublished":"2019-09-05T14:24:21+00:00","dateModified":"2019-09-05T14:24:33+00:00","breadcrumb":{"@id":"https:\/\/bpk-archive.de\/tuellmann\/produkt\/die-russische-chansonsaengerin-elena-kamburova-bei-einem-auftritt-in-mainz\/#breadcrumb"},"inLanguage":"de","potentialAction":[{"@type":"ReadAction","target":["https:\/\/bpk-archive.de\/tuellmann\/produkt\/die-russische-chansonsaengerin-elena-kamburova-bei-einem-auftritt-in-mainz\/"]}]},{"@type":"ImageObject","inLanguage":"de","@id":"https:\/\/bpk-archive.de\/tuellmann\/produkt\/die-russische-chansonsaengerin-elena-kamburova-bei-einem-auftritt-in-mainz\/#primaryimage","url":"https:\/\/bpk-archive.de\/tuellmann\/wp-content\/uploads\/2019\/08\/bpk_70242658.jpg","contentUrl":"https:\/\/bpk-archive.de\/tuellmann\/wp-content\/uploads\/2019\/08\/bpk_70242658.jpg","width":1200,"height":928,"caption":"Die russische Chansons\u00e4ngerin Elena Kamburova bei einem Auftritt in Mainz"},{"@type":"BreadcrumbList","@id":"https:\/\/bpk-archive.de\/tuellmann\/produkt\/die-russische-chansonsaengerin-elena-kamburova-bei-einem-auftritt-in-mainz\/#breadcrumb","itemListElement":[{"@type":"ListItem","position":1,"name":"Startseite","item":"https:\/\/bpk-archive.de\/tuellmann\/"},{"@type":"ListItem","position":2,"name":"Shop","item":"https:\/\/bpk-archive.de\/tuellmann\/shop\/"},{"@type":"ListItem","position":3,"name":"Die russische Chansons\u00e4ngerin Elena Kamburova bei einem Auftritt in Mainz"}]},{"@type":"WebSite","@id":"https:\/\/bpk-archive.de\/tuellmann\/#website","url":"https:\/\/bpk-archive.de\/tuellmann\/","name":"Abisag T\u00fcllmann","description":"Eine weitere WordPress-Website","potentialAction":[{"@type":"SearchAction","target":{"@type":"EntryPoint","urlTemplate":"https:\/\/bpk-archive.de\/tuellmann\/?s={search_term_string}"},"query-input":{"@type":"PropertyValueSpecification","valueRequired":true,"valueName":"search_term_string"}}],"inLanguage":"de"}]}},"_links":{"self":[{"href":"https:\/\/bpk-archive.de\/tuellmann\/wp-json\/wp\/v2\/product\/70297331","targetHints":{"allow":["GET"]}}],"collection":[{"href":"https:\/\/bpk-archive.de\/tuellmann\/wp-json\/wp\/v2\/product"}],"about":[{"href":"https:\/\/bpk-archive.de\/tuellmann\/wp-json\/wp\/v2\/types\/product"}],"wp:featuredmedia":[{"embeddable":true,"href":"https:\/\/bpk-archive.de\/tuellmann\/wp-json\/wp\/v2\/media\/70291978"}],"wp:attachment":[{"href":"https:\/\/bpk-archive.de\/tuellmann\/wp-json\/wp\/v2\/media?parent=70297331"}],"wp:term":[{"taxonomy":"product_brand","embeddable":true,"href":"https:\/\/bpk-archive.de\/tuellmann\/wp-json\/wp\/v2\/product_brand?post=70297331"},{"taxonomy":"product_cat","embeddable":true,"href":"https:\/\/bpk-archive.de\/tuellmann\/wp-json\/wp\/v2\/product_cat?post=70297331"},{"taxonomy":"product_tag","embeddable":true,"href":"https:\/\/bpk-archive.de\/tuellmann\/wp-json\/wp\/v2\/product_tag?post=70297331"}],"curies":[{"name":"wp","href":"https:\/\/api.w.org\/{rel}","templated":true}]}}