{"id":70297276,"date":"2019-09-05T16:23:30","date_gmt":"2019-09-05T14:23:30","guid":{"rendered":"http:\/\/abisagtuellmann.bpk-news.de\/atbild\/im-reservat-serima-tribal-trust-land-rhodesien-heute-simbabwe\/"},"modified":"2020-08-12T10:12:42","modified_gmt":"2020-08-12T08:12:42","slug":"im-reservat-serima-tribal-trust-land-rhodesien-heute-simbabwe","status":"publish","type":"product","link":"https:\/\/bpk-archive.de\/tuellmann\/produkt\/im-reservat-serima-tribal-trust-land-rhodesien-heute-simbabwe\/","title":{"rendered":"Im Reservat Serima (Tribal Trust Land), Rhodesien (heute Simbabwe)"},"content":{"rendered":"<p>Chief Mupawose R\u00fcckseitenbeschriftung von Hand der Fotografin: &#8222;Rhodesien: in einem Reservat (Tribal Trust Land)&#8220; R\u00fcckseitenbeschriftung von anderer Hand: &#8222;Cold fever&#8220;<\/p>\n","protected":false},"excerpt":{"rendered":"<p>Chief Mupawose R\u00fcckseitenbeschriftung von Hand der Fotografin: &#8222;Rhodesien: in einem Reservat (Tribal Trust Land)&#8220; R\u00fcckseitenbeschriftung von anderer Hand: &#8222;Cold fever&#8220;<\/p>\n","protected":false},"featured_media":70292397,"template":"","meta":[],"product_brand":[],"product_cat":[73394],"product_tag":[13230,13232,13234,13231,13233,13235,62055,13777,13236,13237,13240,13241,13242,13243,13244,13245,47418,47419,47420,47421,47422,47423,47424,14173,13250,47365,47366,47367,47679,49576,49577,49578,13784,13785,14177,64331,13253,13254,13255,13256,13257,50851,50852,50853,50854,51485,51486,51487,51488,51489,13260,13261,13268,13269,13270,13271,67795,13293,13786,13787,13294,13295,13296,13297,48817,48818,67796,48819,67797,48820,47377,47579,47580,47581,47582,64333,14201,14202,13301,47589,47590,51882,51883,51884,51886,51887,53383,53384,47814,47815,56965,56966,56967,56968,56969,13818,13819,13820,13821,48012,48013,13822,13823,13824,13825,13826,54815,64337,64338,13328,13827,13828,13329,13330,13331,13332,13829,13830,13831,13832,13833,13834,13835,13836,13837,13838,13839,13840,13841,13842,13843,51896,51897,14238,14239,14240,56605,56607,56608,13877,13879,13865,13864,13866,13351,13352,13353,13858,13859,13860,13861,13862,13863,13354,13869,13870,13871,13872,14241,14242,56611,56612,56613,56614,56615,56616,14243,14244,14245,14246,14247,14248,14249,64896,64897,64348,64349,13519,13520,13521,13522,13523,13524,64052,13363,13364,13365,13366,13367,13368,13369,13878,13880,49504,49505,49506,49507,49508,49509,49561,49562,49563,49564,47529,47530,47531,47532,47533,47534,53172,67798,67799,67800,67801,67802,14254],"class_list":{"0":"post-70297276","1":"product","2":"type-product","3":"status-publish","4":"has-post-thumbnail","6":"product_cat-simbabwe","7":"product_tag-1970er-jahre","8":"product_tag-20-jahrhundert-nach-chr","9":"product_tag-20-jh-n-chr","10":"product_tag-20-jahrhundert","11":"product_tag-20-jh","12":"product_tag-70er","13":"product_tag-abt_025","14":"product_tag-abzug","15":"product_tag-afrika","16":"product_tag-afrikaner","17":"product_tag-afrikanisch","18":"product_tag-afrikanische","19":"product_tag-afrikanischen","20":"product_tag-afrikanischer","21":"product_tag-afrikanisches","22":"product_tag-afrikas","23":"product_tag-alt","24":"product_tag-alte","25":"product_tag-alten","26":"product_tag-alter","27":"product_tag-aeltere","28":"product_tag-aelterer","29":"product_tag-altes","30":"product_tag-at_rhodesien","31":"product_tag-aussen","32":"product_tag-bauten","33":"product_tag-bauwerk","34":"product_tag-bauwerke","35":"product_tag-behausung","36":"product_tag-bewohner","37":"product_tag-bewohnern","38":"product_tag-bewohners","39":"product_tag-bildnis","40":"product_tag-bildnisse","41":"product_tag-blickkontakt","42":"product_tag-chief","43":"product_tag-deutsch","44":"product_tag-deutsche","45":"product_tag-deutschen","46":"product_tag-deutscher","47":"product_tag-deutsches","48":"product_tag-dorf","49":"product_tag-dorfe","50":"product_tag-doerfer","51":"product_tag-dorfes","52":"product_tag-doerflich","53":"product_tag-doerfliche","54":"product_tag-doerflichen","55":"product_tag-doerflicher","56":"product_tag-doerfliches","57":"product_tag-draussen","58":"product_tag-dunkelhaeutiger","59":"product_tag-farbige","60":"product_tag-farbigen","61":"product_tag-farbiger","62":"product_tag-farbiges","63":"product_tag-fieber","64":"product_tag-foto","65":"product_tag-fotoabzug","66":"product_tag-fotoabzuege","67":"product_tag-fotografie","68":"product_tag-fotografien","69":"product_tag-fotografin","70":"product_tag-fotografinnen","71":"product_tag-frieren","72":"product_tag-frierend","73":"product_tag-frierende","74":"product_tag-frierende-frierender","75":"product_tag-frierender","76":"product_tag-frierendes","77":"product_tag-gebaeude","78":"product_tag-gespraech","79":"product_tag-gespraeche","80":"product_tag-gespraeches","81":"product_tag-gespraechs","82":"product_tag-haeuptling","83":"product_tag-huette","84":"product_tag-huetten","85":"product_tag-im-freien","86":"product_tag-konversation","87":"product_tag-konversationen","88":"product_tag-krank","89":"product_tag-kranke","90":"product_tag-kranken","91":"product_tag-kranker","92":"product_tag-krankes","93":"product_tag-krankheit","94":"product_tag-krankheiten","95":"product_tag-landleben","96":"product_tag-landlebens","97":"product_tag-laendlich","98":"product_tag-laendliche","99":"product_tag-laendlichen","100":"product_tag-laendlicher","101":"product_tag-laendliches","102":"product_tag-mann","103":"product_tag-maenner","104":"product_tag-maennerbildnis","105":"product_tag-maennerbildnisse","106":"product_tag-maennergruppe","107":"product_tag-maennergruppen","108":"product_tag-maennerportrait","109":"product_tag-maennerportraits","110":"product_tag-maennerportraet","111":"product_tag-maennerportraets","112":"product_tag-mannes","113":"product_tag-mantel","114":"product_tag-oberhaupt","115":"product_tag-oberhaeupter","116":"product_tag-photo","117":"product_tag-photoabzug","118":"product_tag-photoabzuege","119":"product_tag-photographie","120":"product_tag-photographien","121":"product_tag-photographin","122":"product_tag-photographinnen","123":"product_tag-portrait","124":"product_tag-portraitaufnahme","125":"product_tag-portraitfoto","126":"product_tag-portraitfotografie","127":"product_tag-portraitphoto","128":"product_tag-portraitphotographie","129":"product_tag-portraits","130":"product_tag-portraet","131":"product_tag-portraetaufnahme","132":"product_tag-portraetfoto","133":"product_tag-portraetfotografie","134":"product_tag-portraetphoto","135":"product_tag-portraetphotographie","136":"product_tag-portraets","137":"product_tag-print","138":"product_tag-reservat","139":"product_tag-reservate","140":"product_tag-rhodesien","141":"product_tag-rhodesier","142":"product_tag-rhodesisch","143":"product_tag-rhodesische","144":"product_tag-rhodesischen","145":"product_tag-rhodesischer","146":"product_tag-s-w-fotografie","147":"product_tag-s-w-photographie","148":"product_tag-schwarzweissphotographie","149":"product_tag-schwarz-weiss-fotografie","150":"product_tag-schwarz-weiss-photographie","151":"product_tag-schwarze","152":"product_tag-schwarzen","153":"product_tag-schwarzer","154":"product_tag-schwarzweiss","155":"product_tag-schwarzweisse","156":"product_tag-schwarzweissen","157":"product_tag-schwarzweisser","158":"product_tag-schwarzweisses","159":"product_tag-schwarzweissfotografie","160":"product_tag-siebziger","161":"product_tag-silbergelatine","162":"product_tag-silbergelatineabzug","163":"product_tag-silbergelatineabzuege","164":"product_tag-silbergelatineprint","165":"product_tag-simbabwe","166":"product_tag-simbabwer","167":"product_tag-simbabwisch","168":"product_tag-simbabwische","169":"product_tag-simbabwischem","170":"product_tag-simbabwischen","171":"product_tag-simbabwischer","172":"product_tag-simbabwisches","173":"product_tag-sitzen","174":"product_tag-sitzend","175":"product_tag-sitzende","176":"product_tag-sitzenden","177":"product_tag-sitzender","178":"product_tag-sitzendes","179":"product_tag-sitzt","180":"product_tag-stamm","181":"product_tag-staemme","182":"product_tag-stammesfuehrer","183":"product_tag-stammeshaeuptling","184":"product_tag-stehen","185":"product_tag-stehend","186":"product_tag-stehende","187":"product_tag-stehenden","188":"product_tag-stehender","189":"product_tag-stehendes","190":"product_tag-strohdach","191":"product_tag-suedafrika","192":"product_tag-suedafrikanisch","193":"product_tag-suedafrikanische","194":"product_tag-suedafrikanischen","195":"product_tag-suedafrikanischer","196":"product_tag-suedafrikanisches","197":"product_tag-suedafrikas","198":"product_tag-sw-fotografie","199":"product_tag-sw-photographie","200":"product_tag-traditionell","201":"product_tag-traditionelle","202":"product_tag-traditionellem","203":"product_tag-traditionellen","204":"product_tag-traditioneller","205":"product_tag-traditionelles","206":"product_tag-volksgruppe","207":"product_tag-volksgruppen","208":"product_tag-volksstamm","209":"product_tag-volksstaemme","210":"product_tag-warten","211":"product_tag-wartend","212":"product_tag-wartende","213":"product_tag-wartenden","214":"product_tag-wartender","215":"product_tag-wartendes","216":"product_tag-wintermantel","217":"product_tag-zerlumpt","218":"product_tag-zerlumpte","219":"product_tag-zerlumpten","220":"product_tag-zerlumpter","221":"product_tag-zerlumptes","222":"product_tag-zimbabwe","223":"pa_datierung-september-1971","224":"pa_fotograf-abisag-tuellmann","225":"pa_geografischer_bezug-aufnahmeort-serima-rhodesien-simbabwe","226":"pa_grunddaten_material_technik-foto-silbergelatine-auf-barytpapier","227":"pa_inventarnummer-tue-71-161-19a","228":"pa_jahr_von-49516","229":"pa_massangaben-bildformat-foto-30-x-397-cm","230":"pa_mediennummer-67792","231":"pa_objekt_typ-fotografie","233":"first","234":"instock","235":"product-type-simple"},"yoast_head":"<!-- This site is optimized with the Yoast SEO plugin v27.4 - https:\/\/yoast.com\/product\/yoast-seo-wordpress\/ -->\n<title>Im Reservat Serima (Tribal Trust Land), Rhodesien (heute Simbabwe) - Abisag T\u00fcllmann<\/title>\n<meta name=\"robots\" content=\"index, follow, max-snippet:-1, max-image-preview:large, max-video-preview:-1\" \/>\n<link rel=\"canonical\" href=\"https:\/\/bpk-archive.de\/tuellmann\/produkt\/im-reservat-serima-tribal-trust-land-rhodesien-heute-simbabwe\/\" \/>\n<meta property=\"og:locale\" content=\"de_DE\" \/>\n<meta property=\"og:type\" content=\"article\" \/>\n<meta property=\"og:title\" content=\"Im Reservat Serima (Tribal Trust Land), Rhodesien (heute Simbabwe) - Abisag T\u00fcllmann\" \/>\n<meta property=\"og:description\" content=\"Chief Mupawose R\u00fcckseitenbeschriftung von Hand der Fotografin: &#8222;Rhodesien: in einem Reservat (Tribal Trust Land)&#8220; R\u00fcckseitenbeschriftung von anderer Hand: &#8222;Cold fever&#8220;\" \/>\n<meta property=\"og:url\" content=\"https:\/\/bpk-archive.de\/tuellmann\/produkt\/im-reservat-serima-tribal-trust-land-rhodesien-heute-simbabwe\/\" \/>\n<meta property=\"og:site_name\" content=\"Abisag T\u00fcllmann\" \/>\n<meta property=\"article:modified_time\" content=\"2020-08-12T08:12:42+00:00\" \/>\n<meta property=\"og:image\" content=\"https:\/\/bpk-archive.de\/tuellmann\/wp-content\/uploads\/2019\/08\/bpk_70243024.jpg\" \/>\n\t<meta property=\"og:image:width\" content=\"1200\" \/>\n\t<meta property=\"og:image:height\" content=\"916\" \/>\n\t<meta property=\"og:image:type\" content=\"image\/jpeg\" \/>\n<meta name=\"twitter:card\" content=\"summary_large_image\" \/>\n<script type=\"application\/ld+json\" class=\"yoast-schema-graph\">{\"@context\":\"https:\\\/\\\/schema.org\",\"@graph\":[{\"@type\":\"WebPage\",\"@id\":\"https:\\\/\\\/bpk-archive.de\\\/tuellmann\\\/produkt\\\/im-reservat-serima-tribal-trust-land-rhodesien-heute-simbabwe\\\/\",\"url\":\"https:\\\/\\\/bpk-archive.de\\\/tuellmann\\\/produkt\\\/im-reservat-serima-tribal-trust-land-rhodesien-heute-simbabwe\\\/\",\"name\":\"Im Reservat Serima (Tribal Trust Land), Rhodesien (heute Simbabwe) - Abisag T\u00fcllmann\",\"isPartOf\":{\"@id\":\"https:\\\/\\\/bpk-archive.de\\\/tuellmann\\\/#website\"},\"primaryImageOfPage\":{\"@id\":\"https:\\\/\\\/bpk-archive.de\\\/tuellmann\\\/produkt\\\/im-reservat-serima-tribal-trust-land-rhodesien-heute-simbabwe\\\/#primaryimage\"},\"image\":{\"@id\":\"https:\\\/\\\/bpk-archive.de\\\/tuellmann\\\/produkt\\\/im-reservat-serima-tribal-trust-land-rhodesien-heute-simbabwe\\\/#primaryimage\"},\"thumbnailUrl\":\"https:\\\/\\\/bpk-archive.de\\\/tuellmann\\\/wp-content\\\/uploads\\\/2019\\\/08\\\/bpk_70243024.jpg\",\"datePublished\":\"2019-09-05T14:23:30+00:00\",\"dateModified\":\"2020-08-12T08:12:42+00:00\",\"breadcrumb\":{\"@id\":\"https:\\\/\\\/bpk-archive.de\\\/tuellmann\\\/produkt\\\/im-reservat-serima-tribal-trust-land-rhodesien-heute-simbabwe\\\/#breadcrumb\"},\"inLanguage\":\"de\",\"potentialAction\":[{\"@type\":\"ReadAction\",\"target\":[\"https:\\\/\\\/bpk-archive.de\\\/tuellmann\\\/produkt\\\/im-reservat-serima-tribal-trust-land-rhodesien-heute-simbabwe\\\/\"]}]},{\"@type\":\"ImageObject\",\"inLanguage\":\"de\",\"@id\":\"https:\\\/\\\/bpk-archive.de\\\/tuellmann\\\/produkt\\\/im-reservat-serima-tribal-trust-land-rhodesien-heute-simbabwe\\\/#primaryimage\",\"url\":\"https:\\\/\\\/bpk-archive.de\\\/tuellmann\\\/wp-content\\\/uploads\\\/2019\\\/08\\\/bpk_70243024.jpg\",\"contentUrl\":\"https:\\\/\\\/bpk-archive.de\\\/tuellmann\\\/wp-content\\\/uploads\\\/2019\\\/08\\\/bpk_70243024.jpg\",\"width\":1200,\"height\":916,\"caption\":\"Im Reservat Serima (Tribal Trust Land), Rhodesien (heute Simbabwe)\"},{\"@type\":\"BreadcrumbList\",\"@id\":\"https:\\\/\\\/bpk-archive.de\\\/tuellmann\\\/produkt\\\/im-reservat-serima-tribal-trust-land-rhodesien-heute-simbabwe\\\/#breadcrumb\",\"itemListElement\":[{\"@type\":\"ListItem\",\"position\":1,\"name\":\"Startseite\",\"item\":\"https:\\\/\\\/bpk-archive.de\\\/tuellmann\\\/\"},{\"@type\":\"ListItem\",\"position\":2,\"name\":\"Shop\",\"item\":\"https:\\\/\\\/bpk-archive.de\\\/tuellmann\\\/shop\\\/\"},{\"@type\":\"ListItem\",\"position\":3,\"name\":\"Im Reservat Serima (Tribal Trust Land), Rhodesien (heute Simbabwe)\"}]},{\"@type\":\"WebSite\",\"@id\":\"https:\\\/\\\/bpk-archive.de\\\/tuellmann\\\/#website\",\"url\":\"https:\\\/\\\/bpk-archive.de\\\/tuellmann\\\/\",\"name\":\"Abisag T\u00fcllmann\",\"description\":\"Eine weitere WordPress-Website\",\"potentialAction\":[{\"@type\":\"SearchAction\",\"target\":{\"@type\":\"EntryPoint\",\"urlTemplate\":\"https:\\\/\\\/bpk-archive.de\\\/tuellmann\\\/?s={search_term_string}\"},\"query-input\":{\"@type\":\"PropertyValueSpecification\",\"valueRequired\":true,\"valueName\":\"search_term_string\"}}],\"inLanguage\":\"de\"}]}<\/script>\n<!-- \/ Yoast SEO plugin. -->","yoast_head_json":{"title":"Im Reservat Serima (Tribal Trust Land), Rhodesien (heute Simbabwe) - Abisag T\u00fcllmann","robots":{"index":"index","follow":"follow","max-snippet":"max-snippet:-1","max-image-preview":"max-image-preview:large","max-video-preview":"max-video-preview:-1"},"canonical":"https:\/\/bpk-archive.de\/tuellmann\/produkt\/im-reservat-serima-tribal-trust-land-rhodesien-heute-simbabwe\/","og_locale":"de_DE","og_type":"article","og_title":"Im Reservat Serima (Tribal Trust Land), Rhodesien (heute Simbabwe) - Abisag T\u00fcllmann","og_description":"Chief Mupawose R\u00fcckseitenbeschriftung von Hand der Fotografin: &#8222;Rhodesien: in einem Reservat (Tribal Trust Land)&#8220; R\u00fcckseitenbeschriftung von anderer Hand: &#8222;Cold fever&#8220;","og_url":"https:\/\/bpk-archive.de\/tuellmann\/produkt\/im-reservat-serima-tribal-trust-land-rhodesien-heute-simbabwe\/","og_site_name":"Abisag T\u00fcllmann","article_modified_time":"2020-08-12T08:12:42+00:00","og_image":[{"width":1200,"height":916,"url":"https:\/\/bpk-archive.de\/tuellmann\/wp-content\/uploads\/2019\/08\/bpk_70243024.jpg","type":"image\/jpeg"}],"twitter_card":"summary_large_image","schema":{"@context":"https:\/\/schema.org","@graph":[{"@type":"WebPage","@id":"https:\/\/bpk-archive.de\/tuellmann\/produkt\/im-reservat-serima-tribal-trust-land-rhodesien-heute-simbabwe\/","url":"https:\/\/bpk-archive.de\/tuellmann\/produkt\/im-reservat-serima-tribal-trust-land-rhodesien-heute-simbabwe\/","name":"Im Reservat Serima (Tribal Trust Land), Rhodesien (heute Simbabwe) - Abisag T\u00fcllmann","isPartOf":{"@id":"https:\/\/bpk-archive.de\/tuellmann\/#website"},"primaryImageOfPage":{"@id":"https:\/\/bpk-archive.de\/tuellmann\/produkt\/im-reservat-serima-tribal-trust-land-rhodesien-heute-simbabwe\/#primaryimage"},"image":{"@id":"https:\/\/bpk-archive.de\/tuellmann\/produkt\/im-reservat-serima-tribal-trust-land-rhodesien-heute-simbabwe\/#primaryimage"},"thumbnailUrl":"https:\/\/bpk-archive.de\/tuellmann\/wp-content\/uploads\/2019\/08\/bpk_70243024.jpg","datePublished":"2019-09-05T14:23:30+00:00","dateModified":"2020-08-12T08:12:42+00:00","breadcrumb":{"@id":"https:\/\/bpk-archive.de\/tuellmann\/produkt\/im-reservat-serima-tribal-trust-land-rhodesien-heute-simbabwe\/#breadcrumb"},"inLanguage":"de","potentialAction":[{"@type":"ReadAction","target":["https:\/\/bpk-archive.de\/tuellmann\/produkt\/im-reservat-serima-tribal-trust-land-rhodesien-heute-simbabwe\/"]}]},{"@type":"ImageObject","inLanguage":"de","@id":"https:\/\/bpk-archive.de\/tuellmann\/produkt\/im-reservat-serima-tribal-trust-land-rhodesien-heute-simbabwe\/#primaryimage","url":"https:\/\/bpk-archive.de\/tuellmann\/wp-content\/uploads\/2019\/08\/bpk_70243024.jpg","contentUrl":"https:\/\/bpk-archive.de\/tuellmann\/wp-content\/uploads\/2019\/08\/bpk_70243024.jpg","width":1200,"height":916,"caption":"Im Reservat Serima (Tribal Trust Land), Rhodesien (heute Simbabwe)"},{"@type":"BreadcrumbList","@id":"https:\/\/bpk-archive.de\/tuellmann\/produkt\/im-reservat-serima-tribal-trust-land-rhodesien-heute-simbabwe\/#breadcrumb","itemListElement":[{"@type":"ListItem","position":1,"name":"Startseite","item":"https:\/\/bpk-archive.de\/tuellmann\/"},{"@type":"ListItem","position":2,"name":"Shop","item":"https:\/\/bpk-archive.de\/tuellmann\/shop\/"},{"@type":"ListItem","position":3,"name":"Im Reservat Serima (Tribal Trust Land), Rhodesien (heute Simbabwe)"}]},{"@type":"WebSite","@id":"https:\/\/bpk-archive.de\/tuellmann\/#website","url":"https:\/\/bpk-archive.de\/tuellmann\/","name":"Abisag T\u00fcllmann","description":"Eine weitere WordPress-Website","potentialAction":[{"@type":"SearchAction","target":{"@type":"EntryPoint","urlTemplate":"https:\/\/bpk-archive.de\/tuellmann\/?s={search_term_string}"},"query-input":{"@type":"PropertyValueSpecification","valueRequired":true,"valueName":"search_term_string"}}],"inLanguage":"de"}]}},"_links":{"self":[{"href":"https:\/\/bpk-archive.de\/tuellmann\/wp-json\/wp\/v2\/product\/70297276","targetHints":{"allow":["GET"]}}],"collection":[{"href":"https:\/\/bpk-archive.de\/tuellmann\/wp-json\/wp\/v2\/product"}],"about":[{"href":"https:\/\/bpk-archive.de\/tuellmann\/wp-json\/wp\/v2\/types\/product"}],"wp:featuredmedia":[{"embeddable":true,"href":"https:\/\/bpk-archive.de\/tuellmann\/wp-json\/wp\/v2\/media\/70292397"}],"wp:attachment":[{"href":"https:\/\/bpk-archive.de\/tuellmann\/wp-json\/wp\/v2\/media?parent=70297276"}],"wp:term":[{"taxonomy":"product_brand","embeddable":true,"href":"https:\/\/bpk-archive.de\/tuellmann\/wp-json\/wp\/v2\/product_brand?post=70297276"},{"taxonomy":"product_cat","embeddable":true,"href":"https:\/\/bpk-archive.de\/tuellmann\/wp-json\/wp\/v2\/product_cat?post=70297276"},{"taxonomy":"product_tag","embeddable":true,"href":"https:\/\/bpk-archive.de\/tuellmann\/wp-json\/wp\/v2\/product_tag?post=70297276"}],"curies":[{"name":"wp","href":"https:\/\/api.w.org\/{rel}","templated":true}]}}