{"id":70297264,"date":"2019-09-05T16:23:30","date_gmt":"2019-09-05T14:23:30","guid":{"rendered":"http:\/\/abisagtuellmann.bpk-news.de\/atbild\/frauen-mit-kindern-vor-einer-huette-in-rhodesien-heute-simbabwe\/"},"modified":"2019-09-05T16:23:36","modified_gmt":"2019-09-05T14:23:36","slug":"frauen-mit-kindern-vor-einer-huette-in-rhodesien-heute-simbabwe","status":"publish","type":"product","link":"https:\/\/bpk-archive.de\/tuellmann\/produkt\/frauen-mit-kindern-vor-einer-huette-in-rhodesien-heute-simbabwe\/","title":{"rendered":"Frauen mit Kindern vor einer H\u00fctte in Rhodesien (heute Simbabwe)"},"content":{"rendered":"<p>R\u00fcckseitenbeschriftung von anderer Hand: &#8222;S\u00fcdafrika&#8220;<\/p>\n","protected":false},"excerpt":{"rendered":"<p>R\u00fcckseitenbeschriftung von anderer Hand: &#8222;S\u00fcdafrika&#8220;<\/p>\n","protected":false},"featured_media":70292403,"template":"","meta":[],"product_brand":[],"product_cat":[],"product_tag":[13230,13232,13234,13231,13233,13235,62055,13777,13236,13237,13238,13239,13240,13241,13242,13243,13244,13245,14173,13250,47365,47366,47367,47679,13784,13785,14177,14178,14179,13253,13254,13255,13256,13257,50851,50852,50853,50854,51483,51484,51485,51486,51487,51488,51489,51490,13260,13261,47425,47426,48849,48850,48851,48852,48853,48854,49453,49454,49455,49456,48855,48856,48857,48858,13268,13269,13270,13271,13293,13786,13787,13294,13295,13296,13297,13487,13488,47377,47268,14201,14202,13301,13813,13814,14203,14204,14205,14206,14207,14213,14218,14219,48548,48549,48550,14220,14221,52025,47814,47815,56965,56966,56967,56968,56969,56902,56903,47447,47448,47394,13328,13827,13828,13329,13330,13331,13332,13829,13835,13836,13842,13843,14238,14239,56666,56667,14240,56605,56606,56607,56608,56609,13877,13879,13865,13864,13866,13351,13352,13353,13858,13859,13860,13861,13862,13863,13354,13869,13870,13871,13872,14241,14242,56668,56669,56611,56612,56613,56614,56615,56616,14243,14244,14245,14246,14247,14248,14249,47659,47660,47661,47662,13519,13520,13521,13522,13523,13524,64052,13363,51811,56279,56280,13364,13365,13366,13367,13368,13369,13878,13880,47410,47411,49504,49505,49506,49507,49508,49509,47504,47505,47506,14254],"class_list":{"0":"post-70297264","1":"product","2":"type-product","3":"status-publish","4":"has-post-thumbnail","6":"product_tag-1970er-jahre","7":"product_tag-20-jahrhundert-nach-chr","8":"product_tag-20-jh-n-chr","9":"product_tag-20-jahrhundert","10":"product_tag-20-jh","11":"product_tag-70er","12":"product_tag-abt_025","13":"product_tag-abzug","14":"product_tag-afrika","15":"product_tag-afrikaner","16":"product_tag-afrikanerin","17":"product_tag-afrikanerinnen","18":"product_tag-afrikanisch","19":"product_tag-afrikanische","20":"product_tag-afrikanischen","21":"product_tag-afrikanischer","22":"product_tag-afrikanisches","23":"product_tag-afrikas","24":"product_tag-at_rhodesien","25":"product_tag-aussen","26":"product_tag-bauten","27":"product_tag-bauwerk","28":"product_tag-bauwerke","29":"product_tag-behausung","30":"product_tag-bildnis","31":"product_tag-bildnisse","32":"product_tag-blickkontakt","33":"product_tag-bube","34":"product_tag-buben","35":"product_tag-deutsch","36":"product_tag-deutsche","37":"product_tag-deutschen","38":"product_tag-deutscher","39":"product_tag-deutsches","40":"product_tag-dorf","41":"product_tag-dorfe","42":"product_tag-doerfer","43":"product_tag-dorfes","44":"product_tag-dorfleben","45":"product_tag-dorflebens","46":"product_tag-doerflich","47":"product_tag-doerfliche","48":"product_tag-doerflichen","49":"product_tag-doerflicher","50":"product_tag-doerfliches","51":"product_tag-dorfszene","52":"product_tag-draussen","53":"product_tag-dunkelhaeutiger","54":"product_tag-familie","55":"product_tag-familien","56":"product_tag-familienbild","57":"product_tag-familienbilder","58":"product_tag-familienbildes","59":"product_tag-familienbildnis","60":"product_tag-familienbildnisse","61":"product_tag-familienbilds","62":"product_tag-familienfoto","63":"product_tag-familienfotos","64":"product_tag-familienphoto","65":"product_tag-familienphotos","66":"product_tag-familienportrait","67":"product_tag-familienportraits","68":"product_tag-familienportraet","69":"product_tag-familienportraets","70":"product_tag-farbige","71":"product_tag-farbigen","72":"product_tag-farbiger","73":"product_tag-farbiges","74":"product_tag-foto","75":"product_tag-fotoabzug","76":"product_tag-fotoabzuege","77":"product_tag-fotografie","78":"product_tag-fotografien","79":"product_tag-fotografin","80":"product_tag-fotografinnen","81":"product_tag-frau","82":"product_tag-frauen","83":"product_tag-gebaeude","84":"product_tag-geschwister","85":"product_tag-huette","86":"product_tag-huetten","87":"product_tag-im-freien","88":"product_tag-junge","89":"product_tag-jungen","90":"product_tag-jungens","91":"product_tag-jungs","92":"product_tag-kind","93":"product_tag-kinde","94":"product_tag-kinder","95":"product_tag-kindern","96":"product_tag-kindes","97":"product_tag-kindheit","98":"product_tag-kleinkind","99":"product_tag-kleinkinder","100":"product_tag-kleinkindern","101":"product_tag-knabe","102":"product_tag-knaben","103":"product_tag-landbevoelkerung","104":"product_tag-landleben","105":"product_tag-landlebens","106":"product_tag-laendlich","107":"product_tag-laendliche","108":"product_tag-laendlichen","109":"product_tag-laendlicher","110":"product_tag-laendliches","111":"product_tag-lehmhuette","112":"product_tag-lehmhuetten","113":"product_tag-menschengruppe","114":"product_tag-menschengruppen","115":"product_tag-mutter","116":"product_tag-photo","117":"product_tag-photoabzug","118":"product_tag-photoabzuege","119":"product_tag-photographie","120":"product_tag-photographien","121":"product_tag-photographin","122":"product_tag-photographinnen","123":"product_tag-portrait","124":"product_tag-portraits","125":"product_tag-portraet","126":"product_tag-portraets","127":"product_tag-print","128":"product_tag-rhodesien","129":"product_tag-rhodesier","130":"product_tag-rhodesierin","131":"product_tag-rhodesierinnen","132":"product_tag-rhodesisch","133":"product_tag-rhodesische","134":"product_tag-rhodesischem","135":"product_tag-rhodesischen","136":"product_tag-rhodesischer","137":"product_tag-rhodesisches","138":"product_tag-s-w-fotografie","139":"product_tag-s-w-photographie","140":"product_tag-schwarzweissphotographie","141":"product_tag-schwarz-weiss-fotografie","142":"product_tag-schwarz-weiss-photographie","143":"product_tag-schwarze","144":"product_tag-schwarzen","145":"product_tag-schwarzer","146":"product_tag-schwarzweiss","147":"product_tag-schwarzweisse","148":"product_tag-schwarzweissen","149":"product_tag-schwarzweisser","150":"product_tag-schwarzweisses","151":"product_tag-schwarzweissfotografie","152":"product_tag-siebziger","153":"product_tag-silbergelatine","154":"product_tag-silbergelatineabzug","155":"product_tag-silbergelatineabzuege","156":"product_tag-silbergelatineprint","157":"product_tag-simbabwe","158":"product_tag-simbabwer","159":"product_tag-simbabwerin","160":"product_tag-simbabwerinnen","161":"product_tag-simbabwisch","162":"product_tag-simbabwische","163":"product_tag-simbabwischem","164":"product_tag-simbabwischen","165":"product_tag-simbabwischer","166":"product_tag-simbabwisches","167":"product_tag-sitzen","168":"product_tag-sitzend","169":"product_tag-sitzende","170":"product_tag-sitzenden","171":"product_tag-sitzender","172":"product_tag-sitzendes","173":"product_tag-sitzt","174":"product_tag-sohn","175":"product_tag-soehne","176":"product_tag-soehnen","177":"product_tag-sohnes","178":"product_tag-stehen","179":"product_tag-stehend","180":"product_tag-stehende","181":"product_tag-stehenden","182":"product_tag-stehender","183":"product_tag-stehendes","184":"product_tag-strohdach","185":"product_tag-suedafrika","186":"product_tag-suedafrikaner","187":"product_tag-suedafrikanerin","188":"product_tag-suedafrikanerinnen","189":"product_tag-suedafrikanisch","190":"product_tag-suedafrikanische","191":"product_tag-suedafrikanischen","192":"product_tag-suedafrikanischer","193":"product_tag-suedafrikanisches","194":"product_tag-suedafrikas","195":"product_tag-sw-fotografie","196":"product_tag-sw-photographie","197":"product_tag-tochter","198":"product_tag-toechtern","199":"product_tag-traditionell","200":"product_tag-traditionelle","201":"product_tag-traditionellem","202":"product_tag-traditionellen","203":"product_tag-traditioneller","204":"product_tag-traditionelles","205":"product_tag-wohngebaeude","206":"product_tag-wohnhaus","207":"product_tag-wohnhaeuser","208":"product_tag-zimbabwe","209":"pa_datierung-september-1971","210":"pa_fotograf-abisag-tuellmann","211":"pa_geografischer_bezug-aufnahmeort-rhodesien-simbabwe","212":"pa_grunddaten_material_technik-foto-silbergelatine-auf-barytpapier","213":"pa_inventarnummer-tue-71-116-36","214":"pa_jahr_von-49516","215":"pa_massangaben-bildformat-foto-298-x-393-cm","216":"pa_mediennummer-67741","217":"pa_objekt_typ-fotografie","219":"first","220":"instock","221":"product-type-simple"},"yoast_head":"<!-- This site is optimized with the Yoast SEO plugin v27.4 - https:\/\/yoast.com\/product\/yoast-seo-wordpress\/ -->\n<title>Frauen mit Kindern vor einer H\u00fctte in Rhodesien (heute Simbabwe) - Abisag T\u00fcllmann<\/title>\n<meta name=\"robots\" content=\"index, follow, max-snippet:-1, max-image-preview:large, max-video-preview:-1\" \/>\n<link rel=\"canonical\" href=\"https:\/\/bpk-archive.de\/tuellmann\/produkt\/frauen-mit-kindern-vor-einer-huette-in-rhodesien-heute-simbabwe\/\" \/>\n<meta property=\"og:locale\" content=\"de_DE\" \/>\n<meta property=\"og:type\" content=\"article\" \/>\n<meta property=\"og:title\" content=\"Frauen mit Kindern vor einer H\u00fctte in Rhodesien (heute Simbabwe) - Abisag T\u00fcllmann\" \/>\n<meta property=\"og:description\" content=\"R\u00fcckseitenbeschriftung von anderer Hand: &#8222;S\u00fcdafrika&#8220;\" \/>\n<meta property=\"og:url\" content=\"https:\/\/bpk-archive.de\/tuellmann\/produkt\/frauen-mit-kindern-vor-einer-huette-in-rhodesien-heute-simbabwe\/\" \/>\n<meta property=\"og:site_name\" content=\"Abisag T\u00fcllmann\" \/>\n<meta property=\"article:modified_time\" content=\"2019-09-05T14:23:36+00:00\" \/>\n<meta property=\"og:image\" content=\"https:\/\/bpk-archive.de\/tuellmann\/wp-content\/uploads\/2019\/08\/bpk_70243026.jpg\" \/>\n\t<meta property=\"og:image:width\" content=\"1200\" \/>\n\t<meta property=\"og:image:height\" content=\"910\" \/>\n\t<meta property=\"og:image:type\" content=\"image\/jpeg\" \/>\n<meta name=\"twitter:card\" content=\"summary_large_image\" \/>\n<script type=\"application\/ld+json\" class=\"yoast-schema-graph\">{\"@context\":\"https:\\\/\\\/schema.org\",\"@graph\":[{\"@type\":\"WebPage\",\"@id\":\"https:\\\/\\\/bpk-archive.de\\\/tuellmann\\\/produkt\\\/frauen-mit-kindern-vor-einer-huette-in-rhodesien-heute-simbabwe\\\/\",\"url\":\"https:\\\/\\\/bpk-archive.de\\\/tuellmann\\\/produkt\\\/frauen-mit-kindern-vor-einer-huette-in-rhodesien-heute-simbabwe\\\/\",\"name\":\"Frauen mit Kindern vor einer H\u00fctte in Rhodesien (heute Simbabwe) - Abisag T\u00fcllmann\",\"isPartOf\":{\"@id\":\"https:\\\/\\\/bpk-archive.de\\\/tuellmann\\\/#website\"},\"primaryImageOfPage\":{\"@id\":\"https:\\\/\\\/bpk-archive.de\\\/tuellmann\\\/produkt\\\/frauen-mit-kindern-vor-einer-huette-in-rhodesien-heute-simbabwe\\\/#primaryimage\"},\"image\":{\"@id\":\"https:\\\/\\\/bpk-archive.de\\\/tuellmann\\\/produkt\\\/frauen-mit-kindern-vor-einer-huette-in-rhodesien-heute-simbabwe\\\/#primaryimage\"},\"thumbnailUrl\":\"https:\\\/\\\/bpk-archive.de\\\/tuellmann\\\/wp-content\\\/uploads\\\/2019\\\/08\\\/bpk_70243026.jpg\",\"datePublished\":\"2019-09-05T14:23:30+00:00\",\"dateModified\":\"2019-09-05T14:23:36+00:00\",\"breadcrumb\":{\"@id\":\"https:\\\/\\\/bpk-archive.de\\\/tuellmann\\\/produkt\\\/frauen-mit-kindern-vor-einer-huette-in-rhodesien-heute-simbabwe\\\/#breadcrumb\"},\"inLanguage\":\"de\",\"potentialAction\":[{\"@type\":\"ReadAction\",\"target\":[\"https:\\\/\\\/bpk-archive.de\\\/tuellmann\\\/produkt\\\/frauen-mit-kindern-vor-einer-huette-in-rhodesien-heute-simbabwe\\\/\"]}]},{\"@type\":\"ImageObject\",\"inLanguage\":\"de\",\"@id\":\"https:\\\/\\\/bpk-archive.de\\\/tuellmann\\\/produkt\\\/frauen-mit-kindern-vor-einer-huette-in-rhodesien-heute-simbabwe\\\/#primaryimage\",\"url\":\"https:\\\/\\\/bpk-archive.de\\\/tuellmann\\\/wp-content\\\/uploads\\\/2019\\\/08\\\/bpk_70243026.jpg\",\"contentUrl\":\"https:\\\/\\\/bpk-archive.de\\\/tuellmann\\\/wp-content\\\/uploads\\\/2019\\\/08\\\/bpk_70243026.jpg\",\"width\":1200,\"height\":910,\"caption\":\"Frauen mit Kindern vor einer H\u00fctte in Rhodesien (heute Simbabwe)\"},{\"@type\":\"BreadcrumbList\",\"@id\":\"https:\\\/\\\/bpk-archive.de\\\/tuellmann\\\/produkt\\\/frauen-mit-kindern-vor-einer-huette-in-rhodesien-heute-simbabwe\\\/#breadcrumb\",\"itemListElement\":[{\"@type\":\"ListItem\",\"position\":1,\"name\":\"Startseite\",\"item\":\"https:\\\/\\\/bpk-archive.de\\\/tuellmann\\\/\"},{\"@type\":\"ListItem\",\"position\":2,\"name\":\"Shop\",\"item\":\"https:\\\/\\\/bpk-archive.de\\\/tuellmann\\\/shop\\\/\"},{\"@type\":\"ListItem\",\"position\":3,\"name\":\"Frauen mit Kindern vor einer H\u00fctte in Rhodesien (heute Simbabwe)\"}]},{\"@type\":\"WebSite\",\"@id\":\"https:\\\/\\\/bpk-archive.de\\\/tuellmann\\\/#website\",\"url\":\"https:\\\/\\\/bpk-archive.de\\\/tuellmann\\\/\",\"name\":\"Abisag T\u00fcllmann\",\"description\":\"Eine weitere WordPress-Website\",\"potentialAction\":[{\"@type\":\"SearchAction\",\"target\":{\"@type\":\"EntryPoint\",\"urlTemplate\":\"https:\\\/\\\/bpk-archive.de\\\/tuellmann\\\/?s={search_term_string}\"},\"query-input\":{\"@type\":\"PropertyValueSpecification\",\"valueRequired\":true,\"valueName\":\"search_term_string\"}}],\"inLanguage\":\"de\"}]}<\/script>\n<!-- \/ Yoast SEO plugin. -->","yoast_head_json":{"title":"Frauen mit Kindern vor einer H\u00fctte in Rhodesien (heute Simbabwe) - Abisag T\u00fcllmann","robots":{"index":"index","follow":"follow","max-snippet":"max-snippet:-1","max-image-preview":"max-image-preview:large","max-video-preview":"max-video-preview:-1"},"canonical":"https:\/\/bpk-archive.de\/tuellmann\/produkt\/frauen-mit-kindern-vor-einer-huette-in-rhodesien-heute-simbabwe\/","og_locale":"de_DE","og_type":"article","og_title":"Frauen mit Kindern vor einer H\u00fctte in Rhodesien (heute Simbabwe) - Abisag T\u00fcllmann","og_description":"R\u00fcckseitenbeschriftung von anderer Hand: &#8222;S\u00fcdafrika&#8220;","og_url":"https:\/\/bpk-archive.de\/tuellmann\/produkt\/frauen-mit-kindern-vor-einer-huette-in-rhodesien-heute-simbabwe\/","og_site_name":"Abisag T\u00fcllmann","article_modified_time":"2019-09-05T14:23:36+00:00","og_image":[{"width":1200,"height":910,"url":"https:\/\/bpk-archive.de\/tuellmann\/wp-content\/uploads\/2019\/08\/bpk_70243026.jpg","type":"image\/jpeg"}],"twitter_card":"summary_large_image","schema":{"@context":"https:\/\/schema.org","@graph":[{"@type":"WebPage","@id":"https:\/\/bpk-archive.de\/tuellmann\/produkt\/frauen-mit-kindern-vor-einer-huette-in-rhodesien-heute-simbabwe\/","url":"https:\/\/bpk-archive.de\/tuellmann\/produkt\/frauen-mit-kindern-vor-einer-huette-in-rhodesien-heute-simbabwe\/","name":"Frauen mit Kindern vor einer H\u00fctte in Rhodesien (heute Simbabwe) - Abisag T\u00fcllmann","isPartOf":{"@id":"https:\/\/bpk-archive.de\/tuellmann\/#website"},"primaryImageOfPage":{"@id":"https:\/\/bpk-archive.de\/tuellmann\/produkt\/frauen-mit-kindern-vor-einer-huette-in-rhodesien-heute-simbabwe\/#primaryimage"},"image":{"@id":"https:\/\/bpk-archive.de\/tuellmann\/produkt\/frauen-mit-kindern-vor-einer-huette-in-rhodesien-heute-simbabwe\/#primaryimage"},"thumbnailUrl":"https:\/\/bpk-archive.de\/tuellmann\/wp-content\/uploads\/2019\/08\/bpk_70243026.jpg","datePublished":"2019-09-05T14:23:30+00:00","dateModified":"2019-09-05T14:23:36+00:00","breadcrumb":{"@id":"https:\/\/bpk-archive.de\/tuellmann\/produkt\/frauen-mit-kindern-vor-einer-huette-in-rhodesien-heute-simbabwe\/#breadcrumb"},"inLanguage":"de","potentialAction":[{"@type":"ReadAction","target":["https:\/\/bpk-archive.de\/tuellmann\/produkt\/frauen-mit-kindern-vor-einer-huette-in-rhodesien-heute-simbabwe\/"]}]},{"@type":"ImageObject","inLanguage":"de","@id":"https:\/\/bpk-archive.de\/tuellmann\/produkt\/frauen-mit-kindern-vor-einer-huette-in-rhodesien-heute-simbabwe\/#primaryimage","url":"https:\/\/bpk-archive.de\/tuellmann\/wp-content\/uploads\/2019\/08\/bpk_70243026.jpg","contentUrl":"https:\/\/bpk-archive.de\/tuellmann\/wp-content\/uploads\/2019\/08\/bpk_70243026.jpg","width":1200,"height":910,"caption":"Frauen mit Kindern vor einer H\u00fctte in Rhodesien (heute Simbabwe)"},{"@type":"BreadcrumbList","@id":"https:\/\/bpk-archive.de\/tuellmann\/produkt\/frauen-mit-kindern-vor-einer-huette-in-rhodesien-heute-simbabwe\/#breadcrumb","itemListElement":[{"@type":"ListItem","position":1,"name":"Startseite","item":"https:\/\/bpk-archive.de\/tuellmann\/"},{"@type":"ListItem","position":2,"name":"Shop","item":"https:\/\/bpk-archive.de\/tuellmann\/shop\/"},{"@type":"ListItem","position":3,"name":"Frauen mit Kindern vor einer H\u00fctte in Rhodesien (heute Simbabwe)"}]},{"@type":"WebSite","@id":"https:\/\/bpk-archive.de\/tuellmann\/#website","url":"https:\/\/bpk-archive.de\/tuellmann\/","name":"Abisag T\u00fcllmann","description":"Eine weitere WordPress-Website","potentialAction":[{"@type":"SearchAction","target":{"@type":"EntryPoint","urlTemplate":"https:\/\/bpk-archive.de\/tuellmann\/?s={search_term_string}"},"query-input":{"@type":"PropertyValueSpecification","valueRequired":true,"valueName":"search_term_string"}}],"inLanguage":"de"}]}},"_links":{"self":[{"href":"https:\/\/bpk-archive.de\/tuellmann\/wp-json\/wp\/v2\/product\/70297264","targetHints":{"allow":["GET"]}}],"collection":[{"href":"https:\/\/bpk-archive.de\/tuellmann\/wp-json\/wp\/v2\/product"}],"about":[{"href":"https:\/\/bpk-archive.de\/tuellmann\/wp-json\/wp\/v2\/types\/product"}],"wp:featuredmedia":[{"embeddable":true,"href":"https:\/\/bpk-archive.de\/tuellmann\/wp-json\/wp\/v2\/media\/70292403"}],"wp:attachment":[{"href":"https:\/\/bpk-archive.de\/tuellmann\/wp-json\/wp\/v2\/media?parent=70297264"}],"wp:term":[{"taxonomy":"product_brand","embeddable":true,"href":"https:\/\/bpk-archive.de\/tuellmann\/wp-json\/wp\/v2\/product_brand?post=70297264"},{"taxonomy":"product_cat","embeddable":true,"href":"https:\/\/bpk-archive.de\/tuellmann\/wp-json\/wp\/v2\/product_cat?post=70297264"},{"taxonomy":"product_tag","embeddable":true,"href":"https:\/\/bpk-archive.de\/tuellmann\/wp-json\/wp\/v2\/product_tag?post=70297264"}],"curies":[{"name":"wp","href":"https:\/\/api.w.org\/{rel}","templated":true}]}}