{"id":70297245,"date":"2019-09-05T16:23:14","date_gmt":"2019-09-05T14:23:14","guid":{"rendered":"http:\/\/abisagtuellmann.bpk-news.de\/atbild\/im-franzoesischen-pavillon-auf-der-35-biennale-von-venedig\/"},"modified":"2019-09-05T16:23:19","modified_gmt":"2019-09-05T14:23:19","slug":"im-franzoesischen-pavillon-auf-der-35-biennale-von-venedig","status":"publish","type":"product","link":"https:\/\/bpk-archive.de\/tuellmann\/produkt\/im-franzoesischen-pavillon-auf-der-35-biennale-von-venedig\/","title":{"rendered":"Im franz\u00f6sischen Pavillon auf der 35. Biennale von Venedig"},"content":{"rendered":"<p>R\u00fcckseitenbeschriftung von Hand der Fotografin: &#8222;Im franz\u00f6sischen Pavillon&#8220;<\/p>\n","protected":false},"excerpt":{"rendered":"<p>R\u00fcckseitenbeschriftung von Hand der Fotografin: &#8222;Im franz\u00f6sischen Pavillon&#8220;<\/p>\n","protected":false},"featured_media":70292399,"template":"","meta":[],"product_brand":[],"product_cat":[],"product_tag":[13230,13232,13234,13231,13233,13235,63025,13777,60161,13250,50837,50838,56058,56059,56064,56065,13784,13785,56072,13253,13254,13255,13256,13257,13260,13473,13293,13786,13787,13294,13295,13296,13297,57697,57698,51355,51356,51357,51358,51359,51360,51361,13301,13498,56867,56868,51508,51511,51512,51513,51514,51515,51516,56428,56080,13499,13500,56081,56873,56874,58080,58081,60163,60164,60165,60166,58082,13505,13506,50989,50990,50991,50992,50993,13818,13819,13826,51518,51519,51520,51521,51522,51523,51524,51597,51599,51600,51602,56082,56083,56084,13328,13827,13828,13329,13330,13331,13332,13829,13830,13831,13832,13833,13834,13835,13836,13837,13838,13839,13840,13841,13842,13843,67625,67626,55960,55961,51763,51764,51765,51766,51767,51768,13877,13879,13865,13864,13866,13858,13859,13860,13861,13862,13863,13354,13869,13870,13871,13872,52667,52668,55962,55963,51537,51539,51540,51541,51542,51543,51544,13878,13880,55983,55984,55988,55989,55990,55991,55992,55993,13525,56096,56097],"class_list":{"0":"post-70297245","1":"product","2":"type-product","3":"status-publish","4":"has-post-thumbnail","6":"product_tag-1970er-jahre","7":"product_tag-20-jahrhundert-nach-chr","8":"product_tag-20-jh-n-chr","9":"product_tag-20-jahrhundert","10":"product_tag-20-jh","11":"product_tag-70er","12":"product_tag-abt_007","13":"product_tag-abzug","14":"product_tag-at_kunst","15":"product_tag-aussen","16":"product_tag-ausstellung","17":"product_tag-ausstellungen","18":"product_tag-ausstellungspavillon","19":"product_tag-ausstellungspavillons","20":"product_tag-biennale","21":"product_tag-bildende-kunst","22":"product_tag-bildnis","23":"product_tag-bildnisse","24":"product_tag-contemporary-art","25":"product_tag-deutsch","26":"product_tag-deutsche","27":"product_tag-deutschen","28":"product_tag-deutscher","29":"product_tag-deutsches","30":"product_tag-draussen","31":"product_tag-drinnen","32":"product_tag-foto","33":"product_tag-fotoabzug","34":"product_tag-fotoabzuege","35":"product_tag-fotografie","36":"product_tag-fotografien","37":"product_tag-fotografin","38":"product_tag-fotografinnen","39":"product_tag-frankreich","40":"product_tag-frankreichs","41":"product_tag-franzose","42":"product_tag-franzosen","43":"product_tag-franzoesisch","44":"product_tag-franzoesische","45":"product_tag-franzoesischen","46":"product_tag-franzoesischer","47":"product_tag-franzoesisches","48":"product_tag-im-freien","49":"product_tag-innen","50":"product_tag-installation","51":"product_tag-installationen","52":"product_tag-italien","53":"product_tag-italienisch","54":"product_tag-italienische","55":"product_tag-italienischen","56":"product_tag-italienischer","57":"product_tag-italienisches","58":"product_tag-italiens","59":"product_tag-kultur","60":"product_tag-kunst","61":"product_tag-kunstausstellung","62":"product_tag-kunstausstellungen","63":"product_tag-kuenste","64":"product_tag-kunstinstallation","65":"product_tag-kunstinstallationen","66":"product_tag-kuenstler","67":"product_tag-kuenstlern","68":"product_tag-kuenstlerportrait","69":"product_tag-kuenstlerportraits","70":"product_tag-kuenstlerportraet","71":"product_tag-kuenstlerportraets","72":"product_tag-kuenstlers","73":"product_tag-kunstwerk","74":"product_tag-kunstwerke","75":"product_tag-laufen","76":"product_tag-laufend","77":"product_tag-laufende","78":"product_tag-laufender","79":"product_tag-laufendes","80":"product_tag-mann","81":"product_tag-maenner","82":"product_tag-mannes","83":"product_tag-mediterran","84":"product_tag-mediterrane","85":"product_tag-mediterranen","86":"product_tag-mediterraner","87":"product_tag-mediterranes","88":"product_tag-mittelmeerland","89":"product_tag-mittelmeerlaender","90":"product_tag-norditalien","91":"product_tag-norditalienisch","92":"product_tag-oberitalien","93":"product_tag-oberitalienisch","94":"product_tag-pavillion","95":"product_tag-pavillon","96":"product_tag-pavillons","97":"product_tag-photo","98":"product_tag-photoabzug","99":"product_tag-photoabzuege","100":"product_tag-photographie","101":"product_tag-photographien","102":"product_tag-photographin","103":"product_tag-photographinnen","104":"product_tag-portrait","105":"product_tag-portraitaufnahme","106":"product_tag-portraitfoto","107":"product_tag-portraitfotografie","108":"product_tag-portraitphoto","109":"product_tag-portraitphotographie","110":"product_tag-portraits","111":"product_tag-portraet","112":"product_tag-portraetaufnahme","113":"product_tag-portraetfoto","114":"product_tag-portraetfotografie","115":"product_tag-portraetphoto","116":"product_tag-portraetphotographie","117":"product_tag-portraets","118":"product_tag-print","119":"product_tag-rampe","120":"product_tag-rampen","121":"product_tag-reflexion","122":"product_tag-reflexionen","123":"product_tag-rennen","124":"product_tag-rennend","125":"product_tag-rennende","126":"product_tag-rennenden","127":"product_tag-rennender","128":"product_tag-rennendes","129":"product_tag-s-w-fotografie","130":"product_tag-s-w-photographie","131":"product_tag-schwarzweissphotographie","132":"product_tag-schwarz-weiss-fotografie","133":"product_tag-schwarz-weiss-photographie","134":"product_tag-schwarzweiss","135":"product_tag-schwarzweisse","136":"product_tag-schwarzweissen","137":"product_tag-schwarzweisser","138":"product_tag-schwarzweisses","139":"product_tag-schwarzweissfotografie","140":"product_tag-siebziger","141":"product_tag-silbergelatine","142":"product_tag-silbergelatineabzug","143":"product_tag-silbergelatineabzuege","144":"product_tag-silbergelatineprint","145":"product_tag-spiegel","146":"product_tag-spiegels","147":"product_tag-spiegelung","148":"product_tag-spiegelungen","149":"product_tag-suedeuropa","150":"product_tag-suedeuropaeisch","151":"product_tag-suedeuropaeische","152":"product_tag-suedeuropaeischem","153":"product_tag-suedeuropaeischen","154":"product_tag-suedeuropaeischer","155":"product_tag-suedeuropaeisches","156":"product_tag-sw-fotografie","157":"product_tag-sw-photographie","158":"product_tag-venedig","159":"product_tag-venedigs","160":"product_tag-venezianisch","161":"product_tag-venezianische","162":"product_tag-venezianischem","163":"product_tag-venezianischen","164":"product_tag-venezianischer","165":"product_tag-venezianisches","166":"product_tag-von-innen","167":"product_tag-zeitgenoessische-kunst","168":"product_tag-zeitgenoessischen-kunst","169":"pa_datierung-juni-1970","170":"pa_fotograf-abisag-tuellmann","171":"pa_geografischer_bezug-aufnahmeort-venedig-italien","172":"pa_grunddaten_material_technik-foto-silbergelatine-auf-barytpapier","173":"pa_inventarnummer-tue-70-212-11a","174":"pa_jahr_von-53324","175":"pa_massangaben-bildformat-foto-232-x-294-cm","176":"pa_mediennummer-67622","177":"pa_objekt_typ-fotografie","179":"first","180":"instock","181":"product-type-simple"},"yoast_head":"<!-- This site is optimized with the Yoast SEO plugin v27.4 - https:\/\/yoast.com\/product\/yoast-seo-wordpress\/ -->\n<title>Im franz\u00f6sischen Pavillon auf der 35. Biennale von Venedig - Abisag T\u00fcllmann<\/title>\n<meta name=\"robots\" content=\"index, follow, max-snippet:-1, max-image-preview:large, max-video-preview:-1\" \/>\n<link rel=\"canonical\" href=\"https:\/\/bpk-archive.de\/tuellmann\/produkt\/im-franzoesischen-pavillon-auf-der-35-biennale-von-venedig\/\" \/>\n<meta property=\"og:locale\" content=\"de_DE\" \/>\n<meta property=\"og:type\" content=\"article\" \/>\n<meta property=\"og:title\" content=\"Im franz\u00f6sischen Pavillon auf der 35. Biennale von Venedig - Abisag T\u00fcllmann\" \/>\n<meta property=\"og:description\" content=\"R\u00fcckseitenbeschriftung von Hand der Fotografin: &#8222;Im franz\u00f6sischen Pavillon&#8220;\" \/>\n<meta property=\"og:url\" content=\"https:\/\/bpk-archive.de\/tuellmann\/produkt\/im-franzoesischen-pavillon-auf-der-35-biennale-von-venedig\/\" \/>\n<meta property=\"og:site_name\" content=\"Abisag T\u00fcllmann\" \/>\n<meta property=\"article:modified_time\" content=\"2019-09-05T14:23:19+00:00\" \/>\n<meta property=\"og:image\" content=\"https:\/\/bpk-archive.de\/tuellmann\/wp-content\/uploads\/2019\/08\/bpk_70242974.jpg\" \/>\n\t<meta property=\"og:image:width\" content=\"1200\" \/>\n\t<meta property=\"og:image:height\" content=\"955\" \/>\n\t<meta property=\"og:image:type\" content=\"image\/jpeg\" \/>\n<meta name=\"twitter:card\" content=\"summary_large_image\" \/>\n<script type=\"application\/ld+json\" class=\"yoast-schema-graph\">{\"@context\":\"https:\\\/\\\/schema.org\",\"@graph\":[{\"@type\":\"WebPage\",\"@id\":\"https:\\\/\\\/bpk-archive.de\\\/tuellmann\\\/produkt\\\/im-franzoesischen-pavillon-auf-der-35-biennale-von-venedig\\\/\",\"url\":\"https:\\\/\\\/bpk-archive.de\\\/tuellmann\\\/produkt\\\/im-franzoesischen-pavillon-auf-der-35-biennale-von-venedig\\\/\",\"name\":\"Im franz\u00f6sischen Pavillon auf der 35. Biennale von Venedig - Abisag T\u00fcllmann\",\"isPartOf\":{\"@id\":\"https:\\\/\\\/bpk-archive.de\\\/tuellmann\\\/#website\"},\"primaryImageOfPage\":{\"@id\":\"https:\\\/\\\/bpk-archive.de\\\/tuellmann\\\/produkt\\\/im-franzoesischen-pavillon-auf-der-35-biennale-von-venedig\\\/#primaryimage\"},\"image\":{\"@id\":\"https:\\\/\\\/bpk-archive.de\\\/tuellmann\\\/produkt\\\/im-franzoesischen-pavillon-auf-der-35-biennale-von-venedig\\\/#primaryimage\"},\"thumbnailUrl\":\"https:\\\/\\\/bpk-archive.de\\\/tuellmann\\\/wp-content\\\/uploads\\\/2019\\\/08\\\/bpk_70242974.jpg\",\"datePublished\":\"2019-09-05T14:23:14+00:00\",\"dateModified\":\"2019-09-05T14:23:19+00:00\",\"breadcrumb\":{\"@id\":\"https:\\\/\\\/bpk-archive.de\\\/tuellmann\\\/produkt\\\/im-franzoesischen-pavillon-auf-der-35-biennale-von-venedig\\\/#breadcrumb\"},\"inLanguage\":\"de\",\"potentialAction\":[{\"@type\":\"ReadAction\",\"target\":[\"https:\\\/\\\/bpk-archive.de\\\/tuellmann\\\/produkt\\\/im-franzoesischen-pavillon-auf-der-35-biennale-von-venedig\\\/\"]}]},{\"@type\":\"ImageObject\",\"inLanguage\":\"de\",\"@id\":\"https:\\\/\\\/bpk-archive.de\\\/tuellmann\\\/produkt\\\/im-franzoesischen-pavillon-auf-der-35-biennale-von-venedig\\\/#primaryimage\",\"url\":\"https:\\\/\\\/bpk-archive.de\\\/tuellmann\\\/wp-content\\\/uploads\\\/2019\\\/08\\\/bpk_70242974.jpg\",\"contentUrl\":\"https:\\\/\\\/bpk-archive.de\\\/tuellmann\\\/wp-content\\\/uploads\\\/2019\\\/08\\\/bpk_70242974.jpg\",\"width\":1200,\"height\":955,\"caption\":\"Im franz\u00f6sischen Pavillon auf der 35. Biennale von Venedig\"},{\"@type\":\"BreadcrumbList\",\"@id\":\"https:\\\/\\\/bpk-archive.de\\\/tuellmann\\\/produkt\\\/im-franzoesischen-pavillon-auf-der-35-biennale-von-venedig\\\/#breadcrumb\",\"itemListElement\":[{\"@type\":\"ListItem\",\"position\":1,\"name\":\"Startseite\",\"item\":\"https:\\\/\\\/bpk-archive.de\\\/tuellmann\\\/\"},{\"@type\":\"ListItem\",\"position\":2,\"name\":\"Shop\",\"item\":\"https:\\\/\\\/bpk-archive.de\\\/tuellmann\\\/shop\\\/\"},{\"@type\":\"ListItem\",\"position\":3,\"name\":\"Im franz\u00f6sischen Pavillon auf der 35. Biennale von Venedig\"}]},{\"@type\":\"WebSite\",\"@id\":\"https:\\\/\\\/bpk-archive.de\\\/tuellmann\\\/#website\",\"url\":\"https:\\\/\\\/bpk-archive.de\\\/tuellmann\\\/\",\"name\":\"Abisag T\u00fcllmann\",\"description\":\"Eine weitere WordPress-Website\",\"potentialAction\":[{\"@type\":\"SearchAction\",\"target\":{\"@type\":\"EntryPoint\",\"urlTemplate\":\"https:\\\/\\\/bpk-archive.de\\\/tuellmann\\\/?s={search_term_string}\"},\"query-input\":{\"@type\":\"PropertyValueSpecification\",\"valueRequired\":true,\"valueName\":\"search_term_string\"}}],\"inLanguage\":\"de\"}]}<\/script>\n<!-- \/ Yoast SEO plugin. -->","yoast_head_json":{"title":"Im franz\u00f6sischen Pavillon auf der 35. Biennale von Venedig - Abisag T\u00fcllmann","robots":{"index":"index","follow":"follow","max-snippet":"max-snippet:-1","max-image-preview":"max-image-preview:large","max-video-preview":"max-video-preview:-1"},"canonical":"https:\/\/bpk-archive.de\/tuellmann\/produkt\/im-franzoesischen-pavillon-auf-der-35-biennale-von-venedig\/","og_locale":"de_DE","og_type":"article","og_title":"Im franz\u00f6sischen Pavillon auf der 35. Biennale von Venedig - Abisag T\u00fcllmann","og_description":"R\u00fcckseitenbeschriftung von Hand der Fotografin: &#8222;Im franz\u00f6sischen Pavillon&#8220;","og_url":"https:\/\/bpk-archive.de\/tuellmann\/produkt\/im-franzoesischen-pavillon-auf-der-35-biennale-von-venedig\/","og_site_name":"Abisag T\u00fcllmann","article_modified_time":"2019-09-05T14:23:19+00:00","og_image":[{"width":1200,"height":955,"url":"https:\/\/bpk-archive.de\/tuellmann\/wp-content\/uploads\/2019\/08\/bpk_70242974.jpg","type":"image\/jpeg"}],"twitter_card":"summary_large_image","schema":{"@context":"https:\/\/schema.org","@graph":[{"@type":"WebPage","@id":"https:\/\/bpk-archive.de\/tuellmann\/produkt\/im-franzoesischen-pavillon-auf-der-35-biennale-von-venedig\/","url":"https:\/\/bpk-archive.de\/tuellmann\/produkt\/im-franzoesischen-pavillon-auf-der-35-biennale-von-venedig\/","name":"Im franz\u00f6sischen Pavillon auf der 35. Biennale von Venedig - Abisag T\u00fcllmann","isPartOf":{"@id":"https:\/\/bpk-archive.de\/tuellmann\/#website"},"primaryImageOfPage":{"@id":"https:\/\/bpk-archive.de\/tuellmann\/produkt\/im-franzoesischen-pavillon-auf-der-35-biennale-von-venedig\/#primaryimage"},"image":{"@id":"https:\/\/bpk-archive.de\/tuellmann\/produkt\/im-franzoesischen-pavillon-auf-der-35-biennale-von-venedig\/#primaryimage"},"thumbnailUrl":"https:\/\/bpk-archive.de\/tuellmann\/wp-content\/uploads\/2019\/08\/bpk_70242974.jpg","datePublished":"2019-09-05T14:23:14+00:00","dateModified":"2019-09-05T14:23:19+00:00","breadcrumb":{"@id":"https:\/\/bpk-archive.de\/tuellmann\/produkt\/im-franzoesischen-pavillon-auf-der-35-biennale-von-venedig\/#breadcrumb"},"inLanguage":"de","potentialAction":[{"@type":"ReadAction","target":["https:\/\/bpk-archive.de\/tuellmann\/produkt\/im-franzoesischen-pavillon-auf-der-35-biennale-von-venedig\/"]}]},{"@type":"ImageObject","inLanguage":"de","@id":"https:\/\/bpk-archive.de\/tuellmann\/produkt\/im-franzoesischen-pavillon-auf-der-35-biennale-von-venedig\/#primaryimage","url":"https:\/\/bpk-archive.de\/tuellmann\/wp-content\/uploads\/2019\/08\/bpk_70242974.jpg","contentUrl":"https:\/\/bpk-archive.de\/tuellmann\/wp-content\/uploads\/2019\/08\/bpk_70242974.jpg","width":1200,"height":955,"caption":"Im franz\u00f6sischen Pavillon auf der 35. Biennale von Venedig"},{"@type":"BreadcrumbList","@id":"https:\/\/bpk-archive.de\/tuellmann\/produkt\/im-franzoesischen-pavillon-auf-der-35-biennale-von-venedig\/#breadcrumb","itemListElement":[{"@type":"ListItem","position":1,"name":"Startseite","item":"https:\/\/bpk-archive.de\/tuellmann\/"},{"@type":"ListItem","position":2,"name":"Shop","item":"https:\/\/bpk-archive.de\/tuellmann\/shop\/"},{"@type":"ListItem","position":3,"name":"Im franz\u00f6sischen Pavillon auf der 35. Biennale von Venedig"}]},{"@type":"WebSite","@id":"https:\/\/bpk-archive.de\/tuellmann\/#website","url":"https:\/\/bpk-archive.de\/tuellmann\/","name":"Abisag T\u00fcllmann","description":"Eine weitere WordPress-Website","potentialAction":[{"@type":"SearchAction","target":{"@type":"EntryPoint","urlTemplate":"https:\/\/bpk-archive.de\/tuellmann\/?s={search_term_string}"},"query-input":{"@type":"PropertyValueSpecification","valueRequired":true,"valueName":"search_term_string"}}],"inLanguage":"de"}]}},"_links":{"self":[{"href":"https:\/\/bpk-archive.de\/tuellmann\/wp-json\/wp\/v2\/product\/70297245","targetHints":{"allow":["GET"]}}],"collection":[{"href":"https:\/\/bpk-archive.de\/tuellmann\/wp-json\/wp\/v2\/product"}],"about":[{"href":"https:\/\/bpk-archive.de\/tuellmann\/wp-json\/wp\/v2\/types\/product"}],"wp:featuredmedia":[{"embeddable":true,"href":"https:\/\/bpk-archive.de\/tuellmann\/wp-json\/wp\/v2\/media\/70292399"}],"wp:attachment":[{"href":"https:\/\/bpk-archive.de\/tuellmann\/wp-json\/wp\/v2\/media?parent=70297245"}],"wp:term":[{"taxonomy":"product_brand","embeddable":true,"href":"https:\/\/bpk-archive.de\/tuellmann\/wp-json\/wp\/v2\/product_brand?post=70297245"},{"taxonomy":"product_cat","embeddable":true,"href":"https:\/\/bpk-archive.de\/tuellmann\/wp-json\/wp\/v2\/product_cat?post=70297245"},{"taxonomy":"product_tag","embeddable":true,"href":"https:\/\/bpk-archive.de\/tuellmann\/wp-json\/wp\/v2\/product_tag?post=70297245"}],"curies":[{"name":"wp","href":"https:\/\/api.w.org\/{rel}","templated":true}]}}