{"id":70297167,"date":"2019-09-05T16:22:06","date_gmt":"2019-09-05T14:22:06","guid":{"rendered":"http:\/\/abisagtuellmann.bpk-news.de\/atbild\/rueckseite-von-trauriges-maedchen-im-kindergarten-st-bernhard\/"},"modified":"2019-09-05T16:22:13","modified_gmt":"2019-09-05T14:22:13","slug":"rueckseite-von-trauriges-maedchen-im-kindergarten-st-bernhard","status":"publish","type":"product","link":"https:\/\/bpk-archive.de\/tuellmann\/produkt\/rueckseite-von-trauriges-maedchen-im-kindergarten-st-bernhard\/","title":{"rendered":"R\u00fcckseite von: Trauriges M\u00e4dchen im Kindergarten St. Bernhard"},"content":{"rendered":"<p>Vorderseite siehe: 70248509<\/p>\n","protected":false},"excerpt":{"rendered":"<p>Vorderseite siehe: 70248509<\/p>\n","protected":false},"featured_media":70292707,"template":"","meta":[],"product_brand":[],"product_cat":[],"product_tag":[13230,13232,13234,13231,13233,13235,62149,13777,62150,13469,13470,13471,13472,13293,13786,13787,13294,13295,13296,13297,13485,13486,13482,13481,13483,13484,14327,13492,13493,13494,13495,13496,13497,14205,14206,14207,49695,54131,54132,54133,14213,14218,14219,13310,13311,54028,13328,13827,13828,13329,13330,13331,13332,13843,13877,13879,13865,13864,13866,13858,13859,13860,13861,13862,13863,13354,13869,13870,13871,13872,13878,13880,52000,52001,52002,52003,52004,52005,48366,48367,48368],"class_list":{"0":"post-70297167","1":"product","2":"type-product","3":"status-publish","4":"has-post-thumbnail","6":"product_tag-1970er-jahre","7":"product_tag-20-jahrhundert-nach-chr","8":"product_tag-20-jh-n-chr","9":"product_tag-20-jahrhundert","10":"product_tag-20-jh","11":"product_tag-70er","12":"product_tag-abt_005","13":"product_tag-abzug","14":"product_tag-at_paedagogik","15":"product_tag-brd","16":"product_tag-bundesrepublik-deutschland","17":"product_tag-deutschland","18":"product_tag-deutschlands","19":"product_tag-foto","20":"product_tag-fotoabzug","21":"product_tag-fotoabzuege","22":"product_tag-fotografie","23":"product_tag-fotografien","24":"product_tag-fotografin","25":"product_tag-fotografinnen","26":"product_tag-frankfurt-m","27":"product_tag-frankfurt-main","28":"product_tag-frankfurt-a-main","29":"product_tag-frankfurt-a-m","30":"product_tag-frankfurt-am-main","31":"product_tag-frankfurter","32":"product_tag-gesellschaft","33":"product_tag-hessen","34":"product_tag-hessisch","35":"product_tag-hessische","36":"product_tag-hessischen","37":"product_tag-hessischer","38":"product_tag-hessisches","39":"product_tag-kind","40":"product_tag-kinde","41":"product_tag-kinder","42":"product_tag-kindererziehung","43":"product_tag-kindergarten","44":"product_tag-kindergartenkind","45":"product_tag-kindergartenkinder","46":"product_tag-kindern","47":"product_tag-kindes","48":"product_tag-kindheit","49":"product_tag-maedchen","50":"product_tag-maedchens","51":"product_tag-paedagogik","52":"product_tag-photo","53":"product_tag-photoabzug","54":"product_tag-photoabzuege","55":"product_tag-photographie","56":"product_tag-photographien","57":"product_tag-photographin","58":"product_tag-photographinnen","59":"product_tag-print","60":"product_tag-s-w-fotografie","61":"product_tag-s-w-photographie","62":"product_tag-schwarzweissphotographie","63":"product_tag-schwarz-weiss-fotografie","64":"product_tag-schwarz-weiss-photographie","65":"product_tag-schwarzweiss","66":"product_tag-schwarzweisse","67":"product_tag-schwarzweissen","68":"product_tag-schwarzweisser","69":"product_tag-schwarzweisses","70":"product_tag-schwarzweissfotografie","71":"product_tag-siebziger","72":"product_tag-silbergelatine","73":"product_tag-silbergelatineabzug","74":"product_tag-silbergelatineabzuege","75":"product_tag-silbergelatineprint","76":"product_tag-sw-fotografie","77":"product_tag-sw-photographie","78":"product_tag-traurig","79":"product_tag-traurige","80":"product_tag-traurigen","81":"product_tag-trauriger","82":"product_tag-trauriges","83":"product_tag-traurigkeit","84":"product_tag-v","85":"product_tag-verso","86":"product_tag-vs","87":"pa_datierung-februar-1974","88":"pa_fotograf-abisag-tuellmann","89":"pa_geografischer_bezug-aufnahmeort-frankfurt-am-main-deutschland","90":"pa_grunddaten_material_technik-foto-silbergelatine-auf-barytpapier","91":"pa_inventarnummer-tue-74-038-19","92":"pa_jahr_von-51802","93":"pa_massangaben-bildformat-foto-233-x-304-cm","94":"pa_mediennummer-67253","95":"pa_objekt_typ-fotografie","97":"first","98":"instock","99":"product-type-simple"},"yoast_head":"<!-- This site is optimized with the Yoast SEO plugin v27.3 - https:\/\/yoast.com\/product\/yoast-seo-wordpress\/ -->\n<title>R\u00fcckseite von: Trauriges M\u00e4dchen im Kindergarten St. Bernhard - Abisag T\u00fcllmann<\/title>\n<meta name=\"robots\" content=\"index, follow, max-snippet:-1, max-image-preview:large, max-video-preview:-1\" \/>\n<link rel=\"canonical\" href=\"https:\/\/bpk-archive.de\/tuellmann\/produkt\/rueckseite-von-trauriges-maedchen-im-kindergarten-st-bernhard\/\" \/>\n<meta property=\"og:locale\" content=\"de_DE\" \/>\n<meta property=\"og:type\" content=\"article\" \/>\n<meta property=\"og:title\" content=\"R\u00fcckseite von: Trauriges M\u00e4dchen im Kindergarten St. Bernhard - Abisag T\u00fcllmann\" \/>\n<meta property=\"og:description\" content=\"Vorderseite siehe: 70248509\" \/>\n<meta property=\"og:url\" content=\"https:\/\/bpk-archive.de\/tuellmann\/produkt\/rueckseite-von-trauriges-maedchen-im-kindergarten-st-bernhard\/\" \/>\n<meta property=\"og:site_name\" content=\"Abisag T\u00fcllmann\" \/>\n<meta property=\"article:modified_time\" content=\"2019-09-05T14:22:13+00:00\" \/>\n<meta property=\"og:image\" content=\"https:\/\/bpk-archive.de\/tuellmann\/wp-content\/uploads\/2019\/08\/bpk_70248510.jpg\" \/>\n\t<meta property=\"og:image:width\" content=\"1200\" \/>\n\t<meta property=\"og:image:height\" content=\"937\" \/>\n\t<meta property=\"og:image:type\" content=\"image\/jpeg\" \/>\n<meta name=\"twitter:card\" content=\"summary_large_image\" \/>\n<script type=\"application\/ld+json\" class=\"yoast-schema-graph\">{\"@context\":\"https:\\\/\\\/schema.org\",\"@graph\":[{\"@type\":\"WebPage\",\"@id\":\"https:\\\/\\\/bpk-archive.de\\\/tuellmann\\\/produkt\\\/rueckseite-von-trauriges-maedchen-im-kindergarten-st-bernhard\\\/\",\"url\":\"https:\\\/\\\/bpk-archive.de\\\/tuellmann\\\/produkt\\\/rueckseite-von-trauriges-maedchen-im-kindergarten-st-bernhard\\\/\",\"name\":\"R\u00fcckseite von: Trauriges M\u00e4dchen im Kindergarten St. Bernhard - Abisag T\u00fcllmann\",\"isPartOf\":{\"@id\":\"https:\\\/\\\/bpk-archive.de\\\/tuellmann\\\/#website\"},\"primaryImageOfPage\":{\"@id\":\"https:\\\/\\\/bpk-archive.de\\\/tuellmann\\\/produkt\\\/rueckseite-von-trauriges-maedchen-im-kindergarten-st-bernhard\\\/#primaryimage\"},\"image\":{\"@id\":\"https:\\\/\\\/bpk-archive.de\\\/tuellmann\\\/produkt\\\/rueckseite-von-trauriges-maedchen-im-kindergarten-st-bernhard\\\/#primaryimage\"},\"thumbnailUrl\":\"https:\\\/\\\/bpk-archive.de\\\/tuellmann\\\/wp-content\\\/uploads\\\/2019\\\/08\\\/bpk_70248510.jpg\",\"datePublished\":\"2019-09-05T14:22:06+00:00\",\"dateModified\":\"2019-09-05T14:22:13+00:00\",\"breadcrumb\":{\"@id\":\"https:\\\/\\\/bpk-archive.de\\\/tuellmann\\\/produkt\\\/rueckseite-von-trauriges-maedchen-im-kindergarten-st-bernhard\\\/#breadcrumb\"},\"inLanguage\":\"de\",\"potentialAction\":[{\"@type\":\"ReadAction\",\"target\":[\"https:\\\/\\\/bpk-archive.de\\\/tuellmann\\\/produkt\\\/rueckseite-von-trauriges-maedchen-im-kindergarten-st-bernhard\\\/\"]}]},{\"@type\":\"ImageObject\",\"inLanguage\":\"de\",\"@id\":\"https:\\\/\\\/bpk-archive.de\\\/tuellmann\\\/produkt\\\/rueckseite-von-trauriges-maedchen-im-kindergarten-st-bernhard\\\/#primaryimage\",\"url\":\"https:\\\/\\\/bpk-archive.de\\\/tuellmann\\\/wp-content\\\/uploads\\\/2019\\\/08\\\/bpk_70248510.jpg\",\"contentUrl\":\"https:\\\/\\\/bpk-archive.de\\\/tuellmann\\\/wp-content\\\/uploads\\\/2019\\\/08\\\/bpk_70248510.jpg\",\"width\":1200,\"height\":937,\"caption\":\"R\u00fcckseite von: Trauriges M\u00e4dchen im Kindergarten St. Bernhard\"},{\"@type\":\"BreadcrumbList\",\"@id\":\"https:\\\/\\\/bpk-archive.de\\\/tuellmann\\\/produkt\\\/rueckseite-von-trauriges-maedchen-im-kindergarten-st-bernhard\\\/#breadcrumb\",\"itemListElement\":[{\"@type\":\"ListItem\",\"position\":1,\"name\":\"Startseite\",\"item\":\"https:\\\/\\\/bpk-archive.de\\\/tuellmann\\\/\"},{\"@type\":\"ListItem\",\"position\":2,\"name\":\"Shop\",\"item\":\"https:\\\/\\\/bpk-archive.de\\\/tuellmann\\\/shop\\\/\"},{\"@type\":\"ListItem\",\"position\":3,\"name\":\"R\u00fcckseite von: Trauriges M\u00e4dchen im Kindergarten St. Bernhard\"}]},{\"@type\":\"WebSite\",\"@id\":\"https:\\\/\\\/bpk-archive.de\\\/tuellmann\\\/#website\",\"url\":\"https:\\\/\\\/bpk-archive.de\\\/tuellmann\\\/\",\"name\":\"Abisag T\u00fcllmann\",\"description\":\"Eine weitere WordPress-Website\",\"potentialAction\":[{\"@type\":\"SearchAction\",\"target\":{\"@type\":\"EntryPoint\",\"urlTemplate\":\"https:\\\/\\\/bpk-archive.de\\\/tuellmann\\\/?s={search_term_string}\"},\"query-input\":{\"@type\":\"PropertyValueSpecification\",\"valueRequired\":true,\"valueName\":\"search_term_string\"}}],\"inLanguage\":\"de\"}]}<\/script>\n<!-- \/ Yoast SEO plugin. -->","yoast_head_json":{"title":"R\u00fcckseite von: Trauriges M\u00e4dchen im Kindergarten St. Bernhard - Abisag T\u00fcllmann","robots":{"index":"index","follow":"follow","max-snippet":"max-snippet:-1","max-image-preview":"max-image-preview:large","max-video-preview":"max-video-preview:-1"},"canonical":"https:\/\/bpk-archive.de\/tuellmann\/produkt\/rueckseite-von-trauriges-maedchen-im-kindergarten-st-bernhard\/","og_locale":"de_DE","og_type":"article","og_title":"R\u00fcckseite von: Trauriges M\u00e4dchen im Kindergarten St. Bernhard - Abisag T\u00fcllmann","og_description":"Vorderseite siehe: 70248509","og_url":"https:\/\/bpk-archive.de\/tuellmann\/produkt\/rueckseite-von-trauriges-maedchen-im-kindergarten-st-bernhard\/","og_site_name":"Abisag T\u00fcllmann","article_modified_time":"2019-09-05T14:22:13+00:00","og_image":[{"width":1200,"height":937,"url":"https:\/\/bpk-archive.de\/tuellmann\/wp-content\/uploads\/2019\/08\/bpk_70248510.jpg","type":"image\/jpeg"}],"twitter_card":"summary_large_image","schema":{"@context":"https:\/\/schema.org","@graph":[{"@type":"WebPage","@id":"https:\/\/bpk-archive.de\/tuellmann\/produkt\/rueckseite-von-trauriges-maedchen-im-kindergarten-st-bernhard\/","url":"https:\/\/bpk-archive.de\/tuellmann\/produkt\/rueckseite-von-trauriges-maedchen-im-kindergarten-st-bernhard\/","name":"R\u00fcckseite von: Trauriges M\u00e4dchen im Kindergarten St. Bernhard - Abisag T\u00fcllmann","isPartOf":{"@id":"https:\/\/bpk-archive.de\/tuellmann\/#website"},"primaryImageOfPage":{"@id":"https:\/\/bpk-archive.de\/tuellmann\/produkt\/rueckseite-von-trauriges-maedchen-im-kindergarten-st-bernhard\/#primaryimage"},"image":{"@id":"https:\/\/bpk-archive.de\/tuellmann\/produkt\/rueckseite-von-trauriges-maedchen-im-kindergarten-st-bernhard\/#primaryimage"},"thumbnailUrl":"https:\/\/bpk-archive.de\/tuellmann\/wp-content\/uploads\/2019\/08\/bpk_70248510.jpg","datePublished":"2019-09-05T14:22:06+00:00","dateModified":"2019-09-05T14:22:13+00:00","breadcrumb":{"@id":"https:\/\/bpk-archive.de\/tuellmann\/produkt\/rueckseite-von-trauriges-maedchen-im-kindergarten-st-bernhard\/#breadcrumb"},"inLanguage":"de","potentialAction":[{"@type":"ReadAction","target":["https:\/\/bpk-archive.de\/tuellmann\/produkt\/rueckseite-von-trauriges-maedchen-im-kindergarten-st-bernhard\/"]}]},{"@type":"ImageObject","inLanguage":"de","@id":"https:\/\/bpk-archive.de\/tuellmann\/produkt\/rueckseite-von-trauriges-maedchen-im-kindergarten-st-bernhard\/#primaryimage","url":"https:\/\/bpk-archive.de\/tuellmann\/wp-content\/uploads\/2019\/08\/bpk_70248510.jpg","contentUrl":"https:\/\/bpk-archive.de\/tuellmann\/wp-content\/uploads\/2019\/08\/bpk_70248510.jpg","width":1200,"height":937,"caption":"R\u00fcckseite von: Trauriges M\u00e4dchen im Kindergarten St. Bernhard"},{"@type":"BreadcrumbList","@id":"https:\/\/bpk-archive.de\/tuellmann\/produkt\/rueckseite-von-trauriges-maedchen-im-kindergarten-st-bernhard\/#breadcrumb","itemListElement":[{"@type":"ListItem","position":1,"name":"Startseite","item":"https:\/\/bpk-archive.de\/tuellmann\/"},{"@type":"ListItem","position":2,"name":"Shop","item":"https:\/\/bpk-archive.de\/tuellmann\/shop\/"},{"@type":"ListItem","position":3,"name":"R\u00fcckseite von: Trauriges M\u00e4dchen im Kindergarten St. Bernhard"}]},{"@type":"WebSite","@id":"https:\/\/bpk-archive.de\/tuellmann\/#website","url":"https:\/\/bpk-archive.de\/tuellmann\/","name":"Abisag T\u00fcllmann","description":"Eine weitere WordPress-Website","potentialAction":[{"@type":"SearchAction","target":{"@type":"EntryPoint","urlTemplate":"https:\/\/bpk-archive.de\/tuellmann\/?s={search_term_string}"},"query-input":{"@type":"PropertyValueSpecification","valueRequired":true,"valueName":"search_term_string"}}],"inLanguage":"de"}]}},"_links":{"self":[{"href":"https:\/\/bpk-archive.de\/tuellmann\/wp-json\/wp\/v2\/product\/70297167","targetHints":{"allow":["GET"]}}],"collection":[{"href":"https:\/\/bpk-archive.de\/tuellmann\/wp-json\/wp\/v2\/product"}],"about":[{"href":"https:\/\/bpk-archive.de\/tuellmann\/wp-json\/wp\/v2\/types\/product"}],"wp:featuredmedia":[{"embeddable":true,"href":"https:\/\/bpk-archive.de\/tuellmann\/wp-json\/wp\/v2\/media\/70292707"}],"wp:attachment":[{"href":"https:\/\/bpk-archive.de\/tuellmann\/wp-json\/wp\/v2\/media?parent=70297167"}],"wp:term":[{"taxonomy":"product_brand","embeddable":true,"href":"https:\/\/bpk-archive.de\/tuellmann\/wp-json\/wp\/v2\/product_brand?post=70297167"},{"taxonomy":"product_cat","embeddable":true,"href":"https:\/\/bpk-archive.de\/tuellmann\/wp-json\/wp\/v2\/product_cat?post=70297167"},{"taxonomy":"product_tag","embeddable":true,"href":"https:\/\/bpk-archive.de\/tuellmann\/wp-json\/wp\/v2\/product_tag?post=70297167"}],"curies":[{"name":"wp","href":"https:\/\/api.w.org\/{rel}","templated":true}]}}