{"id":70297149,"date":"2019-09-05T16:21:46","date_gmt":"2019-09-05T14:21:46","guid":{"rendered":"http:\/\/abisagtuellmann.bpk-news.de\/atbild\/plakat-jesus-lebt-am-fenster-ueber-dem-eingang-zur-grosskellerei-nowak-kunkel\/"},"modified":"2019-09-05T16:21:59","modified_gmt":"2019-09-05T14:21:59","slug":"plakat-jesus-lebt-am-fenster-ueber-dem-eingang-zur-grosskellerei-nowak-kunkel","status":"publish","type":"product","link":"https:\/\/bpk-archive.de\/tuellmann\/produkt\/plakat-jesus-lebt-am-fenster-ueber-dem-eingang-zur-grosskellerei-nowak-kunkel\/","title":{"rendered":"Plakat &#8222;Jesus lebt!&#8220; am Fenster \u00fcber dem Eingang zur &#8222;Gro\u00dfkellerei Nowak &#038; Kunkel&#8220;"},"content":{"rendered":"<p>R\u00fcckseitenbeschriftung von anderer Hand: &#8222;&#8218;Jesus lebt!'&#8220;<\/p>\n","protected":false},"excerpt":{"rendered":"<p>R\u00fcckseitenbeschriftung von anderer Hand: &#8222;&#8218;Jesus lebt!&#8217;&#8220;<\/p>\n","protected":false},"featured_media":70291925,"template":"","meta":[],"product_brand":[],"product_cat":[],"product_tag":[13774,13232,13234,13231,13233,13775,65667,13777,53761,64257,64258,64259,64260,64261,64262,64263,64264,64265,64266,13250,13606,47365,47366,47367,13469,13470,47989,49838,52083,52084,13253,13254,13255,13256,13257,13471,13472,13260,48698,52303,52304,54287,67146,13293,13786,13787,13294,13295,13296,13297,49256,49257,49258,49259,49260,49261,47377,49265,49266,66005,66006,48101,48102,13301,52093,52094,67147,67148,13328,13827,13828,13329,13330,13331,13332,48266,48267,52789,52790,52791,48269,13843,49233,49234,13877,13879,13345,13865,13864,13866,13858,13859,13860,13861,13862,13863,13867,13869,13870,13871,13872,13878,13880,13655,13656],"class_list":{"0":"post-70297149","1":"product","2":"type-product","3":"status-publish","4":"has-post-thumbnail","6":"product_tag-1960er-jahre","7":"product_tag-20-jahrhundert-nach-chr","8":"product_tag-20-jh-n-chr","9":"product_tag-20-jahrhundert","10":"product_tag-20-jh","11":"product_tag-60er","12":"product_tag-abt_014","13":"product_tag-abzug","14":"product_tag-at_schrift","15":"product_tag-aufgehangen","16":"product_tag-aufgehangene","17":"product_tag-aufgehangenen","18":"product_tag-aufgehangener","19":"product_tag-aufgehangenes","20":"product_tag-aufgehaengt","21":"product_tag-aufgehaengte","22":"product_tag-aufgehaengten","23":"product_tag-aufgehaengter","24":"product_tag-aufgehaengtes","25":"product_tag-aussen","26":"product_tag-banner","27":"product_tag-bauten","28":"product_tag-bauwerk","29":"product_tag-bauwerke","30":"product_tag-brd","31":"product_tag-bundesrepublik-deutschland","32":"product_tag-christ","33":"product_tag-christentum","34":"product_tag-christi","35":"product_tag-christus","36":"product_tag-deutsch","37":"product_tag-deutsche","38":"product_tag-deutschen","39":"product_tag-deutscher","40":"product_tag-deutsches","41":"product_tag-deutschland","42":"product_tag-deutschlands","43":"product_tag-draussen","44":"product_tag-eingang","45":"product_tag-eingangstor","46":"product_tag-eingangstore","47":"product_tag-firmenlogo","48":"product_tag-firmenname","49":"product_tag-foto","50":"product_tag-fotoabzug","51":"product_tag-fotoabzuege","52":"product_tag-fotografie","53":"product_tag-fotografien","54":"product_tag-fotografin","55":"product_tag-fotografinnen","56":"product_tag-fromm","57":"product_tag-fromme","58":"product_tag-frommen","59":"product_tag-frommer","60":"product_tag-frommes","61":"product_tag-froemmigkeit","62":"product_tag-gebaeude","63":"product_tag-glaube","64":"product_tag-glauben","65":"product_tag-haengen","66":"product_tag-haengt","67":"product_tag-hauseingang","68":"product_tag-hauseingaenge","69":"product_tag-im-freien","70":"product_tag-jesu","71":"product_tag-jesus","72":"product_tag-kellerei","73":"product_tag-kellereien","74":"product_tag-photo","75":"product_tag-photoabzug","76":"product_tag-photoabzuege","77":"product_tag-photographie","78":"product_tag-photographien","79":"product_tag-photographin","80":"product_tag-photographinnen","81":"product_tag-plakat","82":"product_tag-plakate","83":"product_tag-portal","84":"product_tag-portale","85":"product_tag-portalen","86":"product_tag-poster","87":"product_tag-print","88":"product_tag-religion","89":"product_tag-religionen","90":"product_tag-s-w-fotografie","91":"product_tag-s-w-photographie","92":"product_tag-schriftzug","93":"product_tag-schwarzweissphotographie","94":"product_tag-schwarz-weiss-fotografie","95":"product_tag-schwarz-weiss-photographie","96":"product_tag-schwarzweiss","97":"product_tag-schwarzweisse","98":"product_tag-schwarzweissen","99":"product_tag-schwarzweisser","100":"product_tag-schwarzweisses","101":"product_tag-schwarzweissfotografie","102":"product_tag-sechziger","103":"product_tag-silbergelatine","104":"product_tag-silbergelatineabzug","105":"product_tag-silbergelatineabzuege","106":"product_tag-silbergelatineprint","107":"product_tag-sw-fotografie","108":"product_tag-sw-photographie","109":"product_tag-transparent","110":"product_tag-transparente","111":"pa_datierung-april-1962","112":"pa_fotograf-abisag-tuellmann","113":"pa_geografischer_bezug-aufnahmeort-deutschland","114":"pa_grunddaten_material_technik-foto-silbergelatine-auf-barytpapier","115":"pa_inventarnummer-tue-62-043-05","116":"pa_jahr_von-57345","117":"pa_massangaben-bildformat-foto-233-x-291-cm","118":"pa_mediennummer-67142","119":"pa_objekt_typ-fotografie","121":"first","122":"instock","123":"product-type-simple"},"yoast_head":"<!-- This site is optimized with the Yoast SEO plugin v27.4 - https:\/\/yoast.com\/product\/yoast-seo-wordpress\/ -->\n<title>Plakat &quot;Jesus lebt!&quot; am Fenster \u00fcber dem Eingang zur &quot;Gro\u00dfkellerei Nowak &amp; Kunkel&quot; - Abisag T\u00fcllmann<\/title>\n<meta name=\"robots\" content=\"index, follow, max-snippet:-1, max-image-preview:large, max-video-preview:-1\" \/>\n<link rel=\"canonical\" href=\"https:\/\/bpk-archive.de\/tuellmann\/produkt\/plakat-jesus-lebt-am-fenster-ueber-dem-eingang-zur-grosskellerei-nowak-kunkel\/\" \/>\n<meta property=\"og:locale\" content=\"de_DE\" \/>\n<meta property=\"og:type\" content=\"article\" \/>\n<meta property=\"og:title\" content=\"Plakat &quot;Jesus lebt!&quot; am Fenster \u00fcber dem Eingang zur &quot;Gro\u00dfkellerei Nowak &amp; Kunkel&quot; - Abisag T\u00fcllmann\" \/>\n<meta property=\"og:description\" content=\"R\u00fcckseitenbeschriftung von anderer Hand: &#8222;&#8218;Jesus lebt!&#039;&#8220;\" \/>\n<meta property=\"og:url\" content=\"https:\/\/bpk-archive.de\/tuellmann\/produkt\/plakat-jesus-lebt-am-fenster-ueber-dem-eingang-zur-grosskellerei-nowak-kunkel\/\" \/>\n<meta property=\"og:site_name\" content=\"Abisag T\u00fcllmann\" \/>\n<meta property=\"article:modified_time\" content=\"2019-09-05T14:21:59+00:00\" \/>\n<meta property=\"og:image\" content=\"https:\/\/bpk-archive.de\/tuellmann\/wp-content\/uploads\/2019\/08\/bpk_70240631.jpg\" \/>\n\t<meta property=\"og:image:width\" content=\"1200\" \/>\n\t<meta property=\"og:image:height\" content=\"979\" \/>\n\t<meta property=\"og:image:type\" content=\"image\/jpeg\" \/>\n<meta name=\"twitter:card\" content=\"summary_large_image\" \/>\n<script type=\"application\/ld+json\" class=\"yoast-schema-graph\">{\"@context\":\"https:\\\/\\\/schema.org\",\"@graph\":[{\"@type\":\"WebPage\",\"@id\":\"https:\\\/\\\/bpk-archive.de\\\/tuellmann\\\/produkt\\\/plakat-jesus-lebt-am-fenster-ueber-dem-eingang-zur-grosskellerei-nowak-kunkel\\\/\",\"url\":\"https:\\\/\\\/bpk-archive.de\\\/tuellmann\\\/produkt\\\/plakat-jesus-lebt-am-fenster-ueber-dem-eingang-zur-grosskellerei-nowak-kunkel\\\/\",\"name\":\"Plakat \\\"Jesus lebt!\\\" am Fenster \u00fcber dem Eingang zur \\\"Gro\u00dfkellerei Nowak & Kunkel\\\" - Abisag T\u00fcllmann\",\"isPartOf\":{\"@id\":\"https:\\\/\\\/bpk-archive.de\\\/tuellmann\\\/#website\"},\"primaryImageOfPage\":{\"@id\":\"https:\\\/\\\/bpk-archive.de\\\/tuellmann\\\/produkt\\\/plakat-jesus-lebt-am-fenster-ueber-dem-eingang-zur-grosskellerei-nowak-kunkel\\\/#primaryimage\"},\"image\":{\"@id\":\"https:\\\/\\\/bpk-archive.de\\\/tuellmann\\\/produkt\\\/plakat-jesus-lebt-am-fenster-ueber-dem-eingang-zur-grosskellerei-nowak-kunkel\\\/#primaryimage\"},\"thumbnailUrl\":\"https:\\\/\\\/bpk-archive.de\\\/tuellmann\\\/wp-content\\\/uploads\\\/2019\\\/08\\\/bpk_70240631.jpg\",\"datePublished\":\"2019-09-05T14:21:46+00:00\",\"dateModified\":\"2019-09-05T14:21:59+00:00\",\"breadcrumb\":{\"@id\":\"https:\\\/\\\/bpk-archive.de\\\/tuellmann\\\/produkt\\\/plakat-jesus-lebt-am-fenster-ueber-dem-eingang-zur-grosskellerei-nowak-kunkel\\\/#breadcrumb\"},\"inLanguage\":\"de\",\"potentialAction\":[{\"@type\":\"ReadAction\",\"target\":[\"https:\\\/\\\/bpk-archive.de\\\/tuellmann\\\/produkt\\\/plakat-jesus-lebt-am-fenster-ueber-dem-eingang-zur-grosskellerei-nowak-kunkel\\\/\"]}]},{\"@type\":\"ImageObject\",\"inLanguage\":\"de\",\"@id\":\"https:\\\/\\\/bpk-archive.de\\\/tuellmann\\\/produkt\\\/plakat-jesus-lebt-am-fenster-ueber-dem-eingang-zur-grosskellerei-nowak-kunkel\\\/#primaryimage\",\"url\":\"https:\\\/\\\/bpk-archive.de\\\/tuellmann\\\/wp-content\\\/uploads\\\/2019\\\/08\\\/bpk_70240631.jpg\",\"contentUrl\":\"https:\\\/\\\/bpk-archive.de\\\/tuellmann\\\/wp-content\\\/uploads\\\/2019\\\/08\\\/bpk_70240631.jpg\",\"width\":1200,\"height\":979,\"caption\":\"Plakat \\\"Jesus lebt!\\\" am Fenster \u00fcber dem Eingang zur \\\"Gro\u00dfkellerei Nowak &#038; Kunkel\\\"\"},{\"@type\":\"BreadcrumbList\",\"@id\":\"https:\\\/\\\/bpk-archive.de\\\/tuellmann\\\/produkt\\\/plakat-jesus-lebt-am-fenster-ueber-dem-eingang-zur-grosskellerei-nowak-kunkel\\\/#breadcrumb\",\"itemListElement\":[{\"@type\":\"ListItem\",\"position\":1,\"name\":\"Startseite\",\"item\":\"https:\\\/\\\/bpk-archive.de\\\/tuellmann\\\/\"},{\"@type\":\"ListItem\",\"position\":2,\"name\":\"Shop\",\"item\":\"https:\\\/\\\/bpk-archive.de\\\/tuellmann\\\/shop\\\/\"},{\"@type\":\"ListItem\",\"position\":3,\"name\":\"Plakat &#8220;Jesus lebt!&#8221; am Fenster \u00fcber dem Eingang zur &#8220;Gro\u00dfkellerei Nowak &#038; Kunkel&#8221;\"}]},{\"@type\":\"WebSite\",\"@id\":\"https:\\\/\\\/bpk-archive.de\\\/tuellmann\\\/#website\",\"url\":\"https:\\\/\\\/bpk-archive.de\\\/tuellmann\\\/\",\"name\":\"Abisag T\u00fcllmann\",\"description\":\"Eine weitere WordPress-Website\",\"potentialAction\":[{\"@type\":\"SearchAction\",\"target\":{\"@type\":\"EntryPoint\",\"urlTemplate\":\"https:\\\/\\\/bpk-archive.de\\\/tuellmann\\\/?s={search_term_string}\"},\"query-input\":{\"@type\":\"PropertyValueSpecification\",\"valueRequired\":true,\"valueName\":\"search_term_string\"}}],\"inLanguage\":\"de\"}]}<\/script>\n<!-- \/ Yoast SEO plugin. -->","yoast_head_json":{"title":"Plakat \"Jesus lebt!\" am Fenster \u00fcber dem Eingang zur \"Gro\u00dfkellerei Nowak & Kunkel\" - Abisag T\u00fcllmann","robots":{"index":"index","follow":"follow","max-snippet":"max-snippet:-1","max-image-preview":"max-image-preview:large","max-video-preview":"max-video-preview:-1"},"canonical":"https:\/\/bpk-archive.de\/tuellmann\/produkt\/plakat-jesus-lebt-am-fenster-ueber-dem-eingang-zur-grosskellerei-nowak-kunkel\/","og_locale":"de_DE","og_type":"article","og_title":"Plakat \"Jesus lebt!\" am Fenster \u00fcber dem Eingang zur \"Gro\u00dfkellerei Nowak & Kunkel\" - Abisag T\u00fcllmann","og_description":"R\u00fcckseitenbeschriftung von anderer Hand: &#8222;&#8218;Jesus lebt!'&#8220;","og_url":"https:\/\/bpk-archive.de\/tuellmann\/produkt\/plakat-jesus-lebt-am-fenster-ueber-dem-eingang-zur-grosskellerei-nowak-kunkel\/","og_site_name":"Abisag T\u00fcllmann","article_modified_time":"2019-09-05T14:21:59+00:00","og_image":[{"width":1200,"height":979,"url":"https:\/\/bpk-archive.de\/tuellmann\/wp-content\/uploads\/2019\/08\/bpk_70240631.jpg","type":"image\/jpeg"}],"twitter_card":"summary_large_image","schema":{"@context":"https:\/\/schema.org","@graph":[{"@type":"WebPage","@id":"https:\/\/bpk-archive.de\/tuellmann\/produkt\/plakat-jesus-lebt-am-fenster-ueber-dem-eingang-zur-grosskellerei-nowak-kunkel\/","url":"https:\/\/bpk-archive.de\/tuellmann\/produkt\/plakat-jesus-lebt-am-fenster-ueber-dem-eingang-zur-grosskellerei-nowak-kunkel\/","name":"Plakat \"Jesus lebt!\" am Fenster \u00fcber dem Eingang zur \"Gro\u00dfkellerei Nowak & Kunkel\" - Abisag T\u00fcllmann","isPartOf":{"@id":"https:\/\/bpk-archive.de\/tuellmann\/#website"},"primaryImageOfPage":{"@id":"https:\/\/bpk-archive.de\/tuellmann\/produkt\/plakat-jesus-lebt-am-fenster-ueber-dem-eingang-zur-grosskellerei-nowak-kunkel\/#primaryimage"},"image":{"@id":"https:\/\/bpk-archive.de\/tuellmann\/produkt\/plakat-jesus-lebt-am-fenster-ueber-dem-eingang-zur-grosskellerei-nowak-kunkel\/#primaryimage"},"thumbnailUrl":"https:\/\/bpk-archive.de\/tuellmann\/wp-content\/uploads\/2019\/08\/bpk_70240631.jpg","datePublished":"2019-09-05T14:21:46+00:00","dateModified":"2019-09-05T14:21:59+00:00","breadcrumb":{"@id":"https:\/\/bpk-archive.de\/tuellmann\/produkt\/plakat-jesus-lebt-am-fenster-ueber-dem-eingang-zur-grosskellerei-nowak-kunkel\/#breadcrumb"},"inLanguage":"de","potentialAction":[{"@type":"ReadAction","target":["https:\/\/bpk-archive.de\/tuellmann\/produkt\/plakat-jesus-lebt-am-fenster-ueber-dem-eingang-zur-grosskellerei-nowak-kunkel\/"]}]},{"@type":"ImageObject","inLanguage":"de","@id":"https:\/\/bpk-archive.de\/tuellmann\/produkt\/plakat-jesus-lebt-am-fenster-ueber-dem-eingang-zur-grosskellerei-nowak-kunkel\/#primaryimage","url":"https:\/\/bpk-archive.de\/tuellmann\/wp-content\/uploads\/2019\/08\/bpk_70240631.jpg","contentUrl":"https:\/\/bpk-archive.de\/tuellmann\/wp-content\/uploads\/2019\/08\/bpk_70240631.jpg","width":1200,"height":979,"caption":"Plakat \"Jesus lebt!\" am Fenster \u00fcber dem Eingang zur \"Gro\u00dfkellerei Nowak &#038; Kunkel\""},{"@type":"BreadcrumbList","@id":"https:\/\/bpk-archive.de\/tuellmann\/produkt\/plakat-jesus-lebt-am-fenster-ueber-dem-eingang-zur-grosskellerei-nowak-kunkel\/#breadcrumb","itemListElement":[{"@type":"ListItem","position":1,"name":"Startseite","item":"https:\/\/bpk-archive.de\/tuellmann\/"},{"@type":"ListItem","position":2,"name":"Shop","item":"https:\/\/bpk-archive.de\/tuellmann\/shop\/"},{"@type":"ListItem","position":3,"name":"Plakat &#8220;Jesus lebt!&#8221; am Fenster \u00fcber dem Eingang zur &#8220;Gro\u00dfkellerei Nowak &#038; Kunkel&#8221;"}]},{"@type":"WebSite","@id":"https:\/\/bpk-archive.de\/tuellmann\/#website","url":"https:\/\/bpk-archive.de\/tuellmann\/","name":"Abisag T\u00fcllmann","description":"Eine weitere WordPress-Website","potentialAction":[{"@type":"SearchAction","target":{"@type":"EntryPoint","urlTemplate":"https:\/\/bpk-archive.de\/tuellmann\/?s={search_term_string}"},"query-input":{"@type":"PropertyValueSpecification","valueRequired":true,"valueName":"search_term_string"}}],"inLanguage":"de"}]}},"_links":{"self":[{"href":"https:\/\/bpk-archive.de\/tuellmann\/wp-json\/wp\/v2\/product\/70297149","targetHints":{"allow":["GET"]}}],"collection":[{"href":"https:\/\/bpk-archive.de\/tuellmann\/wp-json\/wp\/v2\/product"}],"about":[{"href":"https:\/\/bpk-archive.de\/tuellmann\/wp-json\/wp\/v2\/types\/product"}],"wp:featuredmedia":[{"embeddable":true,"href":"https:\/\/bpk-archive.de\/tuellmann\/wp-json\/wp\/v2\/media\/70291925"}],"wp:attachment":[{"href":"https:\/\/bpk-archive.de\/tuellmann\/wp-json\/wp\/v2\/media?parent=70297149"}],"wp:term":[{"taxonomy":"product_brand","embeddable":true,"href":"https:\/\/bpk-archive.de\/tuellmann\/wp-json\/wp\/v2\/product_brand?post=70297149"},{"taxonomy":"product_cat","embeddable":true,"href":"https:\/\/bpk-archive.de\/tuellmann\/wp-json\/wp\/v2\/product_cat?post=70297149"},{"taxonomy":"product_tag","embeddable":true,"href":"https:\/\/bpk-archive.de\/tuellmann\/wp-json\/wp\/v2\/product_tag?post=70297149"}],"curies":[{"name":"wp","href":"https:\/\/api.w.org\/{rel}","templated":true}]}}