{"id":70297027,"date":"2019-09-05T16:13:47","date_gmt":"2019-09-05T14:13:47","guid":{"rendered":"http:\/\/abisagtuellmann.bpk-news.de\/atbild\/graffiti-an-einem-ehemals-besetzten-zum-abriss-vorgesehenen-haus-in-bornheim-fechenheimer-strasse\/"},"modified":"2020-08-11T17:03:03","modified_gmt":"2020-08-11T15:03:03","slug":"graffiti-an-einem-ehemals-besetzten-zum-abriss-vorgesehenen-haus-in-bornheim-fechenheimer-strasse","status":"publish","type":"product","link":"https:\/\/bpk-archive.de\/tuellmann\/produkt\/graffiti-an-einem-ehemals-besetzten-zum-abriss-vorgesehenen-haus-in-bornheim-fechenheimer-strasse\/","title":{"rendered":"Graffiti an einem ehemals besetzten, zum Abriss vorgesehenen Haus in Bornheim (Fechenheimer Stra\u00dfe)"},"content":{"rendered":"<p>Parole an der Hauswand: &#8222;Friede den H\u00fctten, Krieg den Pal\u00e4sten&#8220;<\/p>\n","protected":false},"excerpt":{"rendered":"<p>Parole an der Hauswand: &#8222;Friede den H\u00fctten, Krieg den Pal\u00e4sten&#8220;<\/p>\n","protected":false},"featured_media":70291837,"template":"","meta":[],"product_brand":[],"product_cat":[73392],"product_tag":[47237,13232,13234,13231,13233,47238,53515,53519,65686,13777,47240,54363,54364,54365,54366,54367,54368,53761,48438,13250,48185,48186,47549,47550,47551,47552,47553,47365,47366,47367,58038,58039,58040,58041,48355,48356,48357,48358,13469,13470,13253,13254,13255,13256,13257,13471,13472,13260,53595,53596,66362,48526,48527,13293,13786,13787,13294,13295,13296,13297,13485,13486,13482,13481,13483,13484,48722,48723,48724,47377,48510,48511,48512,48513,48514,54923,49216,49217,47383,53779,53780,53781,47384,47385,47386,48776,48777,59741,59742,13492,13493,13494,13495,13496,13497,14201,14202,13301,47295,47296,47297,53768,49227,66363,66364,48520,49229,49230,48736,13328,13827,13828,13329,13330,13331,13332,13843,13877,13879,66365,66366,66367,48364,48365,13345,13865,13864,13866,13858,13859,13860,13861,13862,13863,13869,13870,13871,13872,62108,49236,49239,58428,58429,58430,58431,58432,13878,13880,51266,51267,48080,48081,48082,48083,48084,48085,54449,54450,48228,52688,52689,52690,52691,52692,52693,47504,47505,47506,54213,54214,54215,54216,54217],"class_list":{"0":"post-70297027","1":"product","2":"type-product","3":"status-publish","4":"has-post-thumbnail","6":"product_cat-schilder-schriften","7":"product_tag-1980er-jahre","8":"product_tag-20-jahrhundert-nach-chr","9":"product_tag-20-jh-n-chr","10":"product_tag-20-jahrhundert","11":"product_tag-20-jh","12":"product_tag-80er","13":"product_tag-abbruchhaus","14":"product_tag-abrisshaus","15":"product_tag-abt_027","16":"product_tag-abzug","17":"product_tag-achtziger","18":"product_tag-anarchie","19":"product_tag-anarchisch","20":"product_tag-anarchische","21":"product_tag-anarchischer","22":"product_tag-anarchisches","23":"product_tag-anarchismus","24":"product_tag-at_schrift","25":"product_tag-aufschrift","26":"product_tag-aussen","27":"product_tag-aussenansicht","28":"product_tag-aussenansichten","29":"product_tag-auto","30":"product_tag-automobil","31":"product_tag-automobile","32":"product_tag-automobils","33":"product_tag-autos","34":"product_tag-bauten","35":"product_tag-bauwerk","36":"product_tag-bauwerke","37":"product_tag-bemalt","38":"product_tag-bemalte","39":"product_tag-bemalter","40":"product_tag-bemaltes","41":"product_tag-beschriftet","42":"product_tag-beschriftete","43":"product_tag-beschrifteter","44":"product_tag-beschriftetes","45":"product_tag-brd","46":"product_tag-bundesrepublik-deutschland","47":"product_tag-deutsch","48":"product_tag-deutsche","49":"product_tag-deutschen","50":"product_tag-deutscher","51":"product_tag-deutsches","52":"product_tag-deutschland","53":"product_tag-deutschlands","54":"product_tag-draussen","55":"product_tag-fassade","56":"product_tag-fassaden","57":"product_tag-fassadenmalerei","58":"product_tag-fenster","59":"product_tag-fensters","60":"product_tag-foto","61":"product_tag-fotoabzug","62":"product_tag-fotoabzuege","63":"product_tag-fotografie","64":"product_tag-fotografien","65":"product_tag-fotografin","66":"product_tag-fotografinnen","67":"product_tag-frankfurt-m","68":"product_tag-frankfurt-main","69":"product_tag-frankfurt-a-main","70":"product_tag-frankfurt-a-m","71":"product_tag-frankfurt-am-main","72":"product_tag-frankfurter","73":"product_tag-friede","74":"product_tag-frieden","75":"product_tag-friedens","76":"product_tag-gebaeude","77":"product_tag-geparkt","78":"product_tag-geparkte","79":"product_tag-geparkten","80":"product_tag-geparkter","81":"product_tag-geparktes","82":"product_tag-gleichberechtigung","83":"product_tag-graffiti","84":"product_tag-graffito","85":"product_tag-haus","86":"product_tag-hausbesetzer","87":"product_tag-hausbesetzung","88":"product_tag-hausbesetzungen","89":"product_tag-haeuser","90":"product_tag-haeusern","91":"product_tag-hauses","92":"product_tag-hausfassade","93":"product_tag-hausfassaden","94":"product_tag-herz","95":"product_tag-herzen","96":"product_tag-hessen","97":"product_tag-hessisch","98":"product_tag-hessische","99":"product_tag-hessischen","100":"product_tag-hessischer","101":"product_tag-hessisches","102":"product_tag-huette","103":"product_tag-huetten","104":"product_tag-im-freien","105":"product_tag-krieg","106":"product_tag-kriege","107":"product_tag-krieges","108":"product_tag-leerstand","109":"product_tag-leitspruch","110":"product_tag-palast","111":"product_tag-palaeste","112":"product_tag-parken","113":"product_tag-parole","114":"product_tag-parolen","115":"product_tag-pax","116":"product_tag-photo","117":"product_tag-photoabzug","118":"product_tag-photoabzuege","119":"product_tag-photographie","120":"product_tag-photographien","121":"product_tag-photographin","122":"product_tag-photographinnen","123":"product_tag-print","124":"product_tag-s-w-fotografie","125":"product_tag-s-w-photographie","126":"product_tag-schmetterling","127":"product_tag-schmetterlinge","128":"product_tag-schmetterlingen","129":"product_tag-schrift","130":"product_tag-schriften","131":"product_tag-schriftzug","132":"product_tag-schwarzweissphotographie","133":"product_tag-schwarz-weiss-fotografie","134":"product_tag-schwarz-weiss-photographie","135":"product_tag-schwarzweiss","136":"product_tag-schwarzweisse","137":"product_tag-schwarzweissen","138":"product_tag-schwarzweisser","139":"product_tag-schwarzweisses","140":"product_tag-schwarzweissfotografie","141":"product_tag-silbergelatine","142":"product_tag-silbergelatineabzug","143":"product_tag-silbergelatineabzuege","144":"product_tag-silbergelatineprint","145":"product_tag-sinnspruch","146":"product_tag-slogan","147":"product_tag-spruch","148":"product_tag-stern","149":"product_tag-sterne","150":"product_tag-sternen","151":"product_tag-sternes","152":"product_tag-sterns","153":"product_tag-sw-fotografie","154":"product_tag-sw-photographie","155":"product_tag-symbol","156":"product_tag-symbole","157":"product_tag-verlassen","158":"product_tag-verlassene","159":"product_tag-verlassenen","160":"product_tag-verlassener","161":"product_tag-verlassenes","162":"product_tag-verlassenheit","163":"product_tag-vermauert","164":"product_tag-vermauerte","165":"product_tag-von-aussen","166":"product_tag-wandbild","167":"product_tag-wandbilder","168":"product_tag-wandbildes","169":"product_tag-wandgemaelde","170":"product_tag-wandmalerei","171":"product_tag-wandmalereien","172":"product_tag-wohngebaeude","173":"product_tag-wohnhaus","174":"product_tag-wohnhaeuser","175":"product_tag-zugemauert","176":"product_tag-zugemauerte","177":"product_tag-zugemauerten","178":"product_tag-zugemauerter","179":"product_tag-zugemauertes","180":"pa_datierung-28658","181":"pa_fotograf-abisag-tuellmann","182":"pa_geografischer_bezug-aufnahmeort-frankfurt-am-main-bornheim-deutschland","183":"pa_grunddaten_material_technik-foto-silbergelatine-auf-barytpapier","184":"pa_inventarnummer-tue-w-81-131-17","185":"pa_jahr_von-48126","186":"pa_massangaben-bildformat-foto-398-x-302-cm","187":"pa_mediennummer-66360","188":"pa_objekt_typ-fotografie","190":"first","191":"instock","192":"product-type-simple"},"yoast_head":"<!-- This site is optimized with the Yoast SEO plugin v27.4 - https:\/\/yoast.com\/product\/yoast-seo-wordpress\/ -->\n<title>Graffiti an einem ehemals besetzten, zum Abriss vorgesehenen Haus in Bornheim (Fechenheimer Stra\u00dfe) - Abisag T\u00fcllmann<\/title>\n<meta name=\"robots\" content=\"index, follow, max-snippet:-1, max-image-preview:large, max-video-preview:-1\" \/>\n<link rel=\"canonical\" href=\"https:\/\/bpk-archive.de\/tuellmann\/produkt\/graffiti-an-einem-ehemals-besetzten-zum-abriss-vorgesehenen-haus-in-bornheim-fechenheimer-strasse\/\" \/>\n<meta property=\"og:locale\" content=\"de_DE\" \/>\n<meta property=\"og:type\" content=\"article\" \/>\n<meta property=\"og:title\" content=\"Graffiti an einem ehemals besetzten, zum Abriss vorgesehenen Haus in Bornheim (Fechenheimer Stra\u00dfe) - Abisag T\u00fcllmann\" \/>\n<meta property=\"og:description\" content=\"Parole an der Hauswand: &#8222;Friede den H\u00fctten, Krieg den Pal\u00e4sten&#8220;\" \/>\n<meta property=\"og:url\" content=\"https:\/\/bpk-archive.de\/tuellmann\/produkt\/graffiti-an-einem-ehemals-besetzten-zum-abriss-vorgesehenen-haus-in-bornheim-fechenheimer-strasse\/\" \/>\n<meta property=\"og:site_name\" content=\"Abisag T\u00fcllmann\" \/>\n<meta property=\"article:modified_time\" content=\"2020-08-11T15:03:03+00:00\" \/>\n<meta property=\"og:image\" content=\"https:\/\/bpk-archive.de\/tuellmann\/wp-content\/uploads\/2019\/08\/bpk_70240601.jpg\" \/>\n\t<meta property=\"og:image:width\" content=\"920\" \/>\n\t<meta property=\"og:image:height\" content=\"1200\" \/>\n\t<meta property=\"og:image:type\" content=\"image\/jpeg\" \/>\n<meta name=\"twitter:card\" content=\"summary_large_image\" \/>\n<script type=\"application\/ld+json\" class=\"yoast-schema-graph\">{\"@context\":\"https:\\\/\\\/schema.org\",\"@graph\":[{\"@type\":\"WebPage\",\"@id\":\"https:\\\/\\\/bpk-archive.de\\\/tuellmann\\\/produkt\\\/graffiti-an-einem-ehemals-besetzten-zum-abriss-vorgesehenen-haus-in-bornheim-fechenheimer-strasse\\\/\",\"url\":\"https:\\\/\\\/bpk-archive.de\\\/tuellmann\\\/produkt\\\/graffiti-an-einem-ehemals-besetzten-zum-abriss-vorgesehenen-haus-in-bornheim-fechenheimer-strasse\\\/\",\"name\":\"Graffiti an einem ehemals besetzten, zum Abriss vorgesehenen Haus in Bornheim (Fechenheimer Stra\u00dfe) - Abisag T\u00fcllmann\",\"isPartOf\":{\"@id\":\"https:\\\/\\\/bpk-archive.de\\\/tuellmann\\\/#website\"},\"primaryImageOfPage\":{\"@id\":\"https:\\\/\\\/bpk-archive.de\\\/tuellmann\\\/produkt\\\/graffiti-an-einem-ehemals-besetzten-zum-abriss-vorgesehenen-haus-in-bornheim-fechenheimer-strasse\\\/#primaryimage\"},\"image\":{\"@id\":\"https:\\\/\\\/bpk-archive.de\\\/tuellmann\\\/produkt\\\/graffiti-an-einem-ehemals-besetzten-zum-abriss-vorgesehenen-haus-in-bornheim-fechenheimer-strasse\\\/#primaryimage\"},\"thumbnailUrl\":\"https:\\\/\\\/bpk-archive.de\\\/tuellmann\\\/wp-content\\\/uploads\\\/2019\\\/08\\\/bpk_70240601.jpg\",\"datePublished\":\"2019-09-05T14:13:47+00:00\",\"dateModified\":\"2020-08-11T15:03:03+00:00\",\"breadcrumb\":{\"@id\":\"https:\\\/\\\/bpk-archive.de\\\/tuellmann\\\/produkt\\\/graffiti-an-einem-ehemals-besetzten-zum-abriss-vorgesehenen-haus-in-bornheim-fechenheimer-strasse\\\/#breadcrumb\"},\"inLanguage\":\"de\",\"potentialAction\":[{\"@type\":\"ReadAction\",\"target\":[\"https:\\\/\\\/bpk-archive.de\\\/tuellmann\\\/produkt\\\/graffiti-an-einem-ehemals-besetzten-zum-abriss-vorgesehenen-haus-in-bornheim-fechenheimer-strasse\\\/\"]}]},{\"@type\":\"ImageObject\",\"inLanguage\":\"de\",\"@id\":\"https:\\\/\\\/bpk-archive.de\\\/tuellmann\\\/produkt\\\/graffiti-an-einem-ehemals-besetzten-zum-abriss-vorgesehenen-haus-in-bornheim-fechenheimer-strasse\\\/#primaryimage\",\"url\":\"https:\\\/\\\/bpk-archive.de\\\/tuellmann\\\/wp-content\\\/uploads\\\/2019\\\/08\\\/bpk_70240601.jpg\",\"contentUrl\":\"https:\\\/\\\/bpk-archive.de\\\/tuellmann\\\/wp-content\\\/uploads\\\/2019\\\/08\\\/bpk_70240601.jpg\",\"width\":920,\"height\":1200,\"caption\":\"Graffiti an einem ehemals besetzten, zum Abriss vorgesehenen Haus in Bornheim (Fechenheimer Stra\u00dfe)\"},{\"@type\":\"BreadcrumbList\",\"@id\":\"https:\\\/\\\/bpk-archive.de\\\/tuellmann\\\/produkt\\\/graffiti-an-einem-ehemals-besetzten-zum-abriss-vorgesehenen-haus-in-bornheim-fechenheimer-strasse\\\/#breadcrumb\",\"itemListElement\":[{\"@type\":\"ListItem\",\"position\":1,\"name\":\"Startseite\",\"item\":\"https:\\\/\\\/bpk-archive.de\\\/tuellmann\\\/\"},{\"@type\":\"ListItem\",\"position\":2,\"name\":\"Shop\",\"item\":\"https:\\\/\\\/bpk-archive.de\\\/tuellmann\\\/shop\\\/\"},{\"@type\":\"ListItem\",\"position\":3,\"name\":\"Graffiti an einem ehemals besetzten, zum Abriss vorgesehenen Haus in Bornheim (Fechenheimer Stra\u00dfe)\"}]},{\"@type\":\"WebSite\",\"@id\":\"https:\\\/\\\/bpk-archive.de\\\/tuellmann\\\/#website\",\"url\":\"https:\\\/\\\/bpk-archive.de\\\/tuellmann\\\/\",\"name\":\"Abisag T\u00fcllmann\",\"description\":\"Eine weitere WordPress-Website\",\"potentialAction\":[{\"@type\":\"SearchAction\",\"target\":{\"@type\":\"EntryPoint\",\"urlTemplate\":\"https:\\\/\\\/bpk-archive.de\\\/tuellmann\\\/?s={search_term_string}\"},\"query-input\":{\"@type\":\"PropertyValueSpecification\",\"valueRequired\":true,\"valueName\":\"search_term_string\"}}],\"inLanguage\":\"de\"}]}<\/script>\n<!-- \/ Yoast SEO plugin. -->","yoast_head_json":{"title":"Graffiti an einem ehemals besetzten, zum Abriss vorgesehenen Haus in Bornheim (Fechenheimer Stra\u00dfe) - Abisag T\u00fcllmann","robots":{"index":"index","follow":"follow","max-snippet":"max-snippet:-1","max-image-preview":"max-image-preview:large","max-video-preview":"max-video-preview:-1"},"canonical":"https:\/\/bpk-archive.de\/tuellmann\/produkt\/graffiti-an-einem-ehemals-besetzten-zum-abriss-vorgesehenen-haus-in-bornheim-fechenheimer-strasse\/","og_locale":"de_DE","og_type":"article","og_title":"Graffiti an einem ehemals besetzten, zum Abriss vorgesehenen Haus in Bornheim (Fechenheimer Stra\u00dfe) - Abisag T\u00fcllmann","og_description":"Parole an der Hauswand: &#8222;Friede den H\u00fctten, Krieg den Pal\u00e4sten&#8220;","og_url":"https:\/\/bpk-archive.de\/tuellmann\/produkt\/graffiti-an-einem-ehemals-besetzten-zum-abriss-vorgesehenen-haus-in-bornheim-fechenheimer-strasse\/","og_site_name":"Abisag T\u00fcllmann","article_modified_time":"2020-08-11T15:03:03+00:00","og_image":[{"width":920,"height":1200,"url":"https:\/\/bpk-archive.de\/tuellmann\/wp-content\/uploads\/2019\/08\/bpk_70240601.jpg","type":"image\/jpeg"}],"twitter_card":"summary_large_image","schema":{"@context":"https:\/\/schema.org","@graph":[{"@type":"WebPage","@id":"https:\/\/bpk-archive.de\/tuellmann\/produkt\/graffiti-an-einem-ehemals-besetzten-zum-abriss-vorgesehenen-haus-in-bornheim-fechenheimer-strasse\/","url":"https:\/\/bpk-archive.de\/tuellmann\/produkt\/graffiti-an-einem-ehemals-besetzten-zum-abriss-vorgesehenen-haus-in-bornheim-fechenheimer-strasse\/","name":"Graffiti an einem ehemals besetzten, zum Abriss vorgesehenen Haus in Bornheim (Fechenheimer Stra\u00dfe) - Abisag T\u00fcllmann","isPartOf":{"@id":"https:\/\/bpk-archive.de\/tuellmann\/#website"},"primaryImageOfPage":{"@id":"https:\/\/bpk-archive.de\/tuellmann\/produkt\/graffiti-an-einem-ehemals-besetzten-zum-abriss-vorgesehenen-haus-in-bornheim-fechenheimer-strasse\/#primaryimage"},"image":{"@id":"https:\/\/bpk-archive.de\/tuellmann\/produkt\/graffiti-an-einem-ehemals-besetzten-zum-abriss-vorgesehenen-haus-in-bornheim-fechenheimer-strasse\/#primaryimage"},"thumbnailUrl":"https:\/\/bpk-archive.de\/tuellmann\/wp-content\/uploads\/2019\/08\/bpk_70240601.jpg","datePublished":"2019-09-05T14:13:47+00:00","dateModified":"2020-08-11T15:03:03+00:00","breadcrumb":{"@id":"https:\/\/bpk-archive.de\/tuellmann\/produkt\/graffiti-an-einem-ehemals-besetzten-zum-abriss-vorgesehenen-haus-in-bornheim-fechenheimer-strasse\/#breadcrumb"},"inLanguage":"de","potentialAction":[{"@type":"ReadAction","target":["https:\/\/bpk-archive.de\/tuellmann\/produkt\/graffiti-an-einem-ehemals-besetzten-zum-abriss-vorgesehenen-haus-in-bornheim-fechenheimer-strasse\/"]}]},{"@type":"ImageObject","inLanguage":"de","@id":"https:\/\/bpk-archive.de\/tuellmann\/produkt\/graffiti-an-einem-ehemals-besetzten-zum-abriss-vorgesehenen-haus-in-bornheim-fechenheimer-strasse\/#primaryimage","url":"https:\/\/bpk-archive.de\/tuellmann\/wp-content\/uploads\/2019\/08\/bpk_70240601.jpg","contentUrl":"https:\/\/bpk-archive.de\/tuellmann\/wp-content\/uploads\/2019\/08\/bpk_70240601.jpg","width":920,"height":1200,"caption":"Graffiti an einem ehemals besetzten, zum Abriss vorgesehenen Haus in Bornheim (Fechenheimer Stra\u00dfe)"},{"@type":"BreadcrumbList","@id":"https:\/\/bpk-archive.de\/tuellmann\/produkt\/graffiti-an-einem-ehemals-besetzten-zum-abriss-vorgesehenen-haus-in-bornheim-fechenheimer-strasse\/#breadcrumb","itemListElement":[{"@type":"ListItem","position":1,"name":"Startseite","item":"https:\/\/bpk-archive.de\/tuellmann\/"},{"@type":"ListItem","position":2,"name":"Shop","item":"https:\/\/bpk-archive.de\/tuellmann\/shop\/"},{"@type":"ListItem","position":3,"name":"Graffiti an einem ehemals besetzten, zum Abriss vorgesehenen Haus in Bornheim (Fechenheimer Stra\u00dfe)"}]},{"@type":"WebSite","@id":"https:\/\/bpk-archive.de\/tuellmann\/#website","url":"https:\/\/bpk-archive.de\/tuellmann\/","name":"Abisag T\u00fcllmann","description":"Eine weitere WordPress-Website","potentialAction":[{"@type":"SearchAction","target":{"@type":"EntryPoint","urlTemplate":"https:\/\/bpk-archive.de\/tuellmann\/?s={search_term_string}"},"query-input":{"@type":"PropertyValueSpecification","valueRequired":true,"valueName":"search_term_string"}}],"inLanguage":"de"}]}},"_links":{"self":[{"href":"https:\/\/bpk-archive.de\/tuellmann\/wp-json\/wp\/v2\/product\/70297027","targetHints":{"allow":["GET"]}}],"collection":[{"href":"https:\/\/bpk-archive.de\/tuellmann\/wp-json\/wp\/v2\/product"}],"about":[{"href":"https:\/\/bpk-archive.de\/tuellmann\/wp-json\/wp\/v2\/types\/product"}],"wp:featuredmedia":[{"embeddable":true,"href":"https:\/\/bpk-archive.de\/tuellmann\/wp-json\/wp\/v2\/media\/70291837"}],"wp:attachment":[{"href":"https:\/\/bpk-archive.de\/tuellmann\/wp-json\/wp\/v2\/media?parent=70297027"}],"wp:term":[{"taxonomy":"product_brand","embeddable":true,"href":"https:\/\/bpk-archive.de\/tuellmann\/wp-json\/wp\/v2\/product_brand?post=70297027"},{"taxonomy":"product_cat","embeddable":true,"href":"https:\/\/bpk-archive.de\/tuellmann\/wp-json\/wp\/v2\/product_cat?post=70297027"},{"taxonomy":"product_tag","embeddable":true,"href":"https:\/\/bpk-archive.de\/tuellmann\/wp-json\/wp\/v2\/product_tag?post=70297027"}],"curies":[{"name":"wp","href":"https:\/\/api.w.org\/{rel}","templated":true}]}}