{"id":70296924,"date":"2019-09-05T16:12:23","date_gmt":"2019-09-05T14:12:23","guid":{"rendered":"http:\/\/abisagtuellmann.bpk-news.de\/atbild\/theodor-w-adorno-links-und-heinrich-boell-anlaesslich-der-poetik-vorlesung-boells-an-der-goethe-universitaet\/"},"modified":"2019-09-05T16:12:29","modified_gmt":"2019-09-05T14:12:29","slug":"theodor-w-adorno-links-und-heinrich-boell-anlaesslich-der-poetik-vorlesung-boells-an-der-goethe-universitaet","status":"publish","type":"product","link":"https:\/\/bpk-archive.de\/tuellmann\/produkt\/theodor-w-adorno-links-und-heinrich-boell-anlaesslich-der-poetik-vorlesung-boells-an-der-goethe-universitaet\/","title":{"rendered":"Theodor W. Adorno (links) und Heinrich B\u00f6ll anl\u00e4sslich der Poetik-Vorlesung B\u00f6lls an der Goethe-Universit\u00e4t"},"content":{"rendered":"","protected":false},"excerpt":{"rendered":"","protected":false},"featured_media":70291950,"template":"","meta":[],"product_brand":[],"product_cat":[],"product_tag":[63450,65757,63452,13774,13232,13234,13231,13233,13775,65686,13777,65758,51714,63283,63284,52727,52728,52729,52730,52731,52732,54122,54123,54124,54125,13784,13785,47880,13469,13470,13253,13254,13255,13256,13257,13471,13472,56642,56644,65759,13960,13961,13962,13963,13964,13965,63465,63466,13473,13293,13786,13787,13294,13295,13296,13297,13485,13486,13482,13481,13483,13484,47579,47580,47581,47582,63451,13492,13493,13494,13495,13496,13497,55420,55421,51362,55422,55423,13498,47589,47590,56647,13818,13819,13820,13821,48012,48013,13822,13823,13824,13825,13826,47899,47900,52954,52955,52956,13328,13827,13828,13329,13330,13331,13332,65760,56648,65761,13829,13830,13831,13832,13833,13834,13835,13836,13837,13838,13839,13840,13841,13842,53482,53803,53483,53484,53804,53485,13843,51363,51364,13877,13879,52738,52739,52740,52741,52742,13865,13864,13866,13858,13859,13860,13861,13862,13863,13867,13868,13869,13870,13871,13872,13519,13520,13521,13522,13523,13524,13878,13880,65762,65763,14079,14080,13525,52837,52838,65764,13882],"class_list":{"0":"post-70296924","1":"product","2":"type-product","3":"status-publish","4":"has-post-thumbnail","6":"product_tag-boell","7":"product_tag-11-9-1903-6-8-1969","8":"product_tag-21-12-1917-16-7-1985","9":"product_tag-1960er-jahre","10":"product_tag-20-jahrhundert-nach-chr","11":"product_tag-20-jh-n-chr","12":"product_tag-20-jahrhundert","13":"product_tag-20-jh","14":"product_tag-60er","15":"product_tag-abt_027","16":"product_tag-abzug","17":"product_tag-adorno","18":"product_tag-at_pressefotografie-brd","19":"product_tag-auditorien","20":"product_tag-auditorium","21":"product_tag-autor","22":"product_tag-autoren","23":"product_tag-autorenportrait","24":"product_tag-autorenportraits","25":"product_tag-autorenportraet","26":"product_tag-autorenportraets","27":"product_tag-begegnen","28":"product_tag-begegnet","29":"product_tag-begegnung","30":"product_tag-begegnungen","31":"product_tag-bildnis","32":"product_tag-bildnisse","33":"product_tag-blickwechsel","34":"product_tag-brd","35":"product_tag-bundesrepublik-deutschland","36":"product_tag-deutsch","37":"product_tag-deutsche","38":"product_tag-deutschen","39":"product_tag-deutscher","40":"product_tag-deutsches","41":"product_tag-deutschland","42":"product_tag-deutschlands","43":"product_tag-dichter","44":"product_tag-dichters","45":"product_tag-dichtkunst","46":"product_tag-doppelbildnis","47":"product_tag-doppelbildnisse","48":"product_tag-doppelportrait","49":"product_tag-doppelportraits","50":"product_tag-doppelportraet","51":"product_tag-doppelportraets","52":"product_tag-dozent","53":"product_tag-dozenten","54":"product_tag-drinnen","55":"product_tag-foto","56":"product_tag-fotoabzug","57":"product_tag-fotoabzuege","58":"product_tag-fotografie","59":"product_tag-fotografien","60":"product_tag-fotografin","61":"product_tag-fotografinnen","62":"product_tag-frankfurt-m","63":"product_tag-frankfurt-main","64":"product_tag-frankfurt-a-main","65":"product_tag-frankfurt-a-m","66":"product_tag-frankfurt-am-main","67":"product_tag-frankfurter","68":"product_tag-gespraech","69":"product_tag-gespraeche","70":"product_tag-gespraeches","71":"product_tag-gespraechs","72":"product_tag-heinrich","73":"product_tag-hessen","74":"product_tag-hessisch","75":"product_tag-hessische","76":"product_tag-hessischen","77":"product_tag-hessischer","78":"product_tag-hessisches","79":"product_tag-hochschule","80":"product_tag-hochschulen","81":"product_tag-hochschullehrer","82":"product_tag-hoersaal","83":"product_tag-hoersaele","84":"product_tag-innen","85":"product_tag-konversation","86":"product_tag-konversationen","87":"product_tag-lyriker","88":"product_tag-mann","89":"product_tag-maenner","90":"product_tag-maennerbildnis","91":"product_tag-maennerbildnisse","92":"product_tag-maennergruppe","93":"product_tag-maennergruppen","94":"product_tag-maennerportrait","95":"product_tag-maennerportraits","96":"product_tag-maennerportraet","97":"product_tag-maennerportraets","98":"product_tag-mannes","99":"product_tag-persoenlichkeit","100":"product_tag-persoenlichkeiten","101":"product_tag-philosoph","102":"product_tag-philosophen","103":"product_tag-philosophie","104":"product_tag-photo","105":"product_tag-photoabzug","106":"product_tag-photoabzuege","107":"product_tag-photographie","108":"product_tag-photographien","109":"product_tag-photographin","110":"product_tag-photographinnen","111":"product_tag-poesie","112":"product_tag-poet","113":"product_tag-poetik","114":"product_tag-portrait","115":"product_tag-portraitaufnahme","116":"product_tag-portraitfoto","117":"product_tag-portraitfotografie","118":"product_tag-portraitphoto","119":"product_tag-portraitphotographie","120":"product_tag-portraits","121":"product_tag-portraet","122":"product_tag-portraetaufnahme","123":"product_tag-portraetfoto","124":"product_tag-portraetfotografie","125":"product_tag-portraetphoto","126":"product_tag-portraetphotographie","127":"product_tag-portraets","128":"product_tag-pressefoto","129":"product_tag-pressefotografie","130":"product_tag-pressefotos","131":"product_tag-pressephoto","132":"product_tag-pressephotographie","133":"product_tag-pressephotos","134":"product_tag-print","135":"product_tag-professor","136":"product_tag-professoren","137":"product_tag-s-w-fotografie","138":"product_tag-s-w-photographie","139":"product_tag-schriftsteller","140":"product_tag-schriftstellerportrait","141":"product_tag-schriftstellerportraits","142":"product_tag-schriftstellerportraet","143":"product_tag-schriftstellerportraets","144":"product_tag-schwarzweissphotographie","145":"product_tag-schwarz-weiss-fotografie","146":"product_tag-schwarz-weiss-photographie","147":"product_tag-schwarzweiss","148":"product_tag-schwarzweisse","149":"product_tag-schwarzweissen","150":"product_tag-schwarzweisser","151":"product_tag-schwarzweisses","152":"product_tag-schwarzweissfotografie","153":"product_tag-sechziger","154":"product_tag-seitlich","155":"product_tag-silbergelatine","156":"product_tag-silbergelatineabzug","157":"product_tag-silbergelatineabzuege","158":"product_tag-silbergelatineprint","159":"product_tag-stehen","160":"product_tag-stehend","161":"product_tag-stehende","162":"product_tag-stehenden","163":"product_tag-stehender","164":"product_tag-stehendes","165":"product_tag-sw-fotografie","166":"product_tag-sw-photographie","167":"product_tag-theodor-ludwig","168":"product_tag-theodor-w","169":"product_tag-universitaet","170":"product_tag-universitaeten","171":"product_tag-von-innen","172":"product_tag-vorlesung","173":"product_tag-vorlesungen","174":"product_tag-wiesengrund","175":"product_tag-zur-seite","176":"pa_datierung-mai-1964","177":"pa_fotograf-abisag-tuellmann","178":"pa_geografischer_bezug-aufnahmeort-frankfurt-am-main-deutschland","179":"pa_grunddaten_material_technik-foto-silbergelatine-auf-barytpapier","180":"pa_inventarnummer-tue-64-048-37","181":"pa_jahr_von-13885","182":"pa_massangaben-bildformat-foto-303-x-40-cm","183":"pa_mediennummer-65755","184":"pa_objekt_typ-fotografie","186":"first","187":"instock","188":"product-type-simple"},"yoast_head":"<!-- This site is optimized with the Yoast SEO plugin v27.3 - https:\/\/yoast.com\/product\/yoast-seo-wordpress\/ -->\n<title>Theodor W. Adorno (links) und Heinrich B\u00f6ll anl\u00e4sslich der Poetik-Vorlesung B\u00f6lls an der Goethe-Universit\u00e4t - Abisag T\u00fcllmann<\/title>\n<meta name=\"robots\" content=\"index, follow, max-snippet:-1, max-image-preview:large, max-video-preview:-1\" \/>\n<link rel=\"canonical\" href=\"https:\/\/bpk-archive.de\/tuellmann\/produkt\/theodor-w-adorno-links-und-heinrich-boell-anlaesslich-der-poetik-vorlesung-boells-an-der-goethe-universitaet\/\" \/>\n<meta property=\"og:locale\" content=\"de_DE\" \/>\n<meta property=\"og:type\" content=\"article\" \/>\n<meta property=\"og:title\" content=\"Theodor W. Adorno (links) und Heinrich B\u00f6ll anl\u00e4sslich der Poetik-Vorlesung B\u00f6lls an der Goethe-Universit\u00e4t - Abisag T\u00fcllmann\" \/>\n<meta property=\"og:url\" content=\"https:\/\/bpk-archive.de\/tuellmann\/produkt\/theodor-w-adorno-links-und-heinrich-boell-anlaesslich-der-poetik-vorlesung-boells-an-der-goethe-universitaet\/\" \/>\n<meta property=\"og:site_name\" content=\"Abisag T\u00fcllmann\" \/>\n<meta property=\"article:modified_time\" content=\"2019-09-05T14:12:29+00:00\" \/>\n<meta property=\"og:image\" content=\"https:\/\/bpk-archive.de\/tuellmann\/wp-content\/uploads\/2019\/08\/bpk_70240590.jpg\" \/>\n\t<meta property=\"og:image:width\" content=\"1200\" \/>\n\t<meta property=\"og:image:height\" content=\"921\" \/>\n\t<meta property=\"og:image:type\" content=\"image\/jpeg\" \/>\n<meta name=\"twitter:card\" content=\"summary_large_image\" \/>\n<script type=\"application\/ld+json\" class=\"yoast-schema-graph\">{\"@context\":\"https:\\\/\\\/schema.org\",\"@graph\":[{\"@type\":\"WebPage\",\"@id\":\"https:\\\/\\\/bpk-archive.de\\\/tuellmann\\\/produkt\\\/theodor-w-adorno-links-und-heinrich-boell-anlaesslich-der-poetik-vorlesung-boells-an-der-goethe-universitaet\\\/\",\"url\":\"https:\\\/\\\/bpk-archive.de\\\/tuellmann\\\/produkt\\\/theodor-w-adorno-links-und-heinrich-boell-anlaesslich-der-poetik-vorlesung-boells-an-der-goethe-universitaet\\\/\",\"name\":\"Theodor W. Adorno (links) und Heinrich B\u00f6ll anl\u00e4sslich der Poetik-Vorlesung B\u00f6lls an der Goethe-Universit\u00e4t - Abisag T\u00fcllmann\",\"isPartOf\":{\"@id\":\"https:\\\/\\\/bpk-archive.de\\\/tuellmann\\\/#website\"},\"primaryImageOfPage\":{\"@id\":\"https:\\\/\\\/bpk-archive.de\\\/tuellmann\\\/produkt\\\/theodor-w-adorno-links-und-heinrich-boell-anlaesslich-der-poetik-vorlesung-boells-an-der-goethe-universitaet\\\/#primaryimage\"},\"image\":{\"@id\":\"https:\\\/\\\/bpk-archive.de\\\/tuellmann\\\/produkt\\\/theodor-w-adorno-links-und-heinrich-boell-anlaesslich-der-poetik-vorlesung-boells-an-der-goethe-universitaet\\\/#primaryimage\"},\"thumbnailUrl\":\"https:\\\/\\\/bpk-archive.de\\\/tuellmann\\\/wp-content\\\/uploads\\\/2019\\\/08\\\/bpk_70240590.jpg\",\"datePublished\":\"2019-09-05T14:12:23+00:00\",\"dateModified\":\"2019-09-05T14:12:29+00:00\",\"breadcrumb\":{\"@id\":\"https:\\\/\\\/bpk-archive.de\\\/tuellmann\\\/produkt\\\/theodor-w-adorno-links-und-heinrich-boell-anlaesslich-der-poetik-vorlesung-boells-an-der-goethe-universitaet\\\/#breadcrumb\"},\"inLanguage\":\"de\",\"potentialAction\":[{\"@type\":\"ReadAction\",\"target\":[\"https:\\\/\\\/bpk-archive.de\\\/tuellmann\\\/produkt\\\/theodor-w-adorno-links-und-heinrich-boell-anlaesslich-der-poetik-vorlesung-boells-an-der-goethe-universitaet\\\/\"]}]},{\"@type\":\"ImageObject\",\"inLanguage\":\"de\",\"@id\":\"https:\\\/\\\/bpk-archive.de\\\/tuellmann\\\/produkt\\\/theodor-w-adorno-links-und-heinrich-boell-anlaesslich-der-poetik-vorlesung-boells-an-der-goethe-universitaet\\\/#primaryimage\",\"url\":\"https:\\\/\\\/bpk-archive.de\\\/tuellmann\\\/wp-content\\\/uploads\\\/2019\\\/08\\\/bpk_70240590.jpg\",\"contentUrl\":\"https:\\\/\\\/bpk-archive.de\\\/tuellmann\\\/wp-content\\\/uploads\\\/2019\\\/08\\\/bpk_70240590.jpg\",\"width\":1200,\"height\":921,\"caption\":\"Theodor W. Adorno (links) und Heinrich B\u00f6ll anl\u00e4sslich der Poetik-Vorlesung B\u00f6lls an der Goethe-Universit\u00e4t\"},{\"@type\":\"BreadcrumbList\",\"@id\":\"https:\\\/\\\/bpk-archive.de\\\/tuellmann\\\/produkt\\\/theodor-w-adorno-links-und-heinrich-boell-anlaesslich-der-poetik-vorlesung-boells-an-der-goethe-universitaet\\\/#breadcrumb\",\"itemListElement\":[{\"@type\":\"ListItem\",\"position\":1,\"name\":\"Startseite\",\"item\":\"https:\\\/\\\/bpk-archive.de\\\/tuellmann\\\/\"},{\"@type\":\"ListItem\",\"position\":2,\"name\":\"Shop\",\"item\":\"https:\\\/\\\/bpk-archive.de\\\/tuellmann\\\/shop\\\/\"},{\"@type\":\"ListItem\",\"position\":3,\"name\":\"Theodor W. Adorno (links) und Heinrich B\u00f6ll anl\u00e4sslich der Poetik-Vorlesung B\u00f6lls an der Goethe-Universit\u00e4t\"}]},{\"@type\":\"WebSite\",\"@id\":\"https:\\\/\\\/bpk-archive.de\\\/tuellmann\\\/#website\",\"url\":\"https:\\\/\\\/bpk-archive.de\\\/tuellmann\\\/\",\"name\":\"Abisag T\u00fcllmann\",\"description\":\"Eine weitere WordPress-Website\",\"potentialAction\":[{\"@type\":\"SearchAction\",\"target\":{\"@type\":\"EntryPoint\",\"urlTemplate\":\"https:\\\/\\\/bpk-archive.de\\\/tuellmann\\\/?s={search_term_string}\"},\"query-input\":{\"@type\":\"PropertyValueSpecification\",\"valueRequired\":true,\"valueName\":\"search_term_string\"}}],\"inLanguage\":\"de\"}]}<\/script>\n<!-- \/ Yoast SEO plugin. -->","yoast_head_json":{"title":"Theodor W. Adorno (links) und Heinrich B\u00f6ll anl\u00e4sslich der Poetik-Vorlesung B\u00f6lls an der Goethe-Universit\u00e4t - Abisag T\u00fcllmann","robots":{"index":"index","follow":"follow","max-snippet":"max-snippet:-1","max-image-preview":"max-image-preview:large","max-video-preview":"max-video-preview:-1"},"canonical":"https:\/\/bpk-archive.de\/tuellmann\/produkt\/theodor-w-adorno-links-und-heinrich-boell-anlaesslich-der-poetik-vorlesung-boells-an-der-goethe-universitaet\/","og_locale":"de_DE","og_type":"article","og_title":"Theodor W. Adorno (links) und Heinrich B\u00f6ll anl\u00e4sslich der Poetik-Vorlesung B\u00f6lls an der Goethe-Universit\u00e4t - Abisag T\u00fcllmann","og_url":"https:\/\/bpk-archive.de\/tuellmann\/produkt\/theodor-w-adorno-links-und-heinrich-boell-anlaesslich-der-poetik-vorlesung-boells-an-der-goethe-universitaet\/","og_site_name":"Abisag T\u00fcllmann","article_modified_time":"2019-09-05T14:12:29+00:00","og_image":[{"width":1200,"height":921,"url":"https:\/\/bpk-archive.de\/tuellmann\/wp-content\/uploads\/2019\/08\/bpk_70240590.jpg","type":"image\/jpeg"}],"twitter_card":"summary_large_image","schema":{"@context":"https:\/\/schema.org","@graph":[{"@type":"WebPage","@id":"https:\/\/bpk-archive.de\/tuellmann\/produkt\/theodor-w-adorno-links-und-heinrich-boell-anlaesslich-der-poetik-vorlesung-boells-an-der-goethe-universitaet\/","url":"https:\/\/bpk-archive.de\/tuellmann\/produkt\/theodor-w-adorno-links-und-heinrich-boell-anlaesslich-der-poetik-vorlesung-boells-an-der-goethe-universitaet\/","name":"Theodor W. Adorno (links) und Heinrich B\u00f6ll anl\u00e4sslich der Poetik-Vorlesung B\u00f6lls an der Goethe-Universit\u00e4t - Abisag T\u00fcllmann","isPartOf":{"@id":"https:\/\/bpk-archive.de\/tuellmann\/#website"},"primaryImageOfPage":{"@id":"https:\/\/bpk-archive.de\/tuellmann\/produkt\/theodor-w-adorno-links-und-heinrich-boell-anlaesslich-der-poetik-vorlesung-boells-an-der-goethe-universitaet\/#primaryimage"},"image":{"@id":"https:\/\/bpk-archive.de\/tuellmann\/produkt\/theodor-w-adorno-links-und-heinrich-boell-anlaesslich-der-poetik-vorlesung-boells-an-der-goethe-universitaet\/#primaryimage"},"thumbnailUrl":"https:\/\/bpk-archive.de\/tuellmann\/wp-content\/uploads\/2019\/08\/bpk_70240590.jpg","datePublished":"2019-09-05T14:12:23+00:00","dateModified":"2019-09-05T14:12:29+00:00","breadcrumb":{"@id":"https:\/\/bpk-archive.de\/tuellmann\/produkt\/theodor-w-adorno-links-und-heinrich-boell-anlaesslich-der-poetik-vorlesung-boells-an-der-goethe-universitaet\/#breadcrumb"},"inLanguage":"de","potentialAction":[{"@type":"ReadAction","target":["https:\/\/bpk-archive.de\/tuellmann\/produkt\/theodor-w-adorno-links-und-heinrich-boell-anlaesslich-der-poetik-vorlesung-boells-an-der-goethe-universitaet\/"]}]},{"@type":"ImageObject","inLanguage":"de","@id":"https:\/\/bpk-archive.de\/tuellmann\/produkt\/theodor-w-adorno-links-und-heinrich-boell-anlaesslich-der-poetik-vorlesung-boells-an-der-goethe-universitaet\/#primaryimage","url":"https:\/\/bpk-archive.de\/tuellmann\/wp-content\/uploads\/2019\/08\/bpk_70240590.jpg","contentUrl":"https:\/\/bpk-archive.de\/tuellmann\/wp-content\/uploads\/2019\/08\/bpk_70240590.jpg","width":1200,"height":921,"caption":"Theodor W. Adorno (links) und Heinrich B\u00f6ll anl\u00e4sslich der Poetik-Vorlesung B\u00f6lls an der Goethe-Universit\u00e4t"},{"@type":"BreadcrumbList","@id":"https:\/\/bpk-archive.de\/tuellmann\/produkt\/theodor-w-adorno-links-und-heinrich-boell-anlaesslich-der-poetik-vorlesung-boells-an-der-goethe-universitaet\/#breadcrumb","itemListElement":[{"@type":"ListItem","position":1,"name":"Startseite","item":"https:\/\/bpk-archive.de\/tuellmann\/"},{"@type":"ListItem","position":2,"name":"Shop","item":"https:\/\/bpk-archive.de\/tuellmann\/shop\/"},{"@type":"ListItem","position":3,"name":"Theodor W. Adorno (links) und Heinrich B\u00f6ll anl\u00e4sslich der Poetik-Vorlesung B\u00f6lls an der Goethe-Universit\u00e4t"}]},{"@type":"WebSite","@id":"https:\/\/bpk-archive.de\/tuellmann\/#website","url":"https:\/\/bpk-archive.de\/tuellmann\/","name":"Abisag T\u00fcllmann","description":"Eine weitere WordPress-Website","potentialAction":[{"@type":"SearchAction","target":{"@type":"EntryPoint","urlTemplate":"https:\/\/bpk-archive.de\/tuellmann\/?s={search_term_string}"},"query-input":{"@type":"PropertyValueSpecification","valueRequired":true,"valueName":"search_term_string"}}],"inLanguage":"de"}]}},"_links":{"self":[{"href":"https:\/\/bpk-archive.de\/tuellmann\/wp-json\/wp\/v2\/product\/70296924","targetHints":{"allow":["GET"]}}],"collection":[{"href":"https:\/\/bpk-archive.de\/tuellmann\/wp-json\/wp\/v2\/product"}],"about":[{"href":"https:\/\/bpk-archive.de\/tuellmann\/wp-json\/wp\/v2\/types\/product"}],"wp:featuredmedia":[{"embeddable":true,"href":"https:\/\/bpk-archive.de\/tuellmann\/wp-json\/wp\/v2\/media\/70291950"}],"wp:attachment":[{"href":"https:\/\/bpk-archive.de\/tuellmann\/wp-json\/wp\/v2\/media?parent=70296924"}],"wp:term":[{"taxonomy":"product_brand","embeddable":true,"href":"https:\/\/bpk-archive.de\/tuellmann\/wp-json\/wp\/v2\/product_brand?post=70296924"},{"taxonomy":"product_cat","embeddable":true,"href":"https:\/\/bpk-archive.de\/tuellmann\/wp-json\/wp\/v2\/product_cat?post=70296924"},{"taxonomy":"product_tag","embeddable":true,"href":"https:\/\/bpk-archive.de\/tuellmann\/wp-json\/wp\/v2\/product_tag?post=70296924"}],"curies":[{"name":"wp","href":"https:\/\/api.w.org\/{rel}","templated":true}]}}