{"id":70296895,"date":"2019-09-05T16:11:49","date_gmt":"2019-09-05T14:11:49","guid":{"rendered":"http:\/\/abisagtuellmann.bpk-news.de\/atbild\/wettbuero-in-salisbury-rhodesien-heute-simbabwe\/"},"modified":"2019-09-05T16:12:02","modified_gmt":"2019-09-05T14:12:02","slug":"wettbuero-in-salisbury-rhodesien-heute-simbabwe","status":"publish","type":"product","link":"https:\/\/bpk-archive.de\/tuellmann\/produkt\/wettbuero-in-salisbury-rhodesien-heute-simbabwe\/","title":{"rendered":"Wettb\u00fcro in Salisbury, Rhodesien (heute Simbabwe)"},"content":{"rendered":"<p>R\u00fcckseitenbeschriftung von anderer Hand: &#8222;Rhodesien: In einem Wettb\u00fcro in Salisbury&#8220;<\/p>\n","protected":false},"excerpt":{"rendered":"<p>R\u00fcckseitenbeschriftung von anderer Hand: &#8222;Rhodesien: In einem Wettb\u00fcro in Salisbury&#8220;<\/p>\n","protected":false},"featured_media":70293664,"template":"","meta":[],"product_brand":[],"product_cat":[],"product_tag":[13230,13232,13234,13231,13233,13235,14172,13777,13236,13237,13240,13241,13242,13243,13244,13245,48784,59116,59117,14173,13253,13254,13255,13256,13257,13473,13261,13268,13269,13270,13271,13293,13786,13787,13294,13295,13296,13297,48621,48622,48623,51110,51111,65590,65591,13498,52820,52821,13818,13819,48012,48013,13826,65592,65593,13328,13827,13828,13329,13330,13331,13332,13843,14238,14239,14240,13877,13879,13865,13864,13866,13351,13352,13353,13858,13859,13860,13861,13862,13863,13354,13869,13870,13871,13872,14241,14242,65594,65595,13519,13520,13521,13522,13523,13524,13363,13364,13365,13366,13367,13368,13369,13878,13880,13525,65596,65597,65598,65599,14254],"class_list":{"0":"post-70296895","1":"product","2":"type-product","3":"status-publish","4":"has-post-thumbnail","6":"product_tag-1970er-jahre","7":"product_tag-20-jahrhundert-nach-chr","8":"product_tag-20-jh-n-chr","9":"product_tag-20-jahrhundert","10":"product_tag-20-jh","11":"product_tag-70er","12":"product_tag-abt_010","13":"product_tag-abzug","14":"product_tag-afrika","15":"product_tag-afrikaner","16":"product_tag-afrikanisch","17":"product_tag-afrikanische","18":"product_tag-afrikanischen","19":"product_tag-afrikanischer","20":"product_tag-afrikanisches","21":"product_tag-afrikas","22":"product_tag-anspannung","23":"product_tag-anzeigetafel","24":"product_tag-anzeigetafeln","25":"product_tag-at_rhodesien","26":"product_tag-deutsch","27":"product_tag-deutsche","28":"product_tag-deutschen","29":"product_tag-deutscher","30":"product_tag-deutsches","31":"product_tag-drinnen","32":"product_tag-dunkelhaeutiger","33":"product_tag-farbige","34":"product_tag-farbigen","35":"product_tag-farbiger","36":"product_tag-farbiges","37":"product_tag-foto","38":"product_tag-fotoabzug","39":"product_tag-fotoabzuege","40":"product_tag-fotografie","41":"product_tag-fotografien","42":"product_tag-fotografin","43":"product_tag-fotografinnen","44":"product_tag-freizeit","45":"product_tag-freizeitbeschaeftigung","46":"product_tag-freizeitgestaltung","47":"product_tag-geballte-faust","48":"product_tag-geballte-faeuste","49":"product_tag-gluecksspiel","50":"product_tag-gluecksspiele","51":"product_tag-innen","52":"product_tag-kreidetafel","53":"product_tag-kreidetafeln","54":"product_tag-mann","55":"product_tag-maenner","56":"product_tag-maennergruppe","57":"product_tag-maennergruppen","58":"product_tag-mannes","59":"product_tag-pferdewette","60":"product_tag-pferdewetten","61":"product_tag-photo","62":"product_tag-photoabzug","63":"product_tag-photoabzuege","64":"product_tag-photographie","65":"product_tag-photographien","66":"product_tag-photographin","67":"product_tag-photographinnen","68":"product_tag-print","69":"product_tag-rhodesien","70":"product_tag-rhodesier","71":"product_tag-rhodesisch","72":"product_tag-s-w-fotografie","73":"product_tag-s-w-photographie","74":"product_tag-schwarzweissphotographie","75":"product_tag-schwarz-weiss-fotografie","76":"product_tag-schwarz-weiss-photographie","77":"product_tag-schwarze","78":"product_tag-schwarzen","79":"product_tag-schwarzer","80":"product_tag-schwarzweiss","81":"product_tag-schwarzweisse","82":"product_tag-schwarzweissen","83":"product_tag-schwarzweisser","84":"product_tag-schwarzweisses","85":"product_tag-schwarzweissfotografie","86":"product_tag-siebziger","87":"product_tag-silbergelatine","88":"product_tag-silbergelatineabzug","89":"product_tag-silbergelatineabzuege","90":"product_tag-silbergelatineprint","91":"product_tag-simbabwe","92":"product_tag-simbabwer","93":"product_tag-sportwette","94":"product_tag-sportwetten","95":"product_tag-stehen","96":"product_tag-stehend","97":"product_tag-stehende","98":"product_tag-stehenden","99":"product_tag-stehender","100":"product_tag-stehendes","101":"product_tag-suedafrika","102":"product_tag-suedafrikanisch","103":"product_tag-suedafrikanische","104":"product_tag-suedafrikanischen","105":"product_tag-suedafrikanischer","106":"product_tag-suedafrikanisches","107":"product_tag-suedafrikas","108":"product_tag-sw-fotografie","109":"product_tag-sw-photographie","110":"product_tag-von-innen","111":"product_tag-wettbuero","112":"product_tag-wettbueros","113":"product_tag-wette","114":"product_tag-wetten","115":"product_tag-zimbabwe","116":"pa_datierung-september-1971","117":"pa_fotograf-abisag-tuellmann","118":"pa_geografischer_bezug-aufnahmeort-salisbury-harare-rhodesien-simbabwe","119":"pa_grunddaten_material_technik-foto-silbergelatine-auf-barytpapier","120":"pa_inventarnummer-tue-71-127-18a","121":"pa_jahr_von-49516","122":"pa_massangaben-bildformat-foto-234-x-302-cm","123":"pa_mediennummer-65601","124":"pa_objekt_typ-fotografie","126":"first","127":"instock","128":"product-type-simple"},"yoast_head":"<!-- This site is optimized with the Yoast SEO plugin v27.4 - https:\/\/yoast.com\/product\/yoast-seo-wordpress\/ -->\n<title>Wettb\u00fcro in Salisbury, Rhodesien (heute Simbabwe) - Abisag T\u00fcllmann<\/title>\n<meta name=\"robots\" content=\"index, follow, max-snippet:-1, max-image-preview:large, max-video-preview:-1\" \/>\n<link rel=\"canonical\" href=\"https:\/\/bpk-archive.de\/tuellmann\/produkt\/wettbuero-in-salisbury-rhodesien-heute-simbabwe\/\" \/>\n<meta property=\"og:locale\" content=\"de_DE\" \/>\n<meta property=\"og:type\" content=\"article\" \/>\n<meta property=\"og:title\" content=\"Wettb\u00fcro in Salisbury, Rhodesien (heute Simbabwe) - Abisag T\u00fcllmann\" \/>\n<meta property=\"og:description\" content=\"R\u00fcckseitenbeschriftung von anderer Hand: &#8222;Rhodesien: In einem Wettb\u00fcro in Salisbury&#8220;\" \/>\n<meta property=\"og:url\" content=\"https:\/\/bpk-archive.de\/tuellmann\/produkt\/wettbuero-in-salisbury-rhodesien-heute-simbabwe\/\" \/>\n<meta property=\"og:site_name\" content=\"Abisag T\u00fcllmann\" \/>\n<meta property=\"article:modified_time\" content=\"2019-09-05T14:12:02+00:00\" \/>\n<meta property=\"og:image\" content=\"https:\/\/bpk-archive.de\/tuellmann\/wp-content\/uploads\/2019\/08\/bpk_70367278.jpg\" \/>\n\t<meta property=\"og:image:width\" content=\"1200\" \/>\n\t<meta property=\"og:image:height\" content=\"934\" \/>\n\t<meta property=\"og:image:type\" content=\"image\/jpeg\" \/>\n<meta name=\"twitter:card\" content=\"summary_large_image\" \/>\n<script type=\"application\/ld+json\" class=\"yoast-schema-graph\">{\"@context\":\"https:\\\/\\\/schema.org\",\"@graph\":[{\"@type\":\"WebPage\",\"@id\":\"https:\\\/\\\/bpk-archive.de\\\/tuellmann\\\/produkt\\\/wettbuero-in-salisbury-rhodesien-heute-simbabwe\\\/\",\"url\":\"https:\\\/\\\/bpk-archive.de\\\/tuellmann\\\/produkt\\\/wettbuero-in-salisbury-rhodesien-heute-simbabwe\\\/\",\"name\":\"Wettb\u00fcro in Salisbury, Rhodesien (heute Simbabwe) - Abisag T\u00fcllmann\",\"isPartOf\":{\"@id\":\"https:\\\/\\\/bpk-archive.de\\\/tuellmann\\\/#website\"},\"primaryImageOfPage\":{\"@id\":\"https:\\\/\\\/bpk-archive.de\\\/tuellmann\\\/produkt\\\/wettbuero-in-salisbury-rhodesien-heute-simbabwe\\\/#primaryimage\"},\"image\":{\"@id\":\"https:\\\/\\\/bpk-archive.de\\\/tuellmann\\\/produkt\\\/wettbuero-in-salisbury-rhodesien-heute-simbabwe\\\/#primaryimage\"},\"thumbnailUrl\":\"https:\\\/\\\/bpk-archive.de\\\/tuellmann\\\/wp-content\\\/uploads\\\/2019\\\/08\\\/bpk_70367278.jpg\",\"datePublished\":\"2019-09-05T14:11:49+00:00\",\"dateModified\":\"2019-09-05T14:12:02+00:00\",\"breadcrumb\":{\"@id\":\"https:\\\/\\\/bpk-archive.de\\\/tuellmann\\\/produkt\\\/wettbuero-in-salisbury-rhodesien-heute-simbabwe\\\/#breadcrumb\"},\"inLanguage\":\"de\",\"potentialAction\":[{\"@type\":\"ReadAction\",\"target\":[\"https:\\\/\\\/bpk-archive.de\\\/tuellmann\\\/produkt\\\/wettbuero-in-salisbury-rhodesien-heute-simbabwe\\\/\"]}]},{\"@type\":\"ImageObject\",\"inLanguage\":\"de\",\"@id\":\"https:\\\/\\\/bpk-archive.de\\\/tuellmann\\\/produkt\\\/wettbuero-in-salisbury-rhodesien-heute-simbabwe\\\/#primaryimage\",\"url\":\"https:\\\/\\\/bpk-archive.de\\\/tuellmann\\\/wp-content\\\/uploads\\\/2019\\\/08\\\/bpk_70367278.jpg\",\"contentUrl\":\"https:\\\/\\\/bpk-archive.de\\\/tuellmann\\\/wp-content\\\/uploads\\\/2019\\\/08\\\/bpk_70367278.jpg\",\"width\":1200,\"height\":934,\"caption\":\"Wettb\u00fcro in Salisbury, Rhodesien (heute Simbabwe)\"},{\"@type\":\"BreadcrumbList\",\"@id\":\"https:\\\/\\\/bpk-archive.de\\\/tuellmann\\\/produkt\\\/wettbuero-in-salisbury-rhodesien-heute-simbabwe\\\/#breadcrumb\",\"itemListElement\":[{\"@type\":\"ListItem\",\"position\":1,\"name\":\"Startseite\",\"item\":\"https:\\\/\\\/bpk-archive.de\\\/tuellmann\\\/\"},{\"@type\":\"ListItem\",\"position\":2,\"name\":\"Shop\",\"item\":\"https:\\\/\\\/bpk-archive.de\\\/tuellmann\\\/shop\\\/\"},{\"@type\":\"ListItem\",\"position\":3,\"name\":\"Wettb\u00fcro in Salisbury, Rhodesien (heute Simbabwe)\"}]},{\"@type\":\"WebSite\",\"@id\":\"https:\\\/\\\/bpk-archive.de\\\/tuellmann\\\/#website\",\"url\":\"https:\\\/\\\/bpk-archive.de\\\/tuellmann\\\/\",\"name\":\"Abisag T\u00fcllmann\",\"description\":\"Eine weitere WordPress-Website\",\"potentialAction\":[{\"@type\":\"SearchAction\",\"target\":{\"@type\":\"EntryPoint\",\"urlTemplate\":\"https:\\\/\\\/bpk-archive.de\\\/tuellmann\\\/?s={search_term_string}\"},\"query-input\":{\"@type\":\"PropertyValueSpecification\",\"valueRequired\":true,\"valueName\":\"search_term_string\"}}],\"inLanguage\":\"de\"}]}<\/script>\n<!-- \/ Yoast SEO plugin. -->","yoast_head_json":{"title":"Wettb\u00fcro in Salisbury, Rhodesien (heute Simbabwe) - Abisag T\u00fcllmann","robots":{"index":"index","follow":"follow","max-snippet":"max-snippet:-1","max-image-preview":"max-image-preview:large","max-video-preview":"max-video-preview:-1"},"canonical":"https:\/\/bpk-archive.de\/tuellmann\/produkt\/wettbuero-in-salisbury-rhodesien-heute-simbabwe\/","og_locale":"de_DE","og_type":"article","og_title":"Wettb\u00fcro in Salisbury, Rhodesien (heute Simbabwe) - Abisag T\u00fcllmann","og_description":"R\u00fcckseitenbeschriftung von anderer Hand: &#8222;Rhodesien: In einem Wettb\u00fcro in Salisbury&#8220;","og_url":"https:\/\/bpk-archive.de\/tuellmann\/produkt\/wettbuero-in-salisbury-rhodesien-heute-simbabwe\/","og_site_name":"Abisag T\u00fcllmann","article_modified_time":"2019-09-05T14:12:02+00:00","og_image":[{"width":1200,"height":934,"url":"https:\/\/bpk-archive.de\/tuellmann\/wp-content\/uploads\/2019\/08\/bpk_70367278.jpg","type":"image\/jpeg"}],"twitter_card":"summary_large_image","schema":{"@context":"https:\/\/schema.org","@graph":[{"@type":"WebPage","@id":"https:\/\/bpk-archive.de\/tuellmann\/produkt\/wettbuero-in-salisbury-rhodesien-heute-simbabwe\/","url":"https:\/\/bpk-archive.de\/tuellmann\/produkt\/wettbuero-in-salisbury-rhodesien-heute-simbabwe\/","name":"Wettb\u00fcro in Salisbury, Rhodesien (heute Simbabwe) - Abisag T\u00fcllmann","isPartOf":{"@id":"https:\/\/bpk-archive.de\/tuellmann\/#website"},"primaryImageOfPage":{"@id":"https:\/\/bpk-archive.de\/tuellmann\/produkt\/wettbuero-in-salisbury-rhodesien-heute-simbabwe\/#primaryimage"},"image":{"@id":"https:\/\/bpk-archive.de\/tuellmann\/produkt\/wettbuero-in-salisbury-rhodesien-heute-simbabwe\/#primaryimage"},"thumbnailUrl":"https:\/\/bpk-archive.de\/tuellmann\/wp-content\/uploads\/2019\/08\/bpk_70367278.jpg","datePublished":"2019-09-05T14:11:49+00:00","dateModified":"2019-09-05T14:12:02+00:00","breadcrumb":{"@id":"https:\/\/bpk-archive.de\/tuellmann\/produkt\/wettbuero-in-salisbury-rhodesien-heute-simbabwe\/#breadcrumb"},"inLanguage":"de","potentialAction":[{"@type":"ReadAction","target":["https:\/\/bpk-archive.de\/tuellmann\/produkt\/wettbuero-in-salisbury-rhodesien-heute-simbabwe\/"]}]},{"@type":"ImageObject","inLanguage":"de","@id":"https:\/\/bpk-archive.de\/tuellmann\/produkt\/wettbuero-in-salisbury-rhodesien-heute-simbabwe\/#primaryimage","url":"https:\/\/bpk-archive.de\/tuellmann\/wp-content\/uploads\/2019\/08\/bpk_70367278.jpg","contentUrl":"https:\/\/bpk-archive.de\/tuellmann\/wp-content\/uploads\/2019\/08\/bpk_70367278.jpg","width":1200,"height":934,"caption":"Wettb\u00fcro in Salisbury, Rhodesien (heute Simbabwe)"},{"@type":"BreadcrumbList","@id":"https:\/\/bpk-archive.de\/tuellmann\/produkt\/wettbuero-in-salisbury-rhodesien-heute-simbabwe\/#breadcrumb","itemListElement":[{"@type":"ListItem","position":1,"name":"Startseite","item":"https:\/\/bpk-archive.de\/tuellmann\/"},{"@type":"ListItem","position":2,"name":"Shop","item":"https:\/\/bpk-archive.de\/tuellmann\/shop\/"},{"@type":"ListItem","position":3,"name":"Wettb\u00fcro in Salisbury, Rhodesien (heute Simbabwe)"}]},{"@type":"WebSite","@id":"https:\/\/bpk-archive.de\/tuellmann\/#website","url":"https:\/\/bpk-archive.de\/tuellmann\/","name":"Abisag T\u00fcllmann","description":"Eine weitere WordPress-Website","potentialAction":[{"@type":"SearchAction","target":{"@type":"EntryPoint","urlTemplate":"https:\/\/bpk-archive.de\/tuellmann\/?s={search_term_string}"},"query-input":{"@type":"PropertyValueSpecification","valueRequired":true,"valueName":"search_term_string"}}],"inLanguage":"de"}]}},"_links":{"self":[{"href":"https:\/\/bpk-archive.de\/tuellmann\/wp-json\/wp\/v2\/product\/70296895","targetHints":{"allow":["GET"]}}],"collection":[{"href":"https:\/\/bpk-archive.de\/tuellmann\/wp-json\/wp\/v2\/product"}],"about":[{"href":"https:\/\/bpk-archive.de\/tuellmann\/wp-json\/wp\/v2\/types\/product"}],"wp:featuredmedia":[{"embeddable":true,"href":"https:\/\/bpk-archive.de\/tuellmann\/wp-json\/wp\/v2\/media\/70293664"}],"wp:attachment":[{"href":"https:\/\/bpk-archive.de\/tuellmann\/wp-json\/wp\/v2\/media?parent=70296895"}],"wp:term":[{"taxonomy":"product_brand","embeddable":true,"href":"https:\/\/bpk-archive.de\/tuellmann\/wp-json\/wp\/v2\/product_brand?post=70296895"},{"taxonomy":"product_cat","embeddable":true,"href":"https:\/\/bpk-archive.de\/tuellmann\/wp-json\/wp\/v2\/product_cat?post=70296895"},{"taxonomy":"product_tag","embeddable":true,"href":"https:\/\/bpk-archive.de\/tuellmann\/wp-json\/wp\/v2\/product_tag?post=70296895"}],"curies":[{"name":"wp","href":"https:\/\/api.w.org\/{rel}","templated":true}]}}