{"id":70296867,"date":"2019-09-05T16:11:32","date_gmt":"2019-09-05T14:11:32","guid":{"rendered":"http:\/\/abisagtuellmann.bpk-news.de\/atbild\/studentinnen-der-frauenuniversitaet-von-seoul-bei-der-tanz-gymnastik\/"},"modified":"2019-09-05T16:11:41","modified_gmt":"2019-09-05T14:11:41","slug":"studentinnen-der-frauenuniversitaet-von-seoul-bei-der-tanz-gymnastik","status":"publish","type":"product","link":"https:\/\/bpk-archive.de\/tuellmann\/produkt\/studentinnen-der-frauenuniversitaet-von-seoul-bei-der-tanz-gymnastik\/","title":{"rendered":"Studentinnen der Frauenuniversit\u00e4t von Seoul bei der Tanz-Gymnastik"},"content":{"rendered":"<p>R\u00fcckseitenbeschriftung von Hand der Fotografin: &#8222;S\u00fcd-Korea&#8220; R\u00fcckseitenbeschriftung von anderer Hand: &#8222;Seoul, in der gr\u00f6\u00dften M\u00e4dchenuniversit\u00e4t der Welt&#8220;<\/p>\n","protected":false},"excerpt":{"rendered":"<p>R\u00fcckseitenbeschriftung von Hand der Fotografin: &#8222;S\u00fcd-Korea&#8220; R\u00fcckseitenbeschriftung von anderer Hand: &#8222;Seoul, in der gr\u00f6\u00dften M\u00e4dchenuniversit\u00e4t der Welt&#8220;<\/p>\n","protected":false},"featured_media":70292674,"template":"","meta":[],"product_brand":[],"product_cat":[],"product_tag":[13230,13232,13234,13231,13233,13235,64875,13777,47541,47542,47543,47544,47545,47546,56103,56104,56105,56175,56176,56106,56107,56108,56109,56110,56111,56112,56113,65437,50314,13250,50141,13253,13254,13255,13256,13257,50315,13260,13293,13786,13787,13294,13295,13296,13297,13487,13488,47735,47736,65471,65472,48621,48622,48623,65473,47887,47888,57250,47497,47498,55420,55421,13301,13812,13813,13814,13815,13816,56177,56178,56179,56180,56181,56182,56183,56184,56185,13310,50479,13311,47447,47448,56131,56133,56135,56137,56139,56141,56142,56130,56132,56134,56136,56138,56140,13328,13827,13828,13329,13330,13331,13332,13843,13877,13879,13865,13864,13866,13858,13859,13860,13861,13862,13863,13354,13869,13870,13871,13872,50070,65474,65475,50076,47406,47407,59078,13519,13520,13521,13522,13523,13524,54112,54113,56186,56187,56188,56189,56190,56191,56192,56193,56194,56195,65451,65452,65453,65454,65455,56196,13878,13880,65476,49387,49388,49389,49390,49391,49392,65477,59476,53235,53236,53237,53238,53239,53240,53241,14079,14080,51057,51058,51059,51060],"class_list":{"0":"post-70296867","1":"product","2":"type-product","3":"status-publish","4":"has-post-thumbnail","6":"product_tag-1970er-jahre","7":"product_tag-20-jahrhundert-nach-chr","8":"product_tag-20-jh-n-chr","9":"product_tag-20-jahrhundert","10":"product_tag-20-jh","11":"product_tag-70er","12":"product_tag-abt_024","13":"product_tag-abzug","14":"product_tag-alltag","15":"product_tag-alltaeglich","16":"product_tag-alltaegliche","17":"product_tag-alltaeglicher","18":"product_tag-alltaegliches","19":"product_tag-alltagsleben","20":"product_tag-asiat","21":"product_tag-asiate","22":"product_tag-asiaten","23":"product_tag-asiatin","24":"product_tag-asiatinnen","25":"product_tag-asiatisch","26":"product_tag-asiatische","27":"product_tag-asiatischem","28":"product_tag-asiatischen","29":"product_tag-asiatischer","30":"product_tag-asiatisches","31":"product_tag-asien","32":"product_tag-asiens","33":"product_tag-at_asien","34":"product_tag-aufsicht","35":"product_tag-aussen","36":"product_tag-bildung","37":"product_tag-deutsch","38":"product_tag-deutsche","39":"product_tag-deutschen","40":"product_tag-deutscher","41":"product_tag-deutsches","42":"product_tag-draufsicht","43":"product_tag-draussen","44":"product_tag-foto","45":"product_tag-fotoabzug","46":"product_tag-fotoabzuege","47":"product_tag-fotografie","48":"product_tag-fotografien","49":"product_tag-fotografin","50":"product_tag-fotografinnen","51":"product_tag-frau","52":"product_tag-frauen","53":"product_tag-frauengruppe","54":"product_tag-frauengruppen","55":"product_tag-frauenhochschule","56":"product_tag-frauenuniversitaet","57":"product_tag-freizeit","58":"product_tag-freizeitbeschaeftigung","59":"product_tag-freizeitgestaltung","60":"product_tag-gleichschaltung","61":"product_tag-grossstadt","62":"product_tag-grossstaedte","63":"product_tag-gymnastik","64":"product_tag-hauptstadt","65":"product_tag-hauptstaedte","66":"product_tag-hochschule","67":"product_tag-hochschulen","68":"product_tag-im-freien","69":"product_tag-jung","70":"product_tag-junge","71":"product_tag-jungen","72":"product_tag-junger","73":"product_tag-junges","74":"product_tag-korea","75":"product_tag-koreaner","76":"product_tag-koreanerin","77":"product_tag-koreanerinnen","78":"product_tag-koreanisch","79":"product_tag-koreanische","80":"product_tag-koreanischen","81":"product_tag-koreanischer","82":"product_tag-koreanisches","83":"product_tag-maedchen","84":"product_tag-maedchengruppe","85":"product_tag-maedchens","86":"product_tag-menschengruppe","87":"product_tag-menschengruppen","88":"product_tag-ost-asiatisch","89":"product_tag-ost-asiatische","90":"product_tag-ost-asiatischen","91":"product_tag-ost-asiatischer","92":"product_tag-ost-asiatisches","93":"product_tag-ost-asien","94":"product_tag-ost-asiens","95":"product_tag-ostasiatisch","96":"product_tag-ostasiatische","97":"product_tag-ostasiatischen","98":"product_tag-ostasiatischer","99":"product_tag-ostasiatisches","100":"product_tag-ostasien","101":"product_tag-photo","102":"product_tag-photoabzug","103":"product_tag-photoabzuege","104":"product_tag-photographie","105":"product_tag-photographien","106":"product_tag-photographin","107":"product_tag-photographinnen","108":"product_tag-print","109":"product_tag-s-w-fotografie","110":"product_tag-s-w-photographie","111":"product_tag-schwarzweissphotographie","112":"product_tag-schwarz-weiss-fotografie","113":"product_tag-schwarz-weiss-photographie","114":"product_tag-schwarzweiss","115":"product_tag-schwarzweisse","116":"product_tag-schwarzweissen","117":"product_tag-schwarzweisser","118":"product_tag-schwarzweisses","119":"product_tag-schwarzweissfotografie","120":"product_tag-siebziger","121":"product_tag-silbergelatine","122":"product_tag-silbergelatineabzug","123":"product_tag-silbergelatineabzuege","124":"product_tag-silbergelatineprint","125":"product_tag-sport","126":"product_tag-sportplatz","127":"product_tag-sportplaetze","128":"product_tag-sports","129":"product_tag-stadt","130":"product_tag-staedte","131":"product_tag-stadtleben","132":"product_tag-stehen","133":"product_tag-stehend","134":"product_tag-stehende","135":"product_tag-stehenden","136":"product_tag-stehender","137":"product_tag-stehendes","138":"product_tag-studentin","139":"product_tag-studentinnen","140":"product_tag-suedkorea","141":"product_tag-suedkoreaner","142":"product_tag-suedkoreanerin","143":"product_tag-suedkoreanerinnen","144":"product_tag-suedkoreanisch","145":"product_tag-suedkoreanische","146":"product_tag-suedkoreanischen","147":"product_tag-suedkoreanischer","148":"product_tag-suedkoreanisches","149":"product_tag-suedostasiatisch","150":"product_tag-suedostasiatische","151":"product_tag-suedostasiatischem","152":"product_tag-suedostasiatischen","153":"product_tag-suedostasiatischer","154":"product_tag-suedostasiatisches","155":"product_tag-suedostasien","156":"product_tag-sw-fotografie","157":"product_tag-sw-photographie","158":"product_tag-synchron","159":"product_tag-tanzen","160":"product_tag-tanzend","161":"product_tag-tanzende","162":"product_tag-tanzenden","163":"product_tag-tanzender","164":"product_tag-tanzendes","165":"product_tag-tanzgymnastik","166":"product_tag-turnen","167":"product_tag-ueben","168":"product_tag-uebend","169":"product_tag-uebende","170":"product_tag-uebenden","171":"product_tag-uebender","172":"product_tag-uebendes","173":"product_tag-uebt","174":"product_tag-universitaet","175":"product_tag-universitaeten","176":"product_tag-von-vorn","177":"product_tag-von-vorne","178":"product_tag-vorderansicht","179":"product_tag-vorderseite","180":"pa_datierung-mai-1973","181":"pa_fotograf-abisag-tuellmann","182":"pa_geografischer_bezug-aufnahmeort-seoul-republik-korea","183":"pa_grunddaten_material_technik-foto-silbergelatine-auf-barytpapier","184":"pa_inventarnummer-tue-73-072-07a","185":"pa_jahr_von-54245","186":"pa_massangaben-bildformat-foto-303-x-398-cm","187":"pa_mediennummer-65469","188":"pa_objekt_typ-fotografie","190":"first","191":"instock","192":"product-type-simple"},"yoast_head":"<!-- This site is optimized with the Yoast SEO plugin v27.3 - https:\/\/yoast.com\/product\/yoast-seo-wordpress\/ -->\n<title>Studentinnen der Frauenuniversit\u00e4t von Seoul bei der Tanz-Gymnastik - Abisag T\u00fcllmann<\/title>\n<meta name=\"robots\" content=\"index, follow, max-snippet:-1, max-image-preview:large, max-video-preview:-1\" \/>\n<link rel=\"canonical\" href=\"https:\/\/bpk-archive.de\/tuellmann\/produkt\/studentinnen-der-frauenuniversitaet-von-seoul-bei-der-tanz-gymnastik\/\" \/>\n<meta property=\"og:locale\" content=\"de_DE\" \/>\n<meta property=\"og:type\" content=\"article\" \/>\n<meta property=\"og:title\" content=\"Studentinnen der Frauenuniversit\u00e4t von Seoul bei der Tanz-Gymnastik - Abisag T\u00fcllmann\" \/>\n<meta property=\"og:description\" content=\"R\u00fcckseitenbeschriftung von Hand der Fotografin: &#8222;S\u00fcd-Korea&#8220; R\u00fcckseitenbeschriftung von anderer Hand: &#8222;Seoul, in der gr\u00f6\u00dften M\u00e4dchenuniversit\u00e4t der Welt&#8220;\" \/>\n<meta property=\"og:url\" content=\"https:\/\/bpk-archive.de\/tuellmann\/produkt\/studentinnen-der-frauenuniversitaet-von-seoul-bei-der-tanz-gymnastik\/\" \/>\n<meta property=\"og:site_name\" content=\"Abisag T\u00fcllmann\" \/>\n<meta property=\"article:modified_time\" content=\"2019-09-05T14:11:41+00:00\" \/>\n<meta property=\"og:image\" content=\"https:\/\/bpk-archive.de\/tuellmann\/wp-content\/uploads\/2019\/08\/bpk_70243271.jpg\" \/>\n\t<meta property=\"og:image:width\" content=\"1200\" \/>\n\t<meta property=\"og:image:height\" content=\"924\" \/>\n\t<meta property=\"og:image:type\" content=\"image\/jpeg\" \/>\n<meta name=\"twitter:card\" content=\"summary_large_image\" \/>\n<script type=\"application\/ld+json\" class=\"yoast-schema-graph\">{\"@context\":\"https:\\\/\\\/schema.org\",\"@graph\":[{\"@type\":\"WebPage\",\"@id\":\"https:\\\/\\\/bpk-archive.de\\\/tuellmann\\\/produkt\\\/studentinnen-der-frauenuniversitaet-von-seoul-bei-der-tanz-gymnastik\\\/\",\"url\":\"https:\\\/\\\/bpk-archive.de\\\/tuellmann\\\/produkt\\\/studentinnen-der-frauenuniversitaet-von-seoul-bei-der-tanz-gymnastik\\\/\",\"name\":\"Studentinnen der Frauenuniversit\u00e4t von Seoul bei der Tanz-Gymnastik - Abisag T\u00fcllmann\",\"isPartOf\":{\"@id\":\"https:\\\/\\\/bpk-archive.de\\\/tuellmann\\\/#website\"},\"primaryImageOfPage\":{\"@id\":\"https:\\\/\\\/bpk-archive.de\\\/tuellmann\\\/produkt\\\/studentinnen-der-frauenuniversitaet-von-seoul-bei-der-tanz-gymnastik\\\/#primaryimage\"},\"image\":{\"@id\":\"https:\\\/\\\/bpk-archive.de\\\/tuellmann\\\/produkt\\\/studentinnen-der-frauenuniversitaet-von-seoul-bei-der-tanz-gymnastik\\\/#primaryimage\"},\"thumbnailUrl\":\"https:\\\/\\\/bpk-archive.de\\\/tuellmann\\\/wp-content\\\/uploads\\\/2019\\\/08\\\/bpk_70243271.jpg\",\"datePublished\":\"2019-09-05T14:11:32+00:00\",\"dateModified\":\"2019-09-05T14:11:41+00:00\",\"breadcrumb\":{\"@id\":\"https:\\\/\\\/bpk-archive.de\\\/tuellmann\\\/produkt\\\/studentinnen-der-frauenuniversitaet-von-seoul-bei-der-tanz-gymnastik\\\/#breadcrumb\"},\"inLanguage\":\"de\",\"potentialAction\":[{\"@type\":\"ReadAction\",\"target\":[\"https:\\\/\\\/bpk-archive.de\\\/tuellmann\\\/produkt\\\/studentinnen-der-frauenuniversitaet-von-seoul-bei-der-tanz-gymnastik\\\/\"]}]},{\"@type\":\"ImageObject\",\"inLanguage\":\"de\",\"@id\":\"https:\\\/\\\/bpk-archive.de\\\/tuellmann\\\/produkt\\\/studentinnen-der-frauenuniversitaet-von-seoul-bei-der-tanz-gymnastik\\\/#primaryimage\",\"url\":\"https:\\\/\\\/bpk-archive.de\\\/tuellmann\\\/wp-content\\\/uploads\\\/2019\\\/08\\\/bpk_70243271.jpg\",\"contentUrl\":\"https:\\\/\\\/bpk-archive.de\\\/tuellmann\\\/wp-content\\\/uploads\\\/2019\\\/08\\\/bpk_70243271.jpg\",\"width\":1200,\"height\":924,\"caption\":\"Studentinnen der Frauenuniversit\u00e4t von Seoul bei der Tanz-Gymnastik\"},{\"@type\":\"BreadcrumbList\",\"@id\":\"https:\\\/\\\/bpk-archive.de\\\/tuellmann\\\/produkt\\\/studentinnen-der-frauenuniversitaet-von-seoul-bei-der-tanz-gymnastik\\\/#breadcrumb\",\"itemListElement\":[{\"@type\":\"ListItem\",\"position\":1,\"name\":\"Startseite\",\"item\":\"https:\\\/\\\/bpk-archive.de\\\/tuellmann\\\/\"},{\"@type\":\"ListItem\",\"position\":2,\"name\":\"Shop\",\"item\":\"https:\\\/\\\/bpk-archive.de\\\/tuellmann\\\/shop\\\/\"},{\"@type\":\"ListItem\",\"position\":3,\"name\":\"Studentinnen der Frauenuniversit\u00e4t von Seoul bei der Tanz-Gymnastik\"}]},{\"@type\":\"WebSite\",\"@id\":\"https:\\\/\\\/bpk-archive.de\\\/tuellmann\\\/#website\",\"url\":\"https:\\\/\\\/bpk-archive.de\\\/tuellmann\\\/\",\"name\":\"Abisag T\u00fcllmann\",\"description\":\"Eine weitere WordPress-Website\",\"potentialAction\":[{\"@type\":\"SearchAction\",\"target\":{\"@type\":\"EntryPoint\",\"urlTemplate\":\"https:\\\/\\\/bpk-archive.de\\\/tuellmann\\\/?s={search_term_string}\"},\"query-input\":{\"@type\":\"PropertyValueSpecification\",\"valueRequired\":true,\"valueName\":\"search_term_string\"}}],\"inLanguage\":\"de\"}]}<\/script>\n<!-- \/ Yoast SEO plugin. -->","yoast_head_json":{"title":"Studentinnen der Frauenuniversit\u00e4t von Seoul bei der Tanz-Gymnastik - Abisag T\u00fcllmann","robots":{"index":"index","follow":"follow","max-snippet":"max-snippet:-1","max-image-preview":"max-image-preview:large","max-video-preview":"max-video-preview:-1"},"canonical":"https:\/\/bpk-archive.de\/tuellmann\/produkt\/studentinnen-der-frauenuniversitaet-von-seoul-bei-der-tanz-gymnastik\/","og_locale":"de_DE","og_type":"article","og_title":"Studentinnen der Frauenuniversit\u00e4t von Seoul bei der Tanz-Gymnastik - Abisag T\u00fcllmann","og_description":"R\u00fcckseitenbeschriftung von Hand der Fotografin: &#8222;S\u00fcd-Korea&#8220; R\u00fcckseitenbeschriftung von anderer Hand: &#8222;Seoul, in der gr\u00f6\u00dften M\u00e4dchenuniversit\u00e4t der Welt&#8220;","og_url":"https:\/\/bpk-archive.de\/tuellmann\/produkt\/studentinnen-der-frauenuniversitaet-von-seoul-bei-der-tanz-gymnastik\/","og_site_name":"Abisag T\u00fcllmann","article_modified_time":"2019-09-05T14:11:41+00:00","og_image":[{"width":1200,"height":924,"url":"https:\/\/bpk-archive.de\/tuellmann\/wp-content\/uploads\/2019\/08\/bpk_70243271.jpg","type":"image\/jpeg"}],"twitter_card":"summary_large_image","schema":{"@context":"https:\/\/schema.org","@graph":[{"@type":"WebPage","@id":"https:\/\/bpk-archive.de\/tuellmann\/produkt\/studentinnen-der-frauenuniversitaet-von-seoul-bei-der-tanz-gymnastik\/","url":"https:\/\/bpk-archive.de\/tuellmann\/produkt\/studentinnen-der-frauenuniversitaet-von-seoul-bei-der-tanz-gymnastik\/","name":"Studentinnen der Frauenuniversit\u00e4t von Seoul bei der Tanz-Gymnastik - Abisag T\u00fcllmann","isPartOf":{"@id":"https:\/\/bpk-archive.de\/tuellmann\/#website"},"primaryImageOfPage":{"@id":"https:\/\/bpk-archive.de\/tuellmann\/produkt\/studentinnen-der-frauenuniversitaet-von-seoul-bei-der-tanz-gymnastik\/#primaryimage"},"image":{"@id":"https:\/\/bpk-archive.de\/tuellmann\/produkt\/studentinnen-der-frauenuniversitaet-von-seoul-bei-der-tanz-gymnastik\/#primaryimage"},"thumbnailUrl":"https:\/\/bpk-archive.de\/tuellmann\/wp-content\/uploads\/2019\/08\/bpk_70243271.jpg","datePublished":"2019-09-05T14:11:32+00:00","dateModified":"2019-09-05T14:11:41+00:00","breadcrumb":{"@id":"https:\/\/bpk-archive.de\/tuellmann\/produkt\/studentinnen-der-frauenuniversitaet-von-seoul-bei-der-tanz-gymnastik\/#breadcrumb"},"inLanguage":"de","potentialAction":[{"@type":"ReadAction","target":["https:\/\/bpk-archive.de\/tuellmann\/produkt\/studentinnen-der-frauenuniversitaet-von-seoul-bei-der-tanz-gymnastik\/"]}]},{"@type":"ImageObject","inLanguage":"de","@id":"https:\/\/bpk-archive.de\/tuellmann\/produkt\/studentinnen-der-frauenuniversitaet-von-seoul-bei-der-tanz-gymnastik\/#primaryimage","url":"https:\/\/bpk-archive.de\/tuellmann\/wp-content\/uploads\/2019\/08\/bpk_70243271.jpg","contentUrl":"https:\/\/bpk-archive.de\/tuellmann\/wp-content\/uploads\/2019\/08\/bpk_70243271.jpg","width":1200,"height":924,"caption":"Studentinnen der Frauenuniversit\u00e4t von Seoul bei der Tanz-Gymnastik"},{"@type":"BreadcrumbList","@id":"https:\/\/bpk-archive.de\/tuellmann\/produkt\/studentinnen-der-frauenuniversitaet-von-seoul-bei-der-tanz-gymnastik\/#breadcrumb","itemListElement":[{"@type":"ListItem","position":1,"name":"Startseite","item":"https:\/\/bpk-archive.de\/tuellmann\/"},{"@type":"ListItem","position":2,"name":"Shop","item":"https:\/\/bpk-archive.de\/tuellmann\/shop\/"},{"@type":"ListItem","position":3,"name":"Studentinnen der Frauenuniversit\u00e4t von Seoul bei der Tanz-Gymnastik"}]},{"@type":"WebSite","@id":"https:\/\/bpk-archive.de\/tuellmann\/#website","url":"https:\/\/bpk-archive.de\/tuellmann\/","name":"Abisag T\u00fcllmann","description":"Eine weitere WordPress-Website","potentialAction":[{"@type":"SearchAction","target":{"@type":"EntryPoint","urlTemplate":"https:\/\/bpk-archive.de\/tuellmann\/?s={search_term_string}"},"query-input":{"@type":"PropertyValueSpecification","valueRequired":true,"valueName":"search_term_string"}}],"inLanguage":"de"}]}},"_links":{"self":[{"href":"https:\/\/bpk-archive.de\/tuellmann\/wp-json\/wp\/v2\/product\/70296867","targetHints":{"allow":["GET"]}}],"collection":[{"href":"https:\/\/bpk-archive.de\/tuellmann\/wp-json\/wp\/v2\/product"}],"about":[{"href":"https:\/\/bpk-archive.de\/tuellmann\/wp-json\/wp\/v2\/types\/product"}],"wp:featuredmedia":[{"embeddable":true,"href":"https:\/\/bpk-archive.de\/tuellmann\/wp-json\/wp\/v2\/media\/70292674"}],"wp:attachment":[{"href":"https:\/\/bpk-archive.de\/tuellmann\/wp-json\/wp\/v2\/media?parent=70296867"}],"wp:term":[{"taxonomy":"product_brand","embeddable":true,"href":"https:\/\/bpk-archive.de\/tuellmann\/wp-json\/wp\/v2\/product_brand?post=70296867"},{"taxonomy":"product_cat","embeddable":true,"href":"https:\/\/bpk-archive.de\/tuellmann\/wp-json\/wp\/v2\/product_cat?post=70296867"},{"taxonomy":"product_tag","embeddable":true,"href":"https:\/\/bpk-archive.de\/tuellmann\/wp-json\/wp\/v2\/product_tag?post=70296867"}],"curies":[{"name":"wp","href":"https:\/\/api.w.org\/{rel}","templated":true}]}}