{"id":70296811,"date":"2019-09-05T16:10:41","date_gmt":"2019-09-05T14:10:41","guid":{"rendered":"http:\/\/abisagtuellmann.bpk-news.de\/atbild\/arbeiter-der-goldmine-winkelhaak-evander\/"},"modified":"2019-09-05T16:10:53","modified_gmt":"2019-09-05T14:10:53","slug":"arbeiter-der-goldmine-winkelhaak-evander","status":"publish","type":"product","link":"https:\/\/bpk-archive.de\/tuellmann\/produkt\/arbeiter-der-goldmine-winkelhaak-evander\/","title":{"rendered":"Arbeiter der Goldmine Winkelhaak, Evander"},"content":{"rendered":"<p>Die Arbeiter stehen in einer Arbeitspause Schlange, um Eimer mit Wasser zu f\u00fcllen R\u00fcckseitenbeschriftung von anderer Hand: &#8222;S\u00fcdafrika, Arbeiter Goldmine&#8220;<\/p>\n","protected":false},"excerpt":{"rendered":"<p>Die Arbeiter stehen in einer Arbeitspause Schlange, um Eimer mit Wasser zu f\u00fcllen R\u00fcckseitenbeschriftung von anderer Hand: &#8222;S\u00fcdafrika, Arbeiter Goldmine&#8220;<\/p>\n","protected":false},"featured_media":70292596,"template":"","meta":[],"product_brand":[],"product_cat":[],"product_tag":[13230,13232,13234,13231,13233,13235,64875,13777,13236,13237,13240,13241,13242,13243,13244,13245,47513,47456,47457,47458,47459,47460,47461,47462,13604,13605,62063,62064,51804,13250,62067,64912,62068,14177,13253,13254,13255,13256,13257,13260,13261,49917,49918,13268,13269,13270,13271,13293,13786,13787,13294,13295,13296,13297,62073,62074,50059,50060,50061,50062,50063,50064,13301,14000,14001,14002,14003,14004,14005,14006,13818,13819,48012,48013,13826,62077,62078,62079,62080,62081,50374,50375,13328,13827,13828,13329,13330,13331,13332,13843,13877,13879,47528,47527,13865,13864,13866,13351,13352,13353,13858,13859,13860,13861,13862,13863,13354,13869,13870,13871,13872,13363,51811,13364,13365,13366,13367,13368,13369,13878,13880,50659,47535,47536,50660,50480,50662],"class_list":{"0":"post-70296811","1":"product","2":"type-product","3":"status-publish","4":"has-post-thumbnail","6":"product_tag-1970er-jahre","7":"product_tag-20-jahrhundert-nach-chr","8":"product_tag-20-jh-n-chr","9":"product_tag-20-jahrhundert","10":"product_tag-20-jh","11":"product_tag-70er","12":"product_tag-abt_024","13":"product_tag-abzug","14":"product_tag-afrika","15":"product_tag-afrikaner","16":"product_tag-afrikanisch","17":"product_tag-afrikanische","18":"product_tag-afrikanischen","19":"product_tag-afrikanischer","20":"product_tag-afrikanisches","21":"product_tag-afrikas","22":"product_tag-anstehen","23":"product_tag-arbeit","24":"product_tag-arbeiten","25":"product_tag-arbeitend","26":"product_tag-arbeitende","27":"product_tag-arbeitenden","28":"product_tag-arbeitender","29":"product_tag-arbeitendes","30":"product_tag-arbeiter","31":"product_tag-arbeitern","32":"product_tag-arbeitsbedingung","33":"product_tag-arbeitsbedingungen","34":"product_tag-at_suedafrika","35":"product_tag-aussen","36":"product_tag-bergbau","37":"product_tag-bergbaumine","38":"product_tag-bergbaus","39":"product_tag-blickkontakt","40":"product_tag-deutsch","41":"product_tag-deutsche","42":"product_tag-deutschen","43":"product_tag-deutscher","44":"product_tag-deutsches","45":"product_tag-draussen","46":"product_tag-dunkelhaeutiger","47":"product_tag-eimer","48":"product_tag-eimern","49":"product_tag-farbige","50":"product_tag-farbigen","51":"product_tag-farbiger","52":"product_tag-farbiges","53":"product_tag-foto","54":"product_tag-fotoabzug","55":"product_tag-fotoabzuege","56":"product_tag-fotografie","57":"product_tag-fotografien","58":"product_tag-fotografin","59":"product_tag-fotografinnen","60":"product_tag-goldmine","61":"product_tag-goldminen","62":"product_tag-gruppenaufnahme","63":"product_tag-gruppenaufnahmen","64":"product_tag-gruppenfoto","65":"product_tag-gruppenfotos","66":"product_tag-gruppenphoto","67":"product_tag-gruppenphotos","68":"product_tag-im-freien","69":"product_tag-laecheln","70":"product_tag-laechelnd","71":"product_tag-laechelnde","72":"product_tag-laechelnden","73":"product_tag-laechelnder","74":"product_tag-laechelndes","75":"product_tag-laechelt","76":"product_tag-mann","77":"product_tag-maenner","78":"product_tag-maennergruppe","79":"product_tag-maennergruppen","80":"product_tag-mannes","81":"product_tag-mine","82":"product_tag-minen","83":"product_tag-minenarbeiter","84":"product_tag-minenarbeitern","85":"product_tag-minenarbeiters","86":"product_tag-pause","87":"product_tag-pausen","88":"product_tag-photo","89":"product_tag-photoabzug","90":"product_tag-photoabzuege","91":"product_tag-photographie","92":"product_tag-photographien","93":"product_tag-photographin","94":"product_tag-photographinnen","95":"product_tag-print","96":"product_tag-s-w-fotografie","97":"product_tag-s-w-photographie","98":"product_tag-schlange-stehen","99":"product_tag-schlangestehen","100":"product_tag-schwarzweissphotographie","101":"product_tag-schwarz-weiss-fotografie","102":"product_tag-schwarz-weiss-photographie","103":"product_tag-schwarze","104":"product_tag-schwarzen","105":"product_tag-schwarzer","106":"product_tag-schwarzweiss","107":"product_tag-schwarzweisse","108":"product_tag-schwarzweissen","109":"product_tag-schwarzweisser","110":"product_tag-schwarzweisses","111":"product_tag-schwarzweissfotografie","112":"product_tag-siebziger","113":"product_tag-silbergelatine","114":"product_tag-silbergelatineabzug","115":"product_tag-silbergelatineabzuege","116":"product_tag-silbergelatineprint","117":"product_tag-suedafrika","118":"product_tag-suedafrikaner","119":"product_tag-suedafrikanisch","120":"product_tag-suedafrikanische","121":"product_tag-suedafrikanischen","122":"product_tag-suedafrikanischer","123":"product_tag-suedafrikanisches","124":"product_tag-suedafrikas","125":"product_tag-sw-fotografie","126":"product_tag-sw-photographie","127":"product_tag-trinkwasser","128":"product_tag-warteschlange","129":"product_tag-warteschlangen","130":"product_tag-wasser","131":"product_tag-wassereimer","132":"product_tag-wassers","133":"pa_datierung-oktober-1971","134":"pa_fotograf-abisag-tuellmann","135":"pa_geografischer_bezug-aufnahmeort-evander-suedafrika","136":"pa_grunddaten_material_technik-foto-silbergelatine-auf-barytpapier","137":"pa_inventarnummer-tue-71-198-29","138":"pa_jahr_von-49516","139":"pa_massangaben-bildformat-foto-285-x-404-cm","140":"pa_mediennummer-65234","141":"pa_objekt_typ-fotografie","143":"first","144":"instock","145":"product-type-simple"},"yoast_head":"<!-- This site is optimized with the Yoast SEO plugin v27.3 - https:\/\/yoast.com\/product\/yoast-seo-wordpress\/ -->\n<title>Arbeiter der Goldmine Winkelhaak, Evander - Abisag T\u00fcllmann<\/title>\n<meta name=\"robots\" content=\"index, follow, max-snippet:-1, max-image-preview:large, max-video-preview:-1\" \/>\n<link rel=\"canonical\" href=\"https:\/\/bpk-archive.de\/tuellmann\/produkt\/arbeiter-der-goldmine-winkelhaak-evander\/\" \/>\n<meta property=\"og:locale\" content=\"de_DE\" \/>\n<meta property=\"og:type\" content=\"article\" \/>\n<meta property=\"og:title\" content=\"Arbeiter der Goldmine Winkelhaak, Evander - Abisag T\u00fcllmann\" \/>\n<meta property=\"og:description\" content=\"Die Arbeiter stehen in einer Arbeitspause Schlange, um Eimer mit Wasser zu f\u00fcllen R\u00fcckseitenbeschriftung von anderer Hand: &#8222;S\u00fcdafrika, Arbeiter Goldmine&#8220;\" \/>\n<meta property=\"og:url\" content=\"https:\/\/bpk-archive.de\/tuellmann\/produkt\/arbeiter-der-goldmine-winkelhaak-evander\/\" \/>\n<meta property=\"og:site_name\" content=\"Abisag T\u00fcllmann\" \/>\n<meta property=\"article:modified_time\" content=\"2019-09-05T14:10:53+00:00\" \/>\n<meta property=\"og:image\" content=\"https:\/\/bpk-archive.de\/tuellmann\/wp-content\/uploads\/2019\/08\/bpk_70243244.jpg\" \/>\n\t<meta property=\"og:image:width\" content=\"1200\" \/>\n\t<meta property=\"og:image:height\" content=\"848\" \/>\n\t<meta property=\"og:image:type\" content=\"image\/jpeg\" \/>\n<meta name=\"twitter:card\" content=\"summary_large_image\" \/>\n<script type=\"application\/ld+json\" class=\"yoast-schema-graph\">{\"@context\":\"https:\\\/\\\/schema.org\",\"@graph\":[{\"@type\":\"WebPage\",\"@id\":\"https:\\\/\\\/bpk-archive.de\\\/tuellmann\\\/produkt\\\/arbeiter-der-goldmine-winkelhaak-evander\\\/\",\"url\":\"https:\\\/\\\/bpk-archive.de\\\/tuellmann\\\/produkt\\\/arbeiter-der-goldmine-winkelhaak-evander\\\/\",\"name\":\"Arbeiter der Goldmine Winkelhaak, Evander - Abisag T\u00fcllmann\",\"isPartOf\":{\"@id\":\"https:\\\/\\\/bpk-archive.de\\\/tuellmann\\\/#website\"},\"primaryImageOfPage\":{\"@id\":\"https:\\\/\\\/bpk-archive.de\\\/tuellmann\\\/produkt\\\/arbeiter-der-goldmine-winkelhaak-evander\\\/#primaryimage\"},\"image\":{\"@id\":\"https:\\\/\\\/bpk-archive.de\\\/tuellmann\\\/produkt\\\/arbeiter-der-goldmine-winkelhaak-evander\\\/#primaryimage\"},\"thumbnailUrl\":\"https:\\\/\\\/bpk-archive.de\\\/tuellmann\\\/wp-content\\\/uploads\\\/2019\\\/08\\\/bpk_70243244.jpg\",\"datePublished\":\"2019-09-05T14:10:41+00:00\",\"dateModified\":\"2019-09-05T14:10:53+00:00\",\"breadcrumb\":{\"@id\":\"https:\\\/\\\/bpk-archive.de\\\/tuellmann\\\/produkt\\\/arbeiter-der-goldmine-winkelhaak-evander\\\/#breadcrumb\"},\"inLanguage\":\"de\",\"potentialAction\":[{\"@type\":\"ReadAction\",\"target\":[\"https:\\\/\\\/bpk-archive.de\\\/tuellmann\\\/produkt\\\/arbeiter-der-goldmine-winkelhaak-evander\\\/\"]}]},{\"@type\":\"ImageObject\",\"inLanguage\":\"de\",\"@id\":\"https:\\\/\\\/bpk-archive.de\\\/tuellmann\\\/produkt\\\/arbeiter-der-goldmine-winkelhaak-evander\\\/#primaryimage\",\"url\":\"https:\\\/\\\/bpk-archive.de\\\/tuellmann\\\/wp-content\\\/uploads\\\/2019\\\/08\\\/bpk_70243244.jpg\",\"contentUrl\":\"https:\\\/\\\/bpk-archive.de\\\/tuellmann\\\/wp-content\\\/uploads\\\/2019\\\/08\\\/bpk_70243244.jpg\",\"width\":1200,\"height\":848,\"caption\":\"Arbeiter der Goldmine Winkelhaak, Evander\"},{\"@type\":\"BreadcrumbList\",\"@id\":\"https:\\\/\\\/bpk-archive.de\\\/tuellmann\\\/produkt\\\/arbeiter-der-goldmine-winkelhaak-evander\\\/#breadcrumb\",\"itemListElement\":[{\"@type\":\"ListItem\",\"position\":1,\"name\":\"Startseite\",\"item\":\"https:\\\/\\\/bpk-archive.de\\\/tuellmann\\\/\"},{\"@type\":\"ListItem\",\"position\":2,\"name\":\"Shop\",\"item\":\"https:\\\/\\\/bpk-archive.de\\\/tuellmann\\\/shop\\\/\"},{\"@type\":\"ListItem\",\"position\":3,\"name\":\"Arbeiter der Goldmine Winkelhaak, Evander\"}]},{\"@type\":\"WebSite\",\"@id\":\"https:\\\/\\\/bpk-archive.de\\\/tuellmann\\\/#website\",\"url\":\"https:\\\/\\\/bpk-archive.de\\\/tuellmann\\\/\",\"name\":\"Abisag T\u00fcllmann\",\"description\":\"Eine weitere WordPress-Website\",\"potentialAction\":[{\"@type\":\"SearchAction\",\"target\":{\"@type\":\"EntryPoint\",\"urlTemplate\":\"https:\\\/\\\/bpk-archive.de\\\/tuellmann\\\/?s={search_term_string}\"},\"query-input\":{\"@type\":\"PropertyValueSpecification\",\"valueRequired\":true,\"valueName\":\"search_term_string\"}}],\"inLanguage\":\"de\"}]}<\/script>\n<!-- \/ Yoast SEO plugin. -->","yoast_head_json":{"title":"Arbeiter der Goldmine Winkelhaak, Evander - Abisag T\u00fcllmann","robots":{"index":"index","follow":"follow","max-snippet":"max-snippet:-1","max-image-preview":"max-image-preview:large","max-video-preview":"max-video-preview:-1"},"canonical":"https:\/\/bpk-archive.de\/tuellmann\/produkt\/arbeiter-der-goldmine-winkelhaak-evander\/","og_locale":"de_DE","og_type":"article","og_title":"Arbeiter der Goldmine Winkelhaak, Evander - Abisag T\u00fcllmann","og_description":"Die Arbeiter stehen in einer Arbeitspause Schlange, um Eimer mit Wasser zu f\u00fcllen R\u00fcckseitenbeschriftung von anderer Hand: &#8222;S\u00fcdafrika, Arbeiter Goldmine&#8220;","og_url":"https:\/\/bpk-archive.de\/tuellmann\/produkt\/arbeiter-der-goldmine-winkelhaak-evander\/","og_site_name":"Abisag T\u00fcllmann","article_modified_time":"2019-09-05T14:10:53+00:00","og_image":[{"width":1200,"height":848,"url":"https:\/\/bpk-archive.de\/tuellmann\/wp-content\/uploads\/2019\/08\/bpk_70243244.jpg","type":"image\/jpeg"}],"twitter_card":"summary_large_image","schema":{"@context":"https:\/\/schema.org","@graph":[{"@type":"WebPage","@id":"https:\/\/bpk-archive.de\/tuellmann\/produkt\/arbeiter-der-goldmine-winkelhaak-evander\/","url":"https:\/\/bpk-archive.de\/tuellmann\/produkt\/arbeiter-der-goldmine-winkelhaak-evander\/","name":"Arbeiter der Goldmine Winkelhaak, Evander - Abisag T\u00fcllmann","isPartOf":{"@id":"https:\/\/bpk-archive.de\/tuellmann\/#website"},"primaryImageOfPage":{"@id":"https:\/\/bpk-archive.de\/tuellmann\/produkt\/arbeiter-der-goldmine-winkelhaak-evander\/#primaryimage"},"image":{"@id":"https:\/\/bpk-archive.de\/tuellmann\/produkt\/arbeiter-der-goldmine-winkelhaak-evander\/#primaryimage"},"thumbnailUrl":"https:\/\/bpk-archive.de\/tuellmann\/wp-content\/uploads\/2019\/08\/bpk_70243244.jpg","datePublished":"2019-09-05T14:10:41+00:00","dateModified":"2019-09-05T14:10:53+00:00","breadcrumb":{"@id":"https:\/\/bpk-archive.de\/tuellmann\/produkt\/arbeiter-der-goldmine-winkelhaak-evander\/#breadcrumb"},"inLanguage":"de","potentialAction":[{"@type":"ReadAction","target":["https:\/\/bpk-archive.de\/tuellmann\/produkt\/arbeiter-der-goldmine-winkelhaak-evander\/"]}]},{"@type":"ImageObject","inLanguage":"de","@id":"https:\/\/bpk-archive.de\/tuellmann\/produkt\/arbeiter-der-goldmine-winkelhaak-evander\/#primaryimage","url":"https:\/\/bpk-archive.de\/tuellmann\/wp-content\/uploads\/2019\/08\/bpk_70243244.jpg","contentUrl":"https:\/\/bpk-archive.de\/tuellmann\/wp-content\/uploads\/2019\/08\/bpk_70243244.jpg","width":1200,"height":848,"caption":"Arbeiter der Goldmine Winkelhaak, Evander"},{"@type":"BreadcrumbList","@id":"https:\/\/bpk-archive.de\/tuellmann\/produkt\/arbeiter-der-goldmine-winkelhaak-evander\/#breadcrumb","itemListElement":[{"@type":"ListItem","position":1,"name":"Startseite","item":"https:\/\/bpk-archive.de\/tuellmann\/"},{"@type":"ListItem","position":2,"name":"Shop","item":"https:\/\/bpk-archive.de\/tuellmann\/shop\/"},{"@type":"ListItem","position":3,"name":"Arbeiter der Goldmine Winkelhaak, Evander"}]},{"@type":"WebSite","@id":"https:\/\/bpk-archive.de\/tuellmann\/#website","url":"https:\/\/bpk-archive.de\/tuellmann\/","name":"Abisag T\u00fcllmann","description":"Eine weitere WordPress-Website","potentialAction":[{"@type":"SearchAction","target":{"@type":"EntryPoint","urlTemplate":"https:\/\/bpk-archive.de\/tuellmann\/?s={search_term_string}"},"query-input":{"@type":"PropertyValueSpecification","valueRequired":true,"valueName":"search_term_string"}}],"inLanguage":"de"}]}},"_links":{"self":[{"href":"https:\/\/bpk-archive.de\/tuellmann\/wp-json\/wp\/v2\/product\/70296811","targetHints":{"allow":["GET"]}}],"collection":[{"href":"https:\/\/bpk-archive.de\/tuellmann\/wp-json\/wp\/v2\/product"}],"about":[{"href":"https:\/\/bpk-archive.de\/tuellmann\/wp-json\/wp\/v2\/types\/product"}],"wp:featuredmedia":[{"embeddable":true,"href":"https:\/\/bpk-archive.de\/tuellmann\/wp-json\/wp\/v2\/media\/70292596"}],"wp:attachment":[{"href":"https:\/\/bpk-archive.de\/tuellmann\/wp-json\/wp\/v2\/media?parent=70296811"}],"wp:term":[{"taxonomy":"product_brand","embeddable":true,"href":"https:\/\/bpk-archive.de\/tuellmann\/wp-json\/wp\/v2\/product_brand?post=70296811"},{"taxonomy":"product_cat","embeddable":true,"href":"https:\/\/bpk-archive.de\/tuellmann\/wp-json\/wp\/v2\/product_cat?post=70296811"},{"taxonomy":"product_tag","embeddable":true,"href":"https:\/\/bpk-archive.de\/tuellmann\/wp-json\/wp\/v2\/product_tag?post=70296811"}],"curies":[{"name":"wp","href":"https:\/\/api.w.org\/{rel}","templated":true}]}}