{"id":70296735,"date":"2019-09-05T16:09:34","date_gmt":"2019-09-05T14:09:34","guid":{"rendered":"http:\/\/abisagtuellmann.bpk-news.de\/atbild\/parkhaus-der-bank-fuer-gemeinwirtschaft-hamburg\/"},"modified":"2020-06-25T11:52:36","modified_gmt":"2020-06-25T09:52:36","slug":"parkhaus-der-bank-fuer-gemeinwirtschaft-hamburg","status":"publish","type":"product","link":"https:\/\/bpk-archive.de\/tuellmann\/produkt\/parkhaus-der-bank-fuer-gemeinwirtschaft-hamburg\/","title":{"rendered":"Parkhaus der Bank f\u00fcr Gemeinwirtschaft Hamburg"},"content":{"rendered":"<p>Einer der Wagen auf den Parkpl\u00e4tzen f\u00fcr &#8222;Vorstands-Fahrzeuge&#8220; wird  gereinigt R\u00fcckseitenbeschriftung von Hand der Fotografin: &#8222;Bank f\u00fcr Gemeinwirtschaft Hamburg&#8220;<\/p>\n","protected":false},"excerpt":{"rendered":"<p>Einer der Wagen auf den Parkpl\u00e4tzen f\u00fcr &#8222;Vorstands-Fahrzeuge&#8220; wird gereinigt R\u00fcckseitenbeschriftung von Hand der Fotografin: &#8222;Bank f\u00fcr Gemeinwirtschaft Hamburg&#8220;<\/p>\n","protected":false},"featured_media":70293497,"template":"","meta":[],"product_brand":[],"product_cat":[73371],"product_tag":[13774,13232,13234,13231,13233,13775,14262,13777,48239,48240,48241,47456,47457,47458,47459,47460,47461,47462,53290,49961,14263,50489,50490,50491,50492,50493,50494,50495,47549,47550,47551,47552,64804,47553,47554,48846,54532,62811,54534,54535,54536,62812,13469,13470,64536,64537,13253,13254,13255,13256,13257,13471,13472,62520,62521,13473,48217,48218,48219,54538,13293,13786,13787,13294,13295,13296,13297,47427,47428,50356,50357,50358,50359,50360,50361,54539,54540,48510,48511,48512,48513,48514,50100,50101,50102,13498,50476,50477,50478,48488,48489,53159,53160,53161,53162,53163,53164,13818,13819,13826,50601,50103,50104,50105,50106,50107,50108,50109,48520,61658,61659,49707,49708,64805,54429,13328,13827,13828,13329,13330,13331,13332,54430,13843,49976,49977,49978,49979,49980,49981,59841,13877,13879,49983,13865,13864,13866,13858,13859,13860,13861,13862,13863,13867,13869,13870,13871,13872,64806,64807,55183,55184,13519,13520,13521,13522,13523,13524,13878,13880,13525,56558,56559,50382,50383,50384,50385,50386,50387,50390],"class_list":{"0":"post-70296735","1":"product","2":"type-product","3":"status-publish","4":"has-post-thumbnail","6":"product_cat-arbeit","7":"product_tag-1960er-jahre","8":"product_tag-20-jahrhundert-nach-chr","9":"product_tag-20-jh-n-chr","10":"product_tag-20-jahrhundert","11":"product_tag-20-jh","12":"product_tag-60er","13":"product_tag-abt_008","14":"product_tag-abzug","15":"product_tag-angestellte","16":"product_tag-angestellten","17":"product_tag-angestellter","18":"product_tag-arbeit","19":"product_tag-arbeiten","20":"product_tag-arbeitend","21":"product_tag-arbeitende","22":"product_tag-arbeitenden","23":"product_tag-arbeitender","24":"product_tag-arbeitendes","25":"product_tag-arbeitskittel","26":"product_tag-arbeitskleidung","27":"product_tag-at_arbeit","28":"product_tag-aufgestuetzt","29":"product_tag-aufgestuetzte","30":"product_tag-aufgestuetztem","31":"product_tag-aufgestuetzten","32":"product_tag-aufgestuetzter","33":"product_tag-aufgestuetztes","34":"product_tag-aufstuetzen","35":"product_tag-auto","36":"product_tag-automobil","37":"product_tag-automobile","38":"product_tag-automobils","39":"product_tag-autoreinigung","40":"product_tag-autos","41":"product_tag-autowaesche","42":"product_tag-bank","43":"product_tag-banken","44":"product_tag-banker","45":"product_tag-bankhaus","46":"product_tag-bankhaeuser","47":"product_tag-bankhauses","48":"product_tag-bankier","49":"product_tag-brd","50":"product_tag-bundesrepublik-deutschland","51":"product_tag-chef","52":"product_tag-chefs","53":"product_tag-deutsch","54":"product_tag-deutsche","55":"product_tag-deutschen","56":"product_tag-deutscher","57":"product_tag-deutsches","58":"product_tag-deutschland","59":"product_tag-deutschlands","60":"product_tag-direktor","61":"product_tag-direktoren","62":"product_tag-drinnen","63":"product_tag-fahrzeug","64":"product_tag-fahrzeuge","65":"product_tag-fahrzeugen","66":"product_tag-finanzwesen","67":"product_tag-foto","68":"product_tag-fotoabzug","69":"product_tag-fotoabzuege","70":"product_tag-fotografie","71":"product_tag-fotografien","72":"product_tag-fotografin","73":"product_tag-fotografinnen","74":"product_tag-garage","75":"product_tag-garagen","76":"product_tag-gebeugt","77":"product_tag-gebeugte","78":"product_tag-gebeugtem","79":"product_tag-gebeugten","80":"product_tag-gebeugter","81":"product_tag-gebeugtes","82":"product_tag-geldwesen","83":"product_tag-geldwirtschaft","84":"product_tag-geparkt","85":"product_tag-geparkte","86":"product_tag-geparkten","87":"product_tag-geparkter","88":"product_tag-geparktes","89":"product_tag-hamburg","90":"product_tag-hamburger","91":"product_tag-hamburgs","92":"product_tag-innen","93":"product_tag-kittel","94":"product_tag-kitteln","95":"product_tag-kittels","96":"product_tag-limousine","97":"product_tag-limousinen","98":"product_tag-luxurioes","99":"product_tag-luxurioese","100":"product_tag-luxurioesen","101":"product_tag-luxurioeser","102":"product_tag-luxurioeses","103":"product_tag-luxus","104":"product_tag-mann","105":"product_tag-maenner","106":"product_tag-mannes","107":"product_tag-mercedes","108":"product_tag-norddeutsch","109":"product_tag-norddeutsche","110":"product_tag-norddeutschen","111":"product_tag-norddeutscher","112":"product_tag-norddeutsches","113":"product_tag-norddeutschland","114":"product_tag-norddeutschlands","115":"product_tag-parken","116":"product_tag-parkhaus","117":"product_tag-parkhaeuser","118":"product_tag-parkplatz","119":"product_tag-parkplaetze","120":"product_tag-parkwaechter","121":"product_tag-personenkraftwagen","122":"product_tag-photo","123":"product_tag-photoabzug","124":"product_tag-photoabzuege","125":"product_tag-photographie","126":"product_tag-photographien","127":"product_tag-photographin","128":"product_tag-photographinnen","129":"product_tag-pkw","130":"product_tag-print","131":"product_tag-reinigen","132":"product_tag-reinigend","133":"product_tag-reinigende","134":"product_tag-reinigenden","135":"product_tag-reinigendes","136":"product_tag-reinigener","137":"product_tag-reinigung","138":"product_tag-s-w-fotografie","139":"product_tag-s-w-photographie","140":"product_tag-sauber-machen","141":"product_tag-schwarzweissphotographie","142":"product_tag-schwarz-weiss-fotografie","143":"product_tag-schwarz-weiss-photographie","144":"product_tag-schwarzweiss","145":"product_tag-schwarzweisse","146":"product_tag-schwarzweissen","147":"product_tag-schwarzweisser","148":"product_tag-schwarzweisses","149":"product_tag-schwarzweissfotografie","150":"product_tag-sechziger","151":"product_tag-silbergelatine","152":"product_tag-silbergelatineabzug","153":"product_tag-silbergelatineabzuege","154":"product_tag-silbergelatineprint","155":"product_tag-sportwagen","156":"product_tag-sportwagens","157":"product_tag-staubsauger","158":"product_tag-staubsaugers","159":"product_tag-stehen","160":"product_tag-stehend","161":"product_tag-stehende","162":"product_tag-stehenden","163":"product_tag-stehender","164":"product_tag-stehendes","165":"product_tag-sw-fotografie","166":"product_tag-sw-photographie","167":"product_tag-von-innen","168":"product_tag-vorstand","169":"product_tag-vorstandes","170":"product_tag-waschen","171":"product_tag-waschend","172":"product_tag-waschende","173":"product_tag-waschenden","174":"product_tag-waschender","175":"product_tag-waschendes","176":"product_tag-waescht","177":"pa_datierung-august-1964","178":"pa_fotograf-abisag-tuellmann","179":"pa_geografischer_bezug-aufnahmeort-hamburg-deutschland","180":"pa_grunddaten_material_technik-foto-silbergelatine-auf-barytpapier","181":"pa_inventarnummer-tue-64-105-44","182":"pa_jahr_von-13885","183":"pa_massangaben-bildformat-foto-234-x-298-cm","184":"pa_mediennummer-64802","185":"pa_objekt_typ-fotografie","187":"first","188":"instock","189":"product-type-simple"},"yoast_head":"<!-- This site is optimized with the Yoast SEO plugin v27.4 - https:\/\/yoast.com\/product\/yoast-seo-wordpress\/ -->\n<title>Parkhaus der Bank f\u00fcr Gemeinwirtschaft Hamburg - Abisag T\u00fcllmann<\/title>\n<meta name=\"robots\" content=\"index, follow, max-snippet:-1, max-image-preview:large, max-video-preview:-1\" \/>\n<link rel=\"canonical\" href=\"https:\/\/bpk-archive.de\/tuellmann\/produkt\/parkhaus-der-bank-fuer-gemeinwirtschaft-hamburg\/\" \/>\n<meta property=\"og:locale\" content=\"de_DE\" \/>\n<meta property=\"og:type\" content=\"article\" \/>\n<meta property=\"og:title\" content=\"Parkhaus der Bank f\u00fcr Gemeinwirtschaft Hamburg - Abisag T\u00fcllmann\" \/>\n<meta property=\"og:description\" content=\"Einer der Wagen auf den Parkpl\u00e4tzen f\u00fcr &#8222;Vorstands-Fahrzeuge&#8220; wird gereinigt R\u00fcckseitenbeschriftung von Hand der Fotografin: &#8222;Bank f\u00fcr Gemeinwirtschaft Hamburg&#8220;\" \/>\n<meta property=\"og:url\" content=\"https:\/\/bpk-archive.de\/tuellmann\/produkt\/parkhaus-der-bank-fuer-gemeinwirtschaft-hamburg\/\" \/>\n<meta property=\"og:site_name\" content=\"Abisag T\u00fcllmann\" \/>\n<meta property=\"article:modified_time\" content=\"2020-06-25T09:52:36+00:00\" \/>\n<meta property=\"og:image\" content=\"https:\/\/bpk-archive.de\/tuellmann\/wp-content\/uploads\/2019\/08\/bpk_70366540.jpg\" \/>\n\t<meta property=\"og:image:width\" content=\"1200\" \/>\n\t<meta property=\"og:image:height\" content=\"952\" \/>\n\t<meta property=\"og:image:type\" content=\"image\/jpeg\" \/>\n<meta name=\"twitter:card\" content=\"summary_large_image\" \/>\n<script type=\"application\/ld+json\" class=\"yoast-schema-graph\">{\"@context\":\"https:\\\/\\\/schema.org\",\"@graph\":[{\"@type\":\"WebPage\",\"@id\":\"https:\\\/\\\/bpk-archive.de\\\/tuellmann\\\/produkt\\\/parkhaus-der-bank-fuer-gemeinwirtschaft-hamburg\\\/\",\"url\":\"https:\\\/\\\/bpk-archive.de\\\/tuellmann\\\/produkt\\\/parkhaus-der-bank-fuer-gemeinwirtschaft-hamburg\\\/\",\"name\":\"Parkhaus der Bank f\u00fcr Gemeinwirtschaft Hamburg - Abisag T\u00fcllmann\",\"isPartOf\":{\"@id\":\"https:\\\/\\\/bpk-archive.de\\\/tuellmann\\\/#website\"},\"primaryImageOfPage\":{\"@id\":\"https:\\\/\\\/bpk-archive.de\\\/tuellmann\\\/produkt\\\/parkhaus-der-bank-fuer-gemeinwirtschaft-hamburg\\\/#primaryimage\"},\"image\":{\"@id\":\"https:\\\/\\\/bpk-archive.de\\\/tuellmann\\\/produkt\\\/parkhaus-der-bank-fuer-gemeinwirtschaft-hamburg\\\/#primaryimage\"},\"thumbnailUrl\":\"https:\\\/\\\/bpk-archive.de\\\/tuellmann\\\/wp-content\\\/uploads\\\/2019\\\/08\\\/bpk_70366540.jpg\",\"datePublished\":\"2019-09-05T14:09:34+00:00\",\"dateModified\":\"2020-06-25T09:52:36+00:00\",\"breadcrumb\":{\"@id\":\"https:\\\/\\\/bpk-archive.de\\\/tuellmann\\\/produkt\\\/parkhaus-der-bank-fuer-gemeinwirtschaft-hamburg\\\/#breadcrumb\"},\"inLanguage\":\"de\",\"potentialAction\":[{\"@type\":\"ReadAction\",\"target\":[\"https:\\\/\\\/bpk-archive.de\\\/tuellmann\\\/produkt\\\/parkhaus-der-bank-fuer-gemeinwirtschaft-hamburg\\\/\"]}]},{\"@type\":\"ImageObject\",\"inLanguage\":\"de\",\"@id\":\"https:\\\/\\\/bpk-archive.de\\\/tuellmann\\\/produkt\\\/parkhaus-der-bank-fuer-gemeinwirtschaft-hamburg\\\/#primaryimage\",\"url\":\"https:\\\/\\\/bpk-archive.de\\\/tuellmann\\\/wp-content\\\/uploads\\\/2019\\\/08\\\/bpk_70366540.jpg\",\"contentUrl\":\"https:\\\/\\\/bpk-archive.de\\\/tuellmann\\\/wp-content\\\/uploads\\\/2019\\\/08\\\/bpk_70366540.jpg\",\"width\":1200,\"height\":952,\"caption\":\"Parkhaus der Bank f\u00fcr Gemeinwirtschaft Hamburg\"},{\"@type\":\"BreadcrumbList\",\"@id\":\"https:\\\/\\\/bpk-archive.de\\\/tuellmann\\\/produkt\\\/parkhaus-der-bank-fuer-gemeinwirtschaft-hamburg\\\/#breadcrumb\",\"itemListElement\":[{\"@type\":\"ListItem\",\"position\":1,\"name\":\"Startseite\",\"item\":\"https:\\\/\\\/bpk-archive.de\\\/tuellmann\\\/\"},{\"@type\":\"ListItem\",\"position\":2,\"name\":\"Shop\",\"item\":\"https:\\\/\\\/bpk-archive.de\\\/tuellmann\\\/shop\\\/\"},{\"@type\":\"ListItem\",\"position\":3,\"name\":\"Parkhaus der Bank f\u00fcr Gemeinwirtschaft Hamburg\"}]},{\"@type\":\"WebSite\",\"@id\":\"https:\\\/\\\/bpk-archive.de\\\/tuellmann\\\/#website\",\"url\":\"https:\\\/\\\/bpk-archive.de\\\/tuellmann\\\/\",\"name\":\"Abisag T\u00fcllmann\",\"description\":\"Eine weitere WordPress-Website\",\"potentialAction\":[{\"@type\":\"SearchAction\",\"target\":{\"@type\":\"EntryPoint\",\"urlTemplate\":\"https:\\\/\\\/bpk-archive.de\\\/tuellmann\\\/?s={search_term_string}\"},\"query-input\":{\"@type\":\"PropertyValueSpecification\",\"valueRequired\":true,\"valueName\":\"search_term_string\"}}],\"inLanguage\":\"de\"}]}<\/script>\n<!-- \/ Yoast SEO plugin. -->","yoast_head_json":{"title":"Parkhaus der Bank f\u00fcr Gemeinwirtschaft Hamburg - Abisag T\u00fcllmann","robots":{"index":"index","follow":"follow","max-snippet":"max-snippet:-1","max-image-preview":"max-image-preview:large","max-video-preview":"max-video-preview:-1"},"canonical":"https:\/\/bpk-archive.de\/tuellmann\/produkt\/parkhaus-der-bank-fuer-gemeinwirtschaft-hamburg\/","og_locale":"de_DE","og_type":"article","og_title":"Parkhaus der Bank f\u00fcr Gemeinwirtschaft Hamburg - Abisag T\u00fcllmann","og_description":"Einer der Wagen auf den Parkpl\u00e4tzen f\u00fcr &#8222;Vorstands-Fahrzeuge&#8220; wird gereinigt R\u00fcckseitenbeschriftung von Hand der Fotografin: &#8222;Bank f\u00fcr Gemeinwirtschaft Hamburg&#8220;","og_url":"https:\/\/bpk-archive.de\/tuellmann\/produkt\/parkhaus-der-bank-fuer-gemeinwirtschaft-hamburg\/","og_site_name":"Abisag T\u00fcllmann","article_modified_time":"2020-06-25T09:52:36+00:00","og_image":[{"width":1200,"height":952,"url":"https:\/\/bpk-archive.de\/tuellmann\/wp-content\/uploads\/2019\/08\/bpk_70366540.jpg","type":"image\/jpeg"}],"twitter_card":"summary_large_image","schema":{"@context":"https:\/\/schema.org","@graph":[{"@type":"WebPage","@id":"https:\/\/bpk-archive.de\/tuellmann\/produkt\/parkhaus-der-bank-fuer-gemeinwirtschaft-hamburg\/","url":"https:\/\/bpk-archive.de\/tuellmann\/produkt\/parkhaus-der-bank-fuer-gemeinwirtschaft-hamburg\/","name":"Parkhaus der Bank f\u00fcr Gemeinwirtschaft Hamburg - Abisag T\u00fcllmann","isPartOf":{"@id":"https:\/\/bpk-archive.de\/tuellmann\/#website"},"primaryImageOfPage":{"@id":"https:\/\/bpk-archive.de\/tuellmann\/produkt\/parkhaus-der-bank-fuer-gemeinwirtschaft-hamburg\/#primaryimage"},"image":{"@id":"https:\/\/bpk-archive.de\/tuellmann\/produkt\/parkhaus-der-bank-fuer-gemeinwirtschaft-hamburg\/#primaryimage"},"thumbnailUrl":"https:\/\/bpk-archive.de\/tuellmann\/wp-content\/uploads\/2019\/08\/bpk_70366540.jpg","datePublished":"2019-09-05T14:09:34+00:00","dateModified":"2020-06-25T09:52:36+00:00","breadcrumb":{"@id":"https:\/\/bpk-archive.de\/tuellmann\/produkt\/parkhaus-der-bank-fuer-gemeinwirtschaft-hamburg\/#breadcrumb"},"inLanguage":"de","potentialAction":[{"@type":"ReadAction","target":["https:\/\/bpk-archive.de\/tuellmann\/produkt\/parkhaus-der-bank-fuer-gemeinwirtschaft-hamburg\/"]}]},{"@type":"ImageObject","inLanguage":"de","@id":"https:\/\/bpk-archive.de\/tuellmann\/produkt\/parkhaus-der-bank-fuer-gemeinwirtschaft-hamburg\/#primaryimage","url":"https:\/\/bpk-archive.de\/tuellmann\/wp-content\/uploads\/2019\/08\/bpk_70366540.jpg","contentUrl":"https:\/\/bpk-archive.de\/tuellmann\/wp-content\/uploads\/2019\/08\/bpk_70366540.jpg","width":1200,"height":952,"caption":"Parkhaus der Bank f\u00fcr Gemeinwirtschaft Hamburg"},{"@type":"BreadcrumbList","@id":"https:\/\/bpk-archive.de\/tuellmann\/produkt\/parkhaus-der-bank-fuer-gemeinwirtschaft-hamburg\/#breadcrumb","itemListElement":[{"@type":"ListItem","position":1,"name":"Startseite","item":"https:\/\/bpk-archive.de\/tuellmann\/"},{"@type":"ListItem","position":2,"name":"Shop","item":"https:\/\/bpk-archive.de\/tuellmann\/shop\/"},{"@type":"ListItem","position":3,"name":"Parkhaus der Bank f\u00fcr Gemeinwirtschaft Hamburg"}]},{"@type":"WebSite","@id":"https:\/\/bpk-archive.de\/tuellmann\/#website","url":"https:\/\/bpk-archive.de\/tuellmann\/","name":"Abisag T\u00fcllmann","description":"Eine weitere WordPress-Website","potentialAction":[{"@type":"SearchAction","target":{"@type":"EntryPoint","urlTemplate":"https:\/\/bpk-archive.de\/tuellmann\/?s={search_term_string}"},"query-input":{"@type":"PropertyValueSpecification","valueRequired":true,"valueName":"search_term_string"}}],"inLanguage":"de"}]}},"_links":{"self":[{"href":"https:\/\/bpk-archive.de\/tuellmann\/wp-json\/wp\/v2\/product\/70296735","targetHints":{"allow":["GET"]}}],"collection":[{"href":"https:\/\/bpk-archive.de\/tuellmann\/wp-json\/wp\/v2\/product"}],"about":[{"href":"https:\/\/bpk-archive.de\/tuellmann\/wp-json\/wp\/v2\/types\/product"}],"wp:featuredmedia":[{"embeddable":true,"href":"https:\/\/bpk-archive.de\/tuellmann\/wp-json\/wp\/v2\/media\/70293497"}],"wp:attachment":[{"href":"https:\/\/bpk-archive.de\/tuellmann\/wp-json\/wp\/v2\/media?parent=70296735"}],"wp:term":[{"taxonomy":"product_brand","embeddable":true,"href":"https:\/\/bpk-archive.de\/tuellmann\/wp-json\/wp\/v2\/product_brand?post=70296735"},{"taxonomy":"product_cat","embeddable":true,"href":"https:\/\/bpk-archive.de\/tuellmann\/wp-json\/wp\/v2\/product_cat?post=70296735"},{"taxonomy":"product_tag","embeddable":true,"href":"https:\/\/bpk-archive.de\/tuellmann\/wp-json\/wp\/v2\/product_tag?post=70296735"}],"curies":[{"name":"wp","href":"https:\/\/api.w.org\/{rel}","templated":true}]}}