{"id":70296732,"date":"2019-09-05T16:09:34","date_gmt":"2019-09-05T14:09:34","guid":{"rendered":"http:\/\/abisagtuellmann.bpk-news.de\/atbild\/stillgelegtes-werk-der-demag-kunststofftechnik-in-kalldorfstillgelegtes-werk-der-demag-kunststofftechnik-in-kalldorf-3\/"},"modified":"2019-09-05T16:09:47","modified_gmt":"2019-09-05T14:09:47","slug":"stillgelegtes-werk-der-demag-kunststofftechnik-in-kalldorfstillgelegtes-werk-der-demag-kunststofftechnik-in-kalldorf-3","status":"publish","type":"product","link":"https:\/\/bpk-archive.de\/tuellmann\/produkt\/stillgelegtes-werk-der-demag-kunststofftechnik-in-kalldorfstillgelegtes-werk-der-demag-kunststofftechnik-in-kalldorf-3\/","title":{"rendered":"Stillgelegtes Werk der &#8222;DEMAG-Kunststofftechnik&#8220; in KalldorfStillgelegtes Werk der &#8222;DEMAG-Kunststofftechnik&#8220; in Kalldorf"},"content":{"rendered":"<p>Ausrangierte Tische und Schreibtischst\u00fchle in einem B\u00fcroraum<\/p>\n","protected":false},"excerpt":{"rendered":"<p>Ausrangierte Tische und Schreibtischst\u00fchle in einem B\u00fcroraum<\/p>\n","protected":false},"featured_media":70293434,"template":"","meta":[],"product_brand":[],"product_cat":[],"product_tag":[13230,13232,13234,13231,13233,13235,14262,13777,14263,47881,47882,64783,64784,13253,13254,13255,13256,13257,13473,47843,47846,64495,64496,13293,13786,13787,13294,13295,13296,13297,47267,48727,48728,48729,48730,48731,47854,47855,13498,60195,64497,64498,48955,48956,48957,48958,48959,53768,54649,64499,64500,47499,47500,47501,47502,47503,49586,49588,13328,13827,13828,13329,13330,13331,13332,47332,13843,47333,47334,47335,47336,47337,13877,13879,64503,49423,49424,49425,49426,64785,64786,13865,13864,13866,13858,13859,13860,13861,13862,13863,13354,13869,13870,13871,13872,64504,64505,49282,49283,49284,49285,13878,13880,48535,48536,48537,48538,13525,56763,56764],"class_list":{"0":"post-70296732","1":"product","2":"type-product","3":"status-publish","4":"has-post-thumbnail","6":"product_tag-1970er-jahre","7":"product_tag-20-jahrhundert-nach-chr","8":"product_tag-20-jh-n-chr","9":"product_tag-20-jahrhundert","10":"product_tag-20-jh","11":"product_tag-70er","12":"product_tag-abt_008","13":"product_tag-abzug","14":"product_tag-at_arbeit","15":"product_tag-bureau","16":"product_tag-buero","17":"product_tag-buerostuhl","18":"product_tag-buerostuehle","19":"product_tag-deutsch","20":"product_tag-deutsche","21":"product_tag-deutschen","22":"product_tag-deutscher","23":"product_tag-deutsches","24":"product_tag-drinnen","25":"product_tag-fabrik","26":"product_tag-fabriken","27":"product_tag-firmenschliessung","28":"product_tag-firmenschliessungen","29":"product_tag-foto","30":"product_tag-fotoabzug","31":"product_tag-fotoabzuege","32":"product_tag-fotografie","33":"product_tag-fotografien","34":"product_tag-fotografin","35":"product_tag-fotografinnen","36":"product_tag-fotoreportage","37":"product_tag-geschlossen","38":"product_tag-geschlossene","39":"product_tag-geschlossenen","40":"product_tag-geschlossener","41":"product_tag-geschlossenes","42":"product_tag-industrie","43":"product_tag-industrien","44":"product_tag-innen","45":"product_tag-kunststoff","46":"product_tag-kunststoffherstellung","47":"product_tag-kunststofftechnik","48":"product_tag-leer","49":"product_tag-leere","50":"product_tag-leeren","51":"product_tag-leerer","52":"product_tag-leeres","53":"product_tag-leerstand","54":"product_tag-leerstehend","55":"product_tag-leerstehende","56":"product_tag-leerstehendes","57":"product_tag-menschenleer","58":"product_tag-menschenleere","59":"product_tag-menschenleeren","60":"product_tag-menschenleerer","61":"product_tag-menschenleeres","62":"product_tag-nordrhein-westfalen","63":"product_tag-nrw","64":"product_tag-photo","65":"product_tag-photoabzug","66":"product_tag-photoabzuege","67":"product_tag-photographie","68":"product_tag-photographien","69":"product_tag-photographin","70":"product_tag-photographinnen","71":"product_tag-photoreportage","72":"product_tag-print","73":"product_tag-reportage","74":"product_tag-reportagefoto","75":"product_tag-reportagefotografie","76":"product_tag-reportagephoto","77":"product_tag-reportagephotographie","78":"product_tag-s-w-fotografie","79":"product_tag-s-w-photographie","80":"product_tag-schliessung","81":"product_tag-schreibtisch","82":"product_tag-schreibtische","83":"product_tag-schreibtisches","84":"product_tag-schreibtischs","85":"product_tag-schreibtischstuhl","86":"product_tag-schreibtischstuehle","87":"product_tag-schwarzweissphotographie","88":"product_tag-schwarz-weiss-fotografie","89":"product_tag-schwarz-weiss-photographie","90":"product_tag-schwarzweiss","91":"product_tag-schwarzweisse","92":"product_tag-schwarzweissen","93":"product_tag-schwarzweisser","94":"product_tag-schwarzweisses","95":"product_tag-schwarzweissfotografie","96":"product_tag-siebziger","97":"product_tag-silbergelatine","98":"product_tag-silbergelatineabzug","99":"product_tag-silbergelatineabzuege","100":"product_tag-silbergelatineprint","101":"product_tag-stilllegung","102":"product_tag-stilllegungen","103":"product_tag-stuhl","104":"product_tag-stuehle","105":"product_tag-stuhles","106":"product_tag-stuhls","107":"product_tag-sw-fotografie","108":"product_tag-sw-photographie","109":"product_tag-tisch","110":"product_tag-tische","111":"product_tag-tischen","112":"product_tag-tisches","113":"product_tag-von-innen","114":"product_tag-werk","115":"product_tag-werke","116":"pa_datierung-november-1976","117":"pa_fotograf-abisag-tuellmann","118":"pa_geografischer_bezug-aufnahmeort-kalldorf-gemeinde-kalletal-deutschland","119":"pa_grunddaten_material_technik-foto-silbergelatine-auf-barytpapier","120":"pa_inventarnummer-tue-76-219-19a","121":"pa_jahr_von-54713","122":"pa_massangaben-bildformat-foto-232-x-30-cm","123":"pa_mediennummer-64781","124":"pa_objekt_typ-fotografie","126":"first","127":"instock","128":"product-type-simple"},"yoast_head":"<!-- This site is optimized with the Yoast SEO plugin v27.4 - https:\/\/yoast.com\/product\/yoast-seo-wordpress\/ -->\n<title>Stillgelegtes Werk der &quot;DEMAG-Kunststofftechnik&quot; in KalldorfStillgelegtes Werk der &quot;DEMAG-Kunststofftechnik&quot; in Kalldorf - Abisag T\u00fcllmann<\/title>\n<meta name=\"robots\" content=\"index, follow, max-snippet:-1, max-image-preview:large, max-video-preview:-1\" \/>\n<link rel=\"canonical\" href=\"https:\/\/bpk-archive.de\/tuellmann\/produkt\/stillgelegtes-werk-der-demag-kunststofftechnik-in-kalldorfstillgelegtes-werk-der-demag-kunststofftechnik-in-kalldorf-3\/\" \/>\n<meta property=\"og:locale\" content=\"de_DE\" \/>\n<meta property=\"og:type\" content=\"article\" \/>\n<meta property=\"og:title\" content=\"Stillgelegtes Werk der &quot;DEMAG-Kunststofftechnik&quot; in KalldorfStillgelegtes Werk der &quot;DEMAG-Kunststofftechnik&quot; in Kalldorf - Abisag T\u00fcllmann\" \/>\n<meta property=\"og:description\" content=\"Ausrangierte Tische und Schreibtischst\u00fchle in einem B\u00fcroraum\" \/>\n<meta property=\"og:url\" content=\"https:\/\/bpk-archive.de\/tuellmann\/produkt\/stillgelegtes-werk-der-demag-kunststofftechnik-in-kalldorfstillgelegtes-werk-der-demag-kunststofftechnik-in-kalldorf-3\/\" \/>\n<meta property=\"og:site_name\" content=\"Abisag T\u00fcllmann\" \/>\n<meta property=\"article:modified_time\" content=\"2019-09-05T14:09:47+00:00\" \/>\n<meta property=\"og:image\" content=\"https:\/\/bpk-archive.de\/tuellmann\/wp-content\/uploads\/2019\/08\/bpk_70366503.jpg\" \/>\n\t<meta property=\"og:image:width\" content=\"1200\" \/>\n\t<meta property=\"og:image:height\" content=\"944\" \/>\n\t<meta property=\"og:image:type\" content=\"image\/jpeg\" \/>\n<meta name=\"twitter:card\" content=\"summary_large_image\" \/>\n<script type=\"application\/ld+json\" class=\"yoast-schema-graph\">{\"@context\":\"https:\\\/\\\/schema.org\",\"@graph\":[{\"@type\":\"WebPage\",\"@id\":\"https:\\\/\\\/bpk-archive.de\\\/tuellmann\\\/produkt\\\/stillgelegtes-werk-der-demag-kunststofftechnik-in-kalldorfstillgelegtes-werk-der-demag-kunststofftechnik-in-kalldorf-3\\\/\",\"url\":\"https:\\\/\\\/bpk-archive.de\\\/tuellmann\\\/produkt\\\/stillgelegtes-werk-der-demag-kunststofftechnik-in-kalldorfstillgelegtes-werk-der-demag-kunststofftechnik-in-kalldorf-3\\\/\",\"name\":\"Stillgelegtes Werk der \\\"DEMAG-Kunststofftechnik\\\" in KalldorfStillgelegtes Werk der \\\"DEMAG-Kunststofftechnik\\\" in Kalldorf - Abisag T\u00fcllmann\",\"isPartOf\":{\"@id\":\"https:\\\/\\\/bpk-archive.de\\\/tuellmann\\\/#website\"},\"primaryImageOfPage\":{\"@id\":\"https:\\\/\\\/bpk-archive.de\\\/tuellmann\\\/produkt\\\/stillgelegtes-werk-der-demag-kunststofftechnik-in-kalldorfstillgelegtes-werk-der-demag-kunststofftechnik-in-kalldorf-3\\\/#primaryimage\"},\"image\":{\"@id\":\"https:\\\/\\\/bpk-archive.de\\\/tuellmann\\\/produkt\\\/stillgelegtes-werk-der-demag-kunststofftechnik-in-kalldorfstillgelegtes-werk-der-demag-kunststofftechnik-in-kalldorf-3\\\/#primaryimage\"},\"thumbnailUrl\":\"https:\\\/\\\/bpk-archive.de\\\/tuellmann\\\/wp-content\\\/uploads\\\/2019\\\/08\\\/bpk_70366503.jpg\",\"datePublished\":\"2019-09-05T14:09:34+00:00\",\"dateModified\":\"2019-09-05T14:09:47+00:00\",\"breadcrumb\":{\"@id\":\"https:\\\/\\\/bpk-archive.de\\\/tuellmann\\\/produkt\\\/stillgelegtes-werk-der-demag-kunststofftechnik-in-kalldorfstillgelegtes-werk-der-demag-kunststofftechnik-in-kalldorf-3\\\/#breadcrumb\"},\"inLanguage\":\"de\",\"potentialAction\":[{\"@type\":\"ReadAction\",\"target\":[\"https:\\\/\\\/bpk-archive.de\\\/tuellmann\\\/produkt\\\/stillgelegtes-werk-der-demag-kunststofftechnik-in-kalldorfstillgelegtes-werk-der-demag-kunststofftechnik-in-kalldorf-3\\\/\"]}]},{\"@type\":\"ImageObject\",\"inLanguage\":\"de\",\"@id\":\"https:\\\/\\\/bpk-archive.de\\\/tuellmann\\\/produkt\\\/stillgelegtes-werk-der-demag-kunststofftechnik-in-kalldorfstillgelegtes-werk-der-demag-kunststofftechnik-in-kalldorf-3\\\/#primaryimage\",\"url\":\"https:\\\/\\\/bpk-archive.de\\\/tuellmann\\\/wp-content\\\/uploads\\\/2019\\\/08\\\/bpk_70366503.jpg\",\"contentUrl\":\"https:\\\/\\\/bpk-archive.de\\\/tuellmann\\\/wp-content\\\/uploads\\\/2019\\\/08\\\/bpk_70366503.jpg\",\"width\":1200,\"height\":944,\"caption\":\"Stillgelegtes Werk der \\\"DEMAG-Kunststofftechnik\\\" in KalldorfStillgelegtes Werk der \\\"DEMAG-Kunststofftechnik\\\" in Kalldorf\"},{\"@type\":\"BreadcrumbList\",\"@id\":\"https:\\\/\\\/bpk-archive.de\\\/tuellmann\\\/produkt\\\/stillgelegtes-werk-der-demag-kunststofftechnik-in-kalldorfstillgelegtes-werk-der-demag-kunststofftechnik-in-kalldorf-3\\\/#breadcrumb\",\"itemListElement\":[{\"@type\":\"ListItem\",\"position\":1,\"name\":\"Startseite\",\"item\":\"https:\\\/\\\/bpk-archive.de\\\/tuellmann\\\/\"},{\"@type\":\"ListItem\",\"position\":2,\"name\":\"Shop\",\"item\":\"https:\\\/\\\/bpk-archive.de\\\/tuellmann\\\/shop\\\/\"},{\"@type\":\"ListItem\",\"position\":3,\"name\":\"Stillgelegtes Werk der &#8220;DEMAG-Kunststofftechnik&#8221; in KalldorfStillgelegtes Werk der &#8220;DEMAG-Kunststofftechnik&#8221; in Kalldorf\"}]},{\"@type\":\"WebSite\",\"@id\":\"https:\\\/\\\/bpk-archive.de\\\/tuellmann\\\/#website\",\"url\":\"https:\\\/\\\/bpk-archive.de\\\/tuellmann\\\/\",\"name\":\"Abisag T\u00fcllmann\",\"description\":\"Eine weitere WordPress-Website\",\"potentialAction\":[{\"@type\":\"SearchAction\",\"target\":{\"@type\":\"EntryPoint\",\"urlTemplate\":\"https:\\\/\\\/bpk-archive.de\\\/tuellmann\\\/?s={search_term_string}\"},\"query-input\":{\"@type\":\"PropertyValueSpecification\",\"valueRequired\":true,\"valueName\":\"search_term_string\"}}],\"inLanguage\":\"de\"}]}<\/script>\n<!-- \/ Yoast SEO plugin. -->","yoast_head_json":{"title":"Stillgelegtes Werk der \"DEMAG-Kunststofftechnik\" in KalldorfStillgelegtes Werk der \"DEMAG-Kunststofftechnik\" in Kalldorf - Abisag T\u00fcllmann","robots":{"index":"index","follow":"follow","max-snippet":"max-snippet:-1","max-image-preview":"max-image-preview:large","max-video-preview":"max-video-preview:-1"},"canonical":"https:\/\/bpk-archive.de\/tuellmann\/produkt\/stillgelegtes-werk-der-demag-kunststofftechnik-in-kalldorfstillgelegtes-werk-der-demag-kunststofftechnik-in-kalldorf-3\/","og_locale":"de_DE","og_type":"article","og_title":"Stillgelegtes Werk der \"DEMAG-Kunststofftechnik\" in KalldorfStillgelegtes Werk der \"DEMAG-Kunststofftechnik\" in Kalldorf - Abisag T\u00fcllmann","og_description":"Ausrangierte Tische und Schreibtischst\u00fchle in einem B\u00fcroraum","og_url":"https:\/\/bpk-archive.de\/tuellmann\/produkt\/stillgelegtes-werk-der-demag-kunststofftechnik-in-kalldorfstillgelegtes-werk-der-demag-kunststofftechnik-in-kalldorf-3\/","og_site_name":"Abisag T\u00fcllmann","article_modified_time":"2019-09-05T14:09:47+00:00","og_image":[{"width":1200,"height":944,"url":"https:\/\/bpk-archive.de\/tuellmann\/wp-content\/uploads\/2019\/08\/bpk_70366503.jpg","type":"image\/jpeg"}],"twitter_card":"summary_large_image","schema":{"@context":"https:\/\/schema.org","@graph":[{"@type":"WebPage","@id":"https:\/\/bpk-archive.de\/tuellmann\/produkt\/stillgelegtes-werk-der-demag-kunststofftechnik-in-kalldorfstillgelegtes-werk-der-demag-kunststofftechnik-in-kalldorf-3\/","url":"https:\/\/bpk-archive.de\/tuellmann\/produkt\/stillgelegtes-werk-der-demag-kunststofftechnik-in-kalldorfstillgelegtes-werk-der-demag-kunststofftechnik-in-kalldorf-3\/","name":"Stillgelegtes Werk der \"DEMAG-Kunststofftechnik\" in KalldorfStillgelegtes Werk der \"DEMAG-Kunststofftechnik\" in Kalldorf - Abisag T\u00fcllmann","isPartOf":{"@id":"https:\/\/bpk-archive.de\/tuellmann\/#website"},"primaryImageOfPage":{"@id":"https:\/\/bpk-archive.de\/tuellmann\/produkt\/stillgelegtes-werk-der-demag-kunststofftechnik-in-kalldorfstillgelegtes-werk-der-demag-kunststofftechnik-in-kalldorf-3\/#primaryimage"},"image":{"@id":"https:\/\/bpk-archive.de\/tuellmann\/produkt\/stillgelegtes-werk-der-demag-kunststofftechnik-in-kalldorfstillgelegtes-werk-der-demag-kunststofftechnik-in-kalldorf-3\/#primaryimage"},"thumbnailUrl":"https:\/\/bpk-archive.de\/tuellmann\/wp-content\/uploads\/2019\/08\/bpk_70366503.jpg","datePublished":"2019-09-05T14:09:34+00:00","dateModified":"2019-09-05T14:09:47+00:00","breadcrumb":{"@id":"https:\/\/bpk-archive.de\/tuellmann\/produkt\/stillgelegtes-werk-der-demag-kunststofftechnik-in-kalldorfstillgelegtes-werk-der-demag-kunststofftechnik-in-kalldorf-3\/#breadcrumb"},"inLanguage":"de","potentialAction":[{"@type":"ReadAction","target":["https:\/\/bpk-archive.de\/tuellmann\/produkt\/stillgelegtes-werk-der-demag-kunststofftechnik-in-kalldorfstillgelegtes-werk-der-demag-kunststofftechnik-in-kalldorf-3\/"]}]},{"@type":"ImageObject","inLanguage":"de","@id":"https:\/\/bpk-archive.de\/tuellmann\/produkt\/stillgelegtes-werk-der-demag-kunststofftechnik-in-kalldorfstillgelegtes-werk-der-demag-kunststofftechnik-in-kalldorf-3\/#primaryimage","url":"https:\/\/bpk-archive.de\/tuellmann\/wp-content\/uploads\/2019\/08\/bpk_70366503.jpg","contentUrl":"https:\/\/bpk-archive.de\/tuellmann\/wp-content\/uploads\/2019\/08\/bpk_70366503.jpg","width":1200,"height":944,"caption":"Stillgelegtes Werk der \"DEMAG-Kunststofftechnik\" in KalldorfStillgelegtes Werk der \"DEMAG-Kunststofftechnik\" in Kalldorf"},{"@type":"BreadcrumbList","@id":"https:\/\/bpk-archive.de\/tuellmann\/produkt\/stillgelegtes-werk-der-demag-kunststofftechnik-in-kalldorfstillgelegtes-werk-der-demag-kunststofftechnik-in-kalldorf-3\/#breadcrumb","itemListElement":[{"@type":"ListItem","position":1,"name":"Startseite","item":"https:\/\/bpk-archive.de\/tuellmann\/"},{"@type":"ListItem","position":2,"name":"Shop","item":"https:\/\/bpk-archive.de\/tuellmann\/shop\/"},{"@type":"ListItem","position":3,"name":"Stillgelegtes Werk der &#8220;DEMAG-Kunststofftechnik&#8221; in KalldorfStillgelegtes Werk der &#8220;DEMAG-Kunststofftechnik&#8221; in Kalldorf"}]},{"@type":"WebSite","@id":"https:\/\/bpk-archive.de\/tuellmann\/#website","url":"https:\/\/bpk-archive.de\/tuellmann\/","name":"Abisag T\u00fcllmann","description":"Eine weitere WordPress-Website","potentialAction":[{"@type":"SearchAction","target":{"@type":"EntryPoint","urlTemplate":"https:\/\/bpk-archive.de\/tuellmann\/?s={search_term_string}"},"query-input":{"@type":"PropertyValueSpecification","valueRequired":true,"valueName":"search_term_string"}}],"inLanguage":"de"}]}},"_links":{"self":[{"href":"https:\/\/bpk-archive.de\/tuellmann\/wp-json\/wp\/v2\/product\/70296732","targetHints":{"allow":["GET"]}}],"collection":[{"href":"https:\/\/bpk-archive.de\/tuellmann\/wp-json\/wp\/v2\/product"}],"about":[{"href":"https:\/\/bpk-archive.de\/tuellmann\/wp-json\/wp\/v2\/types\/product"}],"wp:featuredmedia":[{"embeddable":true,"href":"https:\/\/bpk-archive.de\/tuellmann\/wp-json\/wp\/v2\/media\/70293434"}],"wp:attachment":[{"href":"https:\/\/bpk-archive.de\/tuellmann\/wp-json\/wp\/v2\/media?parent=70296732"}],"wp:term":[{"taxonomy":"product_brand","embeddable":true,"href":"https:\/\/bpk-archive.de\/tuellmann\/wp-json\/wp\/v2\/product_brand?post=70296732"},{"taxonomy":"product_cat","embeddable":true,"href":"https:\/\/bpk-archive.de\/tuellmann\/wp-json\/wp\/v2\/product_cat?post=70296732"},{"taxonomy":"product_tag","embeddable":true,"href":"https:\/\/bpk-archive.de\/tuellmann\/wp-json\/wp\/v2\/product_tag?post=70296732"}],"curies":[{"name":"wp","href":"https:\/\/api.w.org\/{rel}","templated":true}]}}