{"id":70296677,"date":"2019-09-05T16:08:46","date_gmt":"2019-09-05T14:08:46","guid":{"rendered":"http:\/\/abisagtuellmann.bpk-news.de\/atbild\/stillgelegtes-werk-der-demag-kunststofftechnik-in-kalldorf\/"},"modified":"2019-09-05T16:09:01","modified_gmt":"2019-09-05T14:09:01","slug":"stillgelegtes-werk-der-demag-kunststofftechnik-in-kalldorf","status":"publish","type":"product","link":"https:\/\/bpk-archive.de\/tuellmann\/produkt\/stillgelegtes-werk-der-demag-kunststofftechnik-in-kalldorf\/","title":{"rendered":"Stillgelegtes Werk der &#8222;DEMAG-Kunststofftechnik&#8220; in Kalldorf"},"content":{"rendered":"<p>Schriftz\u00fcge auf einem Schrank zeugen vom Protest der Arbeiter gegen die Schlie\u00dfung des Werks (&#8222;Overbeck = Schwein&#8220;) R\u00fcckseitenbeschriftung von Hand der Fotografin: &#8222;Kalldorf, 1976&#8220;<\/p>\n","protected":false},"excerpt":{"rendered":"<p>Schriftz\u00fcge auf einem Schrank zeugen vom Protest der Arbeiter gegen die Schlie\u00dfung des Werks (&#8222;Overbeck = Schwein&#8220;) R\u00fcckseitenbeschriftung von Hand der Fotografin: &#8222;Kalldorf, 1976&#8220;<\/p>\n","protected":false},"featured_media":70293422,"template":"","meta":[],"product_brand":[],"product_cat":[],"product_tag":[13230,13232,13234,13231,13233,13235,14262,13777,48567,64508,14263,48438,48480,13253,13254,13255,13256,13257,13473,47843,47846,47847,47848,64495,64496,13293,13786,13787,13294,13295,13296,13297,47267,64509,64510,64511,64512,64513,48727,48728,48729,48730,48731,49216,49217,47854,47855,13498,53767,64400,64401,60195,64497,64498,48955,48956,48957,48958,48959,53768,54649,64499,64500,47499,47500,47501,47502,47503,49586,49588,49229,49230,13328,13827,13828,13329,13330,13331,13332,47332,13843,13641,13642,47333,47334,47335,47336,47337,13877,13879,64503,54373,62309,48364,48365,13345,13865,13864,13866,13858,13859,13860,13861,13862,13863,13354,13869,13870,13871,13872,49236,64504,64505,13878,13880,13525,56763,56764,47866,47867,47868,47869,49185,49186,49187,49188,49189,49190,49191,49192,49193,49194,49195,49196],"class_list":{"0":"post-70296677","1":"product","2":"type-product","3":"status-publish","4":"has-post-thumbnail","6":"product_tag-1970er-jahre","7":"product_tag-20-jahrhundert-nach-chr","8":"product_tag-20-jh-n-chr","9":"product_tag-20-jahrhundert","10":"product_tag-20-jh","11":"product_tag-70er","12":"product_tag-abt_008","13":"product_tag-abzug","14":"product_tag-arbeitsplatz","15":"product_tag-arbeitsplaetze","16":"product_tag-at_arbeit","17":"product_tag-aufschrift","18":"product_tag-beschimpfung","19":"product_tag-deutsch","20":"product_tag-deutsche","21":"product_tag-deutschen","22":"product_tag-deutscher","23":"product_tag-deutsches","24":"product_tag-drinnen","25":"product_tag-fabrik","26":"product_tag-fabriken","27":"product_tag-fabrikhalle","28":"product_tag-fabrikhallen","29":"product_tag-firmenschliessung","30":"product_tag-firmenschliessungen","31":"product_tag-foto","32":"product_tag-fotoabzug","33":"product_tag-fotoabzuege","34":"product_tag-fotografie","35":"product_tag-fotografien","36":"product_tag-fotografin","37":"product_tag-fotografinnen","38":"product_tag-fotoreportage","39":"product_tag-frustration","40":"product_tag-frustriert","41":"product_tag-frustrierte","42":"product_tag-frustrierter","43":"product_tag-frustriertes","44":"product_tag-geschlossen","45":"product_tag-geschlossene","46":"product_tag-geschlossenen","47":"product_tag-geschlossener","48":"product_tag-geschlossenes","49":"product_tag-graffiti","50":"product_tag-graffito","51":"product_tag-industrie","52":"product_tag-industrien","53":"product_tag-innen","54":"product_tag-kreideschrift","55":"product_tag-kritzelei","56":"product_tag-kritzeleien","57":"product_tag-kunststoff","58":"product_tag-kunststoffherstellung","59":"product_tag-kunststofftechnik","60":"product_tag-leer","61":"product_tag-leere","62":"product_tag-leeren","63":"product_tag-leerer","64":"product_tag-leeres","65":"product_tag-leerstand","66":"product_tag-leerstehend","67":"product_tag-leerstehende","68":"product_tag-leerstehendes","69":"product_tag-menschenleer","70":"product_tag-menschenleere","71":"product_tag-menschenleeren","72":"product_tag-menschenleerer","73":"product_tag-menschenleeres","74":"product_tag-nordrhein-westfalen","75":"product_tag-nrw","76":"product_tag-parole","77":"product_tag-parolen","78":"product_tag-photo","79":"product_tag-photoabzug","80":"product_tag-photoabzuege","81":"product_tag-photographie","82":"product_tag-photographien","83":"product_tag-photographin","84":"product_tag-photographinnen","85":"product_tag-photoreportage","86":"product_tag-print","87":"product_tag-protest","88":"product_tag-proteste","89":"product_tag-reportage","90":"product_tag-reportagefoto","91":"product_tag-reportagefotografie","92":"product_tag-reportagephoto","93":"product_tag-reportagephotographie","94":"product_tag-s-w-fotografie","95":"product_tag-s-w-photographie","96":"product_tag-schliessung","97":"product_tag-schmiererei","98":"product_tag-schmierereien","99":"product_tag-schrift","100":"product_tag-schriften","101":"product_tag-schriftzug","102":"product_tag-schwarzweissphotographie","103":"product_tag-schwarz-weiss-fotografie","104":"product_tag-schwarz-weiss-photographie","105":"product_tag-schwarzweiss","106":"product_tag-schwarzweisse","107":"product_tag-schwarzweissen","108":"product_tag-schwarzweisser","109":"product_tag-schwarzweisses","110":"product_tag-schwarzweissfotografie","111":"product_tag-siebziger","112":"product_tag-silbergelatine","113":"product_tag-silbergelatineabzug","114":"product_tag-silbergelatineabzuege","115":"product_tag-silbergelatineprint","116":"product_tag-slogan","117":"product_tag-stilllegung","118":"product_tag-stilllegungen","119":"product_tag-sw-fotografie","120":"product_tag-sw-photographie","121":"product_tag-von-innen","122":"product_tag-werk","123":"product_tag-werke","124":"product_tag-werkhalle","125":"product_tag-werkhallen","126":"product_tag-werkshalle","127":"product_tag-werkshallen","128":"product_tag-wut","129":"product_tag-wuetend","130":"product_tag-wuetende","131":"product_tag-wuetenden","132":"product_tag-wuetender","133":"product_tag-wuetendes","134":"product_tag-zorn","135":"product_tag-zornig","136":"product_tag-zornige","137":"product_tag-zornigen","138":"product_tag-zorniger","139":"product_tag-zorniges","140":"pa_datierung-november-1976","141":"pa_fotograf-abisag-tuellmann","142":"pa_geografischer_bezug-aufnahmeort-kalldorf-gemeinde-kalletal-deutschland","143":"pa_grunddaten_material_technik-foto-silbergelatine-auf-barytpapier","144":"pa_inventarnummer-tue-76-222-13a","145":"pa_jahr_von-54713","146":"pa_massangaben-bildformat-foto-234-x-302-cm","147":"pa_mediennummer-64506","148":"pa_objekt_typ-fotografie","150":"first","151":"instock","152":"product-type-simple"},"yoast_head":"<!-- This site is optimized with the Yoast SEO plugin v27.3 - https:\/\/yoast.com\/product\/yoast-seo-wordpress\/ -->\n<title>Stillgelegtes Werk der &quot;DEMAG-Kunststofftechnik&quot; in Kalldorf - Abisag T\u00fcllmann<\/title>\n<meta name=\"robots\" content=\"index, follow, max-snippet:-1, max-image-preview:large, max-video-preview:-1\" \/>\n<link rel=\"canonical\" href=\"https:\/\/bpk-archive.de\/tuellmann\/produkt\/stillgelegtes-werk-der-demag-kunststofftechnik-in-kalldorf\/\" \/>\n<meta property=\"og:locale\" content=\"de_DE\" \/>\n<meta property=\"og:type\" content=\"article\" \/>\n<meta property=\"og:title\" content=\"Stillgelegtes Werk der &quot;DEMAG-Kunststofftechnik&quot; in Kalldorf - Abisag T\u00fcllmann\" \/>\n<meta property=\"og:description\" content=\"Schriftz\u00fcge auf einem Schrank zeugen vom Protest der Arbeiter gegen die Schlie\u00dfung des Werks (&#8222;Overbeck = Schwein&#8220;) R\u00fcckseitenbeschriftung von Hand der Fotografin: &#8222;Kalldorf, 1976&#8220;\" \/>\n<meta property=\"og:url\" content=\"https:\/\/bpk-archive.de\/tuellmann\/produkt\/stillgelegtes-werk-der-demag-kunststofftechnik-in-kalldorf\/\" \/>\n<meta property=\"og:site_name\" content=\"Abisag T\u00fcllmann\" \/>\n<meta property=\"article:modified_time\" content=\"2019-09-05T14:09:01+00:00\" \/>\n<meta property=\"og:image\" content=\"https:\/\/bpk-archive.de\/tuellmann\/wp-content\/uploads\/2019\/08\/bpk_70366499.jpg\" \/>\n\t<meta property=\"og:image:width\" content=\"1200\" \/>\n\t<meta property=\"og:image:height\" content=\"939\" \/>\n\t<meta property=\"og:image:type\" content=\"image\/jpeg\" \/>\n<meta name=\"twitter:card\" content=\"summary_large_image\" \/>\n<script type=\"application\/ld+json\" class=\"yoast-schema-graph\">{\"@context\":\"https:\\\/\\\/schema.org\",\"@graph\":[{\"@type\":\"WebPage\",\"@id\":\"https:\\\/\\\/bpk-archive.de\\\/tuellmann\\\/produkt\\\/stillgelegtes-werk-der-demag-kunststofftechnik-in-kalldorf\\\/\",\"url\":\"https:\\\/\\\/bpk-archive.de\\\/tuellmann\\\/produkt\\\/stillgelegtes-werk-der-demag-kunststofftechnik-in-kalldorf\\\/\",\"name\":\"Stillgelegtes Werk der \\\"DEMAG-Kunststofftechnik\\\" in Kalldorf - Abisag T\u00fcllmann\",\"isPartOf\":{\"@id\":\"https:\\\/\\\/bpk-archive.de\\\/tuellmann\\\/#website\"},\"primaryImageOfPage\":{\"@id\":\"https:\\\/\\\/bpk-archive.de\\\/tuellmann\\\/produkt\\\/stillgelegtes-werk-der-demag-kunststofftechnik-in-kalldorf\\\/#primaryimage\"},\"image\":{\"@id\":\"https:\\\/\\\/bpk-archive.de\\\/tuellmann\\\/produkt\\\/stillgelegtes-werk-der-demag-kunststofftechnik-in-kalldorf\\\/#primaryimage\"},\"thumbnailUrl\":\"https:\\\/\\\/bpk-archive.de\\\/tuellmann\\\/wp-content\\\/uploads\\\/2019\\\/08\\\/bpk_70366499.jpg\",\"datePublished\":\"2019-09-05T14:08:46+00:00\",\"dateModified\":\"2019-09-05T14:09:01+00:00\",\"breadcrumb\":{\"@id\":\"https:\\\/\\\/bpk-archive.de\\\/tuellmann\\\/produkt\\\/stillgelegtes-werk-der-demag-kunststofftechnik-in-kalldorf\\\/#breadcrumb\"},\"inLanguage\":\"de\",\"potentialAction\":[{\"@type\":\"ReadAction\",\"target\":[\"https:\\\/\\\/bpk-archive.de\\\/tuellmann\\\/produkt\\\/stillgelegtes-werk-der-demag-kunststofftechnik-in-kalldorf\\\/\"]}]},{\"@type\":\"ImageObject\",\"inLanguage\":\"de\",\"@id\":\"https:\\\/\\\/bpk-archive.de\\\/tuellmann\\\/produkt\\\/stillgelegtes-werk-der-demag-kunststofftechnik-in-kalldorf\\\/#primaryimage\",\"url\":\"https:\\\/\\\/bpk-archive.de\\\/tuellmann\\\/wp-content\\\/uploads\\\/2019\\\/08\\\/bpk_70366499.jpg\",\"contentUrl\":\"https:\\\/\\\/bpk-archive.de\\\/tuellmann\\\/wp-content\\\/uploads\\\/2019\\\/08\\\/bpk_70366499.jpg\",\"width\":1200,\"height\":939,\"caption\":\"Stillgelegtes Werk der \\\"DEMAG-Kunststofftechnik\\\" in Kalldorf\"},{\"@type\":\"BreadcrumbList\",\"@id\":\"https:\\\/\\\/bpk-archive.de\\\/tuellmann\\\/produkt\\\/stillgelegtes-werk-der-demag-kunststofftechnik-in-kalldorf\\\/#breadcrumb\",\"itemListElement\":[{\"@type\":\"ListItem\",\"position\":1,\"name\":\"Startseite\",\"item\":\"https:\\\/\\\/bpk-archive.de\\\/tuellmann\\\/\"},{\"@type\":\"ListItem\",\"position\":2,\"name\":\"Shop\",\"item\":\"https:\\\/\\\/bpk-archive.de\\\/tuellmann\\\/shop\\\/\"},{\"@type\":\"ListItem\",\"position\":3,\"name\":\"Stillgelegtes Werk der &#8220;DEMAG-Kunststofftechnik&#8221; in Kalldorf\"}]},{\"@type\":\"WebSite\",\"@id\":\"https:\\\/\\\/bpk-archive.de\\\/tuellmann\\\/#website\",\"url\":\"https:\\\/\\\/bpk-archive.de\\\/tuellmann\\\/\",\"name\":\"Abisag T\u00fcllmann\",\"description\":\"Eine weitere WordPress-Website\",\"potentialAction\":[{\"@type\":\"SearchAction\",\"target\":{\"@type\":\"EntryPoint\",\"urlTemplate\":\"https:\\\/\\\/bpk-archive.de\\\/tuellmann\\\/?s={search_term_string}\"},\"query-input\":{\"@type\":\"PropertyValueSpecification\",\"valueRequired\":true,\"valueName\":\"search_term_string\"}}],\"inLanguage\":\"de\"}]}<\/script>\n<!-- \/ Yoast SEO plugin. -->","yoast_head_json":{"title":"Stillgelegtes Werk der \"DEMAG-Kunststofftechnik\" in Kalldorf - Abisag T\u00fcllmann","robots":{"index":"index","follow":"follow","max-snippet":"max-snippet:-1","max-image-preview":"max-image-preview:large","max-video-preview":"max-video-preview:-1"},"canonical":"https:\/\/bpk-archive.de\/tuellmann\/produkt\/stillgelegtes-werk-der-demag-kunststofftechnik-in-kalldorf\/","og_locale":"de_DE","og_type":"article","og_title":"Stillgelegtes Werk der \"DEMAG-Kunststofftechnik\" in Kalldorf - Abisag T\u00fcllmann","og_description":"Schriftz\u00fcge auf einem Schrank zeugen vom Protest der Arbeiter gegen die Schlie\u00dfung des Werks (&#8222;Overbeck = Schwein&#8220;) R\u00fcckseitenbeschriftung von Hand der Fotografin: &#8222;Kalldorf, 1976&#8220;","og_url":"https:\/\/bpk-archive.de\/tuellmann\/produkt\/stillgelegtes-werk-der-demag-kunststofftechnik-in-kalldorf\/","og_site_name":"Abisag T\u00fcllmann","article_modified_time":"2019-09-05T14:09:01+00:00","og_image":[{"width":1200,"height":939,"url":"https:\/\/bpk-archive.de\/tuellmann\/wp-content\/uploads\/2019\/08\/bpk_70366499.jpg","type":"image\/jpeg"}],"twitter_card":"summary_large_image","schema":{"@context":"https:\/\/schema.org","@graph":[{"@type":"WebPage","@id":"https:\/\/bpk-archive.de\/tuellmann\/produkt\/stillgelegtes-werk-der-demag-kunststofftechnik-in-kalldorf\/","url":"https:\/\/bpk-archive.de\/tuellmann\/produkt\/stillgelegtes-werk-der-demag-kunststofftechnik-in-kalldorf\/","name":"Stillgelegtes Werk der \"DEMAG-Kunststofftechnik\" in Kalldorf - Abisag T\u00fcllmann","isPartOf":{"@id":"https:\/\/bpk-archive.de\/tuellmann\/#website"},"primaryImageOfPage":{"@id":"https:\/\/bpk-archive.de\/tuellmann\/produkt\/stillgelegtes-werk-der-demag-kunststofftechnik-in-kalldorf\/#primaryimage"},"image":{"@id":"https:\/\/bpk-archive.de\/tuellmann\/produkt\/stillgelegtes-werk-der-demag-kunststofftechnik-in-kalldorf\/#primaryimage"},"thumbnailUrl":"https:\/\/bpk-archive.de\/tuellmann\/wp-content\/uploads\/2019\/08\/bpk_70366499.jpg","datePublished":"2019-09-05T14:08:46+00:00","dateModified":"2019-09-05T14:09:01+00:00","breadcrumb":{"@id":"https:\/\/bpk-archive.de\/tuellmann\/produkt\/stillgelegtes-werk-der-demag-kunststofftechnik-in-kalldorf\/#breadcrumb"},"inLanguage":"de","potentialAction":[{"@type":"ReadAction","target":["https:\/\/bpk-archive.de\/tuellmann\/produkt\/stillgelegtes-werk-der-demag-kunststofftechnik-in-kalldorf\/"]}]},{"@type":"ImageObject","inLanguage":"de","@id":"https:\/\/bpk-archive.de\/tuellmann\/produkt\/stillgelegtes-werk-der-demag-kunststofftechnik-in-kalldorf\/#primaryimage","url":"https:\/\/bpk-archive.de\/tuellmann\/wp-content\/uploads\/2019\/08\/bpk_70366499.jpg","contentUrl":"https:\/\/bpk-archive.de\/tuellmann\/wp-content\/uploads\/2019\/08\/bpk_70366499.jpg","width":1200,"height":939,"caption":"Stillgelegtes Werk der \"DEMAG-Kunststofftechnik\" in Kalldorf"},{"@type":"BreadcrumbList","@id":"https:\/\/bpk-archive.de\/tuellmann\/produkt\/stillgelegtes-werk-der-demag-kunststofftechnik-in-kalldorf\/#breadcrumb","itemListElement":[{"@type":"ListItem","position":1,"name":"Startseite","item":"https:\/\/bpk-archive.de\/tuellmann\/"},{"@type":"ListItem","position":2,"name":"Shop","item":"https:\/\/bpk-archive.de\/tuellmann\/shop\/"},{"@type":"ListItem","position":3,"name":"Stillgelegtes Werk der &#8220;DEMAG-Kunststofftechnik&#8221; in Kalldorf"}]},{"@type":"WebSite","@id":"https:\/\/bpk-archive.de\/tuellmann\/#website","url":"https:\/\/bpk-archive.de\/tuellmann\/","name":"Abisag T\u00fcllmann","description":"Eine weitere WordPress-Website","potentialAction":[{"@type":"SearchAction","target":{"@type":"EntryPoint","urlTemplate":"https:\/\/bpk-archive.de\/tuellmann\/?s={search_term_string}"},"query-input":{"@type":"PropertyValueSpecification","valueRequired":true,"valueName":"search_term_string"}}],"inLanguage":"de"}]}},"_links":{"self":[{"href":"https:\/\/bpk-archive.de\/tuellmann\/wp-json\/wp\/v2\/product\/70296677","targetHints":{"allow":["GET"]}}],"collection":[{"href":"https:\/\/bpk-archive.de\/tuellmann\/wp-json\/wp\/v2\/product"}],"about":[{"href":"https:\/\/bpk-archive.de\/tuellmann\/wp-json\/wp\/v2\/types\/product"}],"wp:featuredmedia":[{"embeddable":true,"href":"https:\/\/bpk-archive.de\/tuellmann\/wp-json\/wp\/v2\/media\/70293422"}],"wp:attachment":[{"href":"https:\/\/bpk-archive.de\/tuellmann\/wp-json\/wp\/v2\/media?parent=70296677"}],"wp:term":[{"taxonomy":"product_brand","embeddable":true,"href":"https:\/\/bpk-archive.de\/tuellmann\/wp-json\/wp\/v2\/product_brand?post=70296677"},{"taxonomy":"product_cat","embeddable":true,"href":"https:\/\/bpk-archive.de\/tuellmann\/wp-json\/wp\/v2\/product_cat?post=70296677"},{"taxonomy":"product_tag","embeddable":true,"href":"https:\/\/bpk-archive.de\/tuellmann\/wp-json\/wp\/v2\/product_tag?post=70296677"}],"curies":[{"name":"wp","href":"https:\/\/api.w.org\/{rel}","templated":true}]}}