{"id":70296497,"date":"2019-09-05T16:01:02","date_gmt":"2019-09-05T14:01:02","guid":{"rendered":"http:\/\/abisagtuellmann.bpk-news.de\/atbild\/der-franzoesisch-rumaenische-autor-eugene-ionesco-waehrend-der-frankfurter-buchmesse-1961\/"},"modified":"2019-09-05T16:01:15","modified_gmt":"2019-09-05T14:01:15","slug":"der-franzoesisch-rumaenische-autor-eugene-ionesco-waehrend-der-frankfurter-buchmesse-1961","status":"publish","type":"product","link":"https:\/\/bpk-archive.de\/tuellmann\/produkt\/der-franzoesisch-rumaenische-autor-eugene-ionesco-waehrend-der-frankfurter-buchmesse-1961\/","title":{"rendered":"Der franz\u00f6sisch-rum\u00e4nische Autor Eug\u00e8ne Ionesco w\u00e4hrend der Frankfurter Buchmesse 1961"},"content":{"rendered":"<p>R\u00fcckseitenbeschriftung von anderer Hand: &#8222;Ionesco&#8220;<\/p>\n","protected":false},"excerpt":{"rendered":"<p>R\u00fcckseitenbeschriftung von anderer Hand: &#8222;Ionesco&#8220;<\/p>\n","protected":false},"featured_media":70292068,"template":"","meta":[],"product_brand":[],"product_cat":[],"product_tag":[13774,13232,49666,13234,49667,13231,13233,13775,62469,13777,63098,52727,52728,52729,52730,52731,52732,13784,13785,13469,13470,13253,13254,13255,13256,13257,13471,13472,63054,13473,13293,13786,13787,13294,13295,13296,13297,13485,13486,13482,13481,13483,13484,13492,13493,13494,13495,13496,13497,13498,56428,49309,51517,13328,13827,13828,13329,13330,13331,13332,13829,13835,13836,13842,13843,63441,63442,63443,63444,63445,13877,13879,52738,52739,52740,52741,52742,13865,13864,13866,13858,13859,13860,13861,13862,13863,13867,13869,13870,13871,13872,13878,13880,58689,58694,13525],"class_list":{"0":"post-70296497","1":"product","2":"type-product","3":"status-publish","4":"has-post-thumbnail","6":"product_tag-1960er-jahre","7":"product_tag-20-jahrhundert-nach-chr","8":"product_tag-20-jahrhundert-vor-chr","9":"product_tag-20-jh-n-chr","10":"product_tag-20-jh-v-chr","11":"product_tag-20-jahrhundert","12":"product_tag-20-jh","13":"product_tag-60er","14":"product_tag-abt_006","15":"product_tag-abzug","16":"product_tag-at_literatur-wissenschaft","17":"product_tag-autor","18":"product_tag-autoren","19":"product_tag-autorenportrait","20":"product_tag-autorenportraits","21":"product_tag-autorenportraet","22":"product_tag-autorenportraets","23":"product_tag-bildnis","24":"product_tag-bildnisse","25":"product_tag-brd","26":"product_tag-bundesrepublik-deutschland","27":"product_tag-deutsch","28":"product_tag-deutsche","29":"product_tag-deutschen","30":"product_tag-deutscher","31":"product_tag-deutsches","32":"product_tag-deutschland","33":"product_tag-deutschlands","34":"product_tag-dramatiker","35":"product_tag-drinnen","36":"product_tag-foto","37":"product_tag-fotoabzug","38":"product_tag-fotoabzuege","39":"product_tag-fotografie","40":"product_tag-fotografien","41":"product_tag-fotografin","42":"product_tag-fotografinnen","43":"product_tag-frankfurt-m","44":"product_tag-frankfurt-main","45":"product_tag-frankfurt-a-main","46":"product_tag-frankfurt-a-m","47":"product_tag-frankfurt-am-main","48":"product_tag-frankfurter","49":"product_tag-hessen","50":"product_tag-hessisch","51":"product_tag-hessische","52":"product_tag-hessischen","53":"product_tag-hessischer","54":"product_tag-hessisches","55":"product_tag-innen","56":"product_tag-kultur","57":"product_tag-literatur","58":"product_tag-literaturgeschichte","59":"product_tag-photo","60":"product_tag-photoabzug","61":"product_tag-photoabzuege","62":"product_tag-photographie","63":"product_tag-photographien","64":"product_tag-photographin","65":"product_tag-photographinnen","66":"product_tag-portrait","67":"product_tag-portraits","68":"product_tag-portraet","69":"product_tag-portraets","70":"product_tag-print","71":"product_tag-rumaenisch","72":"product_tag-rumaenische","73":"product_tag-rumaenischen","74":"product_tag-rumaenischer","75":"product_tag-rumaenisches","76":"product_tag-s-w-fotografie","77":"product_tag-s-w-photographie","78":"product_tag-schriftsteller","79":"product_tag-schriftstellerportrait","80":"product_tag-schriftstellerportraits","81":"product_tag-schriftstellerportraet","82":"product_tag-schriftstellerportraets","83":"product_tag-schwarzweissphotographie","84":"product_tag-schwarz-weiss-fotografie","85":"product_tag-schwarz-weiss-photographie","86":"product_tag-schwarzweiss","87":"product_tag-schwarzweisse","88":"product_tag-schwarzweissen","89":"product_tag-schwarzweisser","90":"product_tag-schwarzweisses","91":"product_tag-schwarzweissfotografie","92":"product_tag-sechziger","93":"product_tag-silbergelatine","94":"product_tag-silbergelatineabzug","95":"product_tag-silbergelatineabzuege","96":"product_tag-silbergelatineprint","97":"product_tag-sw-fotografie","98":"product_tag-sw-photographie","99":"product_tag-theater","100":"product_tag-theaters","101":"product_tag-von-innen","102":"pa_datierung-21067","103":"pa_fotograf-abisag-tuellmann","104":"pa_geografischer_bezug-aufnahmeort-frankfurt-am-main-deutschland","105":"pa_grunddaten_material_technik-foto-silbergelatine-auf-barytpapier","106":"pa_inventarnummer-tue-61-275-52","107":"pa_jahr_von-55112","108":"pa_massangaben-bildformat-foto-234-x-296-cm","109":"pa_mediennummer-63439","110":"pa_objekt_typ-fotografie","112":"first","113":"instock","114":"product-type-simple"},"yoast_head":"<!-- This site is optimized with the Yoast SEO plugin v27.4 - https:\/\/yoast.com\/product\/yoast-seo-wordpress\/ -->\n<title>Der franz\u00f6sisch-rum\u00e4nische Autor Eug\u00e8ne Ionesco w\u00e4hrend der Frankfurter Buchmesse 1961 - Abisag T\u00fcllmann<\/title>\n<meta name=\"robots\" content=\"index, follow, max-snippet:-1, max-image-preview:large, max-video-preview:-1\" \/>\n<link rel=\"canonical\" href=\"https:\/\/bpk-archive.de\/tuellmann\/produkt\/der-franzoesisch-rumaenische-autor-eugene-ionesco-waehrend-der-frankfurter-buchmesse-1961\/\" \/>\n<meta property=\"og:locale\" content=\"de_DE\" \/>\n<meta property=\"og:type\" content=\"article\" \/>\n<meta property=\"og:title\" content=\"Der franz\u00f6sisch-rum\u00e4nische Autor Eug\u00e8ne Ionesco w\u00e4hrend der Frankfurter Buchmesse 1961 - Abisag T\u00fcllmann\" \/>\n<meta property=\"og:description\" content=\"R\u00fcckseitenbeschriftung von anderer Hand: &#8222;Ionesco&#8220;\" \/>\n<meta property=\"og:url\" content=\"https:\/\/bpk-archive.de\/tuellmann\/produkt\/der-franzoesisch-rumaenische-autor-eugene-ionesco-waehrend-der-frankfurter-buchmesse-1961\/\" \/>\n<meta property=\"og:site_name\" content=\"Abisag T\u00fcllmann\" \/>\n<meta property=\"article:modified_time\" content=\"2019-09-05T14:01:15+00:00\" \/>\n<meta property=\"og:image\" content=\"https:\/\/bpk-archive.de\/tuellmann\/wp-content\/uploads\/2019\/08\/bpk_70242638.jpg\" \/>\n\t<meta property=\"og:image:width\" content=\"1200\" \/>\n\t<meta property=\"og:image:height\" content=\"955\" \/>\n\t<meta property=\"og:image:type\" content=\"image\/jpeg\" \/>\n<meta name=\"twitter:card\" content=\"summary_large_image\" \/>\n<script type=\"application\/ld+json\" class=\"yoast-schema-graph\">{\"@context\":\"https:\\\/\\\/schema.org\",\"@graph\":[{\"@type\":\"WebPage\",\"@id\":\"https:\\\/\\\/bpk-archive.de\\\/tuellmann\\\/produkt\\\/der-franzoesisch-rumaenische-autor-eugene-ionesco-waehrend-der-frankfurter-buchmesse-1961\\\/\",\"url\":\"https:\\\/\\\/bpk-archive.de\\\/tuellmann\\\/produkt\\\/der-franzoesisch-rumaenische-autor-eugene-ionesco-waehrend-der-frankfurter-buchmesse-1961\\\/\",\"name\":\"Der franz\u00f6sisch-rum\u00e4nische Autor Eug\u00e8ne Ionesco w\u00e4hrend der Frankfurter Buchmesse 1961 - Abisag T\u00fcllmann\",\"isPartOf\":{\"@id\":\"https:\\\/\\\/bpk-archive.de\\\/tuellmann\\\/#website\"},\"primaryImageOfPage\":{\"@id\":\"https:\\\/\\\/bpk-archive.de\\\/tuellmann\\\/produkt\\\/der-franzoesisch-rumaenische-autor-eugene-ionesco-waehrend-der-frankfurter-buchmesse-1961\\\/#primaryimage\"},\"image\":{\"@id\":\"https:\\\/\\\/bpk-archive.de\\\/tuellmann\\\/produkt\\\/der-franzoesisch-rumaenische-autor-eugene-ionesco-waehrend-der-frankfurter-buchmesse-1961\\\/#primaryimage\"},\"thumbnailUrl\":\"https:\\\/\\\/bpk-archive.de\\\/tuellmann\\\/wp-content\\\/uploads\\\/2019\\\/08\\\/bpk_70242638.jpg\",\"datePublished\":\"2019-09-05T14:01:02+00:00\",\"dateModified\":\"2019-09-05T14:01:15+00:00\",\"breadcrumb\":{\"@id\":\"https:\\\/\\\/bpk-archive.de\\\/tuellmann\\\/produkt\\\/der-franzoesisch-rumaenische-autor-eugene-ionesco-waehrend-der-frankfurter-buchmesse-1961\\\/#breadcrumb\"},\"inLanguage\":\"de\",\"potentialAction\":[{\"@type\":\"ReadAction\",\"target\":[\"https:\\\/\\\/bpk-archive.de\\\/tuellmann\\\/produkt\\\/der-franzoesisch-rumaenische-autor-eugene-ionesco-waehrend-der-frankfurter-buchmesse-1961\\\/\"]}]},{\"@type\":\"ImageObject\",\"inLanguage\":\"de\",\"@id\":\"https:\\\/\\\/bpk-archive.de\\\/tuellmann\\\/produkt\\\/der-franzoesisch-rumaenische-autor-eugene-ionesco-waehrend-der-frankfurter-buchmesse-1961\\\/#primaryimage\",\"url\":\"https:\\\/\\\/bpk-archive.de\\\/tuellmann\\\/wp-content\\\/uploads\\\/2019\\\/08\\\/bpk_70242638.jpg\",\"contentUrl\":\"https:\\\/\\\/bpk-archive.de\\\/tuellmann\\\/wp-content\\\/uploads\\\/2019\\\/08\\\/bpk_70242638.jpg\",\"width\":1200,\"height\":955,\"caption\":\"Der franz\u00f6sisch-rum\u00e4nische Autor Eug\u00e8ne Ionesco w\u00e4hrend der Frankfurter Buchmesse 1961\"},{\"@type\":\"BreadcrumbList\",\"@id\":\"https:\\\/\\\/bpk-archive.de\\\/tuellmann\\\/produkt\\\/der-franzoesisch-rumaenische-autor-eugene-ionesco-waehrend-der-frankfurter-buchmesse-1961\\\/#breadcrumb\",\"itemListElement\":[{\"@type\":\"ListItem\",\"position\":1,\"name\":\"Startseite\",\"item\":\"https:\\\/\\\/bpk-archive.de\\\/tuellmann\\\/\"},{\"@type\":\"ListItem\",\"position\":2,\"name\":\"Shop\",\"item\":\"https:\\\/\\\/bpk-archive.de\\\/tuellmann\\\/shop\\\/\"},{\"@type\":\"ListItem\",\"position\":3,\"name\":\"Der franz\u00f6sisch-rum\u00e4nische Autor Eug\u00e8ne Ionesco w\u00e4hrend der Frankfurter Buchmesse 1961\"}]},{\"@type\":\"WebSite\",\"@id\":\"https:\\\/\\\/bpk-archive.de\\\/tuellmann\\\/#website\",\"url\":\"https:\\\/\\\/bpk-archive.de\\\/tuellmann\\\/\",\"name\":\"Abisag T\u00fcllmann\",\"description\":\"Eine weitere WordPress-Website\",\"potentialAction\":[{\"@type\":\"SearchAction\",\"target\":{\"@type\":\"EntryPoint\",\"urlTemplate\":\"https:\\\/\\\/bpk-archive.de\\\/tuellmann\\\/?s={search_term_string}\"},\"query-input\":{\"@type\":\"PropertyValueSpecification\",\"valueRequired\":true,\"valueName\":\"search_term_string\"}}],\"inLanguage\":\"de\"}]}<\/script>\n<!-- \/ Yoast SEO plugin. -->","yoast_head_json":{"title":"Der franz\u00f6sisch-rum\u00e4nische Autor Eug\u00e8ne Ionesco w\u00e4hrend der Frankfurter Buchmesse 1961 - Abisag T\u00fcllmann","robots":{"index":"index","follow":"follow","max-snippet":"max-snippet:-1","max-image-preview":"max-image-preview:large","max-video-preview":"max-video-preview:-1"},"canonical":"https:\/\/bpk-archive.de\/tuellmann\/produkt\/der-franzoesisch-rumaenische-autor-eugene-ionesco-waehrend-der-frankfurter-buchmesse-1961\/","og_locale":"de_DE","og_type":"article","og_title":"Der franz\u00f6sisch-rum\u00e4nische Autor Eug\u00e8ne Ionesco w\u00e4hrend der Frankfurter Buchmesse 1961 - Abisag T\u00fcllmann","og_description":"R\u00fcckseitenbeschriftung von anderer Hand: &#8222;Ionesco&#8220;","og_url":"https:\/\/bpk-archive.de\/tuellmann\/produkt\/der-franzoesisch-rumaenische-autor-eugene-ionesco-waehrend-der-frankfurter-buchmesse-1961\/","og_site_name":"Abisag T\u00fcllmann","article_modified_time":"2019-09-05T14:01:15+00:00","og_image":[{"width":1200,"height":955,"url":"https:\/\/bpk-archive.de\/tuellmann\/wp-content\/uploads\/2019\/08\/bpk_70242638.jpg","type":"image\/jpeg"}],"twitter_card":"summary_large_image","schema":{"@context":"https:\/\/schema.org","@graph":[{"@type":"WebPage","@id":"https:\/\/bpk-archive.de\/tuellmann\/produkt\/der-franzoesisch-rumaenische-autor-eugene-ionesco-waehrend-der-frankfurter-buchmesse-1961\/","url":"https:\/\/bpk-archive.de\/tuellmann\/produkt\/der-franzoesisch-rumaenische-autor-eugene-ionesco-waehrend-der-frankfurter-buchmesse-1961\/","name":"Der franz\u00f6sisch-rum\u00e4nische Autor Eug\u00e8ne Ionesco w\u00e4hrend der Frankfurter Buchmesse 1961 - Abisag T\u00fcllmann","isPartOf":{"@id":"https:\/\/bpk-archive.de\/tuellmann\/#website"},"primaryImageOfPage":{"@id":"https:\/\/bpk-archive.de\/tuellmann\/produkt\/der-franzoesisch-rumaenische-autor-eugene-ionesco-waehrend-der-frankfurter-buchmesse-1961\/#primaryimage"},"image":{"@id":"https:\/\/bpk-archive.de\/tuellmann\/produkt\/der-franzoesisch-rumaenische-autor-eugene-ionesco-waehrend-der-frankfurter-buchmesse-1961\/#primaryimage"},"thumbnailUrl":"https:\/\/bpk-archive.de\/tuellmann\/wp-content\/uploads\/2019\/08\/bpk_70242638.jpg","datePublished":"2019-09-05T14:01:02+00:00","dateModified":"2019-09-05T14:01:15+00:00","breadcrumb":{"@id":"https:\/\/bpk-archive.de\/tuellmann\/produkt\/der-franzoesisch-rumaenische-autor-eugene-ionesco-waehrend-der-frankfurter-buchmesse-1961\/#breadcrumb"},"inLanguage":"de","potentialAction":[{"@type":"ReadAction","target":["https:\/\/bpk-archive.de\/tuellmann\/produkt\/der-franzoesisch-rumaenische-autor-eugene-ionesco-waehrend-der-frankfurter-buchmesse-1961\/"]}]},{"@type":"ImageObject","inLanguage":"de","@id":"https:\/\/bpk-archive.de\/tuellmann\/produkt\/der-franzoesisch-rumaenische-autor-eugene-ionesco-waehrend-der-frankfurter-buchmesse-1961\/#primaryimage","url":"https:\/\/bpk-archive.de\/tuellmann\/wp-content\/uploads\/2019\/08\/bpk_70242638.jpg","contentUrl":"https:\/\/bpk-archive.de\/tuellmann\/wp-content\/uploads\/2019\/08\/bpk_70242638.jpg","width":1200,"height":955,"caption":"Der franz\u00f6sisch-rum\u00e4nische Autor Eug\u00e8ne Ionesco w\u00e4hrend der Frankfurter Buchmesse 1961"},{"@type":"BreadcrumbList","@id":"https:\/\/bpk-archive.de\/tuellmann\/produkt\/der-franzoesisch-rumaenische-autor-eugene-ionesco-waehrend-der-frankfurter-buchmesse-1961\/#breadcrumb","itemListElement":[{"@type":"ListItem","position":1,"name":"Startseite","item":"https:\/\/bpk-archive.de\/tuellmann\/"},{"@type":"ListItem","position":2,"name":"Shop","item":"https:\/\/bpk-archive.de\/tuellmann\/shop\/"},{"@type":"ListItem","position":3,"name":"Der franz\u00f6sisch-rum\u00e4nische Autor Eug\u00e8ne Ionesco w\u00e4hrend der Frankfurter Buchmesse 1961"}]},{"@type":"WebSite","@id":"https:\/\/bpk-archive.de\/tuellmann\/#website","url":"https:\/\/bpk-archive.de\/tuellmann\/","name":"Abisag T\u00fcllmann","description":"Eine weitere WordPress-Website","potentialAction":[{"@type":"SearchAction","target":{"@type":"EntryPoint","urlTemplate":"https:\/\/bpk-archive.de\/tuellmann\/?s={search_term_string}"},"query-input":{"@type":"PropertyValueSpecification","valueRequired":true,"valueName":"search_term_string"}}],"inLanguage":"de"}]}},"_links":{"self":[{"href":"https:\/\/bpk-archive.de\/tuellmann\/wp-json\/wp\/v2\/product\/70296497","targetHints":{"allow":["GET"]}}],"collection":[{"href":"https:\/\/bpk-archive.de\/tuellmann\/wp-json\/wp\/v2\/product"}],"about":[{"href":"https:\/\/bpk-archive.de\/tuellmann\/wp-json\/wp\/v2\/types\/product"}],"wp:featuredmedia":[{"embeddable":true,"href":"https:\/\/bpk-archive.de\/tuellmann\/wp-json\/wp\/v2\/media\/70292068"}],"wp:attachment":[{"href":"https:\/\/bpk-archive.de\/tuellmann\/wp-json\/wp\/v2\/media?parent=70296497"}],"wp:term":[{"taxonomy":"product_brand","embeddable":true,"href":"https:\/\/bpk-archive.de\/tuellmann\/wp-json\/wp\/v2\/product_brand?post=70296497"},{"taxonomy":"product_cat","embeddable":true,"href":"https:\/\/bpk-archive.de\/tuellmann\/wp-json\/wp\/v2\/product_cat?post=70296497"},{"taxonomy":"product_tag","embeddable":true,"href":"https:\/\/bpk-archive.de\/tuellmann\/wp-json\/wp\/v2\/product_tag?post=70296497"}],"curies":[{"name":"wp","href":"https:\/\/api.w.org\/{rel}","templated":true}]}}