{"id":70296426,"date":"2019-09-05T16:00:05","date_gmt":"2019-09-05T14:00:05","guid":{"rendered":"http:\/\/abisagtuellmann.bpk-news.de\/atbild\/schueler-des-internats-millfield-school-bei-der-zeitungslektuere\/"},"modified":"2019-09-05T16:00:13","modified_gmt":"2019-09-05T14:00:13","slug":"schueler-des-internats-millfield-school-bei-der-zeitungslektuere","status":"publish","type":"product","link":"https:\/\/bpk-archive.de\/tuellmann\/produkt\/schueler-des-internats-millfield-school-bei-der-zeitungslektuere\/","title":{"rendered":"Sch\u00fcler des Internats Millfield School bei der Zeitungslekt\u00fcre"},"content":{"rendered":"","protected":false},"excerpt":{"rendered":"","protected":false},"featured_media":70292619,"template":"","meta":[],"product_brand":[],"product_cat":[],"product_tag":[13774,13232,13234,13231,13233,13775,62149,13777,62150,50398,53196,50141,55191,55192,55195,55196,55197,55198,55199,55200,14178,14179,13473,62672,55205,55206,55209,55210,55211,48771,48772,48773,48774,48775,52424,52426,13293,13786,13787,13294,13295,13296,13297,47267,48621,48622,48623,14327,55216,55217,47430,47431,47432,62675,62676,13498,62251,13807,13808,13809,13813,13814,14203,14204,14205,14206,14207,14211,14212,14213,14218,14219,14220,14221,49747,50119,49748,49749,49750,49751,49752,49753,54028,13328,13827,13828,13329,13330,13331,13332,47332,13843,47333,47334,47335,47336,47337,13877,13879,62156,50163,50164,54158,53860,53861,13349,13350,13865,13864,13866,13858,13859,13860,13861,13862,13863,13867,13869,13870,13871,13872,14243,14244,14245,14246,14247,14248,14249,13519,13520,13521,13522,13523,13524,13878,13880,50014,50015,55242,51929,13525,50018,50019,55994,53951],"class_list":{"0":"post-70296426","1":"product","2":"type-product","3":"status-publish","4":"has-post-thumbnail","6":"product_tag-1960er-jahre","7":"product_tag-20-jahrhundert-nach-chr","8":"product_tag-20-jh-n-chr","9":"product_tag-20-jahrhundert","10":"product_tag-20-jh","11":"product_tag-60er","12":"product_tag-abt_005","13":"product_tag-abzug","14":"product_tag-at_paedagogik","15":"product_tag-aufenthaltsraum","16":"product_tag-ausland","17":"product_tag-bildung","18":"product_tag-brite","19":"product_tag-briten","20":"product_tag-britisch","21":"product_tag-britische","22":"product_tag-britischen","23":"product_tag-britischer","24":"product_tag-britisches","25":"product_tag-british","26":"product_tag-bube","27":"product_tag-buben","28":"product_tag-drinnen","29":"product_tag-eliteschule","30":"product_tag-england","31":"product_tag-englaender","32":"product_tag-englaendern","33":"product_tag-englaenders","34":"product_tag-englands","35":"product_tag-englisch","36":"product_tag-englische","37":"product_tag-englischen","38":"product_tag-englischer","39":"product_tag-englisches","40":"product_tag-erziehen","41":"product_tag-erziehung","42":"product_tag-foto","43":"product_tag-fotoabzug","44":"product_tag-fotoabzuege","45":"product_tag-fotografie","46":"product_tag-fotografien","47":"product_tag-fotografin","48":"product_tag-fotografinnen","49":"product_tag-fotoreportage","50":"product_tag-freizeit","51":"product_tag-freizeitbeschaeftigung","52":"product_tag-freizeitgestaltung","53":"product_tag-gesellschaft","54":"product_tag-grossbritannien","55":"product_tag-grossbritanniens","56":"product_tag-heranwachsende","57":"product_tag-heranwachsenden","58":"product_tag-heranwachsender","59":"product_tag-hochbegabte","60":"product_tag-hochbegabung","61":"product_tag-innen","62":"product_tag-internat","63":"product_tag-jugendliche","64":"product_tag-jugendlichen","65":"product_tag-jugendlicher","66":"product_tag-junge","67":"product_tag-jungen","68":"product_tag-jungens","69":"product_tag-jungs","70":"product_tag-kind","71":"product_tag-kinde","72":"product_tag-kinder","73":"product_tag-kindergruppe","74":"product_tag-kindergruppen","75":"product_tag-kindern","76":"product_tag-kindes","77":"product_tag-kindheit","78":"product_tag-knabe","79":"product_tag-knaben","80":"product_tag-lektuere","81":"product_tag-lernen","82":"product_tag-lesen","83":"product_tag-lesend","84":"product_tag-lesende","85":"product_tag-lesenden","86":"product_tag-lesender","87":"product_tag-lesendes","88":"product_tag-paedagogik","89":"product_tag-photo","90":"product_tag-photoabzug","91":"product_tag-photoabzuege","92":"product_tag-photographie","93":"product_tag-photographien","94":"product_tag-photographin","95":"product_tag-photographinnen","96":"product_tag-photoreportage","97":"product_tag-print","98":"product_tag-reportage","99":"product_tag-reportagefoto","100":"product_tag-reportagefotografie","101":"product_tag-reportagephoto","102":"product_tag-reportagephotographie","103":"product_tag-s-w-fotografie","104":"product_tag-s-w-photographie","105":"product_tag-schulbildung","106":"product_tag-schule","107":"product_tag-schulen","108":"product_tag-schueler","109":"product_tag-schulkind","110":"product_tag-schulkinder","111":"product_tag-schuluniform","112":"product_tag-schuluniformen","113":"product_tag-schwarzweissphotographie","114":"product_tag-schwarz-weiss-fotografie","115":"product_tag-schwarz-weiss-photographie","116":"product_tag-schwarzweiss","117":"product_tag-schwarzweisse","118":"product_tag-schwarzweissen","119":"product_tag-schwarzweisser","120":"product_tag-schwarzweisses","121":"product_tag-schwarzweissfotografie","122":"product_tag-sechziger","123":"product_tag-silbergelatine","124":"product_tag-silbergelatineabzug","125":"product_tag-silbergelatineabzuege","126":"product_tag-silbergelatineprint","127":"product_tag-sitzen","128":"product_tag-sitzend","129":"product_tag-sitzende","130":"product_tag-sitzenden","131":"product_tag-sitzender","132":"product_tag-sitzendes","133":"product_tag-sitzt","134":"product_tag-stehen","135":"product_tag-stehend","136":"product_tag-stehende","137":"product_tag-stehenden","138":"product_tag-stehender","139":"product_tag-stehendes","140":"product_tag-sw-fotografie","141":"product_tag-sw-photographie","142":"product_tag-tageszeitung","143":"product_tag-tageszeitungen","144":"product_tag-vereinigtes-koenigreich","145":"product_tag-vier","146":"product_tag-von-innen","147":"product_tag-zeitung","148":"product_tag-zeitungen","149":"product_tag-zeitungslektuere","150":"product_tag-zeitungsleser","151":"pa_datierung-juni-1966","152":"pa_fotograf-abisag-tuellmann","153":"pa_geografischer_bezug-aufnahmeort-street-vereinigtes-koenigreich","154":"pa_grunddaten_material_technik-foto-silbergelatine-auf-barytpapier","155":"pa_inventarnummer-tue-66-069-17a","156":"pa_jahr_von-54557","157":"pa_massangaben-bildformat-foto-214-x-293-cm","158":"pa_mediennummer-62919","159":"pa_objekt_typ-fotografie","161":"first","162":"instock","163":"product-type-simple"},"yoast_head":"<!-- This site is optimized with the Yoast SEO plugin v27.4 - https:\/\/yoast.com\/product\/yoast-seo-wordpress\/ -->\n<title>Sch\u00fcler des Internats Millfield School bei der Zeitungslekt\u00fcre - Abisag T\u00fcllmann<\/title>\n<meta name=\"robots\" content=\"index, follow, max-snippet:-1, max-image-preview:large, max-video-preview:-1\" \/>\n<link rel=\"canonical\" href=\"https:\/\/bpk-archive.de\/tuellmann\/produkt\/schueler-des-internats-millfield-school-bei-der-zeitungslektuere\/\" \/>\n<meta property=\"og:locale\" content=\"de_DE\" \/>\n<meta property=\"og:type\" content=\"article\" \/>\n<meta property=\"og:title\" content=\"Sch\u00fcler des Internats Millfield School bei der Zeitungslekt\u00fcre - Abisag T\u00fcllmann\" \/>\n<meta property=\"og:url\" content=\"https:\/\/bpk-archive.de\/tuellmann\/produkt\/schueler-des-internats-millfield-school-bei-der-zeitungslektuere\/\" \/>\n<meta property=\"og:site_name\" content=\"Abisag T\u00fcllmann\" \/>\n<meta property=\"article:modified_time\" content=\"2019-09-05T14:00:13+00:00\" \/>\n<meta property=\"og:image\" content=\"https:\/\/bpk-archive.de\/tuellmann\/wp-content\/uploads\/2019\/08\/bpk_70243153.jpg\" \/>\n\t<meta property=\"og:image:width\" content=\"1200\" \/>\n\t<meta property=\"og:image:height\" content=\"888\" \/>\n\t<meta property=\"og:image:type\" content=\"image\/jpeg\" \/>\n<meta name=\"twitter:card\" content=\"summary_large_image\" \/>\n<script type=\"application\/ld+json\" class=\"yoast-schema-graph\">{\"@context\":\"https:\\\/\\\/schema.org\",\"@graph\":[{\"@type\":\"WebPage\",\"@id\":\"https:\\\/\\\/bpk-archive.de\\\/tuellmann\\\/produkt\\\/schueler-des-internats-millfield-school-bei-der-zeitungslektuere\\\/\",\"url\":\"https:\\\/\\\/bpk-archive.de\\\/tuellmann\\\/produkt\\\/schueler-des-internats-millfield-school-bei-der-zeitungslektuere\\\/\",\"name\":\"Sch\u00fcler des Internats Millfield School bei der Zeitungslekt\u00fcre - Abisag T\u00fcllmann\",\"isPartOf\":{\"@id\":\"https:\\\/\\\/bpk-archive.de\\\/tuellmann\\\/#website\"},\"primaryImageOfPage\":{\"@id\":\"https:\\\/\\\/bpk-archive.de\\\/tuellmann\\\/produkt\\\/schueler-des-internats-millfield-school-bei-der-zeitungslektuere\\\/#primaryimage\"},\"image\":{\"@id\":\"https:\\\/\\\/bpk-archive.de\\\/tuellmann\\\/produkt\\\/schueler-des-internats-millfield-school-bei-der-zeitungslektuere\\\/#primaryimage\"},\"thumbnailUrl\":\"https:\\\/\\\/bpk-archive.de\\\/tuellmann\\\/wp-content\\\/uploads\\\/2019\\\/08\\\/bpk_70243153.jpg\",\"datePublished\":\"2019-09-05T14:00:05+00:00\",\"dateModified\":\"2019-09-05T14:00:13+00:00\",\"breadcrumb\":{\"@id\":\"https:\\\/\\\/bpk-archive.de\\\/tuellmann\\\/produkt\\\/schueler-des-internats-millfield-school-bei-der-zeitungslektuere\\\/#breadcrumb\"},\"inLanguage\":\"de\",\"potentialAction\":[{\"@type\":\"ReadAction\",\"target\":[\"https:\\\/\\\/bpk-archive.de\\\/tuellmann\\\/produkt\\\/schueler-des-internats-millfield-school-bei-der-zeitungslektuere\\\/\"]}]},{\"@type\":\"ImageObject\",\"inLanguage\":\"de\",\"@id\":\"https:\\\/\\\/bpk-archive.de\\\/tuellmann\\\/produkt\\\/schueler-des-internats-millfield-school-bei-der-zeitungslektuere\\\/#primaryimage\",\"url\":\"https:\\\/\\\/bpk-archive.de\\\/tuellmann\\\/wp-content\\\/uploads\\\/2019\\\/08\\\/bpk_70243153.jpg\",\"contentUrl\":\"https:\\\/\\\/bpk-archive.de\\\/tuellmann\\\/wp-content\\\/uploads\\\/2019\\\/08\\\/bpk_70243153.jpg\",\"width\":1200,\"height\":888,\"caption\":\"Sch\u00fcler des Internats Millfield School bei der Zeitungslekt\u00fcre\"},{\"@type\":\"BreadcrumbList\",\"@id\":\"https:\\\/\\\/bpk-archive.de\\\/tuellmann\\\/produkt\\\/schueler-des-internats-millfield-school-bei-der-zeitungslektuere\\\/#breadcrumb\",\"itemListElement\":[{\"@type\":\"ListItem\",\"position\":1,\"name\":\"Startseite\",\"item\":\"https:\\\/\\\/bpk-archive.de\\\/tuellmann\\\/\"},{\"@type\":\"ListItem\",\"position\":2,\"name\":\"Shop\",\"item\":\"https:\\\/\\\/bpk-archive.de\\\/tuellmann\\\/shop\\\/\"},{\"@type\":\"ListItem\",\"position\":3,\"name\":\"Sch\u00fcler des Internats Millfield School bei der Zeitungslekt\u00fcre\"}]},{\"@type\":\"WebSite\",\"@id\":\"https:\\\/\\\/bpk-archive.de\\\/tuellmann\\\/#website\",\"url\":\"https:\\\/\\\/bpk-archive.de\\\/tuellmann\\\/\",\"name\":\"Abisag T\u00fcllmann\",\"description\":\"Eine weitere WordPress-Website\",\"potentialAction\":[{\"@type\":\"SearchAction\",\"target\":{\"@type\":\"EntryPoint\",\"urlTemplate\":\"https:\\\/\\\/bpk-archive.de\\\/tuellmann\\\/?s={search_term_string}\"},\"query-input\":{\"@type\":\"PropertyValueSpecification\",\"valueRequired\":true,\"valueName\":\"search_term_string\"}}],\"inLanguage\":\"de\"}]}<\/script>\n<!-- \/ Yoast SEO plugin. -->","yoast_head_json":{"title":"Sch\u00fcler des Internats Millfield School bei der Zeitungslekt\u00fcre - Abisag T\u00fcllmann","robots":{"index":"index","follow":"follow","max-snippet":"max-snippet:-1","max-image-preview":"max-image-preview:large","max-video-preview":"max-video-preview:-1"},"canonical":"https:\/\/bpk-archive.de\/tuellmann\/produkt\/schueler-des-internats-millfield-school-bei-der-zeitungslektuere\/","og_locale":"de_DE","og_type":"article","og_title":"Sch\u00fcler des Internats Millfield School bei der Zeitungslekt\u00fcre - Abisag T\u00fcllmann","og_url":"https:\/\/bpk-archive.de\/tuellmann\/produkt\/schueler-des-internats-millfield-school-bei-der-zeitungslektuere\/","og_site_name":"Abisag T\u00fcllmann","article_modified_time":"2019-09-05T14:00:13+00:00","og_image":[{"width":1200,"height":888,"url":"https:\/\/bpk-archive.de\/tuellmann\/wp-content\/uploads\/2019\/08\/bpk_70243153.jpg","type":"image\/jpeg"}],"twitter_card":"summary_large_image","schema":{"@context":"https:\/\/schema.org","@graph":[{"@type":"WebPage","@id":"https:\/\/bpk-archive.de\/tuellmann\/produkt\/schueler-des-internats-millfield-school-bei-der-zeitungslektuere\/","url":"https:\/\/bpk-archive.de\/tuellmann\/produkt\/schueler-des-internats-millfield-school-bei-der-zeitungslektuere\/","name":"Sch\u00fcler des Internats Millfield School bei der Zeitungslekt\u00fcre - Abisag T\u00fcllmann","isPartOf":{"@id":"https:\/\/bpk-archive.de\/tuellmann\/#website"},"primaryImageOfPage":{"@id":"https:\/\/bpk-archive.de\/tuellmann\/produkt\/schueler-des-internats-millfield-school-bei-der-zeitungslektuere\/#primaryimage"},"image":{"@id":"https:\/\/bpk-archive.de\/tuellmann\/produkt\/schueler-des-internats-millfield-school-bei-der-zeitungslektuere\/#primaryimage"},"thumbnailUrl":"https:\/\/bpk-archive.de\/tuellmann\/wp-content\/uploads\/2019\/08\/bpk_70243153.jpg","datePublished":"2019-09-05T14:00:05+00:00","dateModified":"2019-09-05T14:00:13+00:00","breadcrumb":{"@id":"https:\/\/bpk-archive.de\/tuellmann\/produkt\/schueler-des-internats-millfield-school-bei-der-zeitungslektuere\/#breadcrumb"},"inLanguage":"de","potentialAction":[{"@type":"ReadAction","target":["https:\/\/bpk-archive.de\/tuellmann\/produkt\/schueler-des-internats-millfield-school-bei-der-zeitungslektuere\/"]}]},{"@type":"ImageObject","inLanguage":"de","@id":"https:\/\/bpk-archive.de\/tuellmann\/produkt\/schueler-des-internats-millfield-school-bei-der-zeitungslektuere\/#primaryimage","url":"https:\/\/bpk-archive.de\/tuellmann\/wp-content\/uploads\/2019\/08\/bpk_70243153.jpg","contentUrl":"https:\/\/bpk-archive.de\/tuellmann\/wp-content\/uploads\/2019\/08\/bpk_70243153.jpg","width":1200,"height":888,"caption":"Sch\u00fcler des Internats Millfield School bei der Zeitungslekt\u00fcre"},{"@type":"BreadcrumbList","@id":"https:\/\/bpk-archive.de\/tuellmann\/produkt\/schueler-des-internats-millfield-school-bei-der-zeitungslektuere\/#breadcrumb","itemListElement":[{"@type":"ListItem","position":1,"name":"Startseite","item":"https:\/\/bpk-archive.de\/tuellmann\/"},{"@type":"ListItem","position":2,"name":"Shop","item":"https:\/\/bpk-archive.de\/tuellmann\/shop\/"},{"@type":"ListItem","position":3,"name":"Sch\u00fcler des Internats Millfield School bei der Zeitungslekt\u00fcre"}]},{"@type":"WebSite","@id":"https:\/\/bpk-archive.de\/tuellmann\/#website","url":"https:\/\/bpk-archive.de\/tuellmann\/","name":"Abisag T\u00fcllmann","description":"Eine weitere WordPress-Website","potentialAction":[{"@type":"SearchAction","target":{"@type":"EntryPoint","urlTemplate":"https:\/\/bpk-archive.de\/tuellmann\/?s={search_term_string}"},"query-input":{"@type":"PropertyValueSpecification","valueRequired":true,"valueName":"search_term_string"}}],"inLanguage":"de"}]}},"_links":{"self":[{"href":"https:\/\/bpk-archive.de\/tuellmann\/wp-json\/wp\/v2\/product\/70296426","targetHints":{"allow":["GET"]}}],"collection":[{"href":"https:\/\/bpk-archive.de\/tuellmann\/wp-json\/wp\/v2\/product"}],"about":[{"href":"https:\/\/bpk-archive.de\/tuellmann\/wp-json\/wp\/v2\/types\/product"}],"wp:featuredmedia":[{"embeddable":true,"href":"https:\/\/bpk-archive.de\/tuellmann\/wp-json\/wp\/v2\/media\/70292619"}],"wp:attachment":[{"href":"https:\/\/bpk-archive.de\/tuellmann\/wp-json\/wp\/v2\/media?parent=70296426"}],"wp:term":[{"taxonomy":"product_brand","embeddable":true,"href":"https:\/\/bpk-archive.de\/tuellmann\/wp-json\/wp\/v2\/product_brand?post=70296426"},{"taxonomy":"product_cat","embeddable":true,"href":"https:\/\/bpk-archive.de\/tuellmann\/wp-json\/wp\/v2\/product_cat?post=70296426"},{"taxonomy":"product_tag","embeddable":true,"href":"https:\/\/bpk-archive.de\/tuellmann\/wp-json\/wp\/v2\/product_tag?post=70296426"}],"curies":[{"name":"wp","href":"https:\/\/api.w.org\/{rel}","templated":true}]}}