{"id":70296400,"date":"2019-09-05T15:59:48","date_gmt":"2019-09-05T13:59:48","guid":{"rendered":"http:\/\/abisagtuellmann.bpk-news.de\/atbild\/schueler-des-englischen-internats-millfield-school\/"},"modified":"2019-09-05T15:59:51","modified_gmt":"2019-09-05T13:59:51","slug":"schueler-des-englischen-internats-millfield-school","status":"publish","type":"product","link":"https:\/\/bpk-archive.de\/tuellmann\/produkt\/schueler-des-englischen-internats-millfield-school\/","title":{"rendered":"Sch\u00fcler des englischen Internats Millfield School"},"content":{"rendered":"<p>R\u00fcckseitenbeschriftung von Hand der Fotografin: &#8222;John ist 12,5 Jahre alt. Vor drei Wochen hat er seinen &#8218;0-Level&#8216; in Mathematik gemacht, also eine Pr\u00fcfung, die das Wissen eines Obersekundaners voraussetzt&#8220;<\/p>\n","protected":false},"excerpt":{"rendered":"<p>R\u00fcckseitenbeschriftung von Hand der Fotografin: &#8222;John ist 12,5 Jahre alt. Vor drei Wochen hat er seinen &#8218;0-Level&#8216; in Mathematik gemacht, also eine Pr\u00fcfung, die das Wissen eines Obersekundaners voraussetzt&#8220;<\/p>\n","protected":false},"featured_media":70292579,"template":"","meta":[],"product_brand":[],"product_cat":[],"product_tag":[13774,13232,13234,13231,13233,13775,62149,13777,62150,53196,13784,13785,50141,13955,13956,13957,55191,55192,55195,55196,55197,55198,55199,55200,50567,50568,50569,50570,14178,14179,13473,62672,55205,55206,55209,55210,55211,48771,48772,48773,48774,48775,52424,52426,13293,13786,13787,13294,13295,13296,13297,47267,14327,55216,55217,62675,62676,62735,62736,55559,55560,13498,62251,13813,13814,14203,14204,14205,14206,14207,14208,14209,14210,14213,14214,14215,14216,14217,14218,14219,14220,14221,62802,62803,50119,50402,50403,54028,13328,13827,13828,13329,13330,13331,13332,47332,13829,13830,13831,13832,13833,13834,13835,13836,13837,13838,13839,13840,13841,13842,13843,50404,50405,47333,47334,47335,47336,47337,13877,13879,62804,62156,50163,50164,54158,53860,53861,13349,13350,13865,13864,13866,13858,13859,13860,13861,13862,13863,13867,47701,13869,13870,13871,13872,13519,13520,13521,13522,13523,13524,13878,13880,55242,13525],"class_list":{"0":"post-70296400","1":"product","2":"type-product","3":"status-publish","4":"has-post-thumbnail","6":"product_tag-1960er-jahre","7":"product_tag-20-jahrhundert-nach-chr","8":"product_tag-20-jh-n-chr","9":"product_tag-20-jahrhundert","10":"product_tag-20-jh","11":"product_tag-60er","12":"product_tag-abt_005","13":"product_tag-abzug","14":"product_tag-at_paedagogik","15":"product_tag-ausland","16":"product_tag-bildnis","17":"product_tag-bildnisse","18":"product_tag-bildung","19":"product_tag-brille","20":"product_tag-brillen","21":"product_tag-brillentraeger","22":"product_tag-brite","23":"product_tag-briten","24":"product_tag-britisch","25":"product_tag-britische","26":"product_tag-britischen","27":"product_tag-britischer","28":"product_tag-britisches","29":"product_tag-british","30":"product_tag-brustbild","31":"product_tag-brustbilder","32":"product_tag-brustbildnis","33":"product_tag-bruststueck","34":"product_tag-bube","35":"product_tag-buben","36":"product_tag-drinnen","37":"product_tag-eliteschule","38":"product_tag-england","39":"product_tag-englaender","40":"product_tag-englaendern","41":"product_tag-englaenders","42":"product_tag-englands","43":"product_tag-englisch","44":"product_tag-englische","45":"product_tag-englischen","46":"product_tag-englischer","47":"product_tag-englisches","48":"product_tag-erziehen","49":"product_tag-erziehung","50":"product_tag-foto","51":"product_tag-fotoabzug","52":"product_tag-fotoabzuege","53":"product_tag-fotografie","54":"product_tag-fotografien","55":"product_tag-fotografin","56":"product_tag-fotografinnen","57":"product_tag-fotoreportage","58":"product_tag-gesellschaft","59":"product_tag-grossbritannien","60":"product_tag-grossbritanniens","61":"product_tag-hochbegabte","62":"product_tag-hochbegabung","63":"product_tag-hornbrille","64":"product_tag-hornbrillen","65":"product_tag-hueftbild","66":"product_tag-hueftbilder","67":"product_tag-innen","68":"product_tag-internat","69":"product_tag-junge","70":"product_tag-jungen","71":"product_tag-jungens","72":"product_tag-jungs","73":"product_tag-kind","74":"product_tag-kinde","75":"product_tag-kinder","76":"product_tag-kinderbild","77":"product_tag-kinderbildnis","78":"product_tag-kinderbildnisse","79":"product_tag-kindern","80":"product_tag-kinderportrait","81":"product_tag-kinderportraits","82":"product_tag-kinderportraet","83":"product_tag-kinderportraets","84":"product_tag-kindes","85":"product_tag-kindheit","86":"product_tag-knabe","87":"product_tag-knaben","88":"product_tag-krawatte","89":"product_tag-krawatten","90":"product_tag-lernen","91":"product_tag-mathe","92":"product_tag-mathematik","93":"product_tag-paedagogik","94":"product_tag-photo","95":"product_tag-photoabzug","96":"product_tag-photoabzuege","97":"product_tag-photographie","98":"product_tag-photographien","99":"product_tag-photographin","100":"product_tag-photographinnen","101":"product_tag-photoreportage","102":"product_tag-portrait","103":"product_tag-portraitaufnahme","104":"product_tag-portraitfoto","105":"product_tag-portraitfotografie","106":"product_tag-portraitphoto","107":"product_tag-portraitphotographie","108":"product_tag-portraits","109":"product_tag-portraet","110":"product_tag-portraetaufnahme","111":"product_tag-portraetfoto","112":"product_tag-portraetfotografie","113":"product_tag-portraetphoto","114":"product_tag-portraetphotographie","115":"product_tag-portraets","116":"product_tag-print","117":"product_tag-rechenkunst","118":"product_tag-rechnen","119":"product_tag-reportage","120":"product_tag-reportagefoto","121":"product_tag-reportagefotografie","122":"product_tag-reportagephoto","123":"product_tag-reportagephotographie","124":"product_tag-s-w-fotografie","125":"product_tag-s-w-photographie","126":"product_tag-schlips","127":"product_tag-schulbildung","128":"product_tag-schule","129":"product_tag-schulen","130":"product_tag-schueler","131":"product_tag-schulkind","132":"product_tag-schulkinder","133":"product_tag-schuluniform","134":"product_tag-schuluniformen","135":"product_tag-schwarzweissphotographie","136":"product_tag-schwarz-weiss-fotografie","137":"product_tag-schwarz-weiss-photographie","138":"product_tag-schwarzweiss","139":"product_tag-schwarzweisse","140":"product_tag-schwarzweissen","141":"product_tag-schwarzweisser","142":"product_tag-schwarzweisses","143":"product_tag-schwarzweissfotografie","144":"product_tag-sechziger","145":"product_tag-seitenblick","146":"product_tag-silbergelatine","147":"product_tag-silbergelatineabzug","148":"product_tag-silbergelatineabzuege","149":"product_tag-silbergelatineprint","150":"product_tag-stehen","151":"product_tag-stehend","152":"product_tag-stehende","153":"product_tag-stehenden","154":"product_tag-stehender","155":"product_tag-stehendes","156":"product_tag-sw-fotografie","157":"product_tag-sw-photographie","158":"product_tag-vereinigtes-koenigreich","159":"product_tag-von-innen","160":"pa_datierung-juni-1966","161":"pa_fotograf-abisag-tuellmann","162":"pa_geografischer_bezug-aufnahmeort-street-vereinigtes-koenigreich","163":"pa_grunddaten_material_technik-foto-silbergelatine-auf-barytpapier","164":"pa_inventarnummer-tue-66-068-30","165":"pa_jahr_von-54557","166":"pa_massangaben-bildformat-foto-296-x-233-cm","167":"pa_mediennummer-62799","168":"pa_objekt_typ-fotografie","170":"first","171":"instock","172":"product-type-simple"},"yoast_head":"<!-- This site is optimized with the Yoast SEO plugin v27.3 - https:\/\/yoast.com\/product\/yoast-seo-wordpress\/ -->\n<title>Sch\u00fcler des englischen Internats Millfield School - Abisag T\u00fcllmann<\/title>\n<meta name=\"robots\" content=\"index, follow, max-snippet:-1, max-image-preview:large, max-video-preview:-1\" \/>\n<link rel=\"canonical\" href=\"https:\/\/bpk-archive.de\/tuellmann\/produkt\/schueler-des-englischen-internats-millfield-school\/\" \/>\n<meta property=\"og:locale\" content=\"de_DE\" \/>\n<meta property=\"og:type\" content=\"article\" \/>\n<meta property=\"og:title\" content=\"Sch\u00fcler des englischen Internats Millfield School - Abisag T\u00fcllmann\" \/>\n<meta property=\"og:description\" content=\"R\u00fcckseitenbeschriftung von Hand der Fotografin: &#8222;John ist 12,5 Jahre alt. Vor drei Wochen hat er seinen &#8218;0-Level&#8216; in Mathematik gemacht, also eine Pr\u00fcfung, die das Wissen eines Obersekundaners voraussetzt&#8220;\" \/>\n<meta property=\"og:url\" content=\"https:\/\/bpk-archive.de\/tuellmann\/produkt\/schueler-des-englischen-internats-millfield-school\/\" \/>\n<meta property=\"og:site_name\" content=\"Abisag T\u00fcllmann\" \/>\n<meta property=\"article:modified_time\" content=\"2019-09-05T13:59:51+00:00\" \/>\n<meta property=\"og:image\" content=\"https:\/\/bpk-archive.de\/tuellmann\/wp-content\/uploads\/2019\/08\/bpk_70243140.jpg\" \/>\n\t<meta property=\"og:image:width\" content=\"956\" \/>\n\t<meta property=\"og:image:height\" content=\"1200\" \/>\n\t<meta property=\"og:image:type\" content=\"image\/jpeg\" \/>\n<meta name=\"twitter:card\" content=\"summary_large_image\" \/>\n<script type=\"application\/ld+json\" class=\"yoast-schema-graph\">{\"@context\":\"https:\\\/\\\/schema.org\",\"@graph\":[{\"@type\":\"WebPage\",\"@id\":\"https:\\\/\\\/bpk-archive.de\\\/tuellmann\\\/produkt\\\/schueler-des-englischen-internats-millfield-school\\\/\",\"url\":\"https:\\\/\\\/bpk-archive.de\\\/tuellmann\\\/produkt\\\/schueler-des-englischen-internats-millfield-school\\\/\",\"name\":\"Sch\u00fcler des englischen Internats Millfield School - Abisag T\u00fcllmann\",\"isPartOf\":{\"@id\":\"https:\\\/\\\/bpk-archive.de\\\/tuellmann\\\/#website\"},\"primaryImageOfPage\":{\"@id\":\"https:\\\/\\\/bpk-archive.de\\\/tuellmann\\\/produkt\\\/schueler-des-englischen-internats-millfield-school\\\/#primaryimage\"},\"image\":{\"@id\":\"https:\\\/\\\/bpk-archive.de\\\/tuellmann\\\/produkt\\\/schueler-des-englischen-internats-millfield-school\\\/#primaryimage\"},\"thumbnailUrl\":\"https:\\\/\\\/bpk-archive.de\\\/tuellmann\\\/wp-content\\\/uploads\\\/2019\\\/08\\\/bpk_70243140.jpg\",\"datePublished\":\"2019-09-05T13:59:48+00:00\",\"dateModified\":\"2019-09-05T13:59:51+00:00\",\"breadcrumb\":{\"@id\":\"https:\\\/\\\/bpk-archive.de\\\/tuellmann\\\/produkt\\\/schueler-des-englischen-internats-millfield-school\\\/#breadcrumb\"},\"inLanguage\":\"de\",\"potentialAction\":[{\"@type\":\"ReadAction\",\"target\":[\"https:\\\/\\\/bpk-archive.de\\\/tuellmann\\\/produkt\\\/schueler-des-englischen-internats-millfield-school\\\/\"]}]},{\"@type\":\"ImageObject\",\"inLanguage\":\"de\",\"@id\":\"https:\\\/\\\/bpk-archive.de\\\/tuellmann\\\/produkt\\\/schueler-des-englischen-internats-millfield-school\\\/#primaryimage\",\"url\":\"https:\\\/\\\/bpk-archive.de\\\/tuellmann\\\/wp-content\\\/uploads\\\/2019\\\/08\\\/bpk_70243140.jpg\",\"contentUrl\":\"https:\\\/\\\/bpk-archive.de\\\/tuellmann\\\/wp-content\\\/uploads\\\/2019\\\/08\\\/bpk_70243140.jpg\",\"width\":956,\"height\":1200,\"caption\":\"Sch\u00fcler des englischen Internats Millfield School\"},{\"@type\":\"BreadcrumbList\",\"@id\":\"https:\\\/\\\/bpk-archive.de\\\/tuellmann\\\/produkt\\\/schueler-des-englischen-internats-millfield-school\\\/#breadcrumb\",\"itemListElement\":[{\"@type\":\"ListItem\",\"position\":1,\"name\":\"Startseite\",\"item\":\"https:\\\/\\\/bpk-archive.de\\\/tuellmann\\\/\"},{\"@type\":\"ListItem\",\"position\":2,\"name\":\"Shop\",\"item\":\"https:\\\/\\\/bpk-archive.de\\\/tuellmann\\\/shop\\\/\"},{\"@type\":\"ListItem\",\"position\":3,\"name\":\"Sch\u00fcler des englischen Internats Millfield School\"}]},{\"@type\":\"WebSite\",\"@id\":\"https:\\\/\\\/bpk-archive.de\\\/tuellmann\\\/#website\",\"url\":\"https:\\\/\\\/bpk-archive.de\\\/tuellmann\\\/\",\"name\":\"Abisag T\u00fcllmann\",\"description\":\"Eine weitere WordPress-Website\",\"potentialAction\":[{\"@type\":\"SearchAction\",\"target\":{\"@type\":\"EntryPoint\",\"urlTemplate\":\"https:\\\/\\\/bpk-archive.de\\\/tuellmann\\\/?s={search_term_string}\"},\"query-input\":{\"@type\":\"PropertyValueSpecification\",\"valueRequired\":true,\"valueName\":\"search_term_string\"}}],\"inLanguage\":\"de\"}]}<\/script>\n<!-- \/ Yoast SEO plugin. -->","yoast_head_json":{"title":"Sch\u00fcler des englischen Internats Millfield School - Abisag T\u00fcllmann","robots":{"index":"index","follow":"follow","max-snippet":"max-snippet:-1","max-image-preview":"max-image-preview:large","max-video-preview":"max-video-preview:-1"},"canonical":"https:\/\/bpk-archive.de\/tuellmann\/produkt\/schueler-des-englischen-internats-millfield-school\/","og_locale":"de_DE","og_type":"article","og_title":"Sch\u00fcler des englischen Internats Millfield School - Abisag T\u00fcllmann","og_description":"R\u00fcckseitenbeschriftung von Hand der Fotografin: &#8222;John ist 12,5 Jahre alt. Vor drei Wochen hat er seinen &#8218;0-Level&#8216; in Mathematik gemacht, also eine Pr\u00fcfung, die das Wissen eines Obersekundaners voraussetzt&#8220;","og_url":"https:\/\/bpk-archive.de\/tuellmann\/produkt\/schueler-des-englischen-internats-millfield-school\/","og_site_name":"Abisag T\u00fcllmann","article_modified_time":"2019-09-05T13:59:51+00:00","og_image":[{"width":956,"height":1200,"url":"https:\/\/bpk-archive.de\/tuellmann\/wp-content\/uploads\/2019\/08\/bpk_70243140.jpg","type":"image\/jpeg"}],"twitter_card":"summary_large_image","schema":{"@context":"https:\/\/schema.org","@graph":[{"@type":"WebPage","@id":"https:\/\/bpk-archive.de\/tuellmann\/produkt\/schueler-des-englischen-internats-millfield-school\/","url":"https:\/\/bpk-archive.de\/tuellmann\/produkt\/schueler-des-englischen-internats-millfield-school\/","name":"Sch\u00fcler des englischen Internats Millfield School - Abisag T\u00fcllmann","isPartOf":{"@id":"https:\/\/bpk-archive.de\/tuellmann\/#website"},"primaryImageOfPage":{"@id":"https:\/\/bpk-archive.de\/tuellmann\/produkt\/schueler-des-englischen-internats-millfield-school\/#primaryimage"},"image":{"@id":"https:\/\/bpk-archive.de\/tuellmann\/produkt\/schueler-des-englischen-internats-millfield-school\/#primaryimage"},"thumbnailUrl":"https:\/\/bpk-archive.de\/tuellmann\/wp-content\/uploads\/2019\/08\/bpk_70243140.jpg","datePublished":"2019-09-05T13:59:48+00:00","dateModified":"2019-09-05T13:59:51+00:00","breadcrumb":{"@id":"https:\/\/bpk-archive.de\/tuellmann\/produkt\/schueler-des-englischen-internats-millfield-school\/#breadcrumb"},"inLanguage":"de","potentialAction":[{"@type":"ReadAction","target":["https:\/\/bpk-archive.de\/tuellmann\/produkt\/schueler-des-englischen-internats-millfield-school\/"]}]},{"@type":"ImageObject","inLanguage":"de","@id":"https:\/\/bpk-archive.de\/tuellmann\/produkt\/schueler-des-englischen-internats-millfield-school\/#primaryimage","url":"https:\/\/bpk-archive.de\/tuellmann\/wp-content\/uploads\/2019\/08\/bpk_70243140.jpg","contentUrl":"https:\/\/bpk-archive.de\/tuellmann\/wp-content\/uploads\/2019\/08\/bpk_70243140.jpg","width":956,"height":1200,"caption":"Sch\u00fcler des englischen Internats Millfield School"},{"@type":"BreadcrumbList","@id":"https:\/\/bpk-archive.de\/tuellmann\/produkt\/schueler-des-englischen-internats-millfield-school\/#breadcrumb","itemListElement":[{"@type":"ListItem","position":1,"name":"Startseite","item":"https:\/\/bpk-archive.de\/tuellmann\/"},{"@type":"ListItem","position":2,"name":"Shop","item":"https:\/\/bpk-archive.de\/tuellmann\/shop\/"},{"@type":"ListItem","position":3,"name":"Sch\u00fcler des englischen Internats Millfield School"}]},{"@type":"WebSite","@id":"https:\/\/bpk-archive.de\/tuellmann\/#website","url":"https:\/\/bpk-archive.de\/tuellmann\/","name":"Abisag T\u00fcllmann","description":"Eine weitere WordPress-Website","potentialAction":[{"@type":"SearchAction","target":{"@type":"EntryPoint","urlTemplate":"https:\/\/bpk-archive.de\/tuellmann\/?s={search_term_string}"},"query-input":{"@type":"PropertyValueSpecification","valueRequired":true,"valueName":"search_term_string"}}],"inLanguage":"de"}]}},"_links":{"self":[{"href":"https:\/\/bpk-archive.de\/tuellmann\/wp-json\/wp\/v2\/product\/70296400","targetHints":{"allow":["GET"]}}],"collection":[{"href":"https:\/\/bpk-archive.de\/tuellmann\/wp-json\/wp\/v2\/product"}],"about":[{"href":"https:\/\/bpk-archive.de\/tuellmann\/wp-json\/wp\/v2\/types\/product"}],"wp:featuredmedia":[{"embeddable":true,"href":"https:\/\/bpk-archive.de\/tuellmann\/wp-json\/wp\/v2\/media\/70292579"}],"wp:attachment":[{"href":"https:\/\/bpk-archive.de\/tuellmann\/wp-json\/wp\/v2\/media?parent=70296400"}],"wp:term":[{"taxonomy":"product_brand","embeddable":true,"href":"https:\/\/bpk-archive.de\/tuellmann\/wp-json\/wp\/v2\/product_brand?post=70296400"},{"taxonomy":"product_cat","embeddable":true,"href":"https:\/\/bpk-archive.de\/tuellmann\/wp-json\/wp\/v2\/product_cat?post=70296400"},{"taxonomy":"product_tag","embeddable":true,"href":"https:\/\/bpk-archive.de\/tuellmann\/wp-json\/wp\/v2\/product_tag?post=70296400"}],"curies":[{"name":"wp","href":"https:\/\/api.w.org\/{rel}","templated":true}]}}