{"id":70296346,"date":"2019-09-05T15:59:00","date_gmt":"2019-09-05T13:59:00","guid":{"rendered":"http:\/\/abisagtuellmann.bpk-news.de\/atbild\/vollversammlung-der-soziologen-im-hoersaal-vi-waehrend-des-studentenstreiks-an-der-goethe-universitaet-2\/"},"modified":"2019-09-05T15:59:07","modified_gmt":"2019-09-05T13:59:07","slug":"vollversammlung-der-soziologen-im-hoersaal-vi-waehrend-des-studentenstreiks-an-der-goethe-universitaet-2","status":"publish","type":"product","link":"https:\/\/bpk-archive.de\/tuellmann\/produkt\/vollversammlung-der-soziologen-im-hoersaal-vi-waehrend-des-studentenstreiks-an-der-goethe-universitaet-2\/","title":{"rendered":"Vollversammlung der Soziologen im H\u00f6rsaal VI w\u00e4hrend des Studentenstreiks an der Goethe-Universit\u00e4t"},"content":{"rendered":"<p>Am Rednerpult: Frank Wolff R\u00fcckseitenbeschriftung von Hand der Fotografin: &#8222;Frank Wolff im H VI, Jan. 1969 [falsche Datumsangabe]&#8220;<\/p>\n","protected":false},"excerpt":{"rendered":"<p>Am Rednerpult: Frank Wolff R\u00fcckseitenbeschriftung von Hand der Fotografin: &#8222;Frank Wolff im H VI, Jan. 1969 [falsche Datumsangabe]&#8220;<\/p>\n","protected":false},"featured_media":70292124,"template":"","meta":[],"product_brand":[],"product_cat":[],"product_tag":[13774,14054,14055,13232,13234,13231,13233,13775,14056,14057,62469,13777,14058,54332,14059,54333,13469,13470,13253,13254,13255,13256,13257,13471,13472,13473,13293,13786,13787,13294,13295,13296,13297,13485,13486,13482,13481,13483,13484,14066,13492,13493,13494,13495,13496,13497,13498,13328,13827,13828,13329,13330,13331,13332,48322,13843,13641,62470,13642,49065,49066,49067,49068,49070,13877,13879,13865,13864,13866,13858,13859,13860,13861,13862,13863,13867,13869,13870,13871,13872,13876,13878,13880,13525],"class_list":{"0":"post-70296346","1":"product","2":"type-product","3":"status-publish","4":"has-post-thumbnail","6":"product_tag-1960er-jahre","7":"product_tag-1968er","8":"product_tag-1968er-bewegung","9":"product_tag-20-jahrhundert-nach-chr","10":"product_tag-20-jh-n-chr","11":"product_tag-20-jahrhundert","12":"product_tag-20-jh","13":"product_tag-60er","14":"product_tag-68er","15":"product_tag-68er-bewegung","16":"product_tag-abt_006","17":"product_tag-abzug","18":"product_tag-achtundsechziger","19":"product_tag-apo","20":"product_tag-at_studentenbewegung","21":"product_tag-ausserparlamentarische-opposition","22":"product_tag-brd","23":"product_tag-bundesrepublik-deutschland","24":"product_tag-deutsch","25":"product_tag-deutsche","26":"product_tag-deutschen","27":"product_tag-deutscher","28":"product_tag-deutsches","29":"product_tag-deutschland","30":"product_tag-deutschlands","31":"product_tag-drinnen","32":"product_tag-foto","33":"product_tag-fotoabzug","34":"product_tag-fotoabzuege","35":"product_tag-fotografie","36":"product_tag-fotografien","37":"product_tag-fotografin","38":"product_tag-fotografinnen","39":"product_tag-frankfurt-m","40":"product_tag-frankfurt-main","41":"product_tag-frankfurt-a-main","42":"product_tag-frankfurt-a-m","43":"product_tag-frankfurt-am-main","44":"product_tag-frankfurter","45":"product_tag-geschichte","46":"product_tag-hessen","47":"product_tag-hessisch","48":"product_tag-hessische","49":"product_tag-hessischen","50":"product_tag-hessischer","51":"product_tag-hessisches","52":"product_tag-innen","53":"product_tag-photo","54":"product_tag-photoabzug","55":"product_tag-photoabzuege","56":"product_tag-photographie","57":"product_tag-photographien","58":"product_tag-photographin","59":"product_tag-photographinnen","60":"product_tag-politik","61":"product_tag-print","62":"product_tag-protest","63":"product_tag-protestbewegung","64":"product_tag-proteste","65":"product_tag-rede","66":"product_tag-redner","67":"product_tag-rednerpose","68":"product_tag-rednerposen","69":"product_tag-redners","70":"product_tag-s-w-fotografie","71":"product_tag-s-w-photographie","72":"product_tag-schwarzweissphotographie","73":"product_tag-schwarz-weiss-fotografie","74":"product_tag-schwarz-weiss-photographie","75":"product_tag-schwarzweiss","76":"product_tag-schwarzweisse","77":"product_tag-schwarzweissen","78":"product_tag-schwarzweisser","79":"product_tag-schwarzweisses","80":"product_tag-schwarzweissfotografie","81":"product_tag-sechziger","82":"product_tag-silbergelatine","83":"product_tag-silbergelatineabzug","84":"product_tag-silbergelatineabzuege","85":"product_tag-silbergelatineprint","86":"product_tag-studentenbewegung","87":"product_tag-sw-fotografie","88":"product_tag-sw-photographie","89":"product_tag-von-innen","90":"pa_datierung-dezember-1968","91":"pa_fotograf-abisag-tuellmann","92":"pa_geografischer_bezug-aufnahmeort-frankfurt-am-main-deutschland","93":"pa_grunddaten_material_technik-foto-silbergelatine-auf-barytpapier","94":"pa_inventarnummer-tue-68-327-28","95":"pa_jahr_von-14267","96":"pa_massangaben-bildformat-foto-233-x-304-cm","97":"pa_mediennummer-62482","98":"pa_objekt_typ-fotografie","100":"first","101":"instock","102":"product-type-simple"},"yoast_head":"<!-- This site is optimized with the Yoast SEO plugin v27.4 - https:\/\/yoast.com\/product\/yoast-seo-wordpress\/ -->\n<title>Vollversammlung der Soziologen im H\u00f6rsaal VI w\u00e4hrend des Studentenstreiks an der Goethe-Universit\u00e4t - Abisag T\u00fcllmann<\/title>\n<meta name=\"robots\" content=\"index, follow, max-snippet:-1, max-image-preview:large, max-video-preview:-1\" \/>\n<link rel=\"canonical\" href=\"https:\/\/bpk-archive.de\/tuellmann\/produkt\/vollversammlung-der-soziologen-im-hoersaal-vi-waehrend-des-studentenstreiks-an-der-goethe-universitaet-2\/\" \/>\n<meta property=\"og:locale\" content=\"de_DE\" \/>\n<meta property=\"og:type\" content=\"article\" \/>\n<meta property=\"og:title\" content=\"Vollversammlung der Soziologen im H\u00f6rsaal VI w\u00e4hrend des Studentenstreiks an der Goethe-Universit\u00e4t - Abisag T\u00fcllmann\" \/>\n<meta property=\"og:description\" content=\"Am Rednerpult: Frank Wolff R\u00fcckseitenbeschriftung von Hand der Fotografin: &#8222;Frank Wolff im H VI, Jan. 1969 [falsche Datumsangabe]&#8220;\" \/>\n<meta property=\"og:url\" content=\"https:\/\/bpk-archive.de\/tuellmann\/produkt\/vollversammlung-der-soziologen-im-hoersaal-vi-waehrend-des-studentenstreiks-an-der-goethe-universitaet-2\/\" \/>\n<meta property=\"og:site_name\" content=\"Abisag T\u00fcllmann\" \/>\n<meta property=\"article:modified_time\" content=\"2019-09-05T13:59:07+00:00\" \/>\n<meta property=\"og:image\" content=\"https:\/\/bpk-archive.de\/tuellmann\/wp-content\/uploads\/2019\/08\/bpk_70242757.jpg\" \/>\n\t<meta property=\"og:image:width\" content=\"1200\" \/>\n\t<meta property=\"og:image:height\" content=\"929\" \/>\n\t<meta property=\"og:image:type\" content=\"image\/jpeg\" \/>\n<meta name=\"twitter:card\" content=\"summary_large_image\" \/>\n<script type=\"application\/ld+json\" class=\"yoast-schema-graph\">{\"@context\":\"https:\\\/\\\/schema.org\",\"@graph\":[{\"@type\":\"WebPage\",\"@id\":\"https:\\\/\\\/bpk-archive.de\\\/tuellmann\\\/produkt\\\/vollversammlung-der-soziologen-im-hoersaal-vi-waehrend-des-studentenstreiks-an-der-goethe-universitaet-2\\\/\",\"url\":\"https:\\\/\\\/bpk-archive.de\\\/tuellmann\\\/produkt\\\/vollversammlung-der-soziologen-im-hoersaal-vi-waehrend-des-studentenstreiks-an-der-goethe-universitaet-2\\\/\",\"name\":\"Vollversammlung der Soziologen im H\u00f6rsaal VI w\u00e4hrend des Studentenstreiks an der Goethe-Universit\u00e4t - Abisag T\u00fcllmann\",\"isPartOf\":{\"@id\":\"https:\\\/\\\/bpk-archive.de\\\/tuellmann\\\/#website\"},\"primaryImageOfPage\":{\"@id\":\"https:\\\/\\\/bpk-archive.de\\\/tuellmann\\\/produkt\\\/vollversammlung-der-soziologen-im-hoersaal-vi-waehrend-des-studentenstreiks-an-der-goethe-universitaet-2\\\/#primaryimage\"},\"image\":{\"@id\":\"https:\\\/\\\/bpk-archive.de\\\/tuellmann\\\/produkt\\\/vollversammlung-der-soziologen-im-hoersaal-vi-waehrend-des-studentenstreiks-an-der-goethe-universitaet-2\\\/#primaryimage\"},\"thumbnailUrl\":\"https:\\\/\\\/bpk-archive.de\\\/tuellmann\\\/wp-content\\\/uploads\\\/2019\\\/08\\\/bpk_70242757.jpg\",\"datePublished\":\"2019-09-05T13:59:00+00:00\",\"dateModified\":\"2019-09-05T13:59:07+00:00\",\"breadcrumb\":{\"@id\":\"https:\\\/\\\/bpk-archive.de\\\/tuellmann\\\/produkt\\\/vollversammlung-der-soziologen-im-hoersaal-vi-waehrend-des-studentenstreiks-an-der-goethe-universitaet-2\\\/#breadcrumb\"},\"inLanguage\":\"de\",\"potentialAction\":[{\"@type\":\"ReadAction\",\"target\":[\"https:\\\/\\\/bpk-archive.de\\\/tuellmann\\\/produkt\\\/vollversammlung-der-soziologen-im-hoersaal-vi-waehrend-des-studentenstreiks-an-der-goethe-universitaet-2\\\/\"]}]},{\"@type\":\"ImageObject\",\"inLanguage\":\"de\",\"@id\":\"https:\\\/\\\/bpk-archive.de\\\/tuellmann\\\/produkt\\\/vollversammlung-der-soziologen-im-hoersaal-vi-waehrend-des-studentenstreiks-an-der-goethe-universitaet-2\\\/#primaryimage\",\"url\":\"https:\\\/\\\/bpk-archive.de\\\/tuellmann\\\/wp-content\\\/uploads\\\/2019\\\/08\\\/bpk_70242757.jpg\",\"contentUrl\":\"https:\\\/\\\/bpk-archive.de\\\/tuellmann\\\/wp-content\\\/uploads\\\/2019\\\/08\\\/bpk_70242757.jpg\",\"width\":1200,\"height\":929,\"caption\":\"Vollversammlung der Soziologen im H\u00f6rsaal VI w\u00e4hrend des Studentenstreiks an der Goethe-Universit\u00e4t\"},{\"@type\":\"BreadcrumbList\",\"@id\":\"https:\\\/\\\/bpk-archive.de\\\/tuellmann\\\/produkt\\\/vollversammlung-der-soziologen-im-hoersaal-vi-waehrend-des-studentenstreiks-an-der-goethe-universitaet-2\\\/#breadcrumb\",\"itemListElement\":[{\"@type\":\"ListItem\",\"position\":1,\"name\":\"Startseite\",\"item\":\"https:\\\/\\\/bpk-archive.de\\\/tuellmann\\\/\"},{\"@type\":\"ListItem\",\"position\":2,\"name\":\"Shop\",\"item\":\"https:\\\/\\\/bpk-archive.de\\\/tuellmann\\\/shop\\\/\"},{\"@type\":\"ListItem\",\"position\":3,\"name\":\"Vollversammlung der Soziologen im H\u00f6rsaal VI w\u00e4hrend des Studentenstreiks an der Goethe-Universit\u00e4t\"}]},{\"@type\":\"WebSite\",\"@id\":\"https:\\\/\\\/bpk-archive.de\\\/tuellmann\\\/#website\",\"url\":\"https:\\\/\\\/bpk-archive.de\\\/tuellmann\\\/\",\"name\":\"Abisag T\u00fcllmann\",\"description\":\"Eine weitere WordPress-Website\",\"potentialAction\":[{\"@type\":\"SearchAction\",\"target\":{\"@type\":\"EntryPoint\",\"urlTemplate\":\"https:\\\/\\\/bpk-archive.de\\\/tuellmann\\\/?s={search_term_string}\"},\"query-input\":{\"@type\":\"PropertyValueSpecification\",\"valueRequired\":true,\"valueName\":\"search_term_string\"}}],\"inLanguage\":\"de\"}]}<\/script>\n<!-- \/ Yoast SEO plugin. -->","yoast_head_json":{"title":"Vollversammlung der Soziologen im H\u00f6rsaal VI w\u00e4hrend des Studentenstreiks an der Goethe-Universit\u00e4t - Abisag T\u00fcllmann","robots":{"index":"index","follow":"follow","max-snippet":"max-snippet:-1","max-image-preview":"max-image-preview:large","max-video-preview":"max-video-preview:-1"},"canonical":"https:\/\/bpk-archive.de\/tuellmann\/produkt\/vollversammlung-der-soziologen-im-hoersaal-vi-waehrend-des-studentenstreiks-an-der-goethe-universitaet-2\/","og_locale":"de_DE","og_type":"article","og_title":"Vollversammlung der Soziologen im H\u00f6rsaal VI w\u00e4hrend des Studentenstreiks an der Goethe-Universit\u00e4t - Abisag T\u00fcllmann","og_description":"Am Rednerpult: Frank Wolff R\u00fcckseitenbeschriftung von Hand der Fotografin: &#8222;Frank Wolff im H VI, Jan. 1969 [falsche Datumsangabe]&#8220;","og_url":"https:\/\/bpk-archive.de\/tuellmann\/produkt\/vollversammlung-der-soziologen-im-hoersaal-vi-waehrend-des-studentenstreiks-an-der-goethe-universitaet-2\/","og_site_name":"Abisag T\u00fcllmann","article_modified_time":"2019-09-05T13:59:07+00:00","og_image":[{"width":1200,"height":929,"url":"https:\/\/bpk-archive.de\/tuellmann\/wp-content\/uploads\/2019\/08\/bpk_70242757.jpg","type":"image\/jpeg"}],"twitter_card":"summary_large_image","schema":{"@context":"https:\/\/schema.org","@graph":[{"@type":"WebPage","@id":"https:\/\/bpk-archive.de\/tuellmann\/produkt\/vollversammlung-der-soziologen-im-hoersaal-vi-waehrend-des-studentenstreiks-an-der-goethe-universitaet-2\/","url":"https:\/\/bpk-archive.de\/tuellmann\/produkt\/vollversammlung-der-soziologen-im-hoersaal-vi-waehrend-des-studentenstreiks-an-der-goethe-universitaet-2\/","name":"Vollversammlung der Soziologen im H\u00f6rsaal VI w\u00e4hrend des Studentenstreiks an der Goethe-Universit\u00e4t - Abisag T\u00fcllmann","isPartOf":{"@id":"https:\/\/bpk-archive.de\/tuellmann\/#website"},"primaryImageOfPage":{"@id":"https:\/\/bpk-archive.de\/tuellmann\/produkt\/vollversammlung-der-soziologen-im-hoersaal-vi-waehrend-des-studentenstreiks-an-der-goethe-universitaet-2\/#primaryimage"},"image":{"@id":"https:\/\/bpk-archive.de\/tuellmann\/produkt\/vollversammlung-der-soziologen-im-hoersaal-vi-waehrend-des-studentenstreiks-an-der-goethe-universitaet-2\/#primaryimage"},"thumbnailUrl":"https:\/\/bpk-archive.de\/tuellmann\/wp-content\/uploads\/2019\/08\/bpk_70242757.jpg","datePublished":"2019-09-05T13:59:00+00:00","dateModified":"2019-09-05T13:59:07+00:00","breadcrumb":{"@id":"https:\/\/bpk-archive.de\/tuellmann\/produkt\/vollversammlung-der-soziologen-im-hoersaal-vi-waehrend-des-studentenstreiks-an-der-goethe-universitaet-2\/#breadcrumb"},"inLanguage":"de","potentialAction":[{"@type":"ReadAction","target":["https:\/\/bpk-archive.de\/tuellmann\/produkt\/vollversammlung-der-soziologen-im-hoersaal-vi-waehrend-des-studentenstreiks-an-der-goethe-universitaet-2\/"]}]},{"@type":"ImageObject","inLanguage":"de","@id":"https:\/\/bpk-archive.de\/tuellmann\/produkt\/vollversammlung-der-soziologen-im-hoersaal-vi-waehrend-des-studentenstreiks-an-der-goethe-universitaet-2\/#primaryimage","url":"https:\/\/bpk-archive.de\/tuellmann\/wp-content\/uploads\/2019\/08\/bpk_70242757.jpg","contentUrl":"https:\/\/bpk-archive.de\/tuellmann\/wp-content\/uploads\/2019\/08\/bpk_70242757.jpg","width":1200,"height":929,"caption":"Vollversammlung der Soziologen im H\u00f6rsaal VI w\u00e4hrend des Studentenstreiks an der Goethe-Universit\u00e4t"},{"@type":"BreadcrumbList","@id":"https:\/\/bpk-archive.de\/tuellmann\/produkt\/vollversammlung-der-soziologen-im-hoersaal-vi-waehrend-des-studentenstreiks-an-der-goethe-universitaet-2\/#breadcrumb","itemListElement":[{"@type":"ListItem","position":1,"name":"Startseite","item":"https:\/\/bpk-archive.de\/tuellmann\/"},{"@type":"ListItem","position":2,"name":"Shop","item":"https:\/\/bpk-archive.de\/tuellmann\/shop\/"},{"@type":"ListItem","position":3,"name":"Vollversammlung der Soziologen im H\u00f6rsaal VI w\u00e4hrend des Studentenstreiks an der Goethe-Universit\u00e4t"}]},{"@type":"WebSite","@id":"https:\/\/bpk-archive.de\/tuellmann\/#website","url":"https:\/\/bpk-archive.de\/tuellmann\/","name":"Abisag T\u00fcllmann","description":"Eine weitere WordPress-Website","potentialAction":[{"@type":"SearchAction","target":{"@type":"EntryPoint","urlTemplate":"https:\/\/bpk-archive.de\/tuellmann\/?s={search_term_string}"},"query-input":{"@type":"PropertyValueSpecification","valueRequired":true,"valueName":"search_term_string"}}],"inLanguage":"de"}]}},"_links":{"self":[{"href":"https:\/\/bpk-archive.de\/tuellmann\/wp-json\/wp\/v2\/product\/70296346","targetHints":{"allow":["GET"]}}],"collection":[{"href":"https:\/\/bpk-archive.de\/tuellmann\/wp-json\/wp\/v2\/product"}],"about":[{"href":"https:\/\/bpk-archive.de\/tuellmann\/wp-json\/wp\/v2\/types\/product"}],"wp:featuredmedia":[{"embeddable":true,"href":"https:\/\/bpk-archive.de\/tuellmann\/wp-json\/wp\/v2\/media\/70292124"}],"wp:attachment":[{"href":"https:\/\/bpk-archive.de\/tuellmann\/wp-json\/wp\/v2\/media?parent=70296346"}],"wp:term":[{"taxonomy":"product_brand","embeddable":true,"href":"https:\/\/bpk-archive.de\/tuellmann\/wp-json\/wp\/v2\/product_brand?post=70296346"},{"taxonomy":"product_cat","embeddable":true,"href":"https:\/\/bpk-archive.de\/tuellmann\/wp-json\/wp\/v2\/product_cat?post=70296346"},{"taxonomy":"product_tag","embeddable":true,"href":"https:\/\/bpk-archive.de\/tuellmann\/wp-json\/wp\/v2\/product_tag?post=70296346"}],"curies":[{"name":"wp","href":"https:\/\/api.w.org\/{rel}","templated":true}]}}