{"id":70296306,"date":"2019-09-05T15:58:28","date_gmt":"2019-09-05T13:58:28","guid":{"rendered":"http:\/\/abisagtuellmann.bpk-news.de\/atbild\/schulkinder-in-soweto\/"},"modified":"2019-09-05T15:58:34","modified_gmt":"2019-09-05T13:58:34","slug":"schulkinder-in-soweto","status":"publish","type":"product","link":"https:\/\/bpk-archive.de\/tuellmann\/produkt\/schulkinder-in-soweto\/","title":{"rendered":"Schulkinder in Soweto"},"content":{"rendered":"<p>R\u00fcckseitenbeschriftung von Hand der Fotografin: &#8222;S\u00fcdafrika, Schulkinder in Soweto&#8220;<\/p>\n","protected":false},"excerpt":{"rendered":"<p>R\u00fcckseitenbeschriftung von Hand der Fotografin: &#8222;S\u00fcdafrika, Schulkinder in Soweto&#8220;<\/p>\n","protected":false},"featured_media":70292511,"template":"","meta":[],"product_brand":[],"product_cat":[],"product_tag":[13230,13232,13234,13231,13233,13235,13777,13236,13237,13245,51804,62065,13250,13260,13261,13268,13269,13270,13271,13293,13786,13787,13294,13295,13296,13297,47378,47379,47380,47381,47382,13301,14205,14206,14207,14211,14212,14213,14218,14219,48005,48006,48007,48008,48009,48010,48011,13635,13636,13637,13638,13639,13328,13827,13828,13329,13330,13331,13332,13843,13877,13879,54158,13346,13347,53860,53861,62160,13865,13864,13866,13351,13352,13353,13858,13859,13860,13861,13862,13863,13354,13869,13870,13871,13872,47408,47564,47409,13363,51811,13364,13365,13366,13367,13368,13369,13878,13880,48079],"class_list":{"0":"post-70296306","1":"product","2":"type-product","3":"status-publish","4":"has-post-thumbnail","6":"product_tag-1970er-jahre","7":"product_tag-20-jahrhundert-nach-chr","8":"product_tag-20-jh-n-chr","9":"product_tag-20-jahrhundert","10":"product_tag-20-jh","11":"product_tag-70er","12":"product_tag-abzug","13":"product_tag-afrika","14":"product_tag-afrikaner","15":"product_tag-afrikas","16":"product_tag-at_suedafrika","17":"product_tag-atb_012","18":"product_tag-aussen","19":"product_tag-draussen","20":"product_tag-dunkelhaeutiger","21":"product_tag-farbige","22":"product_tag-farbigen","23":"product_tag-farbiger","24":"product_tag-farbiges","25":"product_tag-foto","26":"product_tag-fotoabzug","27":"product_tag-fotoabzuege","28":"product_tag-fotografie","29":"product_tag-fotografien","30":"product_tag-fotografin","31":"product_tag-fotografinnen","32":"product_tag-gehen","33":"product_tag-gehend","34":"product_tag-gehende","35":"product_tag-gehender","36":"product_tag-gehendes","37":"product_tag-im-freien","38":"product_tag-kind","39":"product_tag-kinde","40":"product_tag-kinder","41":"product_tag-kindergruppe","42":"product_tag-kindergruppen","43":"product_tag-kindern","44":"product_tag-kindes","45":"product_tag-kindheit","46":"product_tag-lachen","47":"product_tag-lachend","48":"product_tag-lachende","49":"product_tag-lachendem","50":"product_tag-lachenden","51":"product_tag-lachender","52":"product_tag-lachendes","53":"product_tag-nordafrikanisch","54":"product_tag-nordafrikanische","55":"product_tag-nordafrikanischen","56":"product_tag-nordafrikanischer","57":"product_tag-nordafrikanisches","58":"product_tag-photo","59":"product_tag-photoabzug","60":"product_tag-photoabzuege","61":"product_tag-photographie","62":"product_tag-photographien","63":"product_tag-photographin","64":"product_tag-photographinnen","65":"product_tag-print","66":"product_tag-s-w-fotografie","67":"product_tag-s-w-photographie","68":"product_tag-schueler","69":"product_tag-schuelerin","70":"product_tag-schuelerinnen","71":"product_tag-schulkind","72":"product_tag-schulkinder","73":"product_tag-schulweg","74":"product_tag-schwarzweissphotographie","75":"product_tag-schwarz-weiss-fotografie","76":"product_tag-schwarz-weiss-photographie","77":"product_tag-schwarze","78":"product_tag-schwarzen","79":"product_tag-schwarzer","80":"product_tag-schwarzweiss","81":"product_tag-schwarzweisse","82":"product_tag-schwarzweissen","83":"product_tag-schwarzweisser","84":"product_tag-schwarzweisses","85":"product_tag-schwarzweissfotografie","86":"product_tag-siebziger","87":"product_tag-silbergelatine","88":"product_tag-silbergelatineabzug","89":"product_tag-silbergelatineabzuege","90":"product_tag-silbergelatineprint","91":"product_tag-strassenleben","92":"product_tag-strassenrand","93":"product_tag-strassenszene","94":"product_tag-suedafrika","95":"product_tag-suedafrikaner","96":"product_tag-suedafrikanisch","97":"product_tag-suedafrikanische","98":"product_tag-suedafrikanischen","99":"product_tag-suedafrikanischer","100":"product_tag-suedafrikanisches","101":"product_tag-suedafrikas","102":"product_tag-sw-fotografie","103":"product_tag-sw-photographie","104":"product_tag-unterwegs","105":"pa_datierung-oktober-1971","106":"pa_fotograf-abisag-tuellmann","107":"pa_geografischer_bezug-aufnahmeort-soweto-suedafrika","108":"pa_grunddaten_material_technik-foto-silbergelatine-auf-barytpapier","109":"pa_inventarnummer-tue-71-204-20a","110":"pa_jahr_von-49516","111":"pa_massangaben-bildformat-foto-233-x-304-cm","112":"pa_mediennummer-62157","113":"pa_objekt_typ-fotografie","115":"first","116":"instock","117":"product-type-simple"},"yoast_head":"<!-- This site is optimized with the Yoast SEO plugin v27.4 - https:\/\/yoast.com\/product\/yoast-seo-wordpress\/ -->\n<title>Schulkinder in Soweto - Abisag T\u00fcllmann<\/title>\n<meta name=\"robots\" content=\"index, follow, max-snippet:-1, max-image-preview:large, max-video-preview:-1\" \/>\n<link rel=\"canonical\" href=\"https:\/\/bpk-archive.de\/tuellmann\/produkt\/schulkinder-in-soweto\/\" \/>\n<meta property=\"og:locale\" content=\"de_DE\" \/>\n<meta property=\"og:type\" content=\"article\" \/>\n<meta property=\"og:title\" content=\"Schulkinder in Soweto - Abisag T\u00fcllmann\" \/>\n<meta property=\"og:description\" content=\"R\u00fcckseitenbeschriftung von Hand der Fotografin: &#8222;S\u00fcdafrika, Schulkinder in Soweto&#8220;\" \/>\n<meta property=\"og:url\" content=\"https:\/\/bpk-archive.de\/tuellmann\/produkt\/schulkinder-in-soweto\/\" \/>\n<meta property=\"og:site_name\" content=\"Abisag T\u00fcllmann\" \/>\n<meta property=\"article:modified_time\" content=\"2019-09-05T13:58:34+00:00\" \/>\n<meta property=\"og:image\" content=\"https:\/\/bpk-archive.de\/tuellmann\/wp-content\/uploads\/2019\/08\/bpk_70243216.jpg\" \/>\n\t<meta property=\"og:image:width\" content=\"1200\" \/>\n\t<meta property=\"og:image:height\" content=\"929\" \/>\n\t<meta property=\"og:image:type\" content=\"image\/jpeg\" \/>\n<meta name=\"twitter:card\" content=\"summary_large_image\" \/>\n<script type=\"application\/ld+json\" class=\"yoast-schema-graph\">{\"@context\":\"https:\\\/\\\/schema.org\",\"@graph\":[{\"@type\":\"WebPage\",\"@id\":\"https:\\\/\\\/bpk-archive.de\\\/tuellmann\\\/produkt\\\/schulkinder-in-soweto\\\/\",\"url\":\"https:\\\/\\\/bpk-archive.de\\\/tuellmann\\\/produkt\\\/schulkinder-in-soweto\\\/\",\"name\":\"Schulkinder in Soweto - Abisag T\u00fcllmann\",\"isPartOf\":{\"@id\":\"https:\\\/\\\/bpk-archive.de\\\/tuellmann\\\/#website\"},\"primaryImageOfPage\":{\"@id\":\"https:\\\/\\\/bpk-archive.de\\\/tuellmann\\\/produkt\\\/schulkinder-in-soweto\\\/#primaryimage\"},\"image\":{\"@id\":\"https:\\\/\\\/bpk-archive.de\\\/tuellmann\\\/produkt\\\/schulkinder-in-soweto\\\/#primaryimage\"},\"thumbnailUrl\":\"https:\\\/\\\/bpk-archive.de\\\/tuellmann\\\/wp-content\\\/uploads\\\/2019\\\/08\\\/bpk_70243216.jpg\",\"datePublished\":\"2019-09-05T13:58:28+00:00\",\"dateModified\":\"2019-09-05T13:58:34+00:00\",\"breadcrumb\":{\"@id\":\"https:\\\/\\\/bpk-archive.de\\\/tuellmann\\\/produkt\\\/schulkinder-in-soweto\\\/#breadcrumb\"},\"inLanguage\":\"de\",\"potentialAction\":[{\"@type\":\"ReadAction\",\"target\":[\"https:\\\/\\\/bpk-archive.de\\\/tuellmann\\\/produkt\\\/schulkinder-in-soweto\\\/\"]}]},{\"@type\":\"ImageObject\",\"inLanguage\":\"de\",\"@id\":\"https:\\\/\\\/bpk-archive.de\\\/tuellmann\\\/produkt\\\/schulkinder-in-soweto\\\/#primaryimage\",\"url\":\"https:\\\/\\\/bpk-archive.de\\\/tuellmann\\\/wp-content\\\/uploads\\\/2019\\\/08\\\/bpk_70243216.jpg\",\"contentUrl\":\"https:\\\/\\\/bpk-archive.de\\\/tuellmann\\\/wp-content\\\/uploads\\\/2019\\\/08\\\/bpk_70243216.jpg\",\"width\":1200,\"height\":929,\"caption\":\"Schulkinder in Soweto\"},{\"@type\":\"BreadcrumbList\",\"@id\":\"https:\\\/\\\/bpk-archive.de\\\/tuellmann\\\/produkt\\\/schulkinder-in-soweto\\\/#breadcrumb\",\"itemListElement\":[{\"@type\":\"ListItem\",\"position\":1,\"name\":\"Startseite\",\"item\":\"https:\\\/\\\/bpk-archive.de\\\/tuellmann\\\/\"},{\"@type\":\"ListItem\",\"position\":2,\"name\":\"Shop\",\"item\":\"https:\\\/\\\/bpk-archive.de\\\/tuellmann\\\/shop\\\/\"},{\"@type\":\"ListItem\",\"position\":3,\"name\":\"Schulkinder in Soweto\"}]},{\"@type\":\"WebSite\",\"@id\":\"https:\\\/\\\/bpk-archive.de\\\/tuellmann\\\/#website\",\"url\":\"https:\\\/\\\/bpk-archive.de\\\/tuellmann\\\/\",\"name\":\"Abisag T\u00fcllmann\",\"description\":\"Eine weitere WordPress-Website\",\"potentialAction\":[{\"@type\":\"SearchAction\",\"target\":{\"@type\":\"EntryPoint\",\"urlTemplate\":\"https:\\\/\\\/bpk-archive.de\\\/tuellmann\\\/?s={search_term_string}\"},\"query-input\":{\"@type\":\"PropertyValueSpecification\",\"valueRequired\":true,\"valueName\":\"search_term_string\"}}],\"inLanguage\":\"de\"}]}<\/script>\n<!-- \/ Yoast SEO plugin. -->","yoast_head_json":{"title":"Schulkinder in Soweto - Abisag T\u00fcllmann","robots":{"index":"index","follow":"follow","max-snippet":"max-snippet:-1","max-image-preview":"max-image-preview:large","max-video-preview":"max-video-preview:-1"},"canonical":"https:\/\/bpk-archive.de\/tuellmann\/produkt\/schulkinder-in-soweto\/","og_locale":"de_DE","og_type":"article","og_title":"Schulkinder in Soweto - Abisag T\u00fcllmann","og_description":"R\u00fcckseitenbeschriftung von Hand der Fotografin: &#8222;S\u00fcdafrika, Schulkinder in Soweto&#8220;","og_url":"https:\/\/bpk-archive.de\/tuellmann\/produkt\/schulkinder-in-soweto\/","og_site_name":"Abisag T\u00fcllmann","article_modified_time":"2019-09-05T13:58:34+00:00","og_image":[{"width":1200,"height":929,"url":"https:\/\/bpk-archive.de\/tuellmann\/wp-content\/uploads\/2019\/08\/bpk_70243216.jpg","type":"image\/jpeg"}],"twitter_card":"summary_large_image","schema":{"@context":"https:\/\/schema.org","@graph":[{"@type":"WebPage","@id":"https:\/\/bpk-archive.de\/tuellmann\/produkt\/schulkinder-in-soweto\/","url":"https:\/\/bpk-archive.de\/tuellmann\/produkt\/schulkinder-in-soweto\/","name":"Schulkinder in Soweto - Abisag T\u00fcllmann","isPartOf":{"@id":"https:\/\/bpk-archive.de\/tuellmann\/#website"},"primaryImageOfPage":{"@id":"https:\/\/bpk-archive.de\/tuellmann\/produkt\/schulkinder-in-soweto\/#primaryimage"},"image":{"@id":"https:\/\/bpk-archive.de\/tuellmann\/produkt\/schulkinder-in-soweto\/#primaryimage"},"thumbnailUrl":"https:\/\/bpk-archive.de\/tuellmann\/wp-content\/uploads\/2019\/08\/bpk_70243216.jpg","datePublished":"2019-09-05T13:58:28+00:00","dateModified":"2019-09-05T13:58:34+00:00","breadcrumb":{"@id":"https:\/\/bpk-archive.de\/tuellmann\/produkt\/schulkinder-in-soweto\/#breadcrumb"},"inLanguage":"de","potentialAction":[{"@type":"ReadAction","target":["https:\/\/bpk-archive.de\/tuellmann\/produkt\/schulkinder-in-soweto\/"]}]},{"@type":"ImageObject","inLanguage":"de","@id":"https:\/\/bpk-archive.de\/tuellmann\/produkt\/schulkinder-in-soweto\/#primaryimage","url":"https:\/\/bpk-archive.de\/tuellmann\/wp-content\/uploads\/2019\/08\/bpk_70243216.jpg","contentUrl":"https:\/\/bpk-archive.de\/tuellmann\/wp-content\/uploads\/2019\/08\/bpk_70243216.jpg","width":1200,"height":929,"caption":"Schulkinder in Soweto"},{"@type":"BreadcrumbList","@id":"https:\/\/bpk-archive.de\/tuellmann\/produkt\/schulkinder-in-soweto\/#breadcrumb","itemListElement":[{"@type":"ListItem","position":1,"name":"Startseite","item":"https:\/\/bpk-archive.de\/tuellmann\/"},{"@type":"ListItem","position":2,"name":"Shop","item":"https:\/\/bpk-archive.de\/tuellmann\/shop\/"},{"@type":"ListItem","position":3,"name":"Schulkinder in Soweto"}]},{"@type":"WebSite","@id":"https:\/\/bpk-archive.de\/tuellmann\/#website","url":"https:\/\/bpk-archive.de\/tuellmann\/","name":"Abisag T\u00fcllmann","description":"Eine weitere WordPress-Website","potentialAction":[{"@type":"SearchAction","target":{"@type":"EntryPoint","urlTemplate":"https:\/\/bpk-archive.de\/tuellmann\/?s={search_term_string}"},"query-input":{"@type":"PropertyValueSpecification","valueRequired":true,"valueName":"search_term_string"}}],"inLanguage":"de"}]}},"_links":{"self":[{"href":"https:\/\/bpk-archive.de\/tuellmann\/wp-json\/wp\/v2\/product\/70296306","targetHints":{"allow":["GET"]}}],"collection":[{"href":"https:\/\/bpk-archive.de\/tuellmann\/wp-json\/wp\/v2\/product"}],"about":[{"href":"https:\/\/bpk-archive.de\/tuellmann\/wp-json\/wp\/v2\/types\/product"}],"wp:featuredmedia":[{"embeddable":true,"href":"https:\/\/bpk-archive.de\/tuellmann\/wp-json\/wp\/v2\/media\/70292511"}],"wp:attachment":[{"href":"https:\/\/bpk-archive.de\/tuellmann\/wp-json\/wp\/v2\/media?parent=70296306"}],"wp:term":[{"taxonomy":"product_brand","embeddable":true,"href":"https:\/\/bpk-archive.de\/tuellmann\/wp-json\/wp\/v2\/product_brand?post=70296306"},{"taxonomy":"product_cat","embeddable":true,"href":"https:\/\/bpk-archive.de\/tuellmann\/wp-json\/wp\/v2\/product_cat?post=70296306"},{"taxonomy":"product_tag","embeddable":true,"href":"https:\/\/bpk-archive.de\/tuellmann\/wp-json\/wp\/v2\/product_tag?post=70296306"}],"curies":[{"name":"wp","href":"https:\/\/api.w.org\/{rel}","templated":true}]}}