{"id":70296193,"date":"2019-09-05T15:56:47","date_gmt":"2019-09-05T13:56:47","guid":{"rendered":"http:\/\/abisagtuellmann.bpk-news.de\/atbild\/weimar-fdj-abend\/"},"modified":"2019-09-05T15:56:58","modified_gmt":"2019-09-05T13:56:58","slug":"weimar-fdj-abend","status":"publish","type":"product","link":"https:\/\/bpk-archive.de\/tuellmann\/produkt\/weimar-fdj-abend\/","title":{"rendered":"Weimar &#8211; FDJ-Abend"},"content":{"rendered":"<p>R\u00fcckseitenbeschriftung von anderer Hand: &#8222;FDJ-Abend in Weimar, Weimar 1963, Foto: Abisag T\u00fcllmann&#8220;<\/p>\n","protected":false},"excerpt":{"rendered":"<p>R\u00fcckseitenbeschriftung von anderer Hand: &#8222;FDJ-Abend in Weimar, Weimar 1963, Foto: Abisag T\u00fcllmann&#8220;<\/p>\n","protected":false},"featured_media":70293361,"template":"","meta":[],"product_brand":[],"product_cat":[],"product_tag":[13774,13232,13234,13231,13233,13775,48910,48911,48912,57075,13777,47541,47542,47543,47544,47545,47547,47548,48913,13778,61306,61307,14178,14179,53393,60455,61265,61266,60456,13253,13254,53398,13255,53399,13256,13257,13473,61308,13293,13786,13787,13294,13295,13296,13297,47267,13487,13488,61309,61310,48621,48622,48623,13498,13812,13813,13814,14203,13815,13816,14204,14220,14221,13310,13311,13818,13819,13826,60469,60470,60471,60472,60473,57434,48264,48265,13328,13827,13828,13329,13330,13331,13332,47332,13843,53169,54029,47333,47334,47335,47336,47337,13877,13879,13865,13864,13866,13858,13859,13860,13861,13862,13863,13867,13869,13870,13871,13872,56233,56234,56235,56236,56237,56238,56239,13878,13880,49382,49383,49387,49388,49389,49390,49391,49392,58492,57157,57158,58493,49384,54895,54896,61311,61312,61269,61313,61270,61271,61272,61273,61274,48797,48798,51212,13525,61314,61315],"class_list":{"0":"post-70296193","1":"product","2":"type-product","3":"status-publish","4":"has-post-thumbnail","6":"product_tag-1960er-jahre","7":"product_tag-20-jahrhundert-nach-chr","8":"product_tag-20-jh-n-chr","9":"product_tag-20-jahrhundert","10":"product_tag-20-jh","11":"product_tag-60er","12":"product_tag-abend","13":"product_tag-abende","14":"product_tag-abends","15":"product_tag-abt_015","16":"product_tag-abzug","17":"product_tag-alltag","18":"product_tag-alltaeglich","19":"product_tag-alltaegliche","20":"product_tag-alltaeglicher","21":"product_tag-alltaegliches","22":"product_tag-alltagsszene","23":"product_tag-alltagsszenen","24":"product_tag-am-abend","25":"product_tag-at_konsum-freizeit","26":"product_tag-blauhemd","27":"product_tag-blauhemden","28":"product_tag-bube","29":"product_tag-buben","30":"product_tag-ddr","31":"product_tag-ddr-buerger","32":"product_tag-ddr-buergerin","33":"product_tag-ddr-buergerinnen","34":"product_tag-ddr-buergers","35":"product_tag-deutsch","36":"product_tag-deutsche","37":"product_tag-deutsche-demokratische-republik","38":"product_tag-deutschen","39":"product_tag-deutschen-demokratischen-republik","40":"product_tag-deutscher","41":"product_tag-deutsches","42":"product_tag-drinnen","43":"product_tag-fdj","44":"product_tag-foto","45":"product_tag-fotoabzug","46":"product_tag-fotoabzuege","47":"product_tag-fotografie","48":"product_tag-fotografien","49":"product_tag-fotografin","50":"product_tag-fotografinnen","51":"product_tag-fotoreportage","52":"product_tag-frau","53":"product_tag-frauen","54":"product_tag-freie-deutsche-jugend","55":"product_tag-freien-deutschen-jugend","56":"product_tag-freizeit","57":"product_tag-freizeitbeschaeftigung","58":"product_tag-freizeitgestaltung","59":"product_tag-innen","60":"product_tag-jung","61":"product_tag-junge","62":"product_tag-jungen","63":"product_tag-jungens","64":"product_tag-junger","65":"product_tag-junges","66":"product_tag-jungs","67":"product_tag-knabe","68":"product_tag-knaben","69":"product_tag-maedchen","70":"product_tag-maedchens","71":"product_tag-mann","72":"product_tag-maenner","73":"product_tag-mannes","74":"product_tag-ostdeutsch","75":"product_tag-ostdeutsche","76":"product_tag-ostdeutschen","77":"product_tag-ostdeutscher","78":"product_tag-ostdeutsches","79":"product_tag-paartanz","80":"product_tag-partei","81":"product_tag-parteien","82":"product_tag-photo","83":"product_tag-photoabzug","84":"product_tag-photoabzuege","85":"product_tag-photographie","86":"product_tag-photographien","87":"product_tag-photographin","88":"product_tag-photographinnen","89":"product_tag-photoreportage","90":"product_tag-print","91":"product_tag-reise","92":"product_tag-reisen","93":"product_tag-reportage","94":"product_tag-reportagefoto","95":"product_tag-reportagefotografie","96":"product_tag-reportagephoto","97":"product_tag-reportagephotographie","98":"product_tag-s-w-fotografie","99":"product_tag-s-w-photographie","100":"product_tag-schwarzweissphotographie","101":"product_tag-schwarz-weiss-fotografie","102":"product_tag-schwarz-weiss-photographie","103":"product_tag-schwarzweiss","104":"product_tag-schwarzweisse","105":"product_tag-schwarzweissen","106":"product_tag-schwarzweisser","107":"product_tag-schwarzweisses","108":"product_tag-schwarzweissfotografie","109":"product_tag-sechziger","110":"product_tag-silbergelatine","111":"product_tag-silbergelatineabzug","112":"product_tag-silbergelatineabzuege","113":"product_tag-silbergelatineprint","114":"product_tag-sozialismus","115":"product_tag-sozialistisch","116":"product_tag-sozialistische","117":"product_tag-sozialistischem","118":"product_tag-sozialistischen","119":"product_tag-sozialistischer","120":"product_tag-sozialistisches","121":"product_tag-sw-fotografie","122":"product_tag-sw-photographie","123":"product_tag-tanz","124":"product_tag-taenze","125":"product_tag-tanzen","126":"product_tag-tanzend","127":"product_tag-tanzende","128":"product_tag-tanzenden","129":"product_tag-tanzender","130":"product_tag-tanzendes","131":"product_tag-taenzer","132":"product_tag-taenzerin","133":"product_tag-taenzerinnen","134":"product_tag-taenzers","135":"product_tag-tanzes","136":"product_tag-tanzpaar","137":"product_tag-tanzpaare","138":"product_tag-tanzveranstaltung","139":"product_tag-tanzveranstaltungen","140":"product_tag-thueringen","141":"product_tag-thueringer","142":"product_tag-thueringisch","143":"product_tag-thueringische","144":"product_tag-thueringischen","145":"product_tag-thueringischer","146":"product_tag-thueringisches","147":"product_tag-uniform","148":"product_tag-uniformen","149":"product_tag-unterhaltung","150":"product_tag-von-innen","151":"product_tag-weimar","152":"product_tag-weimarer","153":"pa_datierung-april-1963","154":"pa_fotograf-abisag-tuellmann","155":"pa_geografischer_bezug-aufnahmeort-weimar-ddr-deutschland","156":"pa_grunddaten_material_technik-foto-silbergelatine-auf-barytpapier","157":"pa_inventarnummer-tue-63-059-71","158":"pa_jahr_von-55020","159":"pa_massangaben-bildformat-foto-239-x-303-cm","160":"pa_mediennummer-61303","161":"pa_objekt_typ-fotografie","163":"first","164":"instock","165":"product-type-simple"},"yoast_head":"<!-- This site is optimized with the Yoast SEO plugin v27.3 - https:\/\/yoast.com\/product\/yoast-seo-wordpress\/ -->\n<title>Weimar - FDJ-Abend - Abisag T\u00fcllmann<\/title>\n<meta name=\"robots\" content=\"index, follow, max-snippet:-1, max-image-preview:large, max-video-preview:-1\" \/>\n<link rel=\"canonical\" href=\"https:\/\/bpk-archive.de\/tuellmann\/produkt\/weimar-fdj-abend\/\" \/>\n<meta property=\"og:locale\" content=\"de_DE\" \/>\n<meta property=\"og:type\" content=\"article\" \/>\n<meta property=\"og:title\" content=\"Weimar - FDJ-Abend - Abisag T\u00fcllmann\" \/>\n<meta property=\"og:description\" content=\"R\u00fcckseitenbeschriftung von anderer Hand: &#8222;FDJ-Abend in Weimar, Weimar 1963, Foto: Abisag T\u00fcllmann&#8220;\" \/>\n<meta property=\"og:url\" content=\"https:\/\/bpk-archive.de\/tuellmann\/produkt\/weimar-fdj-abend\/\" \/>\n<meta property=\"og:site_name\" content=\"Abisag T\u00fcllmann\" \/>\n<meta property=\"article:modified_time\" content=\"2019-09-05T13:56:58+00:00\" \/>\n<meta property=\"og:image\" content=\"https:\/\/bpk-archive.de\/tuellmann\/wp-content\/uploads\/2019\/08\/bpk_70371195.jpg\" \/>\n\t<meta property=\"og:image:width\" content=\"1200\" \/>\n\t<meta property=\"og:image:height\" content=\"954\" \/>\n\t<meta property=\"og:image:type\" content=\"image\/jpeg\" \/>\n<meta name=\"twitter:card\" content=\"summary_large_image\" \/>\n<script type=\"application\/ld+json\" class=\"yoast-schema-graph\">{\"@context\":\"https:\\\/\\\/schema.org\",\"@graph\":[{\"@type\":\"WebPage\",\"@id\":\"https:\\\/\\\/bpk-archive.de\\\/tuellmann\\\/produkt\\\/weimar-fdj-abend\\\/\",\"url\":\"https:\\\/\\\/bpk-archive.de\\\/tuellmann\\\/produkt\\\/weimar-fdj-abend\\\/\",\"name\":\"Weimar - FDJ-Abend - Abisag T\u00fcllmann\",\"isPartOf\":{\"@id\":\"https:\\\/\\\/bpk-archive.de\\\/tuellmann\\\/#website\"},\"primaryImageOfPage\":{\"@id\":\"https:\\\/\\\/bpk-archive.de\\\/tuellmann\\\/produkt\\\/weimar-fdj-abend\\\/#primaryimage\"},\"image\":{\"@id\":\"https:\\\/\\\/bpk-archive.de\\\/tuellmann\\\/produkt\\\/weimar-fdj-abend\\\/#primaryimage\"},\"thumbnailUrl\":\"https:\\\/\\\/bpk-archive.de\\\/tuellmann\\\/wp-content\\\/uploads\\\/2019\\\/08\\\/bpk_70371195.jpg\",\"datePublished\":\"2019-09-05T13:56:47+00:00\",\"dateModified\":\"2019-09-05T13:56:58+00:00\",\"breadcrumb\":{\"@id\":\"https:\\\/\\\/bpk-archive.de\\\/tuellmann\\\/produkt\\\/weimar-fdj-abend\\\/#breadcrumb\"},\"inLanguage\":\"de\",\"potentialAction\":[{\"@type\":\"ReadAction\",\"target\":[\"https:\\\/\\\/bpk-archive.de\\\/tuellmann\\\/produkt\\\/weimar-fdj-abend\\\/\"]}]},{\"@type\":\"ImageObject\",\"inLanguage\":\"de\",\"@id\":\"https:\\\/\\\/bpk-archive.de\\\/tuellmann\\\/produkt\\\/weimar-fdj-abend\\\/#primaryimage\",\"url\":\"https:\\\/\\\/bpk-archive.de\\\/tuellmann\\\/wp-content\\\/uploads\\\/2019\\\/08\\\/bpk_70371195.jpg\",\"contentUrl\":\"https:\\\/\\\/bpk-archive.de\\\/tuellmann\\\/wp-content\\\/uploads\\\/2019\\\/08\\\/bpk_70371195.jpg\",\"width\":1200,\"height\":954,\"caption\":\"Weimar - FDJ-Abend\"},{\"@type\":\"BreadcrumbList\",\"@id\":\"https:\\\/\\\/bpk-archive.de\\\/tuellmann\\\/produkt\\\/weimar-fdj-abend\\\/#breadcrumb\",\"itemListElement\":[{\"@type\":\"ListItem\",\"position\":1,\"name\":\"Startseite\",\"item\":\"https:\\\/\\\/bpk-archive.de\\\/tuellmann\\\/\"},{\"@type\":\"ListItem\",\"position\":2,\"name\":\"Shop\",\"item\":\"https:\\\/\\\/bpk-archive.de\\\/tuellmann\\\/shop\\\/\"},{\"@type\":\"ListItem\",\"position\":3,\"name\":\"Weimar &#8211; FDJ-Abend\"}]},{\"@type\":\"WebSite\",\"@id\":\"https:\\\/\\\/bpk-archive.de\\\/tuellmann\\\/#website\",\"url\":\"https:\\\/\\\/bpk-archive.de\\\/tuellmann\\\/\",\"name\":\"Abisag T\u00fcllmann\",\"description\":\"Eine weitere WordPress-Website\",\"potentialAction\":[{\"@type\":\"SearchAction\",\"target\":{\"@type\":\"EntryPoint\",\"urlTemplate\":\"https:\\\/\\\/bpk-archive.de\\\/tuellmann\\\/?s={search_term_string}\"},\"query-input\":{\"@type\":\"PropertyValueSpecification\",\"valueRequired\":true,\"valueName\":\"search_term_string\"}}],\"inLanguage\":\"de\"}]}<\/script>\n<!-- \/ Yoast SEO plugin. -->","yoast_head_json":{"title":"Weimar - FDJ-Abend - Abisag T\u00fcllmann","robots":{"index":"index","follow":"follow","max-snippet":"max-snippet:-1","max-image-preview":"max-image-preview:large","max-video-preview":"max-video-preview:-1"},"canonical":"https:\/\/bpk-archive.de\/tuellmann\/produkt\/weimar-fdj-abend\/","og_locale":"de_DE","og_type":"article","og_title":"Weimar - FDJ-Abend - Abisag T\u00fcllmann","og_description":"R\u00fcckseitenbeschriftung von anderer Hand: &#8222;FDJ-Abend in Weimar, Weimar 1963, Foto: Abisag T\u00fcllmann&#8220;","og_url":"https:\/\/bpk-archive.de\/tuellmann\/produkt\/weimar-fdj-abend\/","og_site_name":"Abisag T\u00fcllmann","article_modified_time":"2019-09-05T13:56:58+00:00","og_image":[{"width":1200,"height":954,"url":"https:\/\/bpk-archive.de\/tuellmann\/wp-content\/uploads\/2019\/08\/bpk_70371195.jpg","type":"image\/jpeg"}],"twitter_card":"summary_large_image","schema":{"@context":"https:\/\/schema.org","@graph":[{"@type":"WebPage","@id":"https:\/\/bpk-archive.de\/tuellmann\/produkt\/weimar-fdj-abend\/","url":"https:\/\/bpk-archive.de\/tuellmann\/produkt\/weimar-fdj-abend\/","name":"Weimar - FDJ-Abend - Abisag T\u00fcllmann","isPartOf":{"@id":"https:\/\/bpk-archive.de\/tuellmann\/#website"},"primaryImageOfPage":{"@id":"https:\/\/bpk-archive.de\/tuellmann\/produkt\/weimar-fdj-abend\/#primaryimage"},"image":{"@id":"https:\/\/bpk-archive.de\/tuellmann\/produkt\/weimar-fdj-abend\/#primaryimage"},"thumbnailUrl":"https:\/\/bpk-archive.de\/tuellmann\/wp-content\/uploads\/2019\/08\/bpk_70371195.jpg","datePublished":"2019-09-05T13:56:47+00:00","dateModified":"2019-09-05T13:56:58+00:00","breadcrumb":{"@id":"https:\/\/bpk-archive.de\/tuellmann\/produkt\/weimar-fdj-abend\/#breadcrumb"},"inLanguage":"de","potentialAction":[{"@type":"ReadAction","target":["https:\/\/bpk-archive.de\/tuellmann\/produkt\/weimar-fdj-abend\/"]}]},{"@type":"ImageObject","inLanguage":"de","@id":"https:\/\/bpk-archive.de\/tuellmann\/produkt\/weimar-fdj-abend\/#primaryimage","url":"https:\/\/bpk-archive.de\/tuellmann\/wp-content\/uploads\/2019\/08\/bpk_70371195.jpg","contentUrl":"https:\/\/bpk-archive.de\/tuellmann\/wp-content\/uploads\/2019\/08\/bpk_70371195.jpg","width":1200,"height":954,"caption":"Weimar - FDJ-Abend"},{"@type":"BreadcrumbList","@id":"https:\/\/bpk-archive.de\/tuellmann\/produkt\/weimar-fdj-abend\/#breadcrumb","itemListElement":[{"@type":"ListItem","position":1,"name":"Startseite","item":"https:\/\/bpk-archive.de\/tuellmann\/"},{"@type":"ListItem","position":2,"name":"Shop","item":"https:\/\/bpk-archive.de\/tuellmann\/shop\/"},{"@type":"ListItem","position":3,"name":"Weimar &#8211; FDJ-Abend"}]},{"@type":"WebSite","@id":"https:\/\/bpk-archive.de\/tuellmann\/#website","url":"https:\/\/bpk-archive.de\/tuellmann\/","name":"Abisag T\u00fcllmann","description":"Eine weitere WordPress-Website","potentialAction":[{"@type":"SearchAction","target":{"@type":"EntryPoint","urlTemplate":"https:\/\/bpk-archive.de\/tuellmann\/?s={search_term_string}"},"query-input":{"@type":"PropertyValueSpecification","valueRequired":true,"valueName":"search_term_string"}}],"inLanguage":"de"}]}},"_links":{"self":[{"href":"https:\/\/bpk-archive.de\/tuellmann\/wp-json\/wp\/v2\/product\/70296193","targetHints":{"allow":["GET"]}}],"collection":[{"href":"https:\/\/bpk-archive.de\/tuellmann\/wp-json\/wp\/v2\/product"}],"about":[{"href":"https:\/\/bpk-archive.de\/tuellmann\/wp-json\/wp\/v2\/types\/product"}],"wp:featuredmedia":[{"embeddable":true,"href":"https:\/\/bpk-archive.de\/tuellmann\/wp-json\/wp\/v2\/media\/70293361"}],"wp:attachment":[{"href":"https:\/\/bpk-archive.de\/tuellmann\/wp-json\/wp\/v2\/media?parent=70296193"}],"wp:term":[{"taxonomy":"product_brand","embeddable":true,"href":"https:\/\/bpk-archive.de\/tuellmann\/wp-json\/wp\/v2\/product_brand?post=70296193"},{"taxonomy":"product_cat","embeddable":true,"href":"https:\/\/bpk-archive.de\/tuellmann\/wp-json\/wp\/v2\/product_cat?post=70296193"},{"taxonomy":"product_tag","embeddable":true,"href":"https:\/\/bpk-archive.de\/tuellmann\/wp-json\/wp\/v2\/product_tag?post=70296193"}],"curies":[{"name":"wp","href":"https:\/\/api.w.org\/{rel}","templated":true}]}}