{"id":70296164,"date":"2019-09-05T15:56:31","date_gmt":"2019-09-05T13:56:31","guid":{"rendered":"http:\/\/abisagtuellmann.bpk-news.de\/atbild\/szene-aus-dem-nachtleben\/"},"modified":"2019-09-05T15:56:36","modified_gmt":"2019-09-05T13:56:36","slug":"szene-aus-dem-nachtleben","status":"publish","type":"product","link":"https:\/\/bpk-archive.de\/tuellmann\/produkt\/szene-aus-dem-nachtleben\/","title":{"rendered":"Szene aus dem Nachtleben"},"content":{"rendered":"<p>R\u00fcckseitenbeschriftung von Hand: &#8222;Bar, Prostitution, Homosexualit\u00e4t, anders als du u. ich&#8220;<\/p>\n","protected":false},"excerpt":{"rendered":"<p>R\u00fcckseitenbeschriftung von Hand: &#8222;Bar, Prostitution, Homosexualit\u00e4t, anders als du u. ich&#8220;<\/p>\n","protected":false},"featured_media":70293931,"template":"","meta":[],"product_brand":[],"product_cat":[],"product_tag":[13774,13232,13234,13231,13233,13775,13953,13777,13778,48770,13469,13470,13253,13254,13255,13256,13257,13471,13472,59007,59008,13473,13293,13786,13787,13294,13295,13296,13297,13485,13486,13482,13481,13483,13484,13487,13488,47735,47736,61069,13492,13493,13494,13495,13496,13497,54885,54886,54887,54888,54889,59015,59016,13498,56317,56318,59017,48778,48779,57146,57147,57148,57149,57150,57151,57562,57152,57153,57154,57155,13328,13827,13828,13329,13330,13331,13332,13843,59025,59026,61070,14073,14074,14075,14076,14077,13877,13879,13865,13864,13866,13858,13859,13860,13861,13862,13863,13867,59027,13869,13870,13871,13872,14243,14244,14245,14246,14247,14248,14249,13878,13880,48535,48536,48537,48538,61071,61072,50049,50050,50051,50052,50053,50054,13525],"class_list":{"0":"post-70296164","1":"product","2":"type-product","3":"status-publish","4":"has-post-thumbnail","6":"product_tag-1960er-jahre","7":"product_tag-20-jahrhundert-nach-chr","8":"product_tag-20-jh-n-chr","9":"product_tag-20-jahrhundert","10":"product_tag-20-jh","11":"product_tag-60er","12":"product_tag-abt_017","13":"product_tag-abzug","14":"product_tag-at_konsum-freizeit","15":"product_tag-bar","16":"product_tag-brd","17":"product_tag-bundesrepublik-deutschland","18":"product_tag-deutsch","19":"product_tag-deutsche","20":"product_tag-deutschen","21":"product_tag-deutscher","22":"product_tag-deutsches","23":"product_tag-deutschland","24":"product_tag-deutschlands","25":"product_tag-dirne","26":"product_tag-dirnen","27":"product_tag-drinnen","28":"product_tag-foto","29":"product_tag-fotoabzug","30":"product_tag-fotoabzuege","31":"product_tag-fotografie","32":"product_tag-fotografien","33":"product_tag-fotografin","34":"product_tag-fotografinnen","35":"product_tag-frankfurt-m","36":"product_tag-frankfurt-main","37":"product_tag-frankfurt-a-main","38":"product_tag-frankfurt-a-m","39":"product_tag-frankfurt-am-main","40":"product_tag-frankfurter","41":"product_tag-frau","42":"product_tag-frauen","43":"product_tag-frauengruppe","44":"product_tag-frauengruppen","45":"product_tag-halbwelt","46":"product_tag-hessen","47":"product_tag-hessisch","48":"product_tag-hessische","49":"product_tag-hessischen","50":"product_tag-hessischer","51":"product_tag-hessisches","52":"product_tag-homosexualitaet","53":"product_tag-homosexuell","54":"product_tag-homosexuelle","55":"product_tag-homosexuellen","56":"product_tag-homosexueller","57":"product_tag-hure","58":"product_tag-huren","59":"product_tag-innen","60":"product_tag-kneipe","61":"product_tag-kneipen","62":"product_tag-liebesdame","63":"product_tag-lokal","64":"product_tag-lokale","65":"product_tag-nachtbar","66":"product_tag-nachtbars","67":"product_tag-nachtclub","68":"product_tag-nachtclubs","69":"product_tag-nachtklub","70":"product_tag-nachtklubs","71":"product_tag-nachtleben","72":"product_tag-nachtlokal","73":"product_tag-nachtlokale","74":"product_tag-nightclub","75":"product_tag-nightclubs","76":"product_tag-photo","77":"product_tag-photoabzug","78":"product_tag-photoabzuege","79":"product_tag-photographie","80":"product_tag-photographien","81":"product_tag-photographin","82":"product_tag-photographinnen","83":"product_tag-print","84":"product_tag-prostituierte","85":"product_tag-prostitutierten","86":"product_tag-prostitution","87":"product_tag-rauchend","88":"product_tag-rauchende","89":"product_tag-rauchenden","90":"product_tag-rauchender","91":"product_tag-rauchendes","92":"product_tag-s-w-fotografie","93":"product_tag-s-w-photographie","94":"product_tag-schwarzweissphotographie","95":"product_tag-schwarz-weiss-fotografie","96":"product_tag-schwarz-weiss-photographie","97":"product_tag-schwarzweiss","98":"product_tag-schwarzweisse","99":"product_tag-schwarzweissen","100":"product_tag-schwarzweisser","101":"product_tag-schwarzweisses","102":"product_tag-schwarzweissfotografie","103":"product_tag-sechziger","104":"product_tag-sexarbeiterin","105":"product_tag-silbergelatine","106":"product_tag-silbergelatineabzug","107":"product_tag-silbergelatineabzuege","108":"product_tag-silbergelatineprint","109":"product_tag-sitzen","110":"product_tag-sitzend","111":"product_tag-sitzende","112":"product_tag-sitzenden","113":"product_tag-sitzender","114":"product_tag-sitzendes","115":"product_tag-sitzt","116":"product_tag-sw-fotografie","117":"product_tag-sw-photographie","118":"product_tag-tisch","119":"product_tag-tische","120":"product_tag-tischen","121":"product_tag-tisches","122":"product_tag-transvestit","123":"product_tag-transvestiten","124":"product_tag-trinken","125":"product_tag-trinkend","126":"product_tag-trinkende","127":"product_tag-trinkenden","128":"product_tag-trinkender","129":"product_tag-trinkendes","130":"product_tag-von-innen","131":"pa_datierung-ca-1960er-jahre","132":"pa_fotograf-abisag-tuellmann","133":"pa_geografischer_bezug-aufnahmeort-frankfurt-am-main-deutschland","134":"pa_grunddaten_material_technik-foto-silbergelatine-auf-barytpapier","135":"pa_jahr_von-ca-1960er-jahre","136":"pa_massangaben-bildformat-foto-238-x-303-cm","137":"pa_mediennummer-61068","138":"pa_objekt_typ-fotografie","140":"first","141":"instock","142":"product-type-simple"},"yoast_head":"<!-- This site is optimized with the Yoast SEO plugin v27.4 - https:\/\/yoast.com\/product\/yoast-seo-wordpress\/ -->\n<title>Szene aus dem Nachtleben - Abisag T\u00fcllmann<\/title>\n<meta name=\"robots\" content=\"index, follow, max-snippet:-1, max-image-preview:large, max-video-preview:-1\" \/>\n<link rel=\"canonical\" href=\"https:\/\/bpk-archive.de\/tuellmann\/produkt\/szene-aus-dem-nachtleben\/\" \/>\n<meta property=\"og:locale\" content=\"de_DE\" \/>\n<meta property=\"og:type\" content=\"article\" \/>\n<meta property=\"og:title\" content=\"Szene aus dem Nachtleben - Abisag T\u00fcllmann\" \/>\n<meta property=\"og:description\" content=\"R\u00fcckseitenbeschriftung von Hand: &#8222;Bar, Prostitution, Homosexualit\u00e4t, anders als du u. ich&#8220;\" \/>\n<meta property=\"og:url\" content=\"https:\/\/bpk-archive.de\/tuellmann\/produkt\/szene-aus-dem-nachtleben\/\" \/>\n<meta property=\"og:site_name\" content=\"Abisag T\u00fcllmann\" \/>\n<meta property=\"article:modified_time\" content=\"2019-09-05T13:56:36+00:00\" \/>\n<meta property=\"og:image\" content=\"https:\/\/bpk-archive.de\/tuellmann\/wp-content\/uploads\/2019\/08\/bpk_70371261.jpg\" \/>\n\t<meta property=\"og:image:width\" content=\"1200\" \/>\n\t<meta property=\"og:image:height\" content=\"953\" \/>\n\t<meta property=\"og:image:type\" content=\"image\/jpeg\" \/>\n<meta name=\"twitter:card\" content=\"summary_large_image\" \/>\n<script type=\"application\/ld+json\" class=\"yoast-schema-graph\">{\"@context\":\"https:\\\/\\\/schema.org\",\"@graph\":[{\"@type\":\"WebPage\",\"@id\":\"https:\\\/\\\/bpk-archive.de\\\/tuellmann\\\/produkt\\\/szene-aus-dem-nachtleben\\\/\",\"url\":\"https:\\\/\\\/bpk-archive.de\\\/tuellmann\\\/produkt\\\/szene-aus-dem-nachtleben\\\/\",\"name\":\"Szene aus dem Nachtleben - Abisag T\u00fcllmann\",\"isPartOf\":{\"@id\":\"https:\\\/\\\/bpk-archive.de\\\/tuellmann\\\/#website\"},\"primaryImageOfPage\":{\"@id\":\"https:\\\/\\\/bpk-archive.de\\\/tuellmann\\\/produkt\\\/szene-aus-dem-nachtleben\\\/#primaryimage\"},\"image\":{\"@id\":\"https:\\\/\\\/bpk-archive.de\\\/tuellmann\\\/produkt\\\/szene-aus-dem-nachtleben\\\/#primaryimage\"},\"thumbnailUrl\":\"https:\\\/\\\/bpk-archive.de\\\/tuellmann\\\/wp-content\\\/uploads\\\/2019\\\/08\\\/bpk_70371261.jpg\",\"datePublished\":\"2019-09-05T13:56:31+00:00\",\"dateModified\":\"2019-09-05T13:56:36+00:00\",\"breadcrumb\":{\"@id\":\"https:\\\/\\\/bpk-archive.de\\\/tuellmann\\\/produkt\\\/szene-aus-dem-nachtleben\\\/#breadcrumb\"},\"inLanguage\":\"de\",\"potentialAction\":[{\"@type\":\"ReadAction\",\"target\":[\"https:\\\/\\\/bpk-archive.de\\\/tuellmann\\\/produkt\\\/szene-aus-dem-nachtleben\\\/\"]}]},{\"@type\":\"ImageObject\",\"inLanguage\":\"de\",\"@id\":\"https:\\\/\\\/bpk-archive.de\\\/tuellmann\\\/produkt\\\/szene-aus-dem-nachtleben\\\/#primaryimage\",\"url\":\"https:\\\/\\\/bpk-archive.de\\\/tuellmann\\\/wp-content\\\/uploads\\\/2019\\\/08\\\/bpk_70371261.jpg\",\"contentUrl\":\"https:\\\/\\\/bpk-archive.de\\\/tuellmann\\\/wp-content\\\/uploads\\\/2019\\\/08\\\/bpk_70371261.jpg\",\"width\":1200,\"height\":953,\"caption\":\"Szene aus dem Nachtleben\"},{\"@type\":\"BreadcrumbList\",\"@id\":\"https:\\\/\\\/bpk-archive.de\\\/tuellmann\\\/produkt\\\/szene-aus-dem-nachtleben\\\/#breadcrumb\",\"itemListElement\":[{\"@type\":\"ListItem\",\"position\":1,\"name\":\"Startseite\",\"item\":\"https:\\\/\\\/bpk-archive.de\\\/tuellmann\\\/\"},{\"@type\":\"ListItem\",\"position\":2,\"name\":\"Shop\",\"item\":\"https:\\\/\\\/bpk-archive.de\\\/tuellmann\\\/shop\\\/\"},{\"@type\":\"ListItem\",\"position\":3,\"name\":\"Szene aus dem Nachtleben\"}]},{\"@type\":\"WebSite\",\"@id\":\"https:\\\/\\\/bpk-archive.de\\\/tuellmann\\\/#website\",\"url\":\"https:\\\/\\\/bpk-archive.de\\\/tuellmann\\\/\",\"name\":\"Abisag T\u00fcllmann\",\"description\":\"Eine weitere WordPress-Website\",\"potentialAction\":[{\"@type\":\"SearchAction\",\"target\":{\"@type\":\"EntryPoint\",\"urlTemplate\":\"https:\\\/\\\/bpk-archive.de\\\/tuellmann\\\/?s={search_term_string}\"},\"query-input\":{\"@type\":\"PropertyValueSpecification\",\"valueRequired\":true,\"valueName\":\"search_term_string\"}}],\"inLanguage\":\"de\"}]}<\/script>\n<!-- \/ Yoast SEO plugin. -->","yoast_head_json":{"title":"Szene aus dem Nachtleben - Abisag T\u00fcllmann","robots":{"index":"index","follow":"follow","max-snippet":"max-snippet:-1","max-image-preview":"max-image-preview:large","max-video-preview":"max-video-preview:-1"},"canonical":"https:\/\/bpk-archive.de\/tuellmann\/produkt\/szene-aus-dem-nachtleben\/","og_locale":"de_DE","og_type":"article","og_title":"Szene aus dem Nachtleben - Abisag T\u00fcllmann","og_description":"R\u00fcckseitenbeschriftung von Hand: &#8222;Bar, Prostitution, Homosexualit\u00e4t, anders als du u. ich&#8220;","og_url":"https:\/\/bpk-archive.de\/tuellmann\/produkt\/szene-aus-dem-nachtleben\/","og_site_name":"Abisag T\u00fcllmann","article_modified_time":"2019-09-05T13:56:36+00:00","og_image":[{"width":1200,"height":953,"url":"https:\/\/bpk-archive.de\/tuellmann\/wp-content\/uploads\/2019\/08\/bpk_70371261.jpg","type":"image\/jpeg"}],"twitter_card":"summary_large_image","schema":{"@context":"https:\/\/schema.org","@graph":[{"@type":"WebPage","@id":"https:\/\/bpk-archive.de\/tuellmann\/produkt\/szene-aus-dem-nachtleben\/","url":"https:\/\/bpk-archive.de\/tuellmann\/produkt\/szene-aus-dem-nachtleben\/","name":"Szene aus dem Nachtleben - Abisag T\u00fcllmann","isPartOf":{"@id":"https:\/\/bpk-archive.de\/tuellmann\/#website"},"primaryImageOfPage":{"@id":"https:\/\/bpk-archive.de\/tuellmann\/produkt\/szene-aus-dem-nachtleben\/#primaryimage"},"image":{"@id":"https:\/\/bpk-archive.de\/tuellmann\/produkt\/szene-aus-dem-nachtleben\/#primaryimage"},"thumbnailUrl":"https:\/\/bpk-archive.de\/tuellmann\/wp-content\/uploads\/2019\/08\/bpk_70371261.jpg","datePublished":"2019-09-05T13:56:31+00:00","dateModified":"2019-09-05T13:56:36+00:00","breadcrumb":{"@id":"https:\/\/bpk-archive.de\/tuellmann\/produkt\/szene-aus-dem-nachtleben\/#breadcrumb"},"inLanguage":"de","potentialAction":[{"@type":"ReadAction","target":["https:\/\/bpk-archive.de\/tuellmann\/produkt\/szene-aus-dem-nachtleben\/"]}]},{"@type":"ImageObject","inLanguage":"de","@id":"https:\/\/bpk-archive.de\/tuellmann\/produkt\/szene-aus-dem-nachtleben\/#primaryimage","url":"https:\/\/bpk-archive.de\/tuellmann\/wp-content\/uploads\/2019\/08\/bpk_70371261.jpg","contentUrl":"https:\/\/bpk-archive.de\/tuellmann\/wp-content\/uploads\/2019\/08\/bpk_70371261.jpg","width":1200,"height":953,"caption":"Szene aus dem Nachtleben"},{"@type":"BreadcrumbList","@id":"https:\/\/bpk-archive.de\/tuellmann\/produkt\/szene-aus-dem-nachtleben\/#breadcrumb","itemListElement":[{"@type":"ListItem","position":1,"name":"Startseite","item":"https:\/\/bpk-archive.de\/tuellmann\/"},{"@type":"ListItem","position":2,"name":"Shop","item":"https:\/\/bpk-archive.de\/tuellmann\/shop\/"},{"@type":"ListItem","position":3,"name":"Szene aus dem Nachtleben"}]},{"@type":"WebSite","@id":"https:\/\/bpk-archive.de\/tuellmann\/#website","url":"https:\/\/bpk-archive.de\/tuellmann\/","name":"Abisag T\u00fcllmann","description":"Eine weitere WordPress-Website","potentialAction":[{"@type":"SearchAction","target":{"@type":"EntryPoint","urlTemplate":"https:\/\/bpk-archive.de\/tuellmann\/?s={search_term_string}"},"query-input":{"@type":"PropertyValueSpecification","valueRequired":true,"valueName":"search_term_string"}}],"inLanguage":"de"}]}},"_links":{"self":[{"href":"https:\/\/bpk-archive.de\/tuellmann\/wp-json\/wp\/v2\/product\/70296164","targetHints":{"allow":["GET"]}}],"collection":[{"href":"https:\/\/bpk-archive.de\/tuellmann\/wp-json\/wp\/v2\/product"}],"about":[{"href":"https:\/\/bpk-archive.de\/tuellmann\/wp-json\/wp\/v2\/types\/product"}],"wp:featuredmedia":[{"embeddable":true,"href":"https:\/\/bpk-archive.de\/tuellmann\/wp-json\/wp\/v2\/media\/70293931"}],"wp:attachment":[{"href":"https:\/\/bpk-archive.de\/tuellmann\/wp-json\/wp\/v2\/media?parent=70296164"}],"wp:term":[{"taxonomy":"product_brand","embeddable":true,"href":"https:\/\/bpk-archive.de\/tuellmann\/wp-json\/wp\/v2\/product_brand?post=70296164"},{"taxonomy":"product_cat","embeddable":true,"href":"https:\/\/bpk-archive.de\/tuellmann\/wp-json\/wp\/v2\/product_cat?post=70296164"},{"taxonomy":"product_tag","embeddable":true,"href":"https:\/\/bpk-archive.de\/tuellmann\/wp-json\/wp\/v2\/product_tag?post=70296164"}],"curies":[{"name":"wp","href":"https:\/\/api.w.org\/{rel}","templated":true}]}}