{"id":70296160,"date":"2019-09-05T15:56:31","date_gmt":"2019-09-05T13:56:31","guid":{"rendered":"http:\/\/abisagtuellmann.bpk-news.de\/atbild\/wahrsager-mit-voegeln-auf-der-kirmes-mainfest-auf-dem-roemer\/"},"modified":"2019-09-05T15:56:34","modified_gmt":"2019-09-05T13:56:34","slug":"wahrsager-mit-voegeln-auf-der-kirmes-mainfest-auf-dem-roemer","status":"publish","type":"product","link":"https:\/\/bpk-archive.de\/tuellmann\/produkt\/wahrsager-mit-voegeln-auf-der-kirmes-mainfest-auf-dem-roemer\/","title":{"rendered":"Wahrsager mit V\u00f6geln auf der Kirmes (Mainfest auf dem R\u00f6mer)"},"content":{"rendered":"","protected":false},"excerpt":{"rendered":"","protected":false},"featured_media":70293892,"template":"","meta":[],"product_brand":[],"product_cat":[],"product_tag":[13774,13232,13234,13231,13233,13775,60842,13777,47456,47457,47458,47459,47460,47461,47462,13778,47876,47877,47878,47879,13784,13785,13469,13955,13956,13957,13470,13253,13254,13255,13256,13257,13471,13472,13473,13293,13786,13787,13294,13295,13296,13297,13485,13486,13482,13481,13483,13484,50542,50543,50544,61024,61025,13492,13493,13494,13495,13496,13497,13498,57473,61026,61027,61028,57474,57475,57476,61029,13818,13819,13820,13821,13822,13823,13824,13825,13826,48309,48310,48311,48312,48313,48314,48315,61030,61031,61032,13328,13827,13828,13329,13330,13331,13332,13829,13830,13831,13832,13833,13834,13835,13836,13837,13838,13839,13840,13841,13842,13843,13844,13845,13846,13847,57479,57480,13877,13879,57481,48499,48500,13865,13864,13866,13858,13859,13860,13861,13862,13863,13867,13868,13869,13870,13871,13872,61033,61034,13878,13880,50520,55302,55303,55304,50521,50522,13525,61035,61036,61037,61038,61039,13882],"class_list":{"0":"post-70296160","1":"product","2":"type-product","3":"status-publish","4":"has-post-thumbnail","6":"product_tag-1960er-jahre","7":"product_tag-20-jahrhundert-nach-chr","8":"product_tag-20-jh-n-chr","9":"product_tag-20-jahrhundert","10":"product_tag-20-jh","11":"product_tag-60er","12":"product_tag-abt_016","13":"product_tag-abzug","14":"product_tag-arbeit","15":"product_tag-arbeiten","16":"product_tag-arbeitend","17":"product_tag-arbeitende","18":"product_tag-arbeitenden","19":"product_tag-arbeitender","20":"product_tag-arbeitendes","21":"product_tag-at_konsum-freizeit","22":"product_tag-beruf","23":"product_tag-berufe","24":"product_tag-berufes","25":"product_tag-berufs","26":"product_tag-bildnis","27":"product_tag-bildnisse","28":"product_tag-brd","29":"product_tag-brille","30":"product_tag-brillen","31":"product_tag-brillentraeger","32":"product_tag-bundesrepublik-deutschland","33":"product_tag-deutsch","34":"product_tag-deutsche","35":"product_tag-deutschen","36":"product_tag-deutscher","37":"product_tag-deutsches","38":"product_tag-deutschland","39":"product_tag-deutschlands","40":"product_tag-drinnen","41":"product_tag-foto","42":"product_tag-fotoabzug","43":"product_tag-fotoabzuege","44":"product_tag-fotografie","45":"product_tag-fotografien","46":"product_tag-fotografin","47":"product_tag-fotografinnen","48":"product_tag-frankfurt-m","49":"product_tag-frankfurt-main","50":"product_tag-frankfurt-a-main","51":"product_tag-frankfurt-a-m","52":"product_tag-frankfurt-am-main","53":"product_tag-frankfurter","54":"product_tag-haustier","55":"product_tag-haustiere","56":"product_tag-haustieren","57":"product_tag-hellsehen","58":"product_tag-hellseher","59":"product_tag-hessen","60":"product_tag-hessisch","61":"product_tag-hessische","62":"product_tag-hessischen","63":"product_tag-hessischer","64":"product_tag-hessisches","65":"product_tag-innen","66":"product_tag-jahrmarkt","67":"product_tag-kaefig","68":"product_tag-kaefige","69":"product_tag-kaefigen","70":"product_tag-kirmes","71":"product_tag-kirmess","72":"product_tag-kirmis","73":"product_tag-liebesorakel","74":"product_tag-mann","75":"product_tag-maenner","76":"product_tag-maennerbildnis","77":"product_tag-maennerbildnisse","78":"product_tag-maennerportrait","79":"product_tag-maennerportraits","80":"product_tag-maennerportraet","81":"product_tag-maennerportraets","82":"product_tag-mannes","83":"product_tag-nacht","84":"product_tag-naechtlich","85":"product_tag-naechtliche","86":"product_tag-naechtlichen","87":"product_tag-naechtlicher","88":"product_tag-naechtliches","89":"product_tag-nachts","90":"product_tag-nymphensittich","91":"product_tag-nymphensittiche","92":"product_tag-orakel","93":"product_tag-photo","94":"product_tag-photoabzug","95":"product_tag-photoabzuege","96":"product_tag-photographie","97":"product_tag-photographien","98":"product_tag-photographin","99":"product_tag-photographinnen","100":"product_tag-portrait","101":"product_tag-portraitaufnahme","102":"product_tag-portraitfoto","103":"product_tag-portraitfotografie","104":"product_tag-portraitphoto","105":"product_tag-portraitphotographie","106":"product_tag-portraits","107":"product_tag-portraet","108":"product_tag-portraetaufnahme","109":"product_tag-portraetfoto","110":"product_tag-portraetfotografie","111":"product_tag-portraetphoto","112":"product_tag-portraetphotographie","113":"product_tag-portraets","114":"product_tag-print","115":"product_tag-profil","116":"product_tag-profilansicht","117":"product_tag-profilbild","118":"product_tag-profilbildnis","119":"product_tag-rummel","120":"product_tag-rummelplatz","121":"product_tag-s-w-fotografie","122":"product_tag-s-w-photographie","123":"product_tag-schausteller","124":"product_tag-schild","125":"product_tag-schilder","126":"product_tag-schwarzweissphotographie","127":"product_tag-schwarz-weiss-fotografie","128":"product_tag-schwarz-weiss-photographie","129":"product_tag-schwarzweiss","130":"product_tag-schwarzweisse","131":"product_tag-schwarzweissen","132":"product_tag-schwarzweisser","133":"product_tag-schwarzweisses","134":"product_tag-schwarzweissfotografie","135":"product_tag-sechziger","136":"product_tag-seitlich","137":"product_tag-silbergelatine","138":"product_tag-silbergelatineabzug","139":"product_tag-silbergelatineabzuege","140":"product_tag-silbergelatineprint","141":"product_tag-sittich","142":"product_tag-sittiche","143":"product_tag-sw-fotografie","144":"product_tag-sw-photographie","145":"product_tag-vogel","146":"product_tag-vogelbauer","147":"product_tag-vogelkaefig","148":"product_tag-vogelkaefige","149":"product_tag-voegeln","150":"product_tag-vogels","151":"product_tag-von-innen","152":"product_tag-wahrsagekunst","153":"product_tag-wahrsagen","154":"product_tag-wahrsager","155":"product_tag-wahrsagerei","156":"product_tag-wahrsagung","157":"product_tag-zur-seite","158":"pa_datierung-juli-1960","159":"pa_fotograf-abisag-tuellmann","160":"pa_geografischer_bezug-aufnahmeort-frankfurt-am-main-deutschland","161":"pa_grunddaten_material_technik-foto-silbergelatine-auf-barytpapier","162":"pa_inventarnummer-tue-60-188-47","163":"pa_jahr_von-57092","164":"pa_massangaben-bildformat-foto-230-x-304-cm","165":"pa_mediennummer-61021","166":"pa_objekt_typ-fotografie","168":"first","169":"instock","170":"product-type-simple"},"yoast_head":"<!-- This site is optimized with the Yoast SEO plugin v27.4 - https:\/\/yoast.com\/product\/yoast-seo-wordpress\/ -->\n<title>Wahrsager mit V\u00f6geln auf der Kirmes (Mainfest auf dem R\u00f6mer) - Abisag T\u00fcllmann<\/title>\n<meta name=\"robots\" content=\"index, follow, max-snippet:-1, max-image-preview:large, max-video-preview:-1\" \/>\n<link rel=\"canonical\" href=\"https:\/\/bpk-archive.de\/tuellmann\/produkt\/wahrsager-mit-voegeln-auf-der-kirmes-mainfest-auf-dem-roemer\/\" \/>\n<meta property=\"og:locale\" content=\"de_DE\" \/>\n<meta property=\"og:type\" content=\"article\" \/>\n<meta property=\"og:title\" content=\"Wahrsager mit V\u00f6geln auf der Kirmes (Mainfest auf dem R\u00f6mer) - Abisag T\u00fcllmann\" \/>\n<meta property=\"og:url\" content=\"https:\/\/bpk-archive.de\/tuellmann\/produkt\/wahrsager-mit-voegeln-auf-der-kirmes-mainfest-auf-dem-roemer\/\" \/>\n<meta property=\"og:site_name\" content=\"Abisag T\u00fcllmann\" \/>\n<meta property=\"article:modified_time\" content=\"2019-09-05T13:56:34+00:00\" \/>\n<meta property=\"og:image\" content=\"https:\/\/bpk-archive.de\/tuellmann\/wp-content\/uploads\/2019\/08\/bpk_70371248.jpg\" \/>\n\t<meta property=\"og:image:width\" content=\"1200\" \/>\n\t<meta property=\"og:image:height\" content=\"918\" \/>\n\t<meta property=\"og:image:type\" content=\"image\/jpeg\" \/>\n<meta name=\"twitter:card\" content=\"summary_large_image\" \/>\n<script type=\"application\/ld+json\" class=\"yoast-schema-graph\">{\"@context\":\"https:\\\/\\\/schema.org\",\"@graph\":[{\"@type\":\"WebPage\",\"@id\":\"https:\\\/\\\/bpk-archive.de\\\/tuellmann\\\/produkt\\\/wahrsager-mit-voegeln-auf-der-kirmes-mainfest-auf-dem-roemer\\\/\",\"url\":\"https:\\\/\\\/bpk-archive.de\\\/tuellmann\\\/produkt\\\/wahrsager-mit-voegeln-auf-der-kirmes-mainfest-auf-dem-roemer\\\/\",\"name\":\"Wahrsager mit V\u00f6geln auf der Kirmes (Mainfest auf dem R\u00f6mer) - Abisag T\u00fcllmann\",\"isPartOf\":{\"@id\":\"https:\\\/\\\/bpk-archive.de\\\/tuellmann\\\/#website\"},\"primaryImageOfPage\":{\"@id\":\"https:\\\/\\\/bpk-archive.de\\\/tuellmann\\\/produkt\\\/wahrsager-mit-voegeln-auf-der-kirmes-mainfest-auf-dem-roemer\\\/#primaryimage\"},\"image\":{\"@id\":\"https:\\\/\\\/bpk-archive.de\\\/tuellmann\\\/produkt\\\/wahrsager-mit-voegeln-auf-der-kirmes-mainfest-auf-dem-roemer\\\/#primaryimage\"},\"thumbnailUrl\":\"https:\\\/\\\/bpk-archive.de\\\/tuellmann\\\/wp-content\\\/uploads\\\/2019\\\/08\\\/bpk_70371248.jpg\",\"datePublished\":\"2019-09-05T13:56:31+00:00\",\"dateModified\":\"2019-09-05T13:56:34+00:00\",\"breadcrumb\":{\"@id\":\"https:\\\/\\\/bpk-archive.de\\\/tuellmann\\\/produkt\\\/wahrsager-mit-voegeln-auf-der-kirmes-mainfest-auf-dem-roemer\\\/#breadcrumb\"},\"inLanguage\":\"de\",\"potentialAction\":[{\"@type\":\"ReadAction\",\"target\":[\"https:\\\/\\\/bpk-archive.de\\\/tuellmann\\\/produkt\\\/wahrsager-mit-voegeln-auf-der-kirmes-mainfest-auf-dem-roemer\\\/\"]}]},{\"@type\":\"ImageObject\",\"inLanguage\":\"de\",\"@id\":\"https:\\\/\\\/bpk-archive.de\\\/tuellmann\\\/produkt\\\/wahrsager-mit-voegeln-auf-der-kirmes-mainfest-auf-dem-roemer\\\/#primaryimage\",\"url\":\"https:\\\/\\\/bpk-archive.de\\\/tuellmann\\\/wp-content\\\/uploads\\\/2019\\\/08\\\/bpk_70371248.jpg\",\"contentUrl\":\"https:\\\/\\\/bpk-archive.de\\\/tuellmann\\\/wp-content\\\/uploads\\\/2019\\\/08\\\/bpk_70371248.jpg\",\"width\":1200,\"height\":918,\"caption\":\"Wahrsager mit V\u00f6geln auf der Kirmes (Mainfest auf dem R\u00f6mer)\"},{\"@type\":\"BreadcrumbList\",\"@id\":\"https:\\\/\\\/bpk-archive.de\\\/tuellmann\\\/produkt\\\/wahrsager-mit-voegeln-auf-der-kirmes-mainfest-auf-dem-roemer\\\/#breadcrumb\",\"itemListElement\":[{\"@type\":\"ListItem\",\"position\":1,\"name\":\"Startseite\",\"item\":\"https:\\\/\\\/bpk-archive.de\\\/tuellmann\\\/\"},{\"@type\":\"ListItem\",\"position\":2,\"name\":\"Shop\",\"item\":\"https:\\\/\\\/bpk-archive.de\\\/tuellmann\\\/shop\\\/\"},{\"@type\":\"ListItem\",\"position\":3,\"name\":\"Wahrsager mit V\u00f6geln auf der Kirmes (Mainfest auf dem R\u00f6mer)\"}]},{\"@type\":\"WebSite\",\"@id\":\"https:\\\/\\\/bpk-archive.de\\\/tuellmann\\\/#website\",\"url\":\"https:\\\/\\\/bpk-archive.de\\\/tuellmann\\\/\",\"name\":\"Abisag T\u00fcllmann\",\"description\":\"Eine weitere WordPress-Website\",\"potentialAction\":[{\"@type\":\"SearchAction\",\"target\":{\"@type\":\"EntryPoint\",\"urlTemplate\":\"https:\\\/\\\/bpk-archive.de\\\/tuellmann\\\/?s={search_term_string}\"},\"query-input\":{\"@type\":\"PropertyValueSpecification\",\"valueRequired\":true,\"valueName\":\"search_term_string\"}}],\"inLanguage\":\"de\"}]}<\/script>\n<!-- \/ Yoast SEO plugin. -->","yoast_head_json":{"title":"Wahrsager mit V\u00f6geln auf der Kirmes (Mainfest auf dem R\u00f6mer) - Abisag T\u00fcllmann","robots":{"index":"index","follow":"follow","max-snippet":"max-snippet:-1","max-image-preview":"max-image-preview:large","max-video-preview":"max-video-preview:-1"},"canonical":"https:\/\/bpk-archive.de\/tuellmann\/produkt\/wahrsager-mit-voegeln-auf-der-kirmes-mainfest-auf-dem-roemer\/","og_locale":"de_DE","og_type":"article","og_title":"Wahrsager mit V\u00f6geln auf der Kirmes (Mainfest auf dem R\u00f6mer) - Abisag T\u00fcllmann","og_url":"https:\/\/bpk-archive.de\/tuellmann\/produkt\/wahrsager-mit-voegeln-auf-der-kirmes-mainfest-auf-dem-roemer\/","og_site_name":"Abisag T\u00fcllmann","article_modified_time":"2019-09-05T13:56:34+00:00","og_image":[{"width":1200,"height":918,"url":"https:\/\/bpk-archive.de\/tuellmann\/wp-content\/uploads\/2019\/08\/bpk_70371248.jpg","type":"image\/jpeg"}],"twitter_card":"summary_large_image","schema":{"@context":"https:\/\/schema.org","@graph":[{"@type":"WebPage","@id":"https:\/\/bpk-archive.de\/tuellmann\/produkt\/wahrsager-mit-voegeln-auf-der-kirmes-mainfest-auf-dem-roemer\/","url":"https:\/\/bpk-archive.de\/tuellmann\/produkt\/wahrsager-mit-voegeln-auf-der-kirmes-mainfest-auf-dem-roemer\/","name":"Wahrsager mit V\u00f6geln auf der Kirmes (Mainfest auf dem R\u00f6mer) - Abisag T\u00fcllmann","isPartOf":{"@id":"https:\/\/bpk-archive.de\/tuellmann\/#website"},"primaryImageOfPage":{"@id":"https:\/\/bpk-archive.de\/tuellmann\/produkt\/wahrsager-mit-voegeln-auf-der-kirmes-mainfest-auf-dem-roemer\/#primaryimage"},"image":{"@id":"https:\/\/bpk-archive.de\/tuellmann\/produkt\/wahrsager-mit-voegeln-auf-der-kirmes-mainfest-auf-dem-roemer\/#primaryimage"},"thumbnailUrl":"https:\/\/bpk-archive.de\/tuellmann\/wp-content\/uploads\/2019\/08\/bpk_70371248.jpg","datePublished":"2019-09-05T13:56:31+00:00","dateModified":"2019-09-05T13:56:34+00:00","breadcrumb":{"@id":"https:\/\/bpk-archive.de\/tuellmann\/produkt\/wahrsager-mit-voegeln-auf-der-kirmes-mainfest-auf-dem-roemer\/#breadcrumb"},"inLanguage":"de","potentialAction":[{"@type":"ReadAction","target":["https:\/\/bpk-archive.de\/tuellmann\/produkt\/wahrsager-mit-voegeln-auf-der-kirmes-mainfest-auf-dem-roemer\/"]}]},{"@type":"ImageObject","inLanguage":"de","@id":"https:\/\/bpk-archive.de\/tuellmann\/produkt\/wahrsager-mit-voegeln-auf-der-kirmes-mainfest-auf-dem-roemer\/#primaryimage","url":"https:\/\/bpk-archive.de\/tuellmann\/wp-content\/uploads\/2019\/08\/bpk_70371248.jpg","contentUrl":"https:\/\/bpk-archive.de\/tuellmann\/wp-content\/uploads\/2019\/08\/bpk_70371248.jpg","width":1200,"height":918,"caption":"Wahrsager mit V\u00f6geln auf der Kirmes (Mainfest auf dem R\u00f6mer)"},{"@type":"BreadcrumbList","@id":"https:\/\/bpk-archive.de\/tuellmann\/produkt\/wahrsager-mit-voegeln-auf-der-kirmes-mainfest-auf-dem-roemer\/#breadcrumb","itemListElement":[{"@type":"ListItem","position":1,"name":"Startseite","item":"https:\/\/bpk-archive.de\/tuellmann\/"},{"@type":"ListItem","position":2,"name":"Shop","item":"https:\/\/bpk-archive.de\/tuellmann\/shop\/"},{"@type":"ListItem","position":3,"name":"Wahrsager mit V\u00f6geln auf der Kirmes (Mainfest auf dem R\u00f6mer)"}]},{"@type":"WebSite","@id":"https:\/\/bpk-archive.de\/tuellmann\/#website","url":"https:\/\/bpk-archive.de\/tuellmann\/","name":"Abisag T\u00fcllmann","description":"Eine weitere WordPress-Website","potentialAction":[{"@type":"SearchAction","target":{"@type":"EntryPoint","urlTemplate":"https:\/\/bpk-archive.de\/tuellmann\/?s={search_term_string}"},"query-input":{"@type":"PropertyValueSpecification","valueRequired":true,"valueName":"search_term_string"}}],"inLanguage":"de"}]}},"_links":{"self":[{"href":"https:\/\/bpk-archive.de\/tuellmann\/wp-json\/wp\/v2\/product\/70296160","targetHints":{"allow":["GET"]}}],"collection":[{"href":"https:\/\/bpk-archive.de\/tuellmann\/wp-json\/wp\/v2\/product"}],"about":[{"href":"https:\/\/bpk-archive.de\/tuellmann\/wp-json\/wp\/v2\/types\/product"}],"wp:featuredmedia":[{"embeddable":true,"href":"https:\/\/bpk-archive.de\/tuellmann\/wp-json\/wp\/v2\/media\/70293892"}],"wp:attachment":[{"href":"https:\/\/bpk-archive.de\/tuellmann\/wp-json\/wp\/v2\/media?parent=70296160"}],"wp:term":[{"taxonomy":"product_brand","embeddable":true,"href":"https:\/\/bpk-archive.de\/tuellmann\/wp-json\/wp\/v2\/product_brand?post=70296160"},{"taxonomy":"product_cat","embeddable":true,"href":"https:\/\/bpk-archive.de\/tuellmann\/wp-json\/wp\/v2\/product_cat?post=70296160"},{"taxonomy":"product_tag","embeddable":true,"href":"https:\/\/bpk-archive.de\/tuellmann\/wp-json\/wp\/v2\/product_tag?post=70296160"}],"curies":[{"name":"wp","href":"https:\/\/api.w.org\/{rel}","templated":true}]}}