{"id":70296123,"date":"2019-09-05T15:55:58","date_gmt":"2019-09-05T13:55:58","guid":{"rendered":"http:\/\/abisagtuellmann.bpk-news.de\/atbild\/gaststaette-main-espresso-muenchener-strasse-ecke-weserstrasse\/"},"modified":"2019-09-05T15:56:03","modified_gmt":"2019-09-05T13:56:03","slug":"gaststaette-main-espresso-muenchener-strasse-ecke-weserstrasse","status":"publish","type":"product","link":"https:\/\/bpk-archive.de\/tuellmann\/produkt\/gaststaette-main-espresso-muenchener-strasse-ecke-weserstrasse\/","title":{"rendered":"Gastst\u00e4tte &#8222;Main Espresso&#8220; (M\u00fcnchener Stra\u00dfe \/ Ecke Weserstra\u00dfe)"},"content":{"rendered":"","protected":false},"excerpt":{"rendered":"","protected":false},"featured_media":70293712,"template":"","meta":[],"product_brand":[],"product_cat":[],"product_tag":[13774,13232,13234,13231,13233,13775,51803,13777,55971,13250,49019,49020,13469,13470,60675,13253,13254,13255,13256,13257,13471,13472,13260,60676,60677,60678,60679,52626,52627,52628,52629,13293,13786,13787,13294,13295,13296,13297,13485,13486,13482,13481,13483,13484,47556,50037,50038,50039,50040,48244,48245,13492,13493,13494,13495,13496,13497,13301,56317,56318,60410,60411,48778,48779,51340,51341,13818,13819,13826,60680,47561,47562,56212,13328,13827,13828,13329,13330,13331,13332,13843,49046,49047,52962,52963,13877,13879,50043,50044,50045,50046,48364,48365,13865,13864,13866,13858,13859,13860,13861,13862,13863,13867,13869,13870,13871,13872,51343,51344,47408,47409,13878,13880,50047,50048,49048,50055,50056],"class_list":{"0":"post-70296123","1":"product","2":"type-product","3":"status-publish","4":"has-post-thumbnail","6":"product_tag-1960er-jahre","7":"product_tag-20-jahrhundert-nach-chr","8":"product_tag-20-jh-n-chr","9":"product_tag-20-jahrhundert","10":"product_tag-20-jh","11":"product_tag-60er","12":"product_tag-abt_021","13":"product_tag-abzug","14":"product_tag-at_coca-cola","15":"product_tag-aussen","16":"product_tag-aussenreklame","17":"product_tag-aussenwerbung","18":"product_tag-brd","19":"product_tag-bundesrepublik-deutschland","20":"product_tag-cola","21":"product_tag-deutsch","22":"product_tag-deutsche","23":"product_tag-deutschen","24":"product_tag-deutscher","25":"product_tag-deutsches","26":"product_tag-deutschland","27":"product_tag-deutschlands","28":"product_tag-draussen","29":"product_tag-eckkneipe","30":"product_tag-eckkneipen","31":"product_tag-ecklokal","32":"product_tag-ecklokale","33":"product_tag-erfrischungsgetraenk","34":"product_tag-erfrischungsgetraenke","35":"product_tag-erfrischungsgetraenkes","36":"product_tag-erfrischungsgetraenks","37":"product_tag-foto","38":"product_tag-fotoabzug","39":"product_tag-fotoabzuege","40":"product_tag-fotografie","41":"product_tag-fotografien","42":"product_tag-fotografin","43":"product_tag-fotografinnen","44":"product_tag-frankfurt-m","45":"product_tag-frankfurt-main","46":"product_tag-frankfurt-a-main","47":"product_tag-frankfurt-a-m","48":"product_tag-frankfurt-am-main","49":"product_tag-frankfurter","50":"product_tag-fussgaenger","51":"product_tag-gasthaus","52":"product_tag-gasthaeuser","53":"product_tag-gaststaette","54":"product_tag-gaststaetten","55":"product_tag-getraenk","56":"product_tag-getraenke","57":"product_tag-hessen","58":"product_tag-hessisch","59":"product_tag-hessische","60":"product_tag-hessischen","61":"product_tag-hessischer","62":"product_tag-hessisches","63":"product_tag-im-freien","64":"product_tag-kneipe","65":"product_tag-kneipen","66":"product_tag-leuchtreklame","67":"product_tag-leuchtreklamen","68":"product_tag-lokal","69":"product_tag-lokale","70":"product_tag-mahlzeit","71":"product_tag-mahlzeiten","72":"product_tag-mann","73":"product_tag-maenner","74":"product_tag-mannes","75":"product_tag-neonschrift","76":"product_tag-passant","77":"product_tag-passanten","78":"product_tag-pepsi","79":"product_tag-photo","80":"product_tag-photoabzug","81":"product_tag-photoabzuege","82":"product_tag-photographie","83":"product_tag-photographien","84":"product_tag-photographin","85":"product_tag-photographinnen","86":"product_tag-print","87":"product_tag-reclame","88":"product_tag-reklame","89":"product_tag-reklameschild","90":"product_tag-reklameschilder","91":"product_tag-s-w-fotografie","92":"product_tag-s-w-photographie","93":"product_tag-schaenke","94":"product_tag-schaenken","95":"product_tag-schenke","96":"product_tag-schenken","97":"product_tag-schrift","98":"product_tag-schriften","99":"product_tag-schwarzweissphotographie","100":"product_tag-schwarz-weiss-fotografie","101":"product_tag-schwarz-weiss-photographie","102":"product_tag-schwarzweiss","103":"product_tag-schwarzweisse","104":"product_tag-schwarzweissen","105":"product_tag-schwarzweisser","106":"product_tag-schwarzweisses","107":"product_tag-schwarzweissfotografie","108":"product_tag-sechziger","109":"product_tag-silbergelatine","110":"product_tag-silbergelatineabzug","111":"product_tag-silbergelatineabzuege","112":"product_tag-silbergelatineprint","113":"product_tag-speise","114":"product_tag-speisen","115":"product_tag-strassenleben","116":"product_tag-strassenszene","117":"product_tag-sw-fotografie","118":"product_tag-sw-photographie","119":"product_tag-taverne","120":"product_tag-tavernen","121":"product_tag-werbung","122":"product_tag-wirtshaus","123":"product_tag-wirtshaeuser","124":"pa_datierung-1960er-jahre","125":"pa_fotograf-abisag-tuellmann","126":"pa_geografischer_bezug-aufnahmeort-frankfurt-am-main-deutschland","127":"pa_grunddaten_material_technik-foto-silbergelatine-auf-barytpapier","128":"pa_jahr_von-1960er-jahre","129":"pa_massangaben-bildformat-foto-22-x-297-cm","130":"pa_mediennummer-60673","131":"pa_objekt_typ-fotografie","133":"first","134":"instock","135":"product-type-simple"},"yoast_head":"<!-- This site is optimized with the Yoast SEO plugin v27.3 - https:\/\/yoast.com\/product\/yoast-seo-wordpress\/ -->\n<title>Gastst\u00e4tte &quot;Main Espresso&quot; (M\u00fcnchener Stra\u00dfe \/ Ecke Weserstra\u00dfe) - Abisag T\u00fcllmann<\/title>\n<meta name=\"robots\" content=\"index, follow, max-snippet:-1, max-image-preview:large, max-video-preview:-1\" \/>\n<link rel=\"canonical\" href=\"https:\/\/bpk-archive.de\/tuellmann\/produkt\/gaststaette-main-espresso-muenchener-strasse-ecke-weserstrasse\/\" \/>\n<meta property=\"og:locale\" content=\"de_DE\" \/>\n<meta property=\"og:type\" content=\"article\" \/>\n<meta property=\"og:title\" content=\"Gastst\u00e4tte &quot;Main Espresso&quot; (M\u00fcnchener Stra\u00dfe \/ Ecke Weserstra\u00dfe) - Abisag T\u00fcllmann\" \/>\n<meta property=\"og:url\" content=\"https:\/\/bpk-archive.de\/tuellmann\/produkt\/gaststaette-main-espresso-muenchener-strasse-ecke-weserstrasse\/\" \/>\n<meta property=\"og:site_name\" content=\"Abisag T\u00fcllmann\" \/>\n<meta property=\"article:modified_time\" content=\"2019-09-05T13:56:03+00:00\" \/>\n<meta property=\"og:image\" content=\"https:\/\/bpk-archive.de\/tuellmann\/wp-content\/uploads\/2019\/08\/bpk_70371050.jpg\" \/>\n\t<meta property=\"og:image:width\" content=\"1200\" \/>\n\t<meta property=\"og:image:height\" content=\"909\" \/>\n\t<meta property=\"og:image:type\" content=\"image\/jpeg\" \/>\n<meta name=\"twitter:card\" content=\"summary_large_image\" \/>\n<script type=\"application\/ld+json\" class=\"yoast-schema-graph\">{\"@context\":\"https:\\\/\\\/schema.org\",\"@graph\":[{\"@type\":\"WebPage\",\"@id\":\"https:\\\/\\\/bpk-archive.de\\\/tuellmann\\\/produkt\\\/gaststaette-main-espresso-muenchener-strasse-ecke-weserstrasse\\\/\",\"url\":\"https:\\\/\\\/bpk-archive.de\\\/tuellmann\\\/produkt\\\/gaststaette-main-espresso-muenchener-strasse-ecke-weserstrasse\\\/\",\"name\":\"Gastst\u00e4tte \\\"Main Espresso\\\" (M\u00fcnchener Stra\u00dfe \\\/ Ecke Weserstra\u00dfe) - Abisag T\u00fcllmann\",\"isPartOf\":{\"@id\":\"https:\\\/\\\/bpk-archive.de\\\/tuellmann\\\/#website\"},\"primaryImageOfPage\":{\"@id\":\"https:\\\/\\\/bpk-archive.de\\\/tuellmann\\\/produkt\\\/gaststaette-main-espresso-muenchener-strasse-ecke-weserstrasse\\\/#primaryimage\"},\"image\":{\"@id\":\"https:\\\/\\\/bpk-archive.de\\\/tuellmann\\\/produkt\\\/gaststaette-main-espresso-muenchener-strasse-ecke-weserstrasse\\\/#primaryimage\"},\"thumbnailUrl\":\"https:\\\/\\\/bpk-archive.de\\\/tuellmann\\\/wp-content\\\/uploads\\\/2019\\\/08\\\/bpk_70371050.jpg\",\"datePublished\":\"2019-09-05T13:55:58+00:00\",\"dateModified\":\"2019-09-05T13:56:03+00:00\",\"breadcrumb\":{\"@id\":\"https:\\\/\\\/bpk-archive.de\\\/tuellmann\\\/produkt\\\/gaststaette-main-espresso-muenchener-strasse-ecke-weserstrasse\\\/#breadcrumb\"},\"inLanguage\":\"de\",\"potentialAction\":[{\"@type\":\"ReadAction\",\"target\":[\"https:\\\/\\\/bpk-archive.de\\\/tuellmann\\\/produkt\\\/gaststaette-main-espresso-muenchener-strasse-ecke-weserstrasse\\\/\"]}]},{\"@type\":\"ImageObject\",\"inLanguage\":\"de\",\"@id\":\"https:\\\/\\\/bpk-archive.de\\\/tuellmann\\\/produkt\\\/gaststaette-main-espresso-muenchener-strasse-ecke-weserstrasse\\\/#primaryimage\",\"url\":\"https:\\\/\\\/bpk-archive.de\\\/tuellmann\\\/wp-content\\\/uploads\\\/2019\\\/08\\\/bpk_70371050.jpg\",\"contentUrl\":\"https:\\\/\\\/bpk-archive.de\\\/tuellmann\\\/wp-content\\\/uploads\\\/2019\\\/08\\\/bpk_70371050.jpg\",\"width\":1200,\"height\":909,\"caption\":\"Gastst\u00e4tte \\\"Main Espresso\\\" (M\u00fcnchener Stra\u00dfe \\\/ Ecke Weserstra\u00dfe)\"},{\"@type\":\"BreadcrumbList\",\"@id\":\"https:\\\/\\\/bpk-archive.de\\\/tuellmann\\\/produkt\\\/gaststaette-main-espresso-muenchener-strasse-ecke-weserstrasse\\\/#breadcrumb\",\"itemListElement\":[{\"@type\":\"ListItem\",\"position\":1,\"name\":\"Startseite\",\"item\":\"https:\\\/\\\/bpk-archive.de\\\/tuellmann\\\/\"},{\"@type\":\"ListItem\",\"position\":2,\"name\":\"Shop\",\"item\":\"https:\\\/\\\/bpk-archive.de\\\/tuellmann\\\/shop\\\/\"},{\"@type\":\"ListItem\",\"position\":3,\"name\":\"Gastst\u00e4tte &#8220;Main Espresso&#8221; (M\u00fcnchener Stra\u00dfe \\\/ Ecke Weserstra\u00dfe)\"}]},{\"@type\":\"WebSite\",\"@id\":\"https:\\\/\\\/bpk-archive.de\\\/tuellmann\\\/#website\",\"url\":\"https:\\\/\\\/bpk-archive.de\\\/tuellmann\\\/\",\"name\":\"Abisag T\u00fcllmann\",\"description\":\"Eine weitere WordPress-Website\",\"potentialAction\":[{\"@type\":\"SearchAction\",\"target\":{\"@type\":\"EntryPoint\",\"urlTemplate\":\"https:\\\/\\\/bpk-archive.de\\\/tuellmann\\\/?s={search_term_string}\"},\"query-input\":{\"@type\":\"PropertyValueSpecification\",\"valueRequired\":true,\"valueName\":\"search_term_string\"}}],\"inLanguage\":\"de\"}]}<\/script>\n<!-- \/ Yoast SEO plugin. -->","yoast_head_json":{"title":"Gastst\u00e4tte \"Main Espresso\" (M\u00fcnchener Stra\u00dfe \/ Ecke Weserstra\u00dfe) - Abisag T\u00fcllmann","robots":{"index":"index","follow":"follow","max-snippet":"max-snippet:-1","max-image-preview":"max-image-preview:large","max-video-preview":"max-video-preview:-1"},"canonical":"https:\/\/bpk-archive.de\/tuellmann\/produkt\/gaststaette-main-espresso-muenchener-strasse-ecke-weserstrasse\/","og_locale":"de_DE","og_type":"article","og_title":"Gastst\u00e4tte \"Main Espresso\" (M\u00fcnchener Stra\u00dfe \/ Ecke Weserstra\u00dfe) - Abisag T\u00fcllmann","og_url":"https:\/\/bpk-archive.de\/tuellmann\/produkt\/gaststaette-main-espresso-muenchener-strasse-ecke-weserstrasse\/","og_site_name":"Abisag T\u00fcllmann","article_modified_time":"2019-09-05T13:56:03+00:00","og_image":[{"width":1200,"height":909,"url":"https:\/\/bpk-archive.de\/tuellmann\/wp-content\/uploads\/2019\/08\/bpk_70371050.jpg","type":"image\/jpeg"}],"twitter_card":"summary_large_image","schema":{"@context":"https:\/\/schema.org","@graph":[{"@type":"WebPage","@id":"https:\/\/bpk-archive.de\/tuellmann\/produkt\/gaststaette-main-espresso-muenchener-strasse-ecke-weserstrasse\/","url":"https:\/\/bpk-archive.de\/tuellmann\/produkt\/gaststaette-main-espresso-muenchener-strasse-ecke-weserstrasse\/","name":"Gastst\u00e4tte \"Main Espresso\" (M\u00fcnchener Stra\u00dfe \/ Ecke Weserstra\u00dfe) - Abisag T\u00fcllmann","isPartOf":{"@id":"https:\/\/bpk-archive.de\/tuellmann\/#website"},"primaryImageOfPage":{"@id":"https:\/\/bpk-archive.de\/tuellmann\/produkt\/gaststaette-main-espresso-muenchener-strasse-ecke-weserstrasse\/#primaryimage"},"image":{"@id":"https:\/\/bpk-archive.de\/tuellmann\/produkt\/gaststaette-main-espresso-muenchener-strasse-ecke-weserstrasse\/#primaryimage"},"thumbnailUrl":"https:\/\/bpk-archive.de\/tuellmann\/wp-content\/uploads\/2019\/08\/bpk_70371050.jpg","datePublished":"2019-09-05T13:55:58+00:00","dateModified":"2019-09-05T13:56:03+00:00","breadcrumb":{"@id":"https:\/\/bpk-archive.de\/tuellmann\/produkt\/gaststaette-main-espresso-muenchener-strasse-ecke-weserstrasse\/#breadcrumb"},"inLanguage":"de","potentialAction":[{"@type":"ReadAction","target":["https:\/\/bpk-archive.de\/tuellmann\/produkt\/gaststaette-main-espresso-muenchener-strasse-ecke-weserstrasse\/"]}]},{"@type":"ImageObject","inLanguage":"de","@id":"https:\/\/bpk-archive.de\/tuellmann\/produkt\/gaststaette-main-espresso-muenchener-strasse-ecke-weserstrasse\/#primaryimage","url":"https:\/\/bpk-archive.de\/tuellmann\/wp-content\/uploads\/2019\/08\/bpk_70371050.jpg","contentUrl":"https:\/\/bpk-archive.de\/tuellmann\/wp-content\/uploads\/2019\/08\/bpk_70371050.jpg","width":1200,"height":909,"caption":"Gastst\u00e4tte \"Main Espresso\" (M\u00fcnchener Stra\u00dfe \/ Ecke Weserstra\u00dfe)"},{"@type":"BreadcrumbList","@id":"https:\/\/bpk-archive.de\/tuellmann\/produkt\/gaststaette-main-espresso-muenchener-strasse-ecke-weserstrasse\/#breadcrumb","itemListElement":[{"@type":"ListItem","position":1,"name":"Startseite","item":"https:\/\/bpk-archive.de\/tuellmann\/"},{"@type":"ListItem","position":2,"name":"Shop","item":"https:\/\/bpk-archive.de\/tuellmann\/shop\/"},{"@type":"ListItem","position":3,"name":"Gastst\u00e4tte &#8220;Main Espresso&#8221; (M\u00fcnchener Stra\u00dfe \/ Ecke Weserstra\u00dfe)"}]},{"@type":"WebSite","@id":"https:\/\/bpk-archive.de\/tuellmann\/#website","url":"https:\/\/bpk-archive.de\/tuellmann\/","name":"Abisag T\u00fcllmann","description":"Eine weitere WordPress-Website","potentialAction":[{"@type":"SearchAction","target":{"@type":"EntryPoint","urlTemplate":"https:\/\/bpk-archive.de\/tuellmann\/?s={search_term_string}"},"query-input":{"@type":"PropertyValueSpecification","valueRequired":true,"valueName":"search_term_string"}}],"inLanguage":"de"}]}},"_links":{"self":[{"href":"https:\/\/bpk-archive.de\/tuellmann\/wp-json\/wp\/v2\/product\/70296123","targetHints":{"allow":["GET"]}}],"collection":[{"href":"https:\/\/bpk-archive.de\/tuellmann\/wp-json\/wp\/v2\/product"}],"about":[{"href":"https:\/\/bpk-archive.de\/tuellmann\/wp-json\/wp\/v2\/types\/product"}],"wp:featuredmedia":[{"embeddable":true,"href":"https:\/\/bpk-archive.de\/tuellmann\/wp-json\/wp\/v2\/media\/70293712"}],"wp:attachment":[{"href":"https:\/\/bpk-archive.de\/tuellmann\/wp-json\/wp\/v2\/media?parent=70296123"}],"wp:term":[{"taxonomy":"product_brand","embeddable":true,"href":"https:\/\/bpk-archive.de\/tuellmann\/wp-json\/wp\/v2\/product_brand?post=70296123"},{"taxonomy":"product_cat","embeddable":true,"href":"https:\/\/bpk-archive.de\/tuellmann\/wp-json\/wp\/v2\/product_cat?post=70296123"},{"taxonomy":"product_tag","embeddable":true,"href":"https:\/\/bpk-archive.de\/tuellmann\/wp-json\/wp\/v2\/product_tag?post=70296123"}],"curies":[{"name":"wp","href":"https:\/\/api.w.org\/{rel}","templated":true}]}}