{"id":70296081,"date":"2019-09-05T15:55:24","date_gmt":"2019-09-05T13:55:24","guid":{"rendered":"http:\/\/abisagtuellmann.bpk-news.de\/atbild\/tuer-mit-saeulenfiguren-in-venedig\/"},"modified":"2020-08-11T16:28:10","modified_gmt":"2020-08-11T14:28:10","slug":"tuer-mit-saeulenfiguren-in-venedig","status":"publish","type":"product","link":"https:\/\/bpk-archive.de\/tuellmann\/produkt\/tuer-mit-saeulenfiguren-in-venedig\/","title":{"rendered":"T\u00fcr mit S\u00e4ulenfiguren in Venedig"},"content":{"rendered":"<p>R\u00fcckseitenbeschriftung von Hand der Fotografin: &#8222;Venedig&#8220;<\/p>\n","protected":false},"excerpt":{"rendered":"<p>R\u00fcckseitenbeschriftung von Hand der Fotografin: &#8222;Venedig&#8220;<\/p>\n","protected":false},"featured_media":70293741,"template":"","meta":[],"product_brand":[],"product_cat":[73380],"product_tag":[13774,13232,13234,13231,13233,13775,51803,13777,59907,60271,60272,13250,60273,60274,50839,50840,56864,13253,13254,13255,13256,13257,13260,51757,60275,60276,60277,60278,60279,48698,52303,52304,51197,13293,13786,13787,13294,13295,13296,13297,48621,48622,48623,49477,49478,47556,47378,47379,47380,47381,47382,51759,13301,51508,51509,51510,51511,51512,51513,51514,51515,51516,51518,51519,51520,51521,51522,51523,51524,51597,51599,51600,51602,14007,14008,14009,47561,47562,13328,13827,13828,13329,13330,13331,13332,52789,52790,52791,13843,13877,13879,60280,60281,13865,13864,13866,13858,13859,13860,13861,13862,13863,13867,50351,60282,13869,13870,13871,13872,56890,56891,60283,60284,47408,47409,51537,51538,51539,51540,51541,51542,51543,51544,13878,13880,49348,49349,49350,49351,49491,50322,50323,49492,49447,49448,50324,50325,51213,51214,55983,55984,55985,55986,55987,55988,55989,55990,55991,55992,55993],"class_list":{"0":"post-70296081","1":"product","2":"type-product","3":"status-publish","4":"has-post-thumbnail","6":"product_cat-italien","7":"product_tag-1960er-jahre","8":"product_tag-20-jahrhundert-nach-chr","9":"product_tag-20-jh-n-chr","10":"product_tag-20-jahrhundert","11":"product_tag-20-jh","12":"product_tag-60er","13":"product_tag-abt_021","14":"product_tag-abzug","15":"product_tag-at_italien","16":"product_tag-atlant","17":"product_tag-atlanten","18":"product_tag-aussen","19":"product_tag-bauplastik","20":"product_tag-bauskulptur","21":"product_tag-besichtigung","22":"product_tag-besichtigungen","23":"product_tag-bildhauerei","24":"product_tag-deutsch","25":"product_tag-deutsche","26":"product_tag-deutschen","27":"product_tag-deutscher","28":"product_tag-deutsches","29":"product_tag-draussen","30":"product_tag-eilen","31":"product_tag-eilig","32":"product_tag-eilige","33":"product_tag-eiligen","34":"product_tag-eiliger","35":"product_tag-eiliges","36":"product_tag-eingang","37":"product_tag-eingangstor","38":"product_tag-eingangstore","39":"product_tag-ferien","40":"product_tag-foto","41":"product_tag-fotoabzug","42":"product_tag-fotoabzuege","43":"product_tag-fotografie","44":"product_tag-fotografien","45":"product_tag-fotografin","46":"product_tag-fotografinnen","47":"product_tag-freizeit","48":"product_tag-freizeitbeschaeftigung","49":"product_tag-freizeitgestaltung","50":"product_tag-fremdenverkehr","51":"product_tag-fremdenverkehrs","52":"product_tag-fussgaenger","53":"product_tag-gehen","54":"product_tag-gehend","55":"product_tag-gehende","56":"product_tag-gehender","57":"product_tag-gehendes","58":"product_tag-hasten","59":"product_tag-im-freien","60":"product_tag-italien","61":"product_tag-italiener","62":"product_tag-italienern","63":"product_tag-italienisch","64":"product_tag-italienische","65":"product_tag-italienischen","66":"product_tag-italienischer","67":"product_tag-italienisches","68":"product_tag-italiens","69":"product_tag-mediterran","70":"product_tag-mediterrane","71":"product_tag-mediterranen","72":"product_tag-mediterraner","73":"product_tag-mediterranes","74":"product_tag-mittelmeerland","75":"product_tag-mittelmeerlaender","76":"product_tag-norditalien","77":"product_tag-norditalienisch","78":"product_tag-oberitalien","79":"product_tag-oberitalienisch","80":"product_tag-paar","81":"product_tag-paare","82":"product_tag-paerchen","83":"product_tag-passant","84":"product_tag-passanten","85":"product_tag-photo","86":"product_tag-photoabzug","87":"product_tag-photoabzuege","88":"product_tag-photographie","89":"product_tag-photographien","90":"product_tag-photographin","91":"product_tag-photographinnen","92":"product_tag-portal","93":"product_tag-portale","94":"product_tag-portalen","95":"product_tag-print","96":"product_tag-s-w-fotografie","97":"product_tag-s-w-photographie","98":"product_tag-sandale","99":"product_tag-sandalen","100":"product_tag-schwarzweissphotographie","101":"product_tag-schwarz-weiss-fotografie","102":"product_tag-schwarz-weiss-photographie","103":"product_tag-schwarzweiss","104":"product_tag-schwarzweisse","105":"product_tag-schwarzweissen","106":"product_tag-schwarzweisser","107":"product_tag-schwarzweisses","108":"product_tag-schwarzweissfotografie","109":"product_tag-sechziger","110":"product_tag-shorts","111":"product_tag-sightseeing","112":"product_tag-silbergelatine","113":"product_tag-silbergelatineabzug","114":"product_tag-silbergelatineabzuege","115":"product_tag-silbergelatineprint","116":"product_tag-skulptur","117":"product_tag-skulpturen","118":"product_tag-socke","119":"product_tag-socken","120":"product_tag-strassenleben","121":"product_tag-strassenszene","122":"product_tag-suedeuropa","123":"product_tag-suedeuropaeer","124":"product_tag-suedeuropaeisch","125":"product_tag-suedeuropaeische","126":"product_tag-suedeuropaeischem","127":"product_tag-suedeuropaeischen","128":"product_tag-suedeuropaeischer","129":"product_tag-suedeuropaeisches","130":"product_tag-sw-fotografie","131":"product_tag-sw-photographie","132":"product_tag-tor","133":"product_tag-tore","134":"product_tag-tores","135":"product_tag-tors","136":"product_tag-tourismus","137":"product_tag-tourist","138":"product_tag-touristen","139":"product_tag-touristik","140":"product_tag-tuer","141":"product_tag-tueren","142":"product_tag-turist","143":"product_tag-turisten","144":"product_tag-urlaub","145":"product_tag-urlaubs","146":"product_tag-venedig","147":"product_tag-venedigs","148":"product_tag-venezianer","149":"product_tag-venezianern","150":"product_tag-venezianers","151":"product_tag-venezianisch","152":"product_tag-venezianische","153":"product_tag-venezianischem","154":"product_tag-venezianischen","155":"product_tag-venezianischer","156":"product_tag-venezianisches","157":"pa_datierung-1960er-jahre","158":"pa_fotograf-abisag-tuellmann","159":"pa_geografischer_bezug-aufnahmeort-venedig-italien","160":"pa_grunddaten_material_technik-foto-silbergelatine-auf-barytpapier","161":"pa_jahr_von-1960er-jahre","162":"pa_massangaben-bildformat-foto-232-x-296-cm","163":"pa_mediennummer-60270","164":"pa_objekt_typ-fotografie","166":"first","167":"instock","168":"product-type-simple"},"yoast_head":"<!-- This site is optimized with the Yoast SEO plugin v27.4 - https:\/\/yoast.com\/product\/yoast-seo-wordpress\/ -->\n<title>T\u00fcr mit S\u00e4ulenfiguren in Venedig - Abisag T\u00fcllmann<\/title>\n<meta name=\"robots\" content=\"index, follow, max-snippet:-1, max-image-preview:large, max-video-preview:-1\" \/>\n<link rel=\"canonical\" href=\"https:\/\/bpk-archive.de\/tuellmann\/produkt\/tuer-mit-saeulenfiguren-in-venedig\/\" \/>\n<meta property=\"og:locale\" content=\"de_DE\" \/>\n<meta property=\"og:type\" content=\"article\" \/>\n<meta property=\"og:title\" content=\"T\u00fcr mit S\u00e4ulenfiguren in Venedig - Abisag T\u00fcllmann\" \/>\n<meta property=\"og:description\" content=\"R\u00fcckseitenbeschriftung von Hand der Fotografin: &#8222;Venedig&#8220;\" \/>\n<meta property=\"og:url\" content=\"https:\/\/bpk-archive.de\/tuellmann\/produkt\/tuer-mit-saeulenfiguren-in-venedig\/\" \/>\n<meta property=\"og:site_name\" content=\"Abisag T\u00fcllmann\" \/>\n<meta property=\"article:modified_time\" content=\"2020-08-11T14:28:10+00:00\" \/>\n<meta property=\"og:image\" content=\"https:\/\/bpk-archive.de\/tuellmann\/wp-content\/uploads\/2019\/08\/bpk_70371064.jpg\" \/>\n\t<meta property=\"og:image:width\" content=\"1200\" \/>\n\t<meta property=\"og:image:height\" content=\"957\" \/>\n\t<meta property=\"og:image:type\" content=\"image\/jpeg\" \/>\n<meta name=\"twitter:card\" content=\"summary_large_image\" \/>\n<script type=\"application\/ld+json\" class=\"yoast-schema-graph\">{\"@context\":\"https:\\\/\\\/schema.org\",\"@graph\":[{\"@type\":\"WebPage\",\"@id\":\"https:\\\/\\\/bpk-archive.de\\\/tuellmann\\\/produkt\\\/tuer-mit-saeulenfiguren-in-venedig\\\/\",\"url\":\"https:\\\/\\\/bpk-archive.de\\\/tuellmann\\\/produkt\\\/tuer-mit-saeulenfiguren-in-venedig\\\/\",\"name\":\"T\u00fcr mit S\u00e4ulenfiguren in Venedig - Abisag T\u00fcllmann\",\"isPartOf\":{\"@id\":\"https:\\\/\\\/bpk-archive.de\\\/tuellmann\\\/#website\"},\"primaryImageOfPage\":{\"@id\":\"https:\\\/\\\/bpk-archive.de\\\/tuellmann\\\/produkt\\\/tuer-mit-saeulenfiguren-in-venedig\\\/#primaryimage\"},\"image\":{\"@id\":\"https:\\\/\\\/bpk-archive.de\\\/tuellmann\\\/produkt\\\/tuer-mit-saeulenfiguren-in-venedig\\\/#primaryimage\"},\"thumbnailUrl\":\"https:\\\/\\\/bpk-archive.de\\\/tuellmann\\\/wp-content\\\/uploads\\\/2019\\\/08\\\/bpk_70371064.jpg\",\"datePublished\":\"2019-09-05T13:55:24+00:00\",\"dateModified\":\"2020-08-11T14:28:10+00:00\",\"breadcrumb\":{\"@id\":\"https:\\\/\\\/bpk-archive.de\\\/tuellmann\\\/produkt\\\/tuer-mit-saeulenfiguren-in-venedig\\\/#breadcrumb\"},\"inLanguage\":\"de\",\"potentialAction\":[{\"@type\":\"ReadAction\",\"target\":[\"https:\\\/\\\/bpk-archive.de\\\/tuellmann\\\/produkt\\\/tuer-mit-saeulenfiguren-in-venedig\\\/\"]}]},{\"@type\":\"ImageObject\",\"inLanguage\":\"de\",\"@id\":\"https:\\\/\\\/bpk-archive.de\\\/tuellmann\\\/produkt\\\/tuer-mit-saeulenfiguren-in-venedig\\\/#primaryimage\",\"url\":\"https:\\\/\\\/bpk-archive.de\\\/tuellmann\\\/wp-content\\\/uploads\\\/2019\\\/08\\\/bpk_70371064.jpg\",\"contentUrl\":\"https:\\\/\\\/bpk-archive.de\\\/tuellmann\\\/wp-content\\\/uploads\\\/2019\\\/08\\\/bpk_70371064.jpg\",\"width\":1200,\"height\":957,\"caption\":\"T\u00fcr mit S\u00e4ulenfiguren in Venedig\"},{\"@type\":\"BreadcrumbList\",\"@id\":\"https:\\\/\\\/bpk-archive.de\\\/tuellmann\\\/produkt\\\/tuer-mit-saeulenfiguren-in-venedig\\\/#breadcrumb\",\"itemListElement\":[{\"@type\":\"ListItem\",\"position\":1,\"name\":\"Startseite\",\"item\":\"https:\\\/\\\/bpk-archive.de\\\/tuellmann\\\/\"},{\"@type\":\"ListItem\",\"position\":2,\"name\":\"Shop\",\"item\":\"https:\\\/\\\/bpk-archive.de\\\/tuellmann\\\/shop\\\/\"},{\"@type\":\"ListItem\",\"position\":3,\"name\":\"T\u00fcr mit S\u00e4ulenfiguren in Venedig\"}]},{\"@type\":\"WebSite\",\"@id\":\"https:\\\/\\\/bpk-archive.de\\\/tuellmann\\\/#website\",\"url\":\"https:\\\/\\\/bpk-archive.de\\\/tuellmann\\\/\",\"name\":\"Abisag T\u00fcllmann\",\"description\":\"Eine weitere WordPress-Website\",\"potentialAction\":[{\"@type\":\"SearchAction\",\"target\":{\"@type\":\"EntryPoint\",\"urlTemplate\":\"https:\\\/\\\/bpk-archive.de\\\/tuellmann\\\/?s={search_term_string}\"},\"query-input\":{\"@type\":\"PropertyValueSpecification\",\"valueRequired\":true,\"valueName\":\"search_term_string\"}}],\"inLanguage\":\"de\"}]}<\/script>\n<!-- \/ Yoast SEO plugin. -->","yoast_head_json":{"title":"T\u00fcr mit S\u00e4ulenfiguren in Venedig - Abisag T\u00fcllmann","robots":{"index":"index","follow":"follow","max-snippet":"max-snippet:-1","max-image-preview":"max-image-preview:large","max-video-preview":"max-video-preview:-1"},"canonical":"https:\/\/bpk-archive.de\/tuellmann\/produkt\/tuer-mit-saeulenfiguren-in-venedig\/","og_locale":"de_DE","og_type":"article","og_title":"T\u00fcr mit S\u00e4ulenfiguren in Venedig - Abisag T\u00fcllmann","og_description":"R\u00fcckseitenbeschriftung von Hand der Fotografin: &#8222;Venedig&#8220;","og_url":"https:\/\/bpk-archive.de\/tuellmann\/produkt\/tuer-mit-saeulenfiguren-in-venedig\/","og_site_name":"Abisag T\u00fcllmann","article_modified_time":"2020-08-11T14:28:10+00:00","og_image":[{"width":1200,"height":957,"url":"https:\/\/bpk-archive.de\/tuellmann\/wp-content\/uploads\/2019\/08\/bpk_70371064.jpg","type":"image\/jpeg"}],"twitter_card":"summary_large_image","schema":{"@context":"https:\/\/schema.org","@graph":[{"@type":"WebPage","@id":"https:\/\/bpk-archive.de\/tuellmann\/produkt\/tuer-mit-saeulenfiguren-in-venedig\/","url":"https:\/\/bpk-archive.de\/tuellmann\/produkt\/tuer-mit-saeulenfiguren-in-venedig\/","name":"T\u00fcr mit S\u00e4ulenfiguren in Venedig - Abisag T\u00fcllmann","isPartOf":{"@id":"https:\/\/bpk-archive.de\/tuellmann\/#website"},"primaryImageOfPage":{"@id":"https:\/\/bpk-archive.de\/tuellmann\/produkt\/tuer-mit-saeulenfiguren-in-venedig\/#primaryimage"},"image":{"@id":"https:\/\/bpk-archive.de\/tuellmann\/produkt\/tuer-mit-saeulenfiguren-in-venedig\/#primaryimage"},"thumbnailUrl":"https:\/\/bpk-archive.de\/tuellmann\/wp-content\/uploads\/2019\/08\/bpk_70371064.jpg","datePublished":"2019-09-05T13:55:24+00:00","dateModified":"2020-08-11T14:28:10+00:00","breadcrumb":{"@id":"https:\/\/bpk-archive.de\/tuellmann\/produkt\/tuer-mit-saeulenfiguren-in-venedig\/#breadcrumb"},"inLanguage":"de","potentialAction":[{"@type":"ReadAction","target":["https:\/\/bpk-archive.de\/tuellmann\/produkt\/tuer-mit-saeulenfiguren-in-venedig\/"]}]},{"@type":"ImageObject","inLanguage":"de","@id":"https:\/\/bpk-archive.de\/tuellmann\/produkt\/tuer-mit-saeulenfiguren-in-venedig\/#primaryimage","url":"https:\/\/bpk-archive.de\/tuellmann\/wp-content\/uploads\/2019\/08\/bpk_70371064.jpg","contentUrl":"https:\/\/bpk-archive.de\/tuellmann\/wp-content\/uploads\/2019\/08\/bpk_70371064.jpg","width":1200,"height":957,"caption":"T\u00fcr mit S\u00e4ulenfiguren in Venedig"},{"@type":"BreadcrumbList","@id":"https:\/\/bpk-archive.de\/tuellmann\/produkt\/tuer-mit-saeulenfiguren-in-venedig\/#breadcrumb","itemListElement":[{"@type":"ListItem","position":1,"name":"Startseite","item":"https:\/\/bpk-archive.de\/tuellmann\/"},{"@type":"ListItem","position":2,"name":"Shop","item":"https:\/\/bpk-archive.de\/tuellmann\/shop\/"},{"@type":"ListItem","position":3,"name":"T\u00fcr mit S\u00e4ulenfiguren in Venedig"}]},{"@type":"WebSite","@id":"https:\/\/bpk-archive.de\/tuellmann\/#website","url":"https:\/\/bpk-archive.de\/tuellmann\/","name":"Abisag T\u00fcllmann","description":"Eine weitere WordPress-Website","potentialAction":[{"@type":"SearchAction","target":{"@type":"EntryPoint","urlTemplate":"https:\/\/bpk-archive.de\/tuellmann\/?s={search_term_string}"},"query-input":{"@type":"PropertyValueSpecification","valueRequired":true,"valueName":"search_term_string"}}],"inLanguage":"de"}]}},"_links":{"self":[{"href":"https:\/\/bpk-archive.de\/tuellmann\/wp-json\/wp\/v2\/product\/70296081","targetHints":{"allow":["GET"]}}],"collection":[{"href":"https:\/\/bpk-archive.de\/tuellmann\/wp-json\/wp\/v2\/product"}],"about":[{"href":"https:\/\/bpk-archive.de\/tuellmann\/wp-json\/wp\/v2\/types\/product"}],"wp:featuredmedia":[{"embeddable":true,"href":"https:\/\/bpk-archive.de\/tuellmann\/wp-json\/wp\/v2\/media\/70293741"}],"wp:attachment":[{"href":"https:\/\/bpk-archive.de\/tuellmann\/wp-json\/wp\/v2\/media?parent=70296081"}],"wp:term":[{"taxonomy":"product_brand","embeddable":true,"href":"https:\/\/bpk-archive.de\/tuellmann\/wp-json\/wp\/v2\/product_brand?post=70296081"},{"taxonomy":"product_cat","embeddable":true,"href":"https:\/\/bpk-archive.de\/tuellmann\/wp-json\/wp\/v2\/product_cat?post=70296081"},{"taxonomy":"product_tag","embeddable":true,"href":"https:\/\/bpk-archive.de\/tuellmann\/wp-json\/wp\/v2\/product_tag?post=70296081"}],"curies":[{"name":"wp","href":"https:\/\/api.w.org\/{rel}","templated":true}]}}