{"id":70295837,"date":"2019-09-05T15:22:36","date_gmt":"2019-09-05T13:22:36","guid":{"rendered":"http:\/\/abisagtuellmann.bpk-news.de\/atbild\/porticus-installationen-von-jonathan-borofsky-kuenstler-in-2-reihe-mit-videokamera-und-im-gespraech-mit-besuchern-2\/"},"modified":"2019-09-05T15:22:38","modified_gmt":"2019-09-05T13:22:38","slug":"porticus-installationen-von-jonathan-borofsky-kuenstler-in-2-reihe-mit-videokamera-und-im-gespraech-mit-besuchern-2","status":"publish","type":"product","link":"https:\/\/bpk-archive.de\/tuellmann\/produkt\/porticus-installationen-von-jonathan-borofsky-kuenstler-in-2-reihe-mit-videokamera-und-im-gespraech-mit-besuchern-2\/","title":{"rendered":"Porticus: Installationen von Jonathan Borofsky (K\u00fcnstler in 2.Reihe mit Videokamera und im Gespr\u00e4ch mit Besuchern)"},"content":{"rendered":"","protected":false},"excerpt":{"rendered":"","protected":false},"featured_media":70294222,"template":"","meta":[],"product_brand":[],"product_cat":[],"product_tag":[14308,13232,13234,13231,13233,14309,50837,50838,13458,13459,58058,58059,48966,56566,56567,48967,13469,13470,13253,13254,13255,13256,13257,13471,13472,13258,13259,13473,13262,13263,13264,13265,13266,13267,13272,13273,13293,13294,13295,13296,13297,13485,13486,13482,13481,13483,13484,13487,13488,58060,13979,13980,13981,47579,47580,47581,47582,54948,54949,13492,13493,13494,13495,13496,13497,13498,47589,47590,58061,13499,13500,58062,58063,58064,58065,58080,58081,58082,58066,13818,13819,13826,14328,13328,13329,13330,13331,13332,14243,14244,14245,14246,14247,14248,14249,48117,48118,53268,53269,58067,58068,13525],"class_list":{"0":"post-70295837","1":"product","2":"type-product","3":"status-publish","4":"has-post-thumbnail","6":"product_tag-1990er-jahre","7":"product_tag-20-jahrhundert-nach-chr","8":"product_tag-20-jh-n-chr","9":"product_tag-20-jahrhundert","10":"product_tag-20-jh","11":"product_tag-90er","12":"product_tag-ausstellung","13":"product_tag-ausstellungen","14":"product_tag-ausstellungsbesuch","15":"product_tag-ausstellungsbesucher","16":"product_tag-ausstellungseroeffnung","17":"product_tag-ausstellungseroeffnungen","18":"product_tag-besucher","19":"product_tag-besuchergruppe","20":"product_tag-besuchergruppen","21":"product_tag-besuchern","22":"product_tag-brd","23":"product_tag-bundesrepublik-deutschland","24":"product_tag-deutsch","25":"product_tag-deutsche","26":"product_tag-deutschen","27":"product_tag-deutscher","28":"product_tag-deutsches","29":"product_tag-deutschland","30":"product_tag-deutschlands","31":"product_tag-dia","32":"product_tag-diapositiv","33":"product_tag-drinnen","34":"product_tag-farbdia","35":"product_tag-farbdiapositiv","36":"product_tag-farbe","37":"product_tag-farben","38":"product_tag-farbfoto","39":"product_tag-farbfotografie","40":"product_tag-farbphoto","41":"product_tag-farbphotographie","42":"product_tag-foto","43":"product_tag-fotografie","44":"product_tag-fotografien","45":"product_tag-fotografin","46":"product_tag-fotografinnen","47":"product_tag-frankfurt-m","48":"product_tag-frankfurt-main","49":"product_tag-frankfurt-a-main","50":"product_tag-frankfurt-a-m","51":"product_tag-frankfurt-am-main","52":"product_tag-frankfurter","53":"product_tag-frau","54":"product_tag-frauen","55":"product_tag-galerie","56":"product_tag-gast","57":"product_tag-gaeste","58":"product_tag-gaesten","59":"product_tag-gespraech","60":"product_tag-gespraeche","61":"product_tag-gespraeches","62":"product_tag-gespraechs","63":"product_tag-gruppe","64":"product_tag-gruppen","65":"product_tag-hessen","66":"product_tag-hessisch","67":"product_tag-hessische","68":"product_tag-hessischen","69":"product_tag-hessischer","70":"product_tag-hessisches","71":"product_tag-innen","72":"product_tag-konversation","73":"product_tag-konversationen","74":"product_tag-kulturleben","75":"product_tag-kunstausstellung","76":"product_tag-kunstausstellungen","77":"product_tag-kunstbegeistert","78":"product_tag-kunstbegeisterte","79":"product_tag-kunstgalerie","80":"product_tag-kunstgalerien","81":"product_tag-kuenstler","82":"product_tag-kuenstlern","83":"product_tag-kuenstlers","84":"product_tag-kunstszene","85":"product_tag-mann","86":"product_tag-maenner","87":"product_tag-mannes","88":"product_tag-neunziger","89":"product_tag-photo","90":"product_tag-photographie","91":"product_tag-photographien","92":"product_tag-photographin","93":"product_tag-photographinnen","94":"product_tag-sitzen","95":"product_tag-sitzend","96":"product_tag-sitzende","97":"product_tag-sitzenden","98":"product_tag-sitzender","99":"product_tag-sitzendes","100":"product_tag-sitzt","101":"product_tag-treppe","102":"product_tag-treppen","103":"product_tag-treppenstufe","104":"product_tag-treppenstufen","105":"product_tag-vernissage","106":"product_tag-vernissagen","107":"product_tag-von-innen","108":"pa_datierung-25870","109":"pa_fotograf-abisag-tuellmann","110":"pa_geografischer_bezug-aufnahmeort-frankfurt-am-main-deutschland","111":"pa_grunddaten_material_technik-foto-farbdia","112":"pa_interne_nummer-at_d_910001_23","113":"pa_inventarnummer-tue_f91-00-01-23","114":"pa_jahr_bis-58057","115":"pa_mediennummer-58077","116":"pa_objekt_typ-fotografie","118":"first","119":"instock","120":"product-type-simple"},"yoast_head":"<!-- This site is optimized with the Yoast SEO plugin v27.4 - https:\/\/yoast.com\/product\/yoast-seo-wordpress\/ -->\n<title>Porticus: Installationen von Jonathan Borofsky (K\u00fcnstler in 2.Reihe mit Videokamera und im Gespr\u00e4ch mit Besuchern) - Abisag T\u00fcllmann<\/title>\n<meta name=\"robots\" content=\"index, follow, max-snippet:-1, max-image-preview:large, max-video-preview:-1\" \/>\n<link rel=\"canonical\" href=\"https:\/\/bpk-archive.de\/tuellmann\/produkt\/porticus-installationen-von-jonathan-borofsky-kuenstler-in-2-reihe-mit-videokamera-und-im-gespraech-mit-besuchern-2\/\" \/>\n<meta property=\"og:locale\" content=\"de_DE\" \/>\n<meta property=\"og:type\" content=\"article\" \/>\n<meta property=\"og:title\" content=\"Porticus: Installationen von Jonathan Borofsky (K\u00fcnstler in 2.Reihe mit Videokamera und im Gespr\u00e4ch mit Besuchern) - Abisag T\u00fcllmann\" \/>\n<meta property=\"og:url\" content=\"https:\/\/bpk-archive.de\/tuellmann\/produkt\/porticus-installationen-von-jonathan-borofsky-kuenstler-in-2-reihe-mit-videokamera-und-im-gespraech-mit-besuchern-2\/\" \/>\n<meta property=\"og:site_name\" content=\"Abisag T\u00fcllmann\" \/>\n<meta property=\"article:modified_time\" content=\"2019-09-05T13:22:38+00:00\" \/>\n<meta property=\"og:image\" content=\"https:\/\/bpk-archive.de\/tuellmann\/wp-content\/uploads\/2019\/08\/bpk_70371649.jpg\" \/>\n\t<meta property=\"og:image:width\" content=\"1200\" \/>\n\t<meta property=\"og:image:height\" content=\"800\" \/>\n\t<meta property=\"og:image:type\" content=\"image\/jpeg\" \/>\n<meta name=\"twitter:card\" content=\"summary_large_image\" \/>\n<script type=\"application\/ld+json\" class=\"yoast-schema-graph\">{\"@context\":\"https:\\\/\\\/schema.org\",\"@graph\":[{\"@type\":\"WebPage\",\"@id\":\"https:\\\/\\\/bpk-archive.de\\\/tuellmann\\\/produkt\\\/porticus-installationen-von-jonathan-borofsky-kuenstler-in-2-reihe-mit-videokamera-und-im-gespraech-mit-besuchern-2\\\/\",\"url\":\"https:\\\/\\\/bpk-archive.de\\\/tuellmann\\\/produkt\\\/porticus-installationen-von-jonathan-borofsky-kuenstler-in-2-reihe-mit-videokamera-und-im-gespraech-mit-besuchern-2\\\/\",\"name\":\"Porticus: Installationen von Jonathan Borofsky (K\u00fcnstler in 2.Reihe mit Videokamera und im Gespr\u00e4ch mit Besuchern) - Abisag T\u00fcllmann\",\"isPartOf\":{\"@id\":\"https:\\\/\\\/bpk-archive.de\\\/tuellmann\\\/#website\"},\"primaryImageOfPage\":{\"@id\":\"https:\\\/\\\/bpk-archive.de\\\/tuellmann\\\/produkt\\\/porticus-installationen-von-jonathan-borofsky-kuenstler-in-2-reihe-mit-videokamera-und-im-gespraech-mit-besuchern-2\\\/#primaryimage\"},\"image\":{\"@id\":\"https:\\\/\\\/bpk-archive.de\\\/tuellmann\\\/produkt\\\/porticus-installationen-von-jonathan-borofsky-kuenstler-in-2-reihe-mit-videokamera-und-im-gespraech-mit-besuchern-2\\\/#primaryimage\"},\"thumbnailUrl\":\"https:\\\/\\\/bpk-archive.de\\\/tuellmann\\\/wp-content\\\/uploads\\\/2019\\\/08\\\/bpk_70371649.jpg\",\"datePublished\":\"2019-09-05T13:22:36+00:00\",\"dateModified\":\"2019-09-05T13:22:38+00:00\",\"breadcrumb\":{\"@id\":\"https:\\\/\\\/bpk-archive.de\\\/tuellmann\\\/produkt\\\/porticus-installationen-von-jonathan-borofsky-kuenstler-in-2-reihe-mit-videokamera-und-im-gespraech-mit-besuchern-2\\\/#breadcrumb\"},\"inLanguage\":\"de\",\"potentialAction\":[{\"@type\":\"ReadAction\",\"target\":[\"https:\\\/\\\/bpk-archive.de\\\/tuellmann\\\/produkt\\\/porticus-installationen-von-jonathan-borofsky-kuenstler-in-2-reihe-mit-videokamera-und-im-gespraech-mit-besuchern-2\\\/\"]}]},{\"@type\":\"ImageObject\",\"inLanguage\":\"de\",\"@id\":\"https:\\\/\\\/bpk-archive.de\\\/tuellmann\\\/produkt\\\/porticus-installationen-von-jonathan-borofsky-kuenstler-in-2-reihe-mit-videokamera-und-im-gespraech-mit-besuchern-2\\\/#primaryimage\",\"url\":\"https:\\\/\\\/bpk-archive.de\\\/tuellmann\\\/wp-content\\\/uploads\\\/2019\\\/08\\\/bpk_70371649.jpg\",\"contentUrl\":\"https:\\\/\\\/bpk-archive.de\\\/tuellmann\\\/wp-content\\\/uploads\\\/2019\\\/08\\\/bpk_70371649.jpg\",\"width\":1200,\"height\":800,\"caption\":\"Porticus: Installationen von Jonathan Borofsky (K\u00fcnstler in 2.Reihe mit Videokamera und im Gespr\u00e4ch mit Besuchern)\"},{\"@type\":\"BreadcrumbList\",\"@id\":\"https:\\\/\\\/bpk-archive.de\\\/tuellmann\\\/produkt\\\/porticus-installationen-von-jonathan-borofsky-kuenstler-in-2-reihe-mit-videokamera-und-im-gespraech-mit-besuchern-2\\\/#breadcrumb\",\"itemListElement\":[{\"@type\":\"ListItem\",\"position\":1,\"name\":\"Startseite\",\"item\":\"https:\\\/\\\/bpk-archive.de\\\/tuellmann\\\/\"},{\"@type\":\"ListItem\",\"position\":2,\"name\":\"Shop\",\"item\":\"https:\\\/\\\/bpk-archive.de\\\/tuellmann\\\/shop\\\/\"},{\"@type\":\"ListItem\",\"position\":3,\"name\":\"Porticus: Installationen von Jonathan Borofsky (K\u00fcnstler in 2.Reihe mit Videokamera und im Gespr\u00e4ch mit Besuchern)\"}]},{\"@type\":\"WebSite\",\"@id\":\"https:\\\/\\\/bpk-archive.de\\\/tuellmann\\\/#website\",\"url\":\"https:\\\/\\\/bpk-archive.de\\\/tuellmann\\\/\",\"name\":\"Abisag T\u00fcllmann\",\"description\":\"Eine weitere WordPress-Website\",\"potentialAction\":[{\"@type\":\"SearchAction\",\"target\":{\"@type\":\"EntryPoint\",\"urlTemplate\":\"https:\\\/\\\/bpk-archive.de\\\/tuellmann\\\/?s={search_term_string}\"},\"query-input\":{\"@type\":\"PropertyValueSpecification\",\"valueRequired\":true,\"valueName\":\"search_term_string\"}}],\"inLanguage\":\"de\"}]}<\/script>\n<!-- \/ Yoast SEO plugin. -->","yoast_head_json":{"title":"Porticus: Installationen von Jonathan Borofsky (K\u00fcnstler in 2.Reihe mit Videokamera und im Gespr\u00e4ch mit Besuchern) - Abisag T\u00fcllmann","robots":{"index":"index","follow":"follow","max-snippet":"max-snippet:-1","max-image-preview":"max-image-preview:large","max-video-preview":"max-video-preview:-1"},"canonical":"https:\/\/bpk-archive.de\/tuellmann\/produkt\/porticus-installationen-von-jonathan-borofsky-kuenstler-in-2-reihe-mit-videokamera-und-im-gespraech-mit-besuchern-2\/","og_locale":"de_DE","og_type":"article","og_title":"Porticus: Installationen von Jonathan Borofsky (K\u00fcnstler in 2.Reihe mit Videokamera und im Gespr\u00e4ch mit Besuchern) - Abisag T\u00fcllmann","og_url":"https:\/\/bpk-archive.de\/tuellmann\/produkt\/porticus-installationen-von-jonathan-borofsky-kuenstler-in-2-reihe-mit-videokamera-und-im-gespraech-mit-besuchern-2\/","og_site_name":"Abisag T\u00fcllmann","article_modified_time":"2019-09-05T13:22:38+00:00","og_image":[{"width":1200,"height":800,"url":"https:\/\/bpk-archive.de\/tuellmann\/wp-content\/uploads\/2019\/08\/bpk_70371649.jpg","type":"image\/jpeg"}],"twitter_card":"summary_large_image","schema":{"@context":"https:\/\/schema.org","@graph":[{"@type":"WebPage","@id":"https:\/\/bpk-archive.de\/tuellmann\/produkt\/porticus-installationen-von-jonathan-borofsky-kuenstler-in-2-reihe-mit-videokamera-und-im-gespraech-mit-besuchern-2\/","url":"https:\/\/bpk-archive.de\/tuellmann\/produkt\/porticus-installationen-von-jonathan-borofsky-kuenstler-in-2-reihe-mit-videokamera-und-im-gespraech-mit-besuchern-2\/","name":"Porticus: Installationen von Jonathan Borofsky (K\u00fcnstler in 2.Reihe mit Videokamera und im Gespr\u00e4ch mit Besuchern) - Abisag T\u00fcllmann","isPartOf":{"@id":"https:\/\/bpk-archive.de\/tuellmann\/#website"},"primaryImageOfPage":{"@id":"https:\/\/bpk-archive.de\/tuellmann\/produkt\/porticus-installationen-von-jonathan-borofsky-kuenstler-in-2-reihe-mit-videokamera-und-im-gespraech-mit-besuchern-2\/#primaryimage"},"image":{"@id":"https:\/\/bpk-archive.de\/tuellmann\/produkt\/porticus-installationen-von-jonathan-borofsky-kuenstler-in-2-reihe-mit-videokamera-und-im-gespraech-mit-besuchern-2\/#primaryimage"},"thumbnailUrl":"https:\/\/bpk-archive.de\/tuellmann\/wp-content\/uploads\/2019\/08\/bpk_70371649.jpg","datePublished":"2019-09-05T13:22:36+00:00","dateModified":"2019-09-05T13:22:38+00:00","breadcrumb":{"@id":"https:\/\/bpk-archive.de\/tuellmann\/produkt\/porticus-installationen-von-jonathan-borofsky-kuenstler-in-2-reihe-mit-videokamera-und-im-gespraech-mit-besuchern-2\/#breadcrumb"},"inLanguage":"de","potentialAction":[{"@type":"ReadAction","target":["https:\/\/bpk-archive.de\/tuellmann\/produkt\/porticus-installationen-von-jonathan-borofsky-kuenstler-in-2-reihe-mit-videokamera-und-im-gespraech-mit-besuchern-2\/"]}]},{"@type":"ImageObject","inLanguage":"de","@id":"https:\/\/bpk-archive.de\/tuellmann\/produkt\/porticus-installationen-von-jonathan-borofsky-kuenstler-in-2-reihe-mit-videokamera-und-im-gespraech-mit-besuchern-2\/#primaryimage","url":"https:\/\/bpk-archive.de\/tuellmann\/wp-content\/uploads\/2019\/08\/bpk_70371649.jpg","contentUrl":"https:\/\/bpk-archive.de\/tuellmann\/wp-content\/uploads\/2019\/08\/bpk_70371649.jpg","width":1200,"height":800,"caption":"Porticus: Installationen von Jonathan Borofsky (K\u00fcnstler in 2.Reihe mit Videokamera und im Gespr\u00e4ch mit Besuchern)"},{"@type":"BreadcrumbList","@id":"https:\/\/bpk-archive.de\/tuellmann\/produkt\/porticus-installationen-von-jonathan-borofsky-kuenstler-in-2-reihe-mit-videokamera-und-im-gespraech-mit-besuchern-2\/#breadcrumb","itemListElement":[{"@type":"ListItem","position":1,"name":"Startseite","item":"https:\/\/bpk-archive.de\/tuellmann\/"},{"@type":"ListItem","position":2,"name":"Shop","item":"https:\/\/bpk-archive.de\/tuellmann\/shop\/"},{"@type":"ListItem","position":3,"name":"Porticus: Installationen von Jonathan Borofsky (K\u00fcnstler in 2.Reihe mit Videokamera und im Gespr\u00e4ch mit Besuchern)"}]},{"@type":"WebSite","@id":"https:\/\/bpk-archive.de\/tuellmann\/#website","url":"https:\/\/bpk-archive.de\/tuellmann\/","name":"Abisag T\u00fcllmann","description":"Eine weitere WordPress-Website","potentialAction":[{"@type":"SearchAction","target":{"@type":"EntryPoint","urlTemplate":"https:\/\/bpk-archive.de\/tuellmann\/?s={search_term_string}"},"query-input":{"@type":"PropertyValueSpecification","valueRequired":true,"valueName":"search_term_string"}}],"inLanguage":"de"}]}},"_links":{"self":[{"href":"https:\/\/bpk-archive.de\/tuellmann\/wp-json\/wp\/v2\/product\/70295837","targetHints":{"allow":["GET"]}}],"collection":[{"href":"https:\/\/bpk-archive.de\/tuellmann\/wp-json\/wp\/v2\/product"}],"about":[{"href":"https:\/\/bpk-archive.de\/tuellmann\/wp-json\/wp\/v2\/types\/product"}],"wp:featuredmedia":[{"embeddable":true,"href":"https:\/\/bpk-archive.de\/tuellmann\/wp-json\/wp\/v2\/media\/70294222"}],"wp:attachment":[{"href":"https:\/\/bpk-archive.de\/tuellmann\/wp-json\/wp\/v2\/media?parent=70295837"}],"wp:term":[{"taxonomy":"product_brand","embeddable":true,"href":"https:\/\/bpk-archive.de\/tuellmann\/wp-json\/wp\/v2\/product_brand?post=70295837"},{"taxonomy":"product_cat","embeddable":true,"href":"https:\/\/bpk-archive.de\/tuellmann\/wp-json\/wp\/v2\/product_cat?post=70295837"},{"taxonomy":"product_tag","embeddable":true,"href":"https:\/\/bpk-archive.de\/tuellmann\/wp-json\/wp\/v2\/product_tag?post=70295837"}],"curies":[{"name":"wp","href":"https:\/\/api.w.org\/{rel}","templated":true}]}}