{"id":70295776,"date":"2019-09-05T15:21:45","date_gmt":"2019-09-05T13:21:45","guid":{"rendered":"http:\/\/abisagtuellmann.bpk-news.de\/atbild\/publikum-bei-einem-spiel-der-eintracht-frankfurt-im-frankfurter-waldstadion\/"},"modified":"2019-09-05T15:21:47","modified_gmt":"2019-09-05T13:21:47","slug":"publikum-bei-einem-spiel-der-eintracht-frankfurt-im-frankfurter-waldstadion","status":"publish","type":"product","link":"https:\/\/bpk-archive.de\/tuellmann\/produkt\/publikum-bei-einem-spiel-der-eintracht-frankfurt-im-frankfurter-waldstadion\/","title":{"rendered":"Publikum bei einem Spiel der Eintracht Frankfurt im Frankfurter Waldstadion"},"content":{"rendered":"<p>R\u00fcckseitenbeschriftung von Hand der Fotografin: &#8222;Zuschauer bei einem Fu\u00dfballspiel der Frankfurter Eintracht im Stadion&#8220;<\/p>\n","protected":false},"excerpt":{"rendered":"<p>R\u00fcckseitenbeschriftung von Hand der Fotografin: &#8222;Zuschauer bei einem Fu\u00dfballspiel der Frankfurter Eintracht im Stadion&#8220;<\/p>\n","protected":false},"featured_media":70293817,"template":"","meta":[],"product_brand":[],"product_cat":[],"product_tag":[13774,13232,13234,13231,13233,13775,57075,13777,13778,13250,48297,48298,48299,48300,48301,48302,14177,13469,13470,13253,13254,13255,13256,13257,13471,13472,13260,57364,57365,57366,13293,13786,13787,13294,13295,13296,13297,13485,13486,13482,13481,13483,13484,13487,13488,48621,48622,48623,49366,57367,57368,57369,57370,57371,57372,57373,57374,57375,57376,57377,57378,57379,57380,57381,13492,13493,13494,13495,13496,13497,13301,48304,48305,13818,13819,13826,13319,13320,13321,13322,13323,57382,13328,13827,13828,13329,13330,13331,13332,13843,51807,51808,53115,53116,53117,53118,53119,53120,13877,13879,13865,13864,13866,13858,13859,13860,13861,13862,13863,13867,13869,13870,13871,13872,50070,57383,57384,57385,57386,57387,57388,50076,13355,13356,57389,57390,13360,13361,13362,13878,13880,13370,13371,51814,51817,51818],"class_list":{"0":"post-70295776","1":"product","2":"type-product","3":"status-publish","4":"has-post-thumbnail","6":"product_tag-1960er-jahre","7":"product_tag-20-jahrhundert-nach-chr","8":"product_tag-20-jh-n-chr","9":"product_tag-20-jahrhundert","10":"product_tag-20-jh","11":"product_tag-60er","12":"product_tag-abt_015","13":"product_tag-abzug","14":"product_tag-at_konsum-freizeit","15":"product_tag-aussen","16":"product_tag-begeistert","17":"product_tag-begeisterte","18":"product_tag-begeistertem","19":"product_tag-begeisterten","20":"product_tag-begeistertes","21":"product_tag-begeisterung","22":"product_tag-blickkontakt","23":"product_tag-brd","24":"product_tag-bundesrepublik-deutschland","25":"product_tag-deutsch","26":"product_tag-deutsche","27":"product_tag-deutschen","28":"product_tag-deutscher","29":"product_tag-deutsches","30":"product_tag-deutschland","31":"product_tag-deutschlands","32":"product_tag-draussen","33":"product_tag-eintracht","34":"product_tag-fan","35":"product_tag-fans","36":"product_tag-foto","37":"product_tag-fotoabzug","38":"product_tag-fotoabzuege","39":"product_tag-fotografie","40":"product_tag-fotografien","41":"product_tag-fotografin","42":"product_tag-fotografinnen","43":"product_tag-frankfurt-m","44":"product_tag-frankfurt-main","45":"product_tag-frankfurt-a-main","46":"product_tag-frankfurt-a-m","47":"product_tag-frankfurt-am-main","48":"product_tag-frankfurter","49":"product_tag-frau","50":"product_tag-frauen","51":"product_tag-freizeit","52":"product_tag-freizeitbeschaeftigung","53":"product_tag-freizeitgestaltung","54":"product_tag-freude","55":"product_tag-fuballbegeistert","56":"product_tag-fuballbegeisterte","57":"product_tag-fuballbegeisterung","58":"product_tag-fussball","59":"product_tag-fussballclub","60":"product_tag-fussballclubs","61":"product_tag-fussballfan","62":"product_tag-fussballfans","63":"product_tag-fussballklub","64":"product_tag-fussballklubs","65":"product_tag-fussballmannschaft","66":"product_tag-fussballspiel","67":"product_tag-fussballstadien","68":"product_tag-fussballstadion","69":"product_tag-fussballverein","70":"product_tag-hessen","71":"product_tag-hessisch","72":"product_tag-hessische","73":"product_tag-hessischen","74":"product_tag-hessischer","75":"product_tag-hessisches","76":"product_tag-im-freien","77":"product_tag-jubel","78":"product_tag-jubeln","79":"product_tag-mann","80":"product_tag-maenner","81":"product_tag-mannes","82":"product_tag-menschenansammlung","83":"product_tag-menschenauflauf","84":"product_tag-menschenmassen","85":"product_tag-menschenmenge","86":"product_tag-menschenschar","87":"product_tag-mitfiebern","88":"product_tag-photo","89":"product_tag-photoabzug","90":"product_tag-photoabzuege","91":"product_tag-photographie","92":"product_tag-photographien","93":"product_tag-photographin","94":"product_tag-photographinnen","95":"product_tag-print","96":"product_tag-publikum","97":"product_tag-publikums","98":"product_tag-rufen","99":"product_tag-rufend","100":"product_tag-rufende","101":"product_tag-rufenden","102":"product_tag-rufender","103":"product_tag-rufendes","104":"product_tag-s-w-fotografie","105":"product_tag-s-w-photographie","106":"product_tag-schwarzweissphotographie","107":"product_tag-schwarz-weiss-fotografie","108":"product_tag-schwarz-weiss-photographie","109":"product_tag-schwarzweiss","110":"product_tag-schwarzweisse","111":"product_tag-schwarzweissen","112":"product_tag-schwarzweisser","113":"product_tag-schwarzweisses","114":"product_tag-schwarzweissfotografie","115":"product_tag-sechziger","116":"product_tag-silbergelatine","117":"product_tag-silbergelatineabzug","118":"product_tag-silbergelatineabzuege","119":"product_tag-silbergelatineprint","120":"product_tag-sport","121":"product_tag-sportbegeistert","122":"product_tag-sportbegeisterte","123":"product_tag-sportbegeisterten","124":"product_tag-sportbegeisterter","125":"product_tag-sportbegeistertes","126":"product_tag-sportbegeisterung","127":"product_tag-sports","128":"product_tag-sportstadien","129":"product_tag-sportstadion","130":"product_tag-sportveranstaltung","131":"product_tag-sportveranstaltungen","132":"product_tag-stadien","133":"product_tag-stadion","134":"product_tag-stadions","135":"product_tag-sw-fotografie","136":"product_tag-sw-photographie","137":"product_tag-tribuene","138":"product_tag-tribuenen","139":"product_tag-zuschauer","140":"product_tag-zuschauern","141":"product_tag-zuschauers","142":"pa_datierung-juni-1961","143":"pa_fotograf-abisag-tuellmann","144":"pa_geografischer_bezug-aufnahmeort-frankfurt-am-main-deutschland","145":"pa_grunddaten_material_technik-foto-silbergelatine-auf-barytpapier","146":"pa_inventarnummer-tue-61-147-37","147":"pa_jahr_von-55112","148":"pa_massangaben-bildformat-foto-238-x-302-cm","149":"pa_mediennummer-57360","150":"pa_objekt_typ-fotografie","152":"first","153":"instock","154":"product-type-simple"},"yoast_head":"<!-- This site is optimized with the Yoast SEO plugin v27.4 - https:\/\/yoast.com\/product\/yoast-seo-wordpress\/ -->\n<title>Publikum bei einem Spiel der Eintracht Frankfurt im Frankfurter Waldstadion - Abisag T\u00fcllmann<\/title>\n<meta name=\"robots\" content=\"index, follow, max-snippet:-1, max-image-preview:large, max-video-preview:-1\" \/>\n<link rel=\"canonical\" href=\"https:\/\/bpk-archive.de\/tuellmann\/produkt\/publikum-bei-einem-spiel-der-eintracht-frankfurt-im-frankfurter-waldstadion\/\" \/>\n<meta property=\"og:locale\" content=\"de_DE\" \/>\n<meta property=\"og:type\" content=\"article\" \/>\n<meta property=\"og:title\" content=\"Publikum bei einem Spiel der Eintracht Frankfurt im Frankfurter Waldstadion - Abisag T\u00fcllmann\" \/>\n<meta property=\"og:description\" content=\"R\u00fcckseitenbeschriftung von Hand der Fotografin: &#8222;Zuschauer bei einem Fu\u00dfballspiel der Frankfurter Eintracht im Stadion&#8220;\" \/>\n<meta property=\"og:url\" content=\"https:\/\/bpk-archive.de\/tuellmann\/produkt\/publikum-bei-einem-spiel-der-eintracht-frankfurt-im-frankfurter-waldstadion\/\" \/>\n<meta property=\"og:site_name\" content=\"Abisag T\u00fcllmann\" \/>\n<meta property=\"article:modified_time\" content=\"2019-09-05T13:21:47+00:00\" \/>\n<meta property=\"og:image\" content=\"https:\/\/bpk-archive.de\/tuellmann\/wp-content\/uploads\/2019\/08\/bpk_70371171.jpg\" \/>\n\t<meta property=\"og:image:width\" content=\"1200\" \/>\n\t<meta property=\"og:image:height\" content=\"957\" \/>\n\t<meta property=\"og:image:type\" content=\"image\/jpeg\" \/>\n<meta name=\"twitter:card\" content=\"summary_large_image\" \/>\n<script type=\"application\/ld+json\" class=\"yoast-schema-graph\">{\"@context\":\"https:\\\/\\\/schema.org\",\"@graph\":[{\"@type\":\"WebPage\",\"@id\":\"https:\\\/\\\/bpk-archive.de\\\/tuellmann\\\/produkt\\\/publikum-bei-einem-spiel-der-eintracht-frankfurt-im-frankfurter-waldstadion\\\/\",\"url\":\"https:\\\/\\\/bpk-archive.de\\\/tuellmann\\\/produkt\\\/publikum-bei-einem-spiel-der-eintracht-frankfurt-im-frankfurter-waldstadion\\\/\",\"name\":\"Publikum bei einem Spiel der Eintracht Frankfurt im Frankfurter Waldstadion - Abisag T\u00fcllmann\",\"isPartOf\":{\"@id\":\"https:\\\/\\\/bpk-archive.de\\\/tuellmann\\\/#website\"},\"primaryImageOfPage\":{\"@id\":\"https:\\\/\\\/bpk-archive.de\\\/tuellmann\\\/produkt\\\/publikum-bei-einem-spiel-der-eintracht-frankfurt-im-frankfurter-waldstadion\\\/#primaryimage\"},\"image\":{\"@id\":\"https:\\\/\\\/bpk-archive.de\\\/tuellmann\\\/produkt\\\/publikum-bei-einem-spiel-der-eintracht-frankfurt-im-frankfurter-waldstadion\\\/#primaryimage\"},\"thumbnailUrl\":\"https:\\\/\\\/bpk-archive.de\\\/tuellmann\\\/wp-content\\\/uploads\\\/2019\\\/08\\\/bpk_70371171.jpg\",\"datePublished\":\"2019-09-05T13:21:45+00:00\",\"dateModified\":\"2019-09-05T13:21:47+00:00\",\"breadcrumb\":{\"@id\":\"https:\\\/\\\/bpk-archive.de\\\/tuellmann\\\/produkt\\\/publikum-bei-einem-spiel-der-eintracht-frankfurt-im-frankfurter-waldstadion\\\/#breadcrumb\"},\"inLanguage\":\"de\",\"potentialAction\":[{\"@type\":\"ReadAction\",\"target\":[\"https:\\\/\\\/bpk-archive.de\\\/tuellmann\\\/produkt\\\/publikum-bei-einem-spiel-der-eintracht-frankfurt-im-frankfurter-waldstadion\\\/\"]}]},{\"@type\":\"ImageObject\",\"inLanguage\":\"de\",\"@id\":\"https:\\\/\\\/bpk-archive.de\\\/tuellmann\\\/produkt\\\/publikum-bei-einem-spiel-der-eintracht-frankfurt-im-frankfurter-waldstadion\\\/#primaryimage\",\"url\":\"https:\\\/\\\/bpk-archive.de\\\/tuellmann\\\/wp-content\\\/uploads\\\/2019\\\/08\\\/bpk_70371171.jpg\",\"contentUrl\":\"https:\\\/\\\/bpk-archive.de\\\/tuellmann\\\/wp-content\\\/uploads\\\/2019\\\/08\\\/bpk_70371171.jpg\",\"width\":1200,\"height\":957,\"caption\":\"Publikum bei einem Spiel der Eintracht Frankfurt im Frankfurter Waldstadion\"},{\"@type\":\"BreadcrumbList\",\"@id\":\"https:\\\/\\\/bpk-archive.de\\\/tuellmann\\\/produkt\\\/publikum-bei-einem-spiel-der-eintracht-frankfurt-im-frankfurter-waldstadion\\\/#breadcrumb\",\"itemListElement\":[{\"@type\":\"ListItem\",\"position\":1,\"name\":\"Startseite\",\"item\":\"https:\\\/\\\/bpk-archive.de\\\/tuellmann\\\/\"},{\"@type\":\"ListItem\",\"position\":2,\"name\":\"Shop\",\"item\":\"https:\\\/\\\/bpk-archive.de\\\/tuellmann\\\/shop\\\/\"},{\"@type\":\"ListItem\",\"position\":3,\"name\":\"Publikum bei einem Spiel der Eintracht Frankfurt im Frankfurter Waldstadion\"}]},{\"@type\":\"WebSite\",\"@id\":\"https:\\\/\\\/bpk-archive.de\\\/tuellmann\\\/#website\",\"url\":\"https:\\\/\\\/bpk-archive.de\\\/tuellmann\\\/\",\"name\":\"Abisag T\u00fcllmann\",\"description\":\"Eine weitere WordPress-Website\",\"potentialAction\":[{\"@type\":\"SearchAction\",\"target\":{\"@type\":\"EntryPoint\",\"urlTemplate\":\"https:\\\/\\\/bpk-archive.de\\\/tuellmann\\\/?s={search_term_string}\"},\"query-input\":{\"@type\":\"PropertyValueSpecification\",\"valueRequired\":true,\"valueName\":\"search_term_string\"}}],\"inLanguage\":\"de\"}]}<\/script>\n<!-- \/ Yoast SEO plugin. -->","yoast_head_json":{"title":"Publikum bei einem Spiel der Eintracht Frankfurt im Frankfurter Waldstadion - Abisag T\u00fcllmann","robots":{"index":"index","follow":"follow","max-snippet":"max-snippet:-1","max-image-preview":"max-image-preview:large","max-video-preview":"max-video-preview:-1"},"canonical":"https:\/\/bpk-archive.de\/tuellmann\/produkt\/publikum-bei-einem-spiel-der-eintracht-frankfurt-im-frankfurter-waldstadion\/","og_locale":"de_DE","og_type":"article","og_title":"Publikum bei einem Spiel der Eintracht Frankfurt im Frankfurter Waldstadion - Abisag T\u00fcllmann","og_description":"R\u00fcckseitenbeschriftung von Hand der Fotografin: &#8222;Zuschauer bei einem Fu\u00dfballspiel der Frankfurter Eintracht im Stadion&#8220;","og_url":"https:\/\/bpk-archive.de\/tuellmann\/produkt\/publikum-bei-einem-spiel-der-eintracht-frankfurt-im-frankfurter-waldstadion\/","og_site_name":"Abisag T\u00fcllmann","article_modified_time":"2019-09-05T13:21:47+00:00","og_image":[{"width":1200,"height":957,"url":"https:\/\/bpk-archive.de\/tuellmann\/wp-content\/uploads\/2019\/08\/bpk_70371171.jpg","type":"image\/jpeg"}],"twitter_card":"summary_large_image","schema":{"@context":"https:\/\/schema.org","@graph":[{"@type":"WebPage","@id":"https:\/\/bpk-archive.de\/tuellmann\/produkt\/publikum-bei-einem-spiel-der-eintracht-frankfurt-im-frankfurter-waldstadion\/","url":"https:\/\/bpk-archive.de\/tuellmann\/produkt\/publikum-bei-einem-spiel-der-eintracht-frankfurt-im-frankfurter-waldstadion\/","name":"Publikum bei einem Spiel der Eintracht Frankfurt im Frankfurter Waldstadion - Abisag T\u00fcllmann","isPartOf":{"@id":"https:\/\/bpk-archive.de\/tuellmann\/#website"},"primaryImageOfPage":{"@id":"https:\/\/bpk-archive.de\/tuellmann\/produkt\/publikum-bei-einem-spiel-der-eintracht-frankfurt-im-frankfurter-waldstadion\/#primaryimage"},"image":{"@id":"https:\/\/bpk-archive.de\/tuellmann\/produkt\/publikum-bei-einem-spiel-der-eintracht-frankfurt-im-frankfurter-waldstadion\/#primaryimage"},"thumbnailUrl":"https:\/\/bpk-archive.de\/tuellmann\/wp-content\/uploads\/2019\/08\/bpk_70371171.jpg","datePublished":"2019-09-05T13:21:45+00:00","dateModified":"2019-09-05T13:21:47+00:00","breadcrumb":{"@id":"https:\/\/bpk-archive.de\/tuellmann\/produkt\/publikum-bei-einem-spiel-der-eintracht-frankfurt-im-frankfurter-waldstadion\/#breadcrumb"},"inLanguage":"de","potentialAction":[{"@type":"ReadAction","target":["https:\/\/bpk-archive.de\/tuellmann\/produkt\/publikum-bei-einem-spiel-der-eintracht-frankfurt-im-frankfurter-waldstadion\/"]}]},{"@type":"ImageObject","inLanguage":"de","@id":"https:\/\/bpk-archive.de\/tuellmann\/produkt\/publikum-bei-einem-spiel-der-eintracht-frankfurt-im-frankfurter-waldstadion\/#primaryimage","url":"https:\/\/bpk-archive.de\/tuellmann\/wp-content\/uploads\/2019\/08\/bpk_70371171.jpg","contentUrl":"https:\/\/bpk-archive.de\/tuellmann\/wp-content\/uploads\/2019\/08\/bpk_70371171.jpg","width":1200,"height":957,"caption":"Publikum bei einem Spiel der Eintracht Frankfurt im Frankfurter Waldstadion"},{"@type":"BreadcrumbList","@id":"https:\/\/bpk-archive.de\/tuellmann\/produkt\/publikum-bei-einem-spiel-der-eintracht-frankfurt-im-frankfurter-waldstadion\/#breadcrumb","itemListElement":[{"@type":"ListItem","position":1,"name":"Startseite","item":"https:\/\/bpk-archive.de\/tuellmann\/"},{"@type":"ListItem","position":2,"name":"Shop","item":"https:\/\/bpk-archive.de\/tuellmann\/shop\/"},{"@type":"ListItem","position":3,"name":"Publikum bei einem Spiel der Eintracht Frankfurt im Frankfurter Waldstadion"}]},{"@type":"WebSite","@id":"https:\/\/bpk-archive.de\/tuellmann\/#website","url":"https:\/\/bpk-archive.de\/tuellmann\/","name":"Abisag T\u00fcllmann","description":"Eine weitere WordPress-Website","potentialAction":[{"@type":"SearchAction","target":{"@type":"EntryPoint","urlTemplate":"https:\/\/bpk-archive.de\/tuellmann\/?s={search_term_string}"},"query-input":{"@type":"PropertyValueSpecification","valueRequired":true,"valueName":"search_term_string"}}],"inLanguage":"de"}]}},"_links":{"self":[{"href":"https:\/\/bpk-archive.de\/tuellmann\/wp-json\/wp\/v2\/product\/70295776","targetHints":{"allow":["GET"]}}],"collection":[{"href":"https:\/\/bpk-archive.de\/tuellmann\/wp-json\/wp\/v2\/product"}],"about":[{"href":"https:\/\/bpk-archive.de\/tuellmann\/wp-json\/wp\/v2\/types\/product"}],"wp:featuredmedia":[{"embeddable":true,"href":"https:\/\/bpk-archive.de\/tuellmann\/wp-json\/wp\/v2\/media\/70293817"}],"wp:attachment":[{"href":"https:\/\/bpk-archive.de\/tuellmann\/wp-json\/wp\/v2\/media?parent=70295776"}],"wp:term":[{"taxonomy":"product_brand","embeddable":true,"href":"https:\/\/bpk-archive.de\/tuellmann\/wp-json\/wp\/v2\/product_brand?post=70295776"},{"taxonomy":"product_cat","embeddable":true,"href":"https:\/\/bpk-archive.de\/tuellmann\/wp-json\/wp\/v2\/product_cat?post=70295776"},{"taxonomy":"product_tag","embeddable":true,"href":"https:\/\/bpk-archive.de\/tuellmann\/wp-json\/wp\/v2\/product_tag?post=70295776"}],"curies":[{"name":"wp","href":"https:\/\/api.w.org\/{rel}","templated":true}]}}