{"id":70295760,"date":"2019-09-05T15:21:27","date_gmt":"2019-09-05T13:21:27","guid":{"rendered":"http:\/\/abisagtuellmann.bpk-news.de\/atbild\/sommerschlussverkauf-in-der-passage-schillerstrasse-kaufhaus-wuehltische\/"},"modified":"2019-09-05T15:21:32","modified_gmt":"2019-09-05T13:21:32","slug":"sommerschlussverkauf-in-der-passage-schillerstrasse-kaufhaus-wuehltische","status":"publish","type":"product","link":"https:\/\/bpk-archive.de\/tuellmann\/produkt\/sommerschlussverkauf-in-der-passage-schillerstrasse-kaufhaus-wuehltische\/","title":{"rendered":"Sommerschlussverkauf in der Passage Schillerstra\u00dfe &#8211; Kaufhaus-W\u00fchltische"},"content":{"rendered":"","protected":false},"excerpt":{"rendered":"","protected":false},"featured_media":70293806,"template":"","meta":[],"product_brand":[],"product_cat":[],"product_tag":[13774,13232,13234,13231,13233,13775,57075,13777,13778,49468,13469,13470,56306,56307,13253,13254,13255,13256,13257,13471,13472,13473,47724,47726,57094,57095,57096,13293,13786,13787,13294,13295,13296,13297,13485,13486,13482,13481,13483,13484,13487,13488,56308,56309,57097,13492,13493,13494,13495,13496,13497,13498,57083,57084,57085,49482,48253,47762,47763,47764,47765,47766,13319,13320,13321,13322,13323,57098,13328,13827,13828,13329,13330,13331,13332,13843,57099,57100,57101,13877,13879,57102,57103,57104,13865,13864,13866,13858,13859,13860,13861,13862,13863,13867,13869,13870,13871,13872,57105,57106,13878,13880,13525,48284,48285,57086,57087,57088,57107,57108],"class_list":{"0":"post-70295760","1":"product","2":"type-product","3":"status-publish","4":"has-post-thumbnail","6":"product_tag-1960er-jahre","7":"product_tag-20-jahrhundert-nach-chr","8":"product_tag-20-jh-n-chr","9":"product_tag-20-jahrhundert","10":"product_tag-20-jh","11":"product_tag-60er","12":"product_tag-abt_015","13":"product_tag-abzug","14":"product_tag-at_konsum-freizeit","15":"product_tag-bekleidung","16":"product_tag-brd","17":"product_tag-bundesrepublik-deutschland","18":"product_tag-damenbekleidung","19":"product_tag-damenkleidung","20":"product_tag-deutsch","21":"product_tag-deutsche","22":"product_tag-deutschen","23":"product_tag-deutscher","24":"product_tag-deutsches","25":"product_tag-deutschland","26":"product_tag-deutschlands","27":"product_tag-drinnen","28":"product_tag-einkauf","29":"product_tag-einkaufen","30":"product_tag-einkaufspassage","31":"product_tag-einkaufspassagen","32":"product_tag-ermaessigung","33":"product_tag-foto","34":"product_tag-fotoabzug","35":"product_tag-fotoabzuege","36":"product_tag-fotografie","37":"product_tag-fotografien","38":"product_tag-fotografin","39":"product_tag-fotografinnen","40":"product_tag-frankfurt-m","41":"product_tag-frankfurt-main","42":"product_tag-frankfurt-a-main","43":"product_tag-frankfurt-a-m","44":"product_tag-frankfurt-am-main","45":"product_tag-frankfurter","46":"product_tag-frau","47":"product_tag-frauen","48":"product_tag-frauenbekleidung","49":"product_tag-frauenkleidung","50":"product_tag-getuemmel","51":"product_tag-hessen","52":"product_tag-hessisch","53":"product_tag-hessische","54":"product_tag-hessischen","55":"product_tag-hessischer","56":"product_tag-hessisches","57":"product_tag-innen","58":"product_tag-kaufhaus","59":"product_tag-kaufhaeuser","60":"product_tag-kaufhauses","61":"product_tag-kleidung","62":"product_tag-konsum","63":"product_tag-kunde","64":"product_tag-kunden","65":"product_tag-kundin","66":"product_tag-kundinnen","67":"product_tag-kundschaft","68":"product_tag-menschenansammlung","69":"product_tag-menschenauflauf","70":"product_tag-menschenmassen","71":"product_tag-menschenmenge","72":"product_tag-menschenschar","73":"product_tag-passage","74":"product_tag-photo","75":"product_tag-photoabzug","76":"product_tag-photoabzuege","77":"product_tag-photographie","78":"product_tag-photographien","79":"product_tag-photographin","80":"product_tag-photographinnen","81":"product_tag-print","82":"product_tag-rabatt","83":"product_tag-reduziert","84":"product_tag-reduzierte","85":"product_tag-s-w-fotografie","86":"product_tag-s-w-photographie","87":"product_tag-schlussverkauf","88":"product_tag-schnaeppchen","89":"product_tag-schnaeppchenjaeger","90":"product_tag-schwarzweissphotographie","91":"product_tag-schwarz-weiss-fotografie","92":"product_tag-schwarz-weiss-photographie","93":"product_tag-schwarzweiss","94":"product_tag-schwarzweisse","95":"product_tag-schwarzweissen","96":"product_tag-schwarzweisser","97":"product_tag-schwarzweisses","98":"product_tag-schwarzweissfotografie","99":"product_tag-sechziger","100":"product_tag-silbergelatine","101":"product_tag-silbergelatineabzug","102":"product_tag-silbergelatineabzuege","103":"product_tag-silbergelatineprint","104":"product_tag-sommerschlussverkauf","105":"product_tag-ssv","106":"product_tag-sw-fotografie","107":"product_tag-sw-photographie","108":"product_tag-von-innen","109":"product_tag-ware","110":"product_tag-waren","111":"product_tag-warenhaus","112":"product_tag-warenhaeuser","113":"product_tag-warenhauses","114":"product_tag-wuehltisch","115":"product_tag-wuehltische","116":"pa_datierung-juli-1960","117":"pa_fotograf-abisag-tuellmann","118":"pa_geografischer_bezug-aufnahmeort-frankfurt-am-main-deutschland","119":"pa_grunddaten_material_technik-foto-silbergelatine-auf-barytpapier","120":"pa_inventarnummer-tue-60-150-34","121":"pa_jahr_von-57092","122":"pa_massangaben-bildformat-foto-239-x-302-cm","123":"pa_mediennummer-57089","124":"pa_objekt_typ-fotografie","126":"first","127":"instock","128":"product-type-simple"},"yoast_head":"<!-- This site is optimized with the Yoast SEO plugin v27.4 - https:\/\/yoast.com\/product\/yoast-seo-wordpress\/ -->\n<title>Sommerschlussverkauf in der Passage Schillerstra\u00dfe - Kaufhaus-W\u00fchltische - Abisag T\u00fcllmann<\/title>\n<meta name=\"robots\" content=\"index, follow, max-snippet:-1, max-image-preview:large, max-video-preview:-1\" \/>\n<link rel=\"canonical\" href=\"https:\/\/bpk-archive.de\/tuellmann\/produkt\/sommerschlussverkauf-in-der-passage-schillerstrasse-kaufhaus-wuehltische\/\" \/>\n<meta property=\"og:locale\" content=\"de_DE\" \/>\n<meta property=\"og:type\" content=\"article\" \/>\n<meta property=\"og:title\" content=\"Sommerschlussverkauf in der Passage Schillerstra\u00dfe - Kaufhaus-W\u00fchltische - Abisag T\u00fcllmann\" \/>\n<meta property=\"og:url\" content=\"https:\/\/bpk-archive.de\/tuellmann\/produkt\/sommerschlussverkauf-in-der-passage-schillerstrasse-kaufhaus-wuehltische\/\" \/>\n<meta property=\"og:site_name\" content=\"Abisag T\u00fcllmann\" \/>\n<meta property=\"article:modified_time\" content=\"2019-09-05T13:21:32+00:00\" \/>\n<meta property=\"og:image\" content=\"https:\/\/bpk-archive.de\/tuellmann\/wp-content\/uploads\/2019\/08\/bpk_70371164.jpg\" \/>\n\t<meta property=\"og:image:width\" content=\"1200\" \/>\n\t<meta property=\"og:image:height\" content=\"956\" \/>\n\t<meta property=\"og:image:type\" content=\"image\/jpeg\" \/>\n<meta name=\"twitter:card\" content=\"summary_large_image\" \/>\n<script type=\"application\/ld+json\" class=\"yoast-schema-graph\">{\"@context\":\"https:\\\/\\\/schema.org\",\"@graph\":[{\"@type\":\"WebPage\",\"@id\":\"https:\\\/\\\/bpk-archive.de\\\/tuellmann\\\/produkt\\\/sommerschlussverkauf-in-der-passage-schillerstrasse-kaufhaus-wuehltische\\\/\",\"url\":\"https:\\\/\\\/bpk-archive.de\\\/tuellmann\\\/produkt\\\/sommerschlussverkauf-in-der-passage-schillerstrasse-kaufhaus-wuehltische\\\/\",\"name\":\"Sommerschlussverkauf in der Passage Schillerstra\u00dfe - Kaufhaus-W\u00fchltische - Abisag T\u00fcllmann\",\"isPartOf\":{\"@id\":\"https:\\\/\\\/bpk-archive.de\\\/tuellmann\\\/#website\"},\"primaryImageOfPage\":{\"@id\":\"https:\\\/\\\/bpk-archive.de\\\/tuellmann\\\/produkt\\\/sommerschlussverkauf-in-der-passage-schillerstrasse-kaufhaus-wuehltische\\\/#primaryimage\"},\"image\":{\"@id\":\"https:\\\/\\\/bpk-archive.de\\\/tuellmann\\\/produkt\\\/sommerschlussverkauf-in-der-passage-schillerstrasse-kaufhaus-wuehltische\\\/#primaryimage\"},\"thumbnailUrl\":\"https:\\\/\\\/bpk-archive.de\\\/tuellmann\\\/wp-content\\\/uploads\\\/2019\\\/08\\\/bpk_70371164.jpg\",\"datePublished\":\"2019-09-05T13:21:27+00:00\",\"dateModified\":\"2019-09-05T13:21:32+00:00\",\"breadcrumb\":{\"@id\":\"https:\\\/\\\/bpk-archive.de\\\/tuellmann\\\/produkt\\\/sommerschlussverkauf-in-der-passage-schillerstrasse-kaufhaus-wuehltische\\\/#breadcrumb\"},\"inLanguage\":\"de\",\"potentialAction\":[{\"@type\":\"ReadAction\",\"target\":[\"https:\\\/\\\/bpk-archive.de\\\/tuellmann\\\/produkt\\\/sommerschlussverkauf-in-der-passage-schillerstrasse-kaufhaus-wuehltische\\\/\"]}]},{\"@type\":\"ImageObject\",\"inLanguage\":\"de\",\"@id\":\"https:\\\/\\\/bpk-archive.de\\\/tuellmann\\\/produkt\\\/sommerschlussverkauf-in-der-passage-schillerstrasse-kaufhaus-wuehltische\\\/#primaryimage\",\"url\":\"https:\\\/\\\/bpk-archive.de\\\/tuellmann\\\/wp-content\\\/uploads\\\/2019\\\/08\\\/bpk_70371164.jpg\",\"contentUrl\":\"https:\\\/\\\/bpk-archive.de\\\/tuellmann\\\/wp-content\\\/uploads\\\/2019\\\/08\\\/bpk_70371164.jpg\",\"width\":1200,\"height\":956,\"caption\":\"Sommerschlussverkauf in der Passage Schillerstra\u00dfe - Kaufhaus-W\u00fchltische\"},{\"@type\":\"BreadcrumbList\",\"@id\":\"https:\\\/\\\/bpk-archive.de\\\/tuellmann\\\/produkt\\\/sommerschlussverkauf-in-der-passage-schillerstrasse-kaufhaus-wuehltische\\\/#breadcrumb\",\"itemListElement\":[{\"@type\":\"ListItem\",\"position\":1,\"name\":\"Startseite\",\"item\":\"https:\\\/\\\/bpk-archive.de\\\/tuellmann\\\/\"},{\"@type\":\"ListItem\",\"position\":2,\"name\":\"Shop\",\"item\":\"https:\\\/\\\/bpk-archive.de\\\/tuellmann\\\/shop\\\/\"},{\"@type\":\"ListItem\",\"position\":3,\"name\":\"Sommerschlussverkauf in der Passage Schillerstra\u00dfe &#8211; Kaufhaus-W\u00fchltische\"}]},{\"@type\":\"WebSite\",\"@id\":\"https:\\\/\\\/bpk-archive.de\\\/tuellmann\\\/#website\",\"url\":\"https:\\\/\\\/bpk-archive.de\\\/tuellmann\\\/\",\"name\":\"Abisag T\u00fcllmann\",\"description\":\"Eine weitere WordPress-Website\",\"potentialAction\":[{\"@type\":\"SearchAction\",\"target\":{\"@type\":\"EntryPoint\",\"urlTemplate\":\"https:\\\/\\\/bpk-archive.de\\\/tuellmann\\\/?s={search_term_string}\"},\"query-input\":{\"@type\":\"PropertyValueSpecification\",\"valueRequired\":true,\"valueName\":\"search_term_string\"}}],\"inLanguage\":\"de\"}]}<\/script>\n<!-- \/ Yoast SEO plugin. -->","yoast_head_json":{"title":"Sommerschlussverkauf in der Passage Schillerstra\u00dfe - Kaufhaus-W\u00fchltische - Abisag T\u00fcllmann","robots":{"index":"index","follow":"follow","max-snippet":"max-snippet:-1","max-image-preview":"max-image-preview:large","max-video-preview":"max-video-preview:-1"},"canonical":"https:\/\/bpk-archive.de\/tuellmann\/produkt\/sommerschlussverkauf-in-der-passage-schillerstrasse-kaufhaus-wuehltische\/","og_locale":"de_DE","og_type":"article","og_title":"Sommerschlussverkauf in der Passage Schillerstra\u00dfe - Kaufhaus-W\u00fchltische - Abisag T\u00fcllmann","og_url":"https:\/\/bpk-archive.de\/tuellmann\/produkt\/sommerschlussverkauf-in-der-passage-schillerstrasse-kaufhaus-wuehltische\/","og_site_name":"Abisag T\u00fcllmann","article_modified_time":"2019-09-05T13:21:32+00:00","og_image":[{"width":1200,"height":956,"url":"https:\/\/bpk-archive.de\/tuellmann\/wp-content\/uploads\/2019\/08\/bpk_70371164.jpg","type":"image\/jpeg"}],"twitter_card":"summary_large_image","schema":{"@context":"https:\/\/schema.org","@graph":[{"@type":"WebPage","@id":"https:\/\/bpk-archive.de\/tuellmann\/produkt\/sommerschlussverkauf-in-der-passage-schillerstrasse-kaufhaus-wuehltische\/","url":"https:\/\/bpk-archive.de\/tuellmann\/produkt\/sommerschlussverkauf-in-der-passage-schillerstrasse-kaufhaus-wuehltische\/","name":"Sommerschlussverkauf in der Passage Schillerstra\u00dfe - Kaufhaus-W\u00fchltische - Abisag T\u00fcllmann","isPartOf":{"@id":"https:\/\/bpk-archive.de\/tuellmann\/#website"},"primaryImageOfPage":{"@id":"https:\/\/bpk-archive.de\/tuellmann\/produkt\/sommerschlussverkauf-in-der-passage-schillerstrasse-kaufhaus-wuehltische\/#primaryimage"},"image":{"@id":"https:\/\/bpk-archive.de\/tuellmann\/produkt\/sommerschlussverkauf-in-der-passage-schillerstrasse-kaufhaus-wuehltische\/#primaryimage"},"thumbnailUrl":"https:\/\/bpk-archive.de\/tuellmann\/wp-content\/uploads\/2019\/08\/bpk_70371164.jpg","datePublished":"2019-09-05T13:21:27+00:00","dateModified":"2019-09-05T13:21:32+00:00","breadcrumb":{"@id":"https:\/\/bpk-archive.de\/tuellmann\/produkt\/sommerschlussverkauf-in-der-passage-schillerstrasse-kaufhaus-wuehltische\/#breadcrumb"},"inLanguage":"de","potentialAction":[{"@type":"ReadAction","target":["https:\/\/bpk-archive.de\/tuellmann\/produkt\/sommerschlussverkauf-in-der-passage-schillerstrasse-kaufhaus-wuehltische\/"]}]},{"@type":"ImageObject","inLanguage":"de","@id":"https:\/\/bpk-archive.de\/tuellmann\/produkt\/sommerschlussverkauf-in-der-passage-schillerstrasse-kaufhaus-wuehltische\/#primaryimage","url":"https:\/\/bpk-archive.de\/tuellmann\/wp-content\/uploads\/2019\/08\/bpk_70371164.jpg","contentUrl":"https:\/\/bpk-archive.de\/tuellmann\/wp-content\/uploads\/2019\/08\/bpk_70371164.jpg","width":1200,"height":956,"caption":"Sommerschlussverkauf in der Passage Schillerstra\u00dfe - Kaufhaus-W\u00fchltische"},{"@type":"BreadcrumbList","@id":"https:\/\/bpk-archive.de\/tuellmann\/produkt\/sommerschlussverkauf-in-der-passage-schillerstrasse-kaufhaus-wuehltische\/#breadcrumb","itemListElement":[{"@type":"ListItem","position":1,"name":"Startseite","item":"https:\/\/bpk-archive.de\/tuellmann\/"},{"@type":"ListItem","position":2,"name":"Shop","item":"https:\/\/bpk-archive.de\/tuellmann\/shop\/"},{"@type":"ListItem","position":3,"name":"Sommerschlussverkauf in der Passage Schillerstra\u00dfe &#8211; Kaufhaus-W\u00fchltische"}]},{"@type":"WebSite","@id":"https:\/\/bpk-archive.de\/tuellmann\/#website","url":"https:\/\/bpk-archive.de\/tuellmann\/","name":"Abisag T\u00fcllmann","description":"Eine weitere WordPress-Website","potentialAction":[{"@type":"SearchAction","target":{"@type":"EntryPoint","urlTemplate":"https:\/\/bpk-archive.de\/tuellmann\/?s={search_term_string}"},"query-input":{"@type":"PropertyValueSpecification","valueRequired":true,"valueName":"search_term_string"}}],"inLanguage":"de"}]}},"_links":{"self":[{"href":"https:\/\/bpk-archive.de\/tuellmann\/wp-json\/wp\/v2\/product\/70295760","targetHints":{"allow":["GET"]}}],"collection":[{"href":"https:\/\/bpk-archive.de\/tuellmann\/wp-json\/wp\/v2\/product"}],"about":[{"href":"https:\/\/bpk-archive.de\/tuellmann\/wp-json\/wp\/v2\/types\/product"}],"wp:featuredmedia":[{"embeddable":true,"href":"https:\/\/bpk-archive.de\/tuellmann\/wp-json\/wp\/v2\/media\/70293806"}],"wp:attachment":[{"href":"https:\/\/bpk-archive.de\/tuellmann\/wp-json\/wp\/v2\/media?parent=70295760"}],"wp:term":[{"taxonomy":"product_brand","embeddable":true,"href":"https:\/\/bpk-archive.de\/tuellmann\/wp-json\/wp\/v2\/product_brand?post=70295760"},{"taxonomy":"product_cat","embeddable":true,"href":"https:\/\/bpk-archive.de\/tuellmann\/wp-json\/wp\/v2\/product_cat?post=70295760"},{"taxonomy":"product_tag","embeddable":true,"href":"https:\/\/bpk-archive.de\/tuellmann\/wp-json\/wp\/v2\/product_tag?post=70295760"}],"curies":[{"name":"wp","href":"https:\/\/api.w.org\/{rel}","templated":true}]}}