{"id":70295596,"date":"2019-09-05T15:19:25","date_gmt":"2019-09-05T13:19:25","guid":{"rendered":"http:\/\/abisagtuellmann.bpk-news.de\/atbild\/studentinnen-in-einem-hoersaal\/"},"modified":"2019-09-05T15:19:27","modified_gmt":"2019-09-05T13:19:27","slug":"studentinnen-in-einem-hoersaal","status":"publish","type":"product","link":"https:\/\/bpk-archive.de\/tuellmann\/produkt\/studentinnen-in-einem-hoersaal\/","title":{"rendered":"Studentinnen in einem H\u00f6rsaal"},"content":{"rendered":"<p>R\u00fcckseitenbeschriftung von anderer Hand: &#8222;Studentin in M\u00fcnchen&#8220;<\/p>\n","protected":false},"excerpt":{"rendered":"<p>R\u00fcckseitenbeschriftung von anderer Hand: &#8222;Studentin in M\u00fcnchen&#8220;<\/p>\n","protected":false},"featured_media":70293020,"template":"","meta":[],"product_brand":[],"product_cat":[],"product_tag":[13230,13232,13234,13231,13233,13235,49668,13777,54773,55062,49870,49871,49872,49873,49874,49875,49876,49877,49878,49879,49880,49881,49882,49883,50141,13469,13470,13253,13254,13255,13256,13257,13471,13472,13473,49678,49679,49680,49681,49682,49683,53792,53793,53794,53795,53796,13293,13786,13787,13294,13295,13296,13297,13487,13488,53797,14066,54110,14327,54923,55420,55421,55422,55423,13498,13812,13813,13814,13815,13816,55424,55425,50119,13319,13320,13321,13322,13323,49890,49891,49892,49893,13328,13827,13828,13329,13330,13331,13332,13843,13877,13879,13865,13864,13866,13858,13859,13860,13861,13862,13863,13354,13869,13870,13871,13872,14243,14244,14245,14246,14247,14248,14249,13874,13875,54112,54113,54114,55415,49722,49723,49724,49725,49726,49727,49728,13878,13880,14079,14080,13525,52837,52838,49008,49009,49010,49011,49012,49013,49014,51812,51813,49015,49016],"class_list":{"0":"post-70295596","1":"product","2":"type-product","3":"status-publish","4":"has-post-thumbnail","6":"product_tag-1970er-jahre","7":"product_tag-20-jahrhundert-nach-chr","8":"product_tag-20-jh-n-chr","9":"product_tag-20-jahrhundert","10":"product_tag-20-jh","11":"product_tag-70er","12":"product_tag-abt_002","13":"product_tag-abzug","14":"product_tag-at_frauenbewegung","15":"product_tag-ausbildung","16":"product_tag-bairisch","17":"product_tag-bayerisch","18":"product_tag-bayerische","19":"product_tag-bayerischem","20":"product_tag-bayerischen","21":"product_tag-bayerischer","22":"product_tag-bayerisches","23":"product_tag-bayern","24":"product_tag-bayerns","25":"product_tag-bayrisch","26":"product_tag-bayrische","27":"product_tag-bayrischem","28":"product_tag-bayrischen","29":"product_tag-bayrisches","30":"product_tag-bildung","31":"product_tag-brd","32":"product_tag-bundesrepublik-deutschland","33":"product_tag-deutsch","34":"product_tag-deutsche","35":"product_tag-deutschen","36":"product_tag-deutscher","37":"product_tag-deutsches","38":"product_tag-deutschland","39":"product_tag-deutschlands","40":"product_tag-drinnen","41":"product_tag-emanzipation","42":"product_tag-emanzipiert","43":"product_tag-emanzipierte","44":"product_tag-emanzipierten","45":"product_tag-emanzipierter","46":"product_tag-emanzipiertes","47":"product_tag-feminismus","48":"product_tag-feministisch","49":"product_tag-feministische","50":"product_tag-feministischer","51":"product_tag-feministisches","52":"product_tag-foto","53":"product_tag-fotoabzug","54":"product_tag-fotoabzuege","55":"product_tag-fotografie","56":"product_tag-fotografien","57":"product_tag-fotografin","58":"product_tag-fotografinnen","59":"product_tag-frau","60":"product_tag-frauen","61":"product_tag-frauenbewegung","62":"product_tag-geschichte","63":"product_tag-geschlechterverhaeltnis","64":"product_tag-gesellschaft","65":"product_tag-gleichberechtigung","66":"product_tag-hochschule","67":"product_tag-hochschulen","68":"product_tag-hoersaal","69":"product_tag-hoersaele","70":"product_tag-innen","71":"product_tag-jung","72":"product_tag-junge","73":"product_tag-jungen","74":"product_tag-junger","75":"product_tag-junges","76":"product_tag-lehrsaal","77":"product_tag-lehrsaele","78":"product_tag-lernen","79":"product_tag-menschenansammlung","80":"product_tag-menschenauflauf","81":"product_tag-menschenmassen","82":"product_tag-menschenmenge","83":"product_tag-menschenschar","84":"product_tag-muenchen","85":"product_tag-muenchener","86":"product_tag-muenchens","87":"product_tag-muenchner","88":"product_tag-photo","89":"product_tag-photoabzug","90":"product_tag-photoabzuege","91":"product_tag-photographie","92":"product_tag-photographien","93":"product_tag-photographin","94":"product_tag-photographinnen","95":"product_tag-print","96":"product_tag-s-w-fotografie","97":"product_tag-s-w-photographie","98":"product_tag-schwarzweissphotographie","99":"product_tag-schwarz-weiss-fotografie","100":"product_tag-schwarz-weiss-photographie","101":"product_tag-schwarzweiss","102":"product_tag-schwarzweisse","103":"product_tag-schwarzweissen","104":"product_tag-schwarzweisser","105":"product_tag-schwarzweisses","106":"product_tag-schwarzweissfotografie","107":"product_tag-siebziger","108":"product_tag-silbergelatine","109":"product_tag-silbergelatineabzug","110":"product_tag-silbergelatineabzuege","111":"product_tag-silbergelatineprint","112":"product_tag-sitzen","113":"product_tag-sitzend","114":"product_tag-sitzende","115":"product_tag-sitzenden","116":"product_tag-sitzender","117":"product_tag-sitzendes","118":"product_tag-sitzt","119":"product_tag-student","120":"product_tag-studenten","121":"product_tag-studentin","122":"product_tag-studentinnen","123":"product_tag-studieren","124":"product_tag-studium","125":"product_tag-sueddeutsch","126":"product_tag-sueddeutsche","127":"product_tag-sueddeutschen","128":"product_tag-sueddeutscher","129":"product_tag-sueddeutsches","130":"product_tag-sueddeutschland","131":"product_tag-sueddeutschlands","132":"product_tag-sw-fotografie","133":"product_tag-sw-photographie","134":"product_tag-universitaet","135":"product_tag-universitaeten","136":"product_tag-von-innen","137":"product_tag-vorlesung","138":"product_tag-vorlesungen","139":"product_tag-zuhoeren","140":"product_tag-zuhoerend","141":"product_tag-zuhoerende","142":"product_tag-zuhoerenden","143":"product_tag-zuhoerender","144":"product_tag-zuhoerendes","145":"product_tag-zuhoerer","146":"product_tag-zuhoererin","147":"product_tag-zuhoererinnen","148":"product_tag-zuhoerern","149":"product_tag-zuhoerers","150":"pa_datierung-november-1977","151":"pa_fotograf-abisag-tuellmann","152":"pa_geografischer_bezug-aufnahmeort-muenchen-deutschland","153":"pa_grunddaten_material_technik-foto-silbergelatine-auf-barytpapier","154":"pa_inventarnummer-tue-77-365-29","155":"pa_jahr_von-49467","156":"pa_massangaben-bildformat-foto-234-x-304-cm","157":"pa_mediennummer-55418","158":"pa_objekt_typ-fotografie","160":"first","161":"instock","162":"product-type-simple"},"yoast_head":"<!-- This site is optimized with the Yoast SEO plugin v27.3 - https:\/\/yoast.com\/product\/yoast-seo-wordpress\/ -->\n<title>Studentinnen in einem H\u00f6rsaal - Abisag T\u00fcllmann<\/title>\n<meta name=\"robots\" content=\"index, follow, max-snippet:-1, max-image-preview:large, max-video-preview:-1\" \/>\n<link rel=\"canonical\" href=\"https:\/\/bpk-archive.de\/tuellmann\/produkt\/studentinnen-in-einem-hoersaal\/\" \/>\n<meta property=\"og:locale\" content=\"de_DE\" \/>\n<meta property=\"og:type\" content=\"article\" \/>\n<meta property=\"og:title\" content=\"Studentinnen in einem H\u00f6rsaal - Abisag T\u00fcllmann\" \/>\n<meta property=\"og:description\" content=\"R\u00fcckseitenbeschriftung von anderer Hand: &#8222;Studentin in M\u00fcnchen&#8220;\" \/>\n<meta property=\"og:url\" content=\"https:\/\/bpk-archive.de\/tuellmann\/produkt\/studentinnen-in-einem-hoersaal\/\" \/>\n<meta property=\"og:site_name\" content=\"Abisag T\u00fcllmann\" \/>\n<meta property=\"article:modified_time\" content=\"2019-09-05T13:19:27+00:00\" \/>\n<meta property=\"og:image\" content=\"https:\/\/bpk-archive.de\/tuellmann\/wp-content\/uploads\/2019\/08\/bpk_70279126.jpg\" \/>\n\t<meta property=\"og:image:width\" content=\"1200\" \/>\n\t<meta property=\"og:image:height\" content=\"936\" \/>\n\t<meta property=\"og:image:type\" content=\"image\/jpeg\" \/>\n<meta name=\"twitter:card\" content=\"summary_large_image\" \/>\n<script type=\"application\/ld+json\" class=\"yoast-schema-graph\">{\"@context\":\"https:\\\/\\\/schema.org\",\"@graph\":[{\"@type\":\"WebPage\",\"@id\":\"https:\\\/\\\/bpk-archive.de\\\/tuellmann\\\/produkt\\\/studentinnen-in-einem-hoersaal\\\/\",\"url\":\"https:\\\/\\\/bpk-archive.de\\\/tuellmann\\\/produkt\\\/studentinnen-in-einem-hoersaal\\\/\",\"name\":\"Studentinnen in einem H\u00f6rsaal - Abisag T\u00fcllmann\",\"isPartOf\":{\"@id\":\"https:\\\/\\\/bpk-archive.de\\\/tuellmann\\\/#website\"},\"primaryImageOfPage\":{\"@id\":\"https:\\\/\\\/bpk-archive.de\\\/tuellmann\\\/produkt\\\/studentinnen-in-einem-hoersaal\\\/#primaryimage\"},\"image\":{\"@id\":\"https:\\\/\\\/bpk-archive.de\\\/tuellmann\\\/produkt\\\/studentinnen-in-einem-hoersaal\\\/#primaryimage\"},\"thumbnailUrl\":\"https:\\\/\\\/bpk-archive.de\\\/tuellmann\\\/wp-content\\\/uploads\\\/2019\\\/08\\\/bpk_70279126.jpg\",\"datePublished\":\"2019-09-05T13:19:25+00:00\",\"dateModified\":\"2019-09-05T13:19:27+00:00\",\"breadcrumb\":{\"@id\":\"https:\\\/\\\/bpk-archive.de\\\/tuellmann\\\/produkt\\\/studentinnen-in-einem-hoersaal\\\/#breadcrumb\"},\"inLanguage\":\"de\",\"potentialAction\":[{\"@type\":\"ReadAction\",\"target\":[\"https:\\\/\\\/bpk-archive.de\\\/tuellmann\\\/produkt\\\/studentinnen-in-einem-hoersaal\\\/\"]}]},{\"@type\":\"ImageObject\",\"inLanguage\":\"de\",\"@id\":\"https:\\\/\\\/bpk-archive.de\\\/tuellmann\\\/produkt\\\/studentinnen-in-einem-hoersaal\\\/#primaryimage\",\"url\":\"https:\\\/\\\/bpk-archive.de\\\/tuellmann\\\/wp-content\\\/uploads\\\/2019\\\/08\\\/bpk_70279126.jpg\",\"contentUrl\":\"https:\\\/\\\/bpk-archive.de\\\/tuellmann\\\/wp-content\\\/uploads\\\/2019\\\/08\\\/bpk_70279126.jpg\",\"width\":1200,\"height\":936,\"caption\":\"Studentinnen in einem H\u00f6rsaal\"},{\"@type\":\"BreadcrumbList\",\"@id\":\"https:\\\/\\\/bpk-archive.de\\\/tuellmann\\\/produkt\\\/studentinnen-in-einem-hoersaal\\\/#breadcrumb\",\"itemListElement\":[{\"@type\":\"ListItem\",\"position\":1,\"name\":\"Startseite\",\"item\":\"https:\\\/\\\/bpk-archive.de\\\/tuellmann\\\/\"},{\"@type\":\"ListItem\",\"position\":2,\"name\":\"Shop\",\"item\":\"https:\\\/\\\/bpk-archive.de\\\/tuellmann\\\/shop\\\/\"},{\"@type\":\"ListItem\",\"position\":3,\"name\":\"Studentinnen in einem H\u00f6rsaal\"}]},{\"@type\":\"WebSite\",\"@id\":\"https:\\\/\\\/bpk-archive.de\\\/tuellmann\\\/#website\",\"url\":\"https:\\\/\\\/bpk-archive.de\\\/tuellmann\\\/\",\"name\":\"Abisag T\u00fcllmann\",\"description\":\"Eine weitere WordPress-Website\",\"potentialAction\":[{\"@type\":\"SearchAction\",\"target\":{\"@type\":\"EntryPoint\",\"urlTemplate\":\"https:\\\/\\\/bpk-archive.de\\\/tuellmann\\\/?s={search_term_string}\"},\"query-input\":{\"@type\":\"PropertyValueSpecification\",\"valueRequired\":true,\"valueName\":\"search_term_string\"}}],\"inLanguage\":\"de\"}]}<\/script>\n<!-- \/ Yoast SEO plugin. -->","yoast_head_json":{"title":"Studentinnen in einem H\u00f6rsaal - Abisag T\u00fcllmann","robots":{"index":"index","follow":"follow","max-snippet":"max-snippet:-1","max-image-preview":"max-image-preview:large","max-video-preview":"max-video-preview:-1"},"canonical":"https:\/\/bpk-archive.de\/tuellmann\/produkt\/studentinnen-in-einem-hoersaal\/","og_locale":"de_DE","og_type":"article","og_title":"Studentinnen in einem H\u00f6rsaal - Abisag T\u00fcllmann","og_description":"R\u00fcckseitenbeschriftung von anderer Hand: &#8222;Studentin in M\u00fcnchen&#8220;","og_url":"https:\/\/bpk-archive.de\/tuellmann\/produkt\/studentinnen-in-einem-hoersaal\/","og_site_name":"Abisag T\u00fcllmann","article_modified_time":"2019-09-05T13:19:27+00:00","og_image":[{"width":1200,"height":936,"url":"https:\/\/bpk-archive.de\/tuellmann\/wp-content\/uploads\/2019\/08\/bpk_70279126.jpg","type":"image\/jpeg"}],"twitter_card":"summary_large_image","schema":{"@context":"https:\/\/schema.org","@graph":[{"@type":"WebPage","@id":"https:\/\/bpk-archive.de\/tuellmann\/produkt\/studentinnen-in-einem-hoersaal\/","url":"https:\/\/bpk-archive.de\/tuellmann\/produkt\/studentinnen-in-einem-hoersaal\/","name":"Studentinnen in einem H\u00f6rsaal - Abisag T\u00fcllmann","isPartOf":{"@id":"https:\/\/bpk-archive.de\/tuellmann\/#website"},"primaryImageOfPage":{"@id":"https:\/\/bpk-archive.de\/tuellmann\/produkt\/studentinnen-in-einem-hoersaal\/#primaryimage"},"image":{"@id":"https:\/\/bpk-archive.de\/tuellmann\/produkt\/studentinnen-in-einem-hoersaal\/#primaryimage"},"thumbnailUrl":"https:\/\/bpk-archive.de\/tuellmann\/wp-content\/uploads\/2019\/08\/bpk_70279126.jpg","datePublished":"2019-09-05T13:19:25+00:00","dateModified":"2019-09-05T13:19:27+00:00","breadcrumb":{"@id":"https:\/\/bpk-archive.de\/tuellmann\/produkt\/studentinnen-in-einem-hoersaal\/#breadcrumb"},"inLanguage":"de","potentialAction":[{"@type":"ReadAction","target":["https:\/\/bpk-archive.de\/tuellmann\/produkt\/studentinnen-in-einem-hoersaal\/"]}]},{"@type":"ImageObject","inLanguage":"de","@id":"https:\/\/bpk-archive.de\/tuellmann\/produkt\/studentinnen-in-einem-hoersaal\/#primaryimage","url":"https:\/\/bpk-archive.de\/tuellmann\/wp-content\/uploads\/2019\/08\/bpk_70279126.jpg","contentUrl":"https:\/\/bpk-archive.de\/tuellmann\/wp-content\/uploads\/2019\/08\/bpk_70279126.jpg","width":1200,"height":936,"caption":"Studentinnen in einem H\u00f6rsaal"},{"@type":"BreadcrumbList","@id":"https:\/\/bpk-archive.de\/tuellmann\/produkt\/studentinnen-in-einem-hoersaal\/#breadcrumb","itemListElement":[{"@type":"ListItem","position":1,"name":"Startseite","item":"https:\/\/bpk-archive.de\/tuellmann\/"},{"@type":"ListItem","position":2,"name":"Shop","item":"https:\/\/bpk-archive.de\/tuellmann\/shop\/"},{"@type":"ListItem","position":3,"name":"Studentinnen in einem H\u00f6rsaal"}]},{"@type":"WebSite","@id":"https:\/\/bpk-archive.de\/tuellmann\/#website","url":"https:\/\/bpk-archive.de\/tuellmann\/","name":"Abisag T\u00fcllmann","description":"Eine weitere WordPress-Website","potentialAction":[{"@type":"SearchAction","target":{"@type":"EntryPoint","urlTemplate":"https:\/\/bpk-archive.de\/tuellmann\/?s={search_term_string}"},"query-input":{"@type":"PropertyValueSpecification","valueRequired":true,"valueName":"search_term_string"}}],"inLanguage":"de"}]}},"_links":{"self":[{"href":"https:\/\/bpk-archive.de\/tuellmann\/wp-json\/wp\/v2\/product\/70295596","targetHints":{"allow":["GET"]}}],"collection":[{"href":"https:\/\/bpk-archive.de\/tuellmann\/wp-json\/wp\/v2\/product"}],"about":[{"href":"https:\/\/bpk-archive.de\/tuellmann\/wp-json\/wp\/v2\/types\/product"}],"wp:featuredmedia":[{"embeddable":true,"href":"https:\/\/bpk-archive.de\/tuellmann\/wp-json\/wp\/v2\/media\/70293020"}],"wp:attachment":[{"href":"https:\/\/bpk-archive.de\/tuellmann\/wp-json\/wp\/v2\/media?parent=70295596"}],"wp:term":[{"taxonomy":"product_brand","embeddable":true,"href":"https:\/\/bpk-archive.de\/tuellmann\/wp-json\/wp\/v2\/product_brand?post=70295596"},{"taxonomy":"product_cat","embeddable":true,"href":"https:\/\/bpk-archive.de\/tuellmann\/wp-json\/wp\/v2\/product_cat?post=70295596"},{"taxonomy":"product_tag","embeddable":true,"href":"https:\/\/bpk-archive.de\/tuellmann\/wp-json\/wp\/v2\/product_tag?post=70295596"}],"curies":[{"name":"wp","href":"https:\/\/api.w.org\/{rel}","templated":true}]}}