{"id":70295552,"date":"2019-09-05T15:09:45","date_gmt":"2019-09-05T13:09:45","guid":{"rendered":"http:\/\/abisagtuellmann.bpk-news.de\/atbild\/rueckseite-von-werbeagentur-fwo\/"},"modified":"2019-09-05T15:09:47","modified_gmt":"2019-09-05T13:09:47","slug":"rueckseite-von-werbeagentur-fwo","status":"publish","type":"product","link":"https:\/\/bpk-archive.de\/tuellmann\/produkt\/rueckseite-von-werbeagentur-fwo\/","title":{"rendered":"R\u00fcckseite von: Werbeagentur FWO"},"content":{"rendered":"<p>Vorderseite siehe: 70279177 R\u00fcckseitenbeschriftung von Hand der Fotografin: &#8222;Werbeagentur F!W!O! &#8211; Ein Fertigteilpavillon in ? -Form ohne T\u00fcren, nur Glasw\u00e4nde (vermindert die Haustelefonate), flie\u00dfende Arbeit von Abteilung zu Abteilung; Alle R\u00e4ume, ob Chef oder Versand sind mit den gleichen Schreibtischen ausgestattet&#8220; Grundrisszeichnung mit Markierung der verschiedenen Bereiche der Werbeagentur<\/p>\n","protected":false},"excerpt":{"rendered":"<p>Vorderseite siehe: 70279177 R\u00fcckseitenbeschriftung von Hand der Fotografin: &#8222;Werbeagentur F!W!O! &#8211; Ein Fertigteilpavillon in ? -Form ohne T\u00fcren, nur Glasw\u00e4nde (vermindert die Haustelefonate), flie\u00dfende Arbeit von Abteilung zu Abteilung; Alle R\u00e4ume, ob Chef oder Versand sind mit den gleichen Schreibtischen ausgestattet&#8220; Grundrisszeichnung mit Markierung der verschiedenen Bereiche der Werbeagentur<\/p>\n","protected":false},"featured_media":70293125,"template":"","meta":[],"product_brand":[],"product_cat":[],"product_tag":[13774,13232,13234,13231,13233,13775,53289,13777,47456,47457,47458,47459,47460,47461,47462,53691,48359,48360,13469,13470,13253,13254,13255,13256,13257,13471,13472,13293,13786,13787,13294,13295,13296,13297,13487,13488,48579,14327,13328,13827,13828,13329,13330,13331,13332,13843,13877,13879,13865,13864,13866,13858,13859,13860,13861,13862,13863,13867,13869,13870,13871,13872,13878,13880,48366,48367,48368],"class_list":{"0":"post-70295552","1":"product","2":"type-product","3":"status-publish","4":"has-post-thumbnail","6":"product_tag-1960er-jahre","7":"product_tag-20-jahrhundert-nach-chr","8":"product_tag-20-jh-n-chr","9":"product_tag-20-jahrhundert","10":"product_tag-20-jh","11":"product_tag-60er","12":"product_tag-abt_003","13":"product_tag-abzug","14":"product_tag-arbeit","15":"product_tag-arbeiten","16":"product_tag-arbeitend","17":"product_tag-arbeitende","18":"product_tag-arbeitenden","19":"product_tag-arbeitender","20":"product_tag-arbeitendes","21":"product_tag-at_frauenarbeit","22":"product_tag-beschriftung","23":"product_tag-beschriftungen","24":"product_tag-brd","25":"product_tag-bundesrepublik-deutschland","26":"product_tag-deutsch","27":"product_tag-deutsche","28":"product_tag-deutschen","29":"product_tag-deutscher","30":"product_tag-deutsches","31":"product_tag-deutschland","32":"product_tag-deutschlands","33":"product_tag-foto","34":"product_tag-fotoabzug","35":"product_tag-fotoabzuege","36":"product_tag-fotografie","37":"product_tag-fotografien","38":"product_tag-fotografin","39":"product_tag-fotografinnen","40":"product_tag-frau","41":"product_tag-frauen","42":"product_tag-frauenarbeit","43":"product_tag-gesellschaft","44":"product_tag-photo","45":"product_tag-photoabzug","46":"product_tag-photoabzuege","47":"product_tag-photographie","48":"product_tag-photographien","49":"product_tag-photographin","50":"product_tag-photographinnen","51":"product_tag-print","52":"product_tag-s-w-fotografie","53":"product_tag-s-w-photographie","54":"product_tag-schwarzweissphotographie","55":"product_tag-schwarz-weiss-fotografie","56":"product_tag-schwarz-weiss-photographie","57":"product_tag-schwarzweiss","58":"product_tag-schwarzweisse","59":"product_tag-schwarzweissen","60":"product_tag-schwarzweisser","61":"product_tag-schwarzweisses","62":"product_tag-schwarzweissfotografie","63":"product_tag-sechziger","64":"product_tag-silbergelatine","65":"product_tag-silbergelatineabzug","66":"product_tag-silbergelatineabzuege","67":"product_tag-silbergelatineprint","68":"product_tag-sw-fotografie","69":"product_tag-sw-photographie","70":"product_tag-v","71":"product_tag-verso","72":"product_tag-vs","73":"pa_datierung-februar-1969","74":"pa_fotograf-abisag-tuellmann","75":"pa_geografischer_bezug-aufnahmeort-deutschland","76":"pa_grunddaten_material_technik-foto-silbergelatine-auf-barytpapier","77":"pa_inventarnummer-tue-69-069-03a","78":"pa_jahr_von-14258","79":"pa_massangaben-bildformat-foto-233-x-297-cm","80":"pa_mediennummer-55039","81":"pa_objekt_typ-fotografie","83":"first","84":"instock","85":"product-type-simple"},"yoast_head":"<!-- This site is optimized with the Yoast SEO plugin v27.4 - https:\/\/yoast.com\/product\/yoast-seo-wordpress\/ -->\n<title>R\u00fcckseite von: Werbeagentur FWO - Abisag T\u00fcllmann<\/title>\n<meta name=\"robots\" content=\"index, follow, max-snippet:-1, max-image-preview:large, max-video-preview:-1\" \/>\n<link rel=\"canonical\" href=\"https:\/\/bpk-archive.de\/tuellmann\/produkt\/rueckseite-von-werbeagentur-fwo\/\" \/>\n<meta property=\"og:locale\" content=\"de_DE\" \/>\n<meta property=\"og:type\" content=\"article\" \/>\n<meta property=\"og:title\" content=\"R\u00fcckseite von: Werbeagentur FWO - Abisag T\u00fcllmann\" \/>\n<meta property=\"og:description\" content=\"Vorderseite siehe: 70279177 R\u00fcckseitenbeschriftung von Hand der Fotografin: &#8222;Werbeagentur F!W!O! &#8211; Ein Fertigteilpavillon in ? -Form ohne T\u00fcren, nur Glasw\u00e4nde (vermindert die Haustelefonate), flie\u00dfende Arbeit von Abteilung zu Abteilung; Alle R\u00e4ume, ob Chef oder Versand sind mit den gleichen Schreibtischen ausgestattet&#8220; Grundrisszeichnung mit Markierung der verschiedenen Bereiche der Werbeagentur\" \/>\n<meta property=\"og:url\" content=\"https:\/\/bpk-archive.de\/tuellmann\/produkt\/rueckseite-von-werbeagentur-fwo\/\" \/>\n<meta property=\"og:site_name\" content=\"Abisag T\u00fcllmann\" \/>\n<meta property=\"article:modified_time\" content=\"2019-09-05T13:09:47+00:00\" \/>\n<meta property=\"og:image\" content=\"https:\/\/bpk-archive.de\/tuellmann\/wp-content\/uploads\/2019\/08\/bpk_70279178.jpg\" \/>\n\t<meta property=\"og:image:width\" content=\"1200\" \/>\n\t<meta property=\"og:image:height\" content=\"947\" \/>\n\t<meta property=\"og:image:type\" content=\"image\/jpeg\" \/>\n<meta name=\"twitter:card\" content=\"summary_large_image\" \/>\n<script type=\"application\/ld+json\" class=\"yoast-schema-graph\">{\"@context\":\"https:\\\/\\\/schema.org\",\"@graph\":[{\"@type\":\"WebPage\",\"@id\":\"https:\\\/\\\/bpk-archive.de\\\/tuellmann\\\/produkt\\\/rueckseite-von-werbeagentur-fwo\\\/\",\"url\":\"https:\\\/\\\/bpk-archive.de\\\/tuellmann\\\/produkt\\\/rueckseite-von-werbeagentur-fwo\\\/\",\"name\":\"R\u00fcckseite von: Werbeagentur FWO - Abisag T\u00fcllmann\",\"isPartOf\":{\"@id\":\"https:\\\/\\\/bpk-archive.de\\\/tuellmann\\\/#website\"},\"primaryImageOfPage\":{\"@id\":\"https:\\\/\\\/bpk-archive.de\\\/tuellmann\\\/produkt\\\/rueckseite-von-werbeagentur-fwo\\\/#primaryimage\"},\"image\":{\"@id\":\"https:\\\/\\\/bpk-archive.de\\\/tuellmann\\\/produkt\\\/rueckseite-von-werbeagentur-fwo\\\/#primaryimage\"},\"thumbnailUrl\":\"https:\\\/\\\/bpk-archive.de\\\/tuellmann\\\/wp-content\\\/uploads\\\/2019\\\/08\\\/bpk_70279178.jpg\",\"datePublished\":\"2019-09-05T13:09:45+00:00\",\"dateModified\":\"2019-09-05T13:09:47+00:00\",\"breadcrumb\":{\"@id\":\"https:\\\/\\\/bpk-archive.de\\\/tuellmann\\\/produkt\\\/rueckseite-von-werbeagentur-fwo\\\/#breadcrumb\"},\"inLanguage\":\"de\",\"potentialAction\":[{\"@type\":\"ReadAction\",\"target\":[\"https:\\\/\\\/bpk-archive.de\\\/tuellmann\\\/produkt\\\/rueckseite-von-werbeagentur-fwo\\\/\"]}]},{\"@type\":\"ImageObject\",\"inLanguage\":\"de\",\"@id\":\"https:\\\/\\\/bpk-archive.de\\\/tuellmann\\\/produkt\\\/rueckseite-von-werbeagentur-fwo\\\/#primaryimage\",\"url\":\"https:\\\/\\\/bpk-archive.de\\\/tuellmann\\\/wp-content\\\/uploads\\\/2019\\\/08\\\/bpk_70279178.jpg\",\"contentUrl\":\"https:\\\/\\\/bpk-archive.de\\\/tuellmann\\\/wp-content\\\/uploads\\\/2019\\\/08\\\/bpk_70279178.jpg\",\"width\":1200,\"height\":947,\"caption\":\"R\u00fcckseite von: Werbeagentur FWO\"},{\"@type\":\"BreadcrumbList\",\"@id\":\"https:\\\/\\\/bpk-archive.de\\\/tuellmann\\\/produkt\\\/rueckseite-von-werbeagentur-fwo\\\/#breadcrumb\",\"itemListElement\":[{\"@type\":\"ListItem\",\"position\":1,\"name\":\"Startseite\",\"item\":\"https:\\\/\\\/bpk-archive.de\\\/tuellmann\\\/\"},{\"@type\":\"ListItem\",\"position\":2,\"name\":\"Shop\",\"item\":\"https:\\\/\\\/bpk-archive.de\\\/tuellmann\\\/shop\\\/\"},{\"@type\":\"ListItem\",\"position\":3,\"name\":\"R\u00fcckseite von: Werbeagentur FWO\"}]},{\"@type\":\"WebSite\",\"@id\":\"https:\\\/\\\/bpk-archive.de\\\/tuellmann\\\/#website\",\"url\":\"https:\\\/\\\/bpk-archive.de\\\/tuellmann\\\/\",\"name\":\"Abisag T\u00fcllmann\",\"description\":\"Eine weitere WordPress-Website\",\"potentialAction\":[{\"@type\":\"SearchAction\",\"target\":{\"@type\":\"EntryPoint\",\"urlTemplate\":\"https:\\\/\\\/bpk-archive.de\\\/tuellmann\\\/?s={search_term_string}\"},\"query-input\":{\"@type\":\"PropertyValueSpecification\",\"valueRequired\":true,\"valueName\":\"search_term_string\"}}],\"inLanguage\":\"de\"}]}<\/script>\n<!-- \/ Yoast SEO plugin. -->","yoast_head_json":{"title":"R\u00fcckseite von: Werbeagentur FWO - Abisag T\u00fcllmann","robots":{"index":"index","follow":"follow","max-snippet":"max-snippet:-1","max-image-preview":"max-image-preview:large","max-video-preview":"max-video-preview:-1"},"canonical":"https:\/\/bpk-archive.de\/tuellmann\/produkt\/rueckseite-von-werbeagentur-fwo\/","og_locale":"de_DE","og_type":"article","og_title":"R\u00fcckseite von: Werbeagentur FWO - Abisag T\u00fcllmann","og_description":"Vorderseite siehe: 70279177 R\u00fcckseitenbeschriftung von Hand der Fotografin: &#8222;Werbeagentur F!W!O! &#8211; Ein Fertigteilpavillon in ? -Form ohne T\u00fcren, nur Glasw\u00e4nde (vermindert die Haustelefonate), flie\u00dfende Arbeit von Abteilung zu Abteilung; Alle R\u00e4ume, ob Chef oder Versand sind mit den gleichen Schreibtischen ausgestattet&#8220; Grundrisszeichnung mit Markierung der verschiedenen Bereiche der Werbeagentur","og_url":"https:\/\/bpk-archive.de\/tuellmann\/produkt\/rueckseite-von-werbeagentur-fwo\/","og_site_name":"Abisag T\u00fcllmann","article_modified_time":"2019-09-05T13:09:47+00:00","og_image":[{"width":1200,"height":947,"url":"https:\/\/bpk-archive.de\/tuellmann\/wp-content\/uploads\/2019\/08\/bpk_70279178.jpg","type":"image\/jpeg"}],"twitter_card":"summary_large_image","schema":{"@context":"https:\/\/schema.org","@graph":[{"@type":"WebPage","@id":"https:\/\/bpk-archive.de\/tuellmann\/produkt\/rueckseite-von-werbeagentur-fwo\/","url":"https:\/\/bpk-archive.de\/tuellmann\/produkt\/rueckseite-von-werbeagentur-fwo\/","name":"R\u00fcckseite von: Werbeagentur FWO - Abisag T\u00fcllmann","isPartOf":{"@id":"https:\/\/bpk-archive.de\/tuellmann\/#website"},"primaryImageOfPage":{"@id":"https:\/\/bpk-archive.de\/tuellmann\/produkt\/rueckseite-von-werbeagentur-fwo\/#primaryimage"},"image":{"@id":"https:\/\/bpk-archive.de\/tuellmann\/produkt\/rueckseite-von-werbeagentur-fwo\/#primaryimage"},"thumbnailUrl":"https:\/\/bpk-archive.de\/tuellmann\/wp-content\/uploads\/2019\/08\/bpk_70279178.jpg","datePublished":"2019-09-05T13:09:45+00:00","dateModified":"2019-09-05T13:09:47+00:00","breadcrumb":{"@id":"https:\/\/bpk-archive.de\/tuellmann\/produkt\/rueckseite-von-werbeagentur-fwo\/#breadcrumb"},"inLanguage":"de","potentialAction":[{"@type":"ReadAction","target":["https:\/\/bpk-archive.de\/tuellmann\/produkt\/rueckseite-von-werbeagentur-fwo\/"]}]},{"@type":"ImageObject","inLanguage":"de","@id":"https:\/\/bpk-archive.de\/tuellmann\/produkt\/rueckseite-von-werbeagentur-fwo\/#primaryimage","url":"https:\/\/bpk-archive.de\/tuellmann\/wp-content\/uploads\/2019\/08\/bpk_70279178.jpg","contentUrl":"https:\/\/bpk-archive.de\/tuellmann\/wp-content\/uploads\/2019\/08\/bpk_70279178.jpg","width":1200,"height":947,"caption":"R\u00fcckseite von: Werbeagentur FWO"},{"@type":"BreadcrumbList","@id":"https:\/\/bpk-archive.de\/tuellmann\/produkt\/rueckseite-von-werbeagentur-fwo\/#breadcrumb","itemListElement":[{"@type":"ListItem","position":1,"name":"Startseite","item":"https:\/\/bpk-archive.de\/tuellmann\/"},{"@type":"ListItem","position":2,"name":"Shop","item":"https:\/\/bpk-archive.de\/tuellmann\/shop\/"},{"@type":"ListItem","position":3,"name":"R\u00fcckseite von: Werbeagentur FWO"}]},{"@type":"WebSite","@id":"https:\/\/bpk-archive.de\/tuellmann\/#website","url":"https:\/\/bpk-archive.de\/tuellmann\/","name":"Abisag T\u00fcllmann","description":"Eine weitere WordPress-Website","potentialAction":[{"@type":"SearchAction","target":{"@type":"EntryPoint","urlTemplate":"https:\/\/bpk-archive.de\/tuellmann\/?s={search_term_string}"},"query-input":{"@type":"PropertyValueSpecification","valueRequired":true,"valueName":"search_term_string"}}],"inLanguage":"de"}]}},"_links":{"self":[{"href":"https:\/\/bpk-archive.de\/tuellmann\/wp-json\/wp\/v2\/product\/70295552","targetHints":{"allow":["GET"]}}],"collection":[{"href":"https:\/\/bpk-archive.de\/tuellmann\/wp-json\/wp\/v2\/product"}],"about":[{"href":"https:\/\/bpk-archive.de\/tuellmann\/wp-json\/wp\/v2\/types\/product"}],"wp:featuredmedia":[{"embeddable":true,"href":"https:\/\/bpk-archive.de\/tuellmann\/wp-json\/wp\/v2\/media\/70293125"}],"wp:attachment":[{"href":"https:\/\/bpk-archive.de\/tuellmann\/wp-json\/wp\/v2\/media?parent=70295552"}],"wp:term":[{"taxonomy":"product_brand","embeddable":true,"href":"https:\/\/bpk-archive.de\/tuellmann\/wp-json\/wp\/v2\/product_brand?post=70295552"},{"taxonomy":"product_cat","embeddable":true,"href":"https:\/\/bpk-archive.de\/tuellmann\/wp-json\/wp\/v2\/product_cat?post=70295552"},{"taxonomy":"product_tag","embeddable":true,"href":"https:\/\/bpk-archive.de\/tuellmann\/wp-json\/wp\/v2\/product_tag?post=70295552"}],"curies":[{"name":"wp","href":"https:\/\/api.w.org\/{rel}","templated":true}]}}