{"id":70295538,"date":"2019-09-05T15:09:20","date_gmt":"2019-09-05T13:09:20","guid":{"rendered":"http:\/\/abisagtuellmann.bpk-news.de\/atbild\/frauengespraechsgruppentreffen-in-goeppingen-2\/"},"modified":"2019-09-05T15:09:27","modified_gmt":"2019-09-05T13:09:27","slug":"frauengespraechsgruppentreffen-in-goeppingen-2","status":"publish","type":"product","link":"https:\/\/bpk-archive.de\/tuellmann\/produkt\/frauengespraechsgruppentreffen-in-goeppingen-2\/","title":{"rendered":"Frauengespr\u00e4chsgruppentreffen in G\u00f6ppingen"},"content":{"rendered":"","protected":false},"excerpt":{"rendered":"","protected":false},"featured_media":70293038,"template":"","meta":[],"product_brand":[],"product_cat":[],"product_tag":[13230,13232,13234,13231,13233,13235,49668,13777,54773,13250,49675,13784,13785,14177,13469,13470,54919,13253,13254,13255,13256,13257,13471,13472,13260,53792,53793,53794,53795,53796,13293,13786,13787,13294,13295,13296,13297,13487,13488,53797,47735,47736,49863,49864,51001,14066,54110,14327,47579,47580,47581,47582,54920,54921,54922,54923,14195,14196,14197,14198,14199,14200,51506,51507,13301,47589,47590,51002,51003,13328,13827,13828,13329,13330,13331,13332,13829,13830,13831,13832,13833,13834,13835,13836,13837,13838,13839,13840,13841,13842,13843,53887,53888,53889,13877,13879,54934,54935,54936,54937,54938,49712,49713,49714,49715,49716,49717,13865,13864,13866,13858,13859,13860,13861,13862,13863,54803,13354,13869,13870,13871,13872,14243,14244,14245,14246,14247,14248,14249,51004,51005,53486,49722,49723,49724,49725,49726,49727,49728,13878,13880,49651,49652,49653,49654,49655,49656,54939,54940,54941,54942,54943,50111,50112,49732,49733,49734,49735,49736,49737,49738,49739,49008,49009,49010,49011,49012,49013,51812,51813,54930,54931],"class_list":{"0":"post-70295538","1":"product","2":"type-product","3":"status-publish","4":"has-post-thumbnail","6":"product_tag-1970er-jahre","7":"product_tag-20-jahrhundert-nach-chr","8":"product_tag-20-jh-n-chr","9":"product_tag-20-jahrhundert","10":"product_tag-20-jh","11":"product_tag-70er","12":"product_tag-abt_002","13":"product_tag-abzug","14":"product_tag-at_frauenbewegung","15":"product_tag-aussen","16":"product_tag-baden-wuerttemberg","17":"product_tag-bildnis","18":"product_tag-bildnisse","19":"product_tag-blickkontakt","20":"product_tag-brd","21":"product_tag-bundesrepublik-deutschland","22":"product_tag-consciousness-raising-groups","23":"product_tag-deutsch","24":"product_tag-deutsche","25":"product_tag-deutschen","26":"product_tag-deutscher","27":"product_tag-deutsches","28":"product_tag-deutschland","29":"product_tag-deutschlands","30":"product_tag-draussen","31":"product_tag-feminismus","32":"product_tag-feministisch","33":"product_tag-feministische","34":"product_tag-feministischer","35":"product_tag-feministisches","36":"product_tag-foto","37":"product_tag-fotoabzug","38":"product_tag-fotoabzuege","39":"product_tag-fotografie","40":"product_tag-fotografien","41":"product_tag-fotografin","42":"product_tag-fotografinnen","43":"product_tag-frau","44":"product_tag-frauen","45":"product_tag-frauenbewegung","46":"product_tag-frauengruppe","47":"product_tag-frauengruppen","48":"product_tag-garten","49":"product_tag-gartens","50":"product_tag-gelangweilt","51":"product_tag-geschichte","52":"product_tag-geschlechterverhaeltnis","53":"product_tag-gesellschaft","54":"product_tag-gespraech","55":"product_tag-gespraeche","56":"product_tag-gespraeches","57":"product_tag-gespraechs","58":"product_tag-gespraechsgruppe","59":"product_tag-gespraechsgruppen","60":"product_tag-gespraechsrunde","61":"product_tag-gleichberechtigung","62":"product_tag-gruppenbild","63":"product_tag-gruppenbilder","64":"product_tag-gruppenportrait","65":"product_tag-gruppenportraits","66":"product_tag-gruppenportraet","67":"product_tag-gruppenportraets","68":"product_tag-handarbeit","69":"product_tag-handarbeiten","70":"product_tag-im-freien","71":"product_tag-konversation","72":"product_tag-konversationen","73":"product_tag-langeweile","74":"product_tag-langweilig","75":"product_tag-photo","76":"product_tag-photoabzug","77":"product_tag-photoabzuege","78":"product_tag-photographie","79":"product_tag-photographien","80":"product_tag-photographin","81":"product_tag-photographinnen","82":"product_tag-portrait","83":"product_tag-portraitaufnahme","84":"product_tag-portraitfoto","85":"product_tag-portraitfotografie","86":"product_tag-portraitphoto","87":"product_tag-portraitphotographie","88":"product_tag-portraits","89":"product_tag-portraet","90":"product_tag-portraetaufnahme","91":"product_tag-portraetfoto","92":"product_tag-portraetfotografie","93":"product_tag-portraetphoto","94":"product_tag-portraetphotographie","95":"product_tag-portraets","96":"product_tag-print","97":"product_tag-rasen","98":"product_tag-rasenflaeche","99":"product_tag-rasenflaechen","100":"product_tag-s-w-fotografie","101":"product_tag-s-w-photographie","102":"product_tag-schelmisch","103":"product_tag-schelmische","104":"product_tag-schelmischen","105":"product_tag-schelmischer","106":"product_tag-schelmisches","107":"product_tag-schwaben","108":"product_tag-schwaebisch","109":"product_tag-schwaebische","110":"product_tag-schwaebischen","111":"product_tag-schwaebischer","112":"product_tag-schwaebisches","113":"product_tag-schwarzweissphotographie","114":"product_tag-schwarz-weiss-fotografie","115":"product_tag-schwarz-weiss-photographie","116":"product_tag-schwarzweiss","117":"product_tag-schwarzweisse","118":"product_tag-schwarzweissen","119":"product_tag-schwarzweisser","120":"product_tag-schwarzweisses","121":"product_tag-schwarzweissfotografie","122":"product_tag-selbsthilfe","123":"product_tag-siebziger","124":"product_tag-silbergelatine","125":"product_tag-silbergelatineabzug","126":"product_tag-silbergelatineabzuege","127":"product_tag-silbergelatineprint","128":"product_tag-sitzen","129":"product_tag-sitzend","130":"product_tag-sitzende","131":"product_tag-sitzenden","132":"product_tag-sitzender","133":"product_tag-sitzendes","134":"product_tag-sitzt","135":"product_tag-sonnenbrille","136":"product_tag-sonnenbrillen","137":"product_tag-stricken","138":"product_tag-sueddeutsch","139":"product_tag-sueddeutsche","140":"product_tag-sueddeutschen","141":"product_tag-sueddeutscher","142":"product_tag-sueddeutsches","143":"product_tag-sueddeutschland","144":"product_tag-sueddeutschlands","145":"product_tag-sw-fotografie","146":"product_tag-sw-photographie","147":"product_tag-treffen","148":"product_tag-treffens","149":"product_tag-versammeln","150":"product_tag-versammelt","151":"product_tag-versammlung","152":"product_tag-versammlungen","153":"product_tag-verschmitzt","154":"product_tag-verschmitzte","155":"product_tag-verschmitzten","156":"product_tag-verschmitzter","157":"product_tag-verschmitztes","158":"product_tag-wiese","159":"product_tag-wiesen","160":"product_tag-wirtenberg","161":"product_tag-wuertemberg","162":"product_tag-wuerttemberg","163":"product_tag-wuerttembergisch","164":"product_tag-wuerttembergische","165":"product_tag-wuerttembergischen","166":"product_tag-wuerttembergischer","167":"product_tag-wuerttembergisches","168":"product_tag-zuhoeren","169":"product_tag-zuhoerend","170":"product_tag-zuhoerende","171":"product_tag-zuhoerenden","172":"product_tag-zuhoerender","173":"product_tag-zuhoerendes","174":"product_tag-zuhoererin","175":"product_tag-zuhoererinnen","176":"product_tag-zusammenkunft","177":"product_tag-zusammenkuenfte","178":"pa_datierung-april-1976","179":"pa_fotograf-abisag-tuellmann","180":"pa_geografischer_bezug-aufnahmeort-goeppingen-deutschland","181":"pa_grunddaten_material_technik-foto-silbergelatine-auf-barytpapier","182":"pa_inventarnummer-tue-76-059-02a","183":"pa_jahr_von-54713","184":"pa_massangaben-bildformat-foto-234-x-303-cm","185":"pa_mediennummer-54932","186":"pa_objekt_typ-fotografie","188":"first","189":"instock","190":"product-type-simple"},"yoast_head":"<!-- This site is optimized with the Yoast SEO plugin v27.4 - https:\/\/yoast.com\/product\/yoast-seo-wordpress\/ -->\n<title>Frauengespr\u00e4chsgruppentreffen in G\u00f6ppingen - Abisag T\u00fcllmann<\/title>\n<meta name=\"robots\" content=\"index, follow, max-snippet:-1, max-image-preview:large, max-video-preview:-1\" \/>\n<link rel=\"canonical\" href=\"https:\/\/bpk-archive.de\/tuellmann\/produkt\/frauengespraechsgruppentreffen-in-goeppingen-2\/\" \/>\n<meta property=\"og:locale\" content=\"de_DE\" \/>\n<meta property=\"og:type\" content=\"article\" \/>\n<meta property=\"og:title\" content=\"Frauengespr\u00e4chsgruppentreffen in G\u00f6ppingen - Abisag T\u00fcllmann\" \/>\n<meta property=\"og:url\" content=\"https:\/\/bpk-archive.de\/tuellmann\/produkt\/frauengespraechsgruppentreffen-in-goeppingen-2\/\" \/>\n<meta property=\"og:site_name\" content=\"Abisag T\u00fcllmann\" \/>\n<meta property=\"article:modified_time\" content=\"2019-09-05T13:09:27+00:00\" \/>\n<meta property=\"og:image\" content=\"https:\/\/bpk-archive.de\/tuellmann\/wp-content\/uploads\/2019\/08\/bpk_70279132.jpg\" \/>\n\t<meta property=\"og:image:width\" content=\"1200\" \/>\n\t<meta property=\"og:image:height\" content=\"937\" \/>\n\t<meta property=\"og:image:type\" content=\"image\/jpeg\" \/>\n<meta name=\"twitter:card\" content=\"summary_large_image\" \/>\n<script type=\"application\/ld+json\" class=\"yoast-schema-graph\">{\"@context\":\"https:\\\/\\\/schema.org\",\"@graph\":[{\"@type\":\"WebPage\",\"@id\":\"https:\\\/\\\/bpk-archive.de\\\/tuellmann\\\/produkt\\\/frauengespraechsgruppentreffen-in-goeppingen-2\\\/\",\"url\":\"https:\\\/\\\/bpk-archive.de\\\/tuellmann\\\/produkt\\\/frauengespraechsgruppentreffen-in-goeppingen-2\\\/\",\"name\":\"Frauengespr\u00e4chsgruppentreffen in G\u00f6ppingen - Abisag T\u00fcllmann\",\"isPartOf\":{\"@id\":\"https:\\\/\\\/bpk-archive.de\\\/tuellmann\\\/#website\"},\"primaryImageOfPage\":{\"@id\":\"https:\\\/\\\/bpk-archive.de\\\/tuellmann\\\/produkt\\\/frauengespraechsgruppentreffen-in-goeppingen-2\\\/#primaryimage\"},\"image\":{\"@id\":\"https:\\\/\\\/bpk-archive.de\\\/tuellmann\\\/produkt\\\/frauengespraechsgruppentreffen-in-goeppingen-2\\\/#primaryimage\"},\"thumbnailUrl\":\"https:\\\/\\\/bpk-archive.de\\\/tuellmann\\\/wp-content\\\/uploads\\\/2019\\\/08\\\/bpk_70279132.jpg\",\"datePublished\":\"2019-09-05T13:09:20+00:00\",\"dateModified\":\"2019-09-05T13:09:27+00:00\",\"breadcrumb\":{\"@id\":\"https:\\\/\\\/bpk-archive.de\\\/tuellmann\\\/produkt\\\/frauengespraechsgruppentreffen-in-goeppingen-2\\\/#breadcrumb\"},\"inLanguage\":\"de\",\"potentialAction\":[{\"@type\":\"ReadAction\",\"target\":[\"https:\\\/\\\/bpk-archive.de\\\/tuellmann\\\/produkt\\\/frauengespraechsgruppentreffen-in-goeppingen-2\\\/\"]}]},{\"@type\":\"ImageObject\",\"inLanguage\":\"de\",\"@id\":\"https:\\\/\\\/bpk-archive.de\\\/tuellmann\\\/produkt\\\/frauengespraechsgruppentreffen-in-goeppingen-2\\\/#primaryimage\",\"url\":\"https:\\\/\\\/bpk-archive.de\\\/tuellmann\\\/wp-content\\\/uploads\\\/2019\\\/08\\\/bpk_70279132.jpg\",\"contentUrl\":\"https:\\\/\\\/bpk-archive.de\\\/tuellmann\\\/wp-content\\\/uploads\\\/2019\\\/08\\\/bpk_70279132.jpg\",\"width\":1200,\"height\":937,\"caption\":\"Frauengespr\u00e4chsgruppentreffen in G\u00f6ppingen\"},{\"@type\":\"BreadcrumbList\",\"@id\":\"https:\\\/\\\/bpk-archive.de\\\/tuellmann\\\/produkt\\\/frauengespraechsgruppentreffen-in-goeppingen-2\\\/#breadcrumb\",\"itemListElement\":[{\"@type\":\"ListItem\",\"position\":1,\"name\":\"Startseite\",\"item\":\"https:\\\/\\\/bpk-archive.de\\\/tuellmann\\\/\"},{\"@type\":\"ListItem\",\"position\":2,\"name\":\"Shop\",\"item\":\"https:\\\/\\\/bpk-archive.de\\\/tuellmann\\\/shop\\\/\"},{\"@type\":\"ListItem\",\"position\":3,\"name\":\"Frauengespr\u00e4chsgruppentreffen in G\u00f6ppingen\"}]},{\"@type\":\"WebSite\",\"@id\":\"https:\\\/\\\/bpk-archive.de\\\/tuellmann\\\/#website\",\"url\":\"https:\\\/\\\/bpk-archive.de\\\/tuellmann\\\/\",\"name\":\"Abisag T\u00fcllmann\",\"description\":\"Eine weitere WordPress-Website\",\"potentialAction\":[{\"@type\":\"SearchAction\",\"target\":{\"@type\":\"EntryPoint\",\"urlTemplate\":\"https:\\\/\\\/bpk-archive.de\\\/tuellmann\\\/?s={search_term_string}\"},\"query-input\":{\"@type\":\"PropertyValueSpecification\",\"valueRequired\":true,\"valueName\":\"search_term_string\"}}],\"inLanguage\":\"de\"}]}<\/script>\n<!-- \/ Yoast SEO plugin. -->","yoast_head_json":{"title":"Frauengespr\u00e4chsgruppentreffen in G\u00f6ppingen - Abisag T\u00fcllmann","robots":{"index":"index","follow":"follow","max-snippet":"max-snippet:-1","max-image-preview":"max-image-preview:large","max-video-preview":"max-video-preview:-1"},"canonical":"https:\/\/bpk-archive.de\/tuellmann\/produkt\/frauengespraechsgruppentreffen-in-goeppingen-2\/","og_locale":"de_DE","og_type":"article","og_title":"Frauengespr\u00e4chsgruppentreffen in G\u00f6ppingen - Abisag T\u00fcllmann","og_url":"https:\/\/bpk-archive.de\/tuellmann\/produkt\/frauengespraechsgruppentreffen-in-goeppingen-2\/","og_site_name":"Abisag T\u00fcllmann","article_modified_time":"2019-09-05T13:09:27+00:00","og_image":[{"width":1200,"height":937,"url":"https:\/\/bpk-archive.de\/tuellmann\/wp-content\/uploads\/2019\/08\/bpk_70279132.jpg","type":"image\/jpeg"}],"twitter_card":"summary_large_image","schema":{"@context":"https:\/\/schema.org","@graph":[{"@type":"WebPage","@id":"https:\/\/bpk-archive.de\/tuellmann\/produkt\/frauengespraechsgruppentreffen-in-goeppingen-2\/","url":"https:\/\/bpk-archive.de\/tuellmann\/produkt\/frauengespraechsgruppentreffen-in-goeppingen-2\/","name":"Frauengespr\u00e4chsgruppentreffen in G\u00f6ppingen - Abisag T\u00fcllmann","isPartOf":{"@id":"https:\/\/bpk-archive.de\/tuellmann\/#website"},"primaryImageOfPage":{"@id":"https:\/\/bpk-archive.de\/tuellmann\/produkt\/frauengespraechsgruppentreffen-in-goeppingen-2\/#primaryimage"},"image":{"@id":"https:\/\/bpk-archive.de\/tuellmann\/produkt\/frauengespraechsgruppentreffen-in-goeppingen-2\/#primaryimage"},"thumbnailUrl":"https:\/\/bpk-archive.de\/tuellmann\/wp-content\/uploads\/2019\/08\/bpk_70279132.jpg","datePublished":"2019-09-05T13:09:20+00:00","dateModified":"2019-09-05T13:09:27+00:00","breadcrumb":{"@id":"https:\/\/bpk-archive.de\/tuellmann\/produkt\/frauengespraechsgruppentreffen-in-goeppingen-2\/#breadcrumb"},"inLanguage":"de","potentialAction":[{"@type":"ReadAction","target":["https:\/\/bpk-archive.de\/tuellmann\/produkt\/frauengespraechsgruppentreffen-in-goeppingen-2\/"]}]},{"@type":"ImageObject","inLanguage":"de","@id":"https:\/\/bpk-archive.de\/tuellmann\/produkt\/frauengespraechsgruppentreffen-in-goeppingen-2\/#primaryimage","url":"https:\/\/bpk-archive.de\/tuellmann\/wp-content\/uploads\/2019\/08\/bpk_70279132.jpg","contentUrl":"https:\/\/bpk-archive.de\/tuellmann\/wp-content\/uploads\/2019\/08\/bpk_70279132.jpg","width":1200,"height":937,"caption":"Frauengespr\u00e4chsgruppentreffen in G\u00f6ppingen"},{"@type":"BreadcrumbList","@id":"https:\/\/bpk-archive.de\/tuellmann\/produkt\/frauengespraechsgruppentreffen-in-goeppingen-2\/#breadcrumb","itemListElement":[{"@type":"ListItem","position":1,"name":"Startseite","item":"https:\/\/bpk-archive.de\/tuellmann\/"},{"@type":"ListItem","position":2,"name":"Shop","item":"https:\/\/bpk-archive.de\/tuellmann\/shop\/"},{"@type":"ListItem","position":3,"name":"Frauengespr\u00e4chsgruppentreffen in G\u00f6ppingen"}]},{"@type":"WebSite","@id":"https:\/\/bpk-archive.de\/tuellmann\/#website","url":"https:\/\/bpk-archive.de\/tuellmann\/","name":"Abisag T\u00fcllmann","description":"Eine weitere WordPress-Website","potentialAction":[{"@type":"SearchAction","target":{"@type":"EntryPoint","urlTemplate":"https:\/\/bpk-archive.de\/tuellmann\/?s={search_term_string}"},"query-input":{"@type":"PropertyValueSpecification","valueRequired":true,"valueName":"search_term_string"}}],"inLanguage":"de"}]}},"_links":{"self":[{"href":"https:\/\/bpk-archive.de\/tuellmann\/wp-json\/wp\/v2\/product\/70295538","targetHints":{"allow":["GET"]}}],"collection":[{"href":"https:\/\/bpk-archive.de\/tuellmann\/wp-json\/wp\/v2\/product"}],"about":[{"href":"https:\/\/bpk-archive.de\/tuellmann\/wp-json\/wp\/v2\/types\/product"}],"wp:featuredmedia":[{"embeddable":true,"href":"https:\/\/bpk-archive.de\/tuellmann\/wp-json\/wp\/v2\/media\/70293038"}],"wp:attachment":[{"href":"https:\/\/bpk-archive.de\/tuellmann\/wp-json\/wp\/v2\/media?parent=70295538"}],"wp:term":[{"taxonomy":"product_brand","embeddable":true,"href":"https:\/\/bpk-archive.de\/tuellmann\/wp-json\/wp\/v2\/product_brand?post=70295538"},{"taxonomy":"product_cat","embeddable":true,"href":"https:\/\/bpk-archive.de\/tuellmann\/wp-json\/wp\/v2\/product_cat?post=70295538"},{"taxonomy":"product_tag","embeddable":true,"href":"https:\/\/bpk-archive.de\/tuellmann\/wp-json\/wp\/v2\/product_tag?post=70295538"}],"curies":[{"name":"wp","href":"https:\/\/api.w.org\/{rel}","templated":true}]}}