{"id":70295430,"date":"2019-09-05T15:07:16","date_gmt":"2019-09-05T13:07:16","guid":{"rendered":"http:\/\/abisagtuellmann.bpk-news.de\/atbild\/spanische-gastarbeiter-im-zug-auf-dem-weg-in-ihr-heimatland\/"},"modified":"2019-09-05T15:07:37","modified_gmt":"2019-09-05T13:07:37","slug":"spanische-gastarbeiter-im-zug-auf-dem-weg-in-ihr-heimatland","status":"publish","type":"product","link":"https:\/\/bpk-archive.de\/tuellmann\/produkt\/spanische-gastarbeiter-im-zug-auf-dem-weg-in-ihr-heimatland\/","title":{"rendered":"Spanische Gastarbeiter im Zug auf dem Weg in ihr Heimatland"},"content":{"rendered":"<p>Serie f\u00fcr die &#8222;Didaktischen Einheiten&#8220; des Deutschen Jugendinstituts M\u00fcnchen (DJI)<\/p>\n","protected":false},"excerpt":{"rendered":"<p>Serie f\u00fcr die &#8222;Didaktischen Einheiten&#8220; des Deutschen Jugendinstituts M\u00fcnchen (DJI)<\/p>\n","protected":false},"featured_media":70293246,"template":"","meta":[],"product_brand":[],"product_cat":[],"product_tag":[13230,13232,13234,13231,13233,13235,54001,54002,54003,53289,54004,13777,54005,47456,47457,47458,47459,47460,47461,47462,53193,53194,53195,53196,53197,13250,47720,47721,47722,47723,54006,54007,53291,53292,53293,54008,54009,54010,54011,54012,54013,47876,47877,47878,47879,14326,54014,54015,53967,14177,13469,14178,14179,13470,13471,13472,54016,54017,13260,54018,54019,47727,47728,47729,54020,54021,50496,47730,47731,47734,52424,52426,48526,48527,53970,53971,13293,13786,13787,13294,13295,13296,13297,51504,47267,49684,51505,53202,53203,53204,53206,53209,53210,53153,53154,53155,14327,54022,54023,13492,13493,13494,13495,13496,13497,13301,47744,47745,47746,54024,54025,13818,13819,13826,49816,47786,47787,49544,54026,54027,54028,13328,13827,13828,13329,13330,13331,13332,47332,13843,51531,51532,53169,54029,53930,53931,53932,47333,47334,47335,47336,47337,13877,13879,13865,13864,13866,13858,13859,13860,13861,13862,13863,49718,49719,13354,13869,13870,13871,13872,53993,53994,53225,53226,53227,53228,53229,53230,53231,13519,13520,13521,13522,13523,13524,13878,13880,54030,54031,54032,50525,50526,50527,50528,54033,54034,54035,48839,54036,54037,54038,54039,54040,54041,47792],"class_list":{"0":"post-70295430","1":"product","2":"type-product","3":"status-publish","4":"has-post-thumbnail","6":"product_tag-1970er-jahre","7":"product_tag-20-jahrhundert-nach-chr","8":"product_tag-20-jh-n-chr","9":"product_tag-20-jahrhundert","10":"product_tag-20-jh","11":"product_tag-70er","12":"product_tag-abreise","13":"product_tag-abschied","14":"product_tag-abschied-nehmen","15":"product_tag-abt_003","16":"product_tag-abteilfenster","17":"product_tag-abzug","18":"product_tag-advent","19":"product_tag-arbeit","20":"product_tag-arbeiten","21":"product_tag-arbeitend","22":"product_tag-arbeitende","23":"product_tag-arbeitenden","24":"product_tag-arbeitender","25":"product_tag-arbeitendes","26":"product_tag-arbeitsmigrant","27":"product_tag-arbeitsmigranten","28":"product_tag-at_migranten","29":"product_tag-ausland","30":"product_tag-auslaender","31":"product_tag-aussen","32":"product_tag-auswanderer","33":"product_tag-auswanderern","34":"product_tag-auswandern","35":"product_tag-auswanderung","36":"product_tag-bahn","37":"product_tag-bahnen","38":"product_tag-bahnhof","39":"product_tag-bahnhoefe","40":"product_tag-bahnhofs","41":"product_tag-bahnreise","42":"product_tag-bahnreisen","43":"product_tag-bahnsteig","44":"product_tag-bahnsteige","45":"product_tag-bahnsteigen","46":"product_tag-bahnsteigs","47":"product_tag-beruf","48":"product_tag-berufe","49":"product_tag-berufes","50":"product_tag-berufs","51":"product_tag-bevoelkerung","52":"product_tag-bilderfolge","53":"product_tag-bilderserie","54":"product_tag-bilderstrecke","55":"product_tag-blickkontakt","56":"product_tag-brd","57":"product_tag-bube","58":"product_tag-buben","59":"product_tag-bundesrepublik-deutschland","60":"product_tag-deutschland","61":"product_tag-deutschlands","62":"product_tag-didaktik","63":"product_tag-didaktische","64":"product_tag-draussen","65":"product_tag-einheit","66":"product_tag-einheits","67":"product_tag-einwanderer","68":"product_tag-einwandern","69":"product_tag-einwanderung","70":"product_tag-eisenbahn","71":"product_tag-eisenbahnen","72":"product_tag-eisenbahnwagen","73":"product_tag-emigrant","74":"product_tag-emigranten","75":"product_tag-emigration","76":"product_tag-erziehen","77":"product_tag-erziehung","78":"product_tag-fenster","79":"product_tag-fensters","80":"product_tag-folge","81":"product_tag-folgen","82":"product_tag-foto","83":"product_tag-fotoabzug","84":"product_tag-fotoabzuege","85":"product_tag-fotografie","86":"product_tag-fotografien","87":"product_tag-fotografin","88":"product_tag-fotografinnen","89":"product_tag-fotoreihe","90":"product_tag-fotoreportage","91":"product_tag-fotoserie","92":"product_tag-fotostrecke","93":"product_tag-fremdarbeiter","94":"product_tag-fremdarbeitern","95":"product_tag-fremdarbeiters","96":"product_tag-gastarbeiter","97":"product_tag-gastarbeitern","98":"product_tag-gastarbeiters","99":"product_tag-gepaeck","100":"product_tag-gepaeckstueck","101":"product_tag-gepaeckstuecke","102":"product_tag-gesellschaft","103":"product_tag-heimat","104":"product_tag-heimaturlaub","105":"product_tag-hessen","106":"product_tag-hessisch","107":"product_tag-hessische","108":"product_tag-hessischen","109":"product_tag-hessischer","110":"product_tag-hessisches","111":"product_tag-im-freien","112":"product_tag-immigrant","113":"product_tag-immigranten","114":"product_tag-immigration","115":"product_tag-irun","116":"product_tag-jugendinstitut","117":"product_tag-mann","118":"product_tag-maenner","119":"product_tag-mannes","120":"product_tag-migrant","121":"product_tag-migranten","122":"product_tag-migration","123":"product_tag-minderheit","124":"product_tag-offenbach","125":"product_tag-offenbacher","126":"product_tag-paedagogik","127":"product_tag-photo","128":"product_tag-photoabzug","129":"product_tag-photoabzuege","130":"product_tag-photographie","131":"product_tag-photographien","132":"product_tag-photographin","133":"product_tag-photographinnen","134":"product_tag-photoreportage","135":"product_tag-print","136":"product_tag-reihe","137":"product_tag-reihen","138":"product_tag-reise","139":"product_tag-reisen","140":"product_tag-reisende","141":"product_tag-reisenden","142":"product_tag-reisender","143":"product_tag-reportage","144":"product_tag-reportagefoto","145":"product_tag-reportagefotografie","146":"product_tag-reportagephoto","147":"product_tag-reportagephotographie","148":"product_tag-s-w-fotografie","149":"product_tag-s-w-photographie","150":"product_tag-schwarzweissphotographie","151":"product_tag-schwarz-weiss-fotografie","152":"product_tag-schwarz-weiss-photographie","153":"product_tag-schwarzweiss","154":"product_tag-schwarzweisse","155":"product_tag-schwarzweissen","156":"product_tag-schwarzweisser","157":"product_tag-schwarzweisses","158":"product_tag-schwarzweissfotografie","159":"product_tag-serie","160":"product_tag-serien","161":"product_tag-siebziger","162":"product_tag-silbergelatine","163":"product_tag-silbergelatineabzug","164":"product_tag-silbergelatineabzuege","165":"product_tag-silbergelatineprint","166":"product_tag-spanien","167":"product_tag-spaniens","168":"product_tag-spanier","169":"product_tag-spaniers","170":"product_tag-spanisch","171":"product_tag-spanische","172":"product_tag-spanischen","173":"product_tag-spanischer","174":"product_tag-spanisches","175":"product_tag-stehen","176":"product_tag-stehend","177":"product_tag-stehende","178":"product_tag-stehenden","179":"product_tag-stehender","180":"product_tag-stehendes","181":"product_tag-sw-fotografie","182":"product_tag-sw-photographie","183":"product_tag-verabschieden","184":"product_tag-verabschiedet","185":"product_tag-vorweihnachtszeit","186":"product_tag-waggon","187":"product_tag-waggons","188":"product_tag-wagios","189":"product_tag-wagon","190":"product_tag-weihnachtsferien","191":"product_tag-weihnachtsurlaub","192":"product_tag-weihnachtszeit","193":"product_tag-winter","194":"product_tag-zug","195":"product_tag-zuege","196":"product_tag-zuegen","197":"product_tag-zuges","198":"product_tag-zugfenster","199":"product_tag-zugs","200":"product_tag-zuwanderer","201":"pa_datierung-13074","202":"pa_fotograf-abisag-tuellmann","203":"pa_geografischer_bezug-aufnahmeort-offenbach-am-main-deutschland","204":"pa_grunddaten_material_technik-foto-silbergelatine-auf-barytpapier","205":"pa_inventarnummer-tue-74-318-37","206":"pa_jahr_von-dezember-1974","207":"pa_massangaben-bildformat-foto-298-x-304-cm","208":"pa_mediennummer-53996","209":"pa_objekt_typ-fotografie","211":"first","212":"instock","213":"product-type-simple"},"yoast_head":"<!-- This site is optimized with the Yoast SEO plugin v27.3 - https:\/\/yoast.com\/product\/yoast-seo-wordpress\/ -->\n<title>Spanische Gastarbeiter im Zug auf dem Weg in ihr Heimatland - Abisag T\u00fcllmann<\/title>\n<meta name=\"robots\" content=\"index, follow, max-snippet:-1, max-image-preview:large, max-video-preview:-1\" \/>\n<link rel=\"canonical\" href=\"https:\/\/bpk-archive.de\/tuellmann\/produkt\/spanische-gastarbeiter-im-zug-auf-dem-weg-in-ihr-heimatland\/\" \/>\n<meta property=\"og:locale\" content=\"de_DE\" \/>\n<meta property=\"og:type\" content=\"article\" \/>\n<meta property=\"og:title\" content=\"Spanische Gastarbeiter im Zug auf dem Weg in ihr Heimatland - Abisag T\u00fcllmann\" \/>\n<meta property=\"og:description\" content=\"Serie f\u00fcr die &#8222;Didaktischen Einheiten&#8220; des Deutschen Jugendinstituts M\u00fcnchen (DJI)\" \/>\n<meta property=\"og:url\" content=\"https:\/\/bpk-archive.de\/tuellmann\/produkt\/spanische-gastarbeiter-im-zug-auf-dem-weg-in-ihr-heimatland\/\" \/>\n<meta property=\"og:site_name\" content=\"Abisag T\u00fcllmann\" \/>\n<meta property=\"article:modified_time\" content=\"2019-09-05T13:07:37+00:00\" \/>\n<meta property=\"og:image\" content=\"https:\/\/bpk-archive.de\/tuellmann\/wp-content\/uploads\/2019\/08\/bpk_70296481.jpg\" \/>\n\t<meta property=\"og:image:width\" content=\"1200\" \/>\n\t<meta property=\"og:image:height\" content=\"800\" \/>\n\t<meta property=\"og:image:type\" content=\"image\/jpeg\" \/>\n<meta name=\"twitter:card\" content=\"summary_large_image\" \/>\n<script type=\"application\/ld+json\" class=\"yoast-schema-graph\">{\"@context\":\"https:\\\/\\\/schema.org\",\"@graph\":[{\"@type\":\"WebPage\",\"@id\":\"https:\\\/\\\/bpk-archive.de\\\/tuellmann\\\/produkt\\\/spanische-gastarbeiter-im-zug-auf-dem-weg-in-ihr-heimatland\\\/\",\"url\":\"https:\\\/\\\/bpk-archive.de\\\/tuellmann\\\/produkt\\\/spanische-gastarbeiter-im-zug-auf-dem-weg-in-ihr-heimatland\\\/\",\"name\":\"Spanische Gastarbeiter im Zug auf dem Weg in ihr Heimatland - Abisag T\u00fcllmann\",\"isPartOf\":{\"@id\":\"https:\\\/\\\/bpk-archive.de\\\/tuellmann\\\/#website\"},\"primaryImageOfPage\":{\"@id\":\"https:\\\/\\\/bpk-archive.de\\\/tuellmann\\\/produkt\\\/spanische-gastarbeiter-im-zug-auf-dem-weg-in-ihr-heimatland\\\/#primaryimage\"},\"image\":{\"@id\":\"https:\\\/\\\/bpk-archive.de\\\/tuellmann\\\/produkt\\\/spanische-gastarbeiter-im-zug-auf-dem-weg-in-ihr-heimatland\\\/#primaryimage\"},\"thumbnailUrl\":\"https:\\\/\\\/bpk-archive.de\\\/tuellmann\\\/wp-content\\\/uploads\\\/2019\\\/08\\\/bpk_70296481.jpg\",\"datePublished\":\"2019-09-05T13:07:16+00:00\",\"dateModified\":\"2019-09-05T13:07:37+00:00\",\"breadcrumb\":{\"@id\":\"https:\\\/\\\/bpk-archive.de\\\/tuellmann\\\/produkt\\\/spanische-gastarbeiter-im-zug-auf-dem-weg-in-ihr-heimatland\\\/#breadcrumb\"},\"inLanguage\":\"de\",\"potentialAction\":[{\"@type\":\"ReadAction\",\"target\":[\"https:\\\/\\\/bpk-archive.de\\\/tuellmann\\\/produkt\\\/spanische-gastarbeiter-im-zug-auf-dem-weg-in-ihr-heimatland\\\/\"]}]},{\"@type\":\"ImageObject\",\"inLanguage\":\"de\",\"@id\":\"https:\\\/\\\/bpk-archive.de\\\/tuellmann\\\/produkt\\\/spanische-gastarbeiter-im-zug-auf-dem-weg-in-ihr-heimatland\\\/#primaryimage\",\"url\":\"https:\\\/\\\/bpk-archive.de\\\/tuellmann\\\/wp-content\\\/uploads\\\/2019\\\/08\\\/bpk_70296481.jpg\",\"contentUrl\":\"https:\\\/\\\/bpk-archive.de\\\/tuellmann\\\/wp-content\\\/uploads\\\/2019\\\/08\\\/bpk_70296481.jpg\",\"width\":1200,\"height\":800,\"caption\":\"Spanische Gastarbeiter im Zug auf dem Weg in ihr Heimatland\"},{\"@type\":\"BreadcrumbList\",\"@id\":\"https:\\\/\\\/bpk-archive.de\\\/tuellmann\\\/produkt\\\/spanische-gastarbeiter-im-zug-auf-dem-weg-in-ihr-heimatland\\\/#breadcrumb\",\"itemListElement\":[{\"@type\":\"ListItem\",\"position\":1,\"name\":\"Startseite\",\"item\":\"https:\\\/\\\/bpk-archive.de\\\/tuellmann\\\/\"},{\"@type\":\"ListItem\",\"position\":2,\"name\":\"Shop\",\"item\":\"https:\\\/\\\/bpk-archive.de\\\/tuellmann\\\/shop\\\/\"},{\"@type\":\"ListItem\",\"position\":3,\"name\":\"Spanische Gastarbeiter im Zug auf dem Weg in ihr Heimatland\"}]},{\"@type\":\"WebSite\",\"@id\":\"https:\\\/\\\/bpk-archive.de\\\/tuellmann\\\/#website\",\"url\":\"https:\\\/\\\/bpk-archive.de\\\/tuellmann\\\/\",\"name\":\"Abisag T\u00fcllmann\",\"description\":\"Eine weitere WordPress-Website\",\"potentialAction\":[{\"@type\":\"SearchAction\",\"target\":{\"@type\":\"EntryPoint\",\"urlTemplate\":\"https:\\\/\\\/bpk-archive.de\\\/tuellmann\\\/?s={search_term_string}\"},\"query-input\":{\"@type\":\"PropertyValueSpecification\",\"valueRequired\":true,\"valueName\":\"search_term_string\"}}],\"inLanguage\":\"de\"}]}<\/script>\n<!-- \/ Yoast SEO plugin. -->","yoast_head_json":{"title":"Spanische Gastarbeiter im Zug auf dem Weg in ihr Heimatland - Abisag T\u00fcllmann","robots":{"index":"index","follow":"follow","max-snippet":"max-snippet:-1","max-image-preview":"max-image-preview:large","max-video-preview":"max-video-preview:-1"},"canonical":"https:\/\/bpk-archive.de\/tuellmann\/produkt\/spanische-gastarbeiter-im-zug-auf-dem-weg-in-ihr-heimatland\/","og_locale":"de_DE","og_type":"article","og_title":"Spanische Gastarbeiter im Zug auf dem Weg in ihr Heimatland - Abisag T\u00fcllmann","og_description":"Serie f\u00fcr die &#8222;Didaktischen Einheiten&#8220; des Deutschen Jugendinstituts M\u00fcnchen (DJI)","og_url":"https:\/\/bpk-archive.de\/tuellmann\/produkt\/spanische-gastarbeiter-im-zug-auf-dem-weg-in-ihr-heimatland\/","og_site_name":"Abisag T\u00fcllmann","article_modified_time":"2019-09-05T13:07:37+00:00","og_image":[{"width":1200,"height":800,"url":"https:\/\/bpk-archive.de\/tuellmann\/wp-content\/uploads\/2019\/08\/bpk_70296481.jpg","type":"image\/jpeg"}],"twitter_card":"summary_large_image","schema":{"@context":"https:\/\/schema.org","@graph":[{"@type":"WebPage","@id":"https:\/\/bpk-archive.de\/tuellmann\/produkt\/spanische-gastarbeiter-im-zug-auf-dem-weg-in-ihr-heimatland\/","url":"https:\/\/bpk-archive.de\/tuellmann\/produkt\/spanische-gastarbeiter-im-zug-auf-dem-weg-in-ihr-heimatland\/","name":"Spanische Gastarbeiter im Zug auf dem Weg in ihr Heimatland - Abisag T\u00fcllmann","isPartOf":{"@id":"https:\/\/bpk-archive.de\/tuellmann\/#website"},"primaryImageOfPage":{"@id":"https:\/\/bpk-archive.de\/tuellmann\/produkt\/spanische-gastarbeiter-im-zug-auf-dem-weg-in-ihr-heimatland\/#primaryimage"},"image":{"@id":"https:\/\/bpk-archive.de\/tuellmann\/produkt\/spanische-gastarbeiter-im-zug-auf-dem-weg-in-ihr-heimatland\/#primaryimage"},"thumbnailUrl":"https:\/\/bpk-archive.de\/tuellmann\/wp-content\/uploads\/2019\/08\/bpk_70296481.jpg","datePublished":"2019-09-05T13:07:16+00:00","dateModified":"2019-09-05T13:07:37+00:00","breadcrumb":{"@id":"https:\/\/bpk-archive.de\/tuellmann\/produkt\/spanische-gastarbeiter-im-zug-auf-dem-weg-in-ihr-heimatland\/#breadcrumb"},"inLanguage":"de","potentialAction":[{"@type":"ReadAction","target":["https:\/\/bpk-archive.de\/tuellmann\/produkt\/spanische-gastarbeiter-im-zug-auf-dem-weg-in-ihr-heimatland\/"]}]},{"@type":"ImageObject","inLanguage":"de","@id":"https:\/\/bpk-archive.de\/tuellmann\/produkt\/spanische-gastarbeiter-im-zug-auf-dem-weg-in-ihr-heimatland\/#primaryimage","url":"https:\/\/bpk-archive.de\/tuellmann\/wp-content\/uploads\/2019\/08\/bpk_70296481.jpg","contentUrl":"https:\/\/bpk-archive.de\/tuellmann\/wp-content\/uploads\/2019\/08\/bpk_70296481.jpg","width":1200,"height":800,"caption":"Spanische Gastarbeiter im Zug auf dem Weg in ihr Heimatland"},{"@type":"BreadcrumbList","@id":"https:\/\/bpk-archive.de\/tuellmann\/produkt\/spanische-gastarbeiter-im-zug-auf-dem-weg-in-ihr-heimatland\/#breadcrumb","itemListElement":[{"@type":"ListItem","position":1,"name":"Startseite","item":"https:\/\/bpk-archive.de\/tuellmann\/"},{"@type":"ListItem","position":2,"name":"Shop","item":"https:\/\/bpk-archive.de\/tuellmann\/shop\/"},{"@type":"ListItem","position":3,"name":"Spanische Gastarbeiter im Zug auf dem Weg in ihr Heimatland"}]},{"@type":"WebSite","@id":"https:\/\/bpk-archive.de\/tuellmann\/#website","url":"https:\/\/bpk-archive.de\/tuellmann\/","name":"Abisag T\u00fcllmann","description":"Eine weitere WordPress-Website","potentialAction":[{"@type":"SearchAction","target":{"@type":"EntryPoint","urlTemplate":"https:\/\/bpk-archive.de\/tuellmann\/?s={search_term_string}"},"query-input":{"@type":"PropertyValueSpecification","valueRequired":true,"valueName":"search_term_string"}}],"inLanguage":"de"}]}},"_links":{"self":[{"href":"https:\/\/bpk-archive.de\/tuellmann\/wp-json\/wp\/v2\/product\/70295430","targetHints":{"allow":["GET"]}}],"collection":[{"href":"https:\/\/bpk-archive.de\/tuellmann\/wp-json\/wp\/v2\/product"}],"about":[{"href":"https:\/\/bpk-archive.de\/tuellmann\/wp-json\/wp\/v2\/types\/product"}],"wp:featuredmedia":[{"embeddable":true,"href":"https:\/\/bpk-archive.de\/tuellmann\/wp-json\/wp\/v2\/media\/70293246"}],"wp:attachment":[{"href":"https:\/\/bpk-archive.de\/tuellmann\/wp-json\/wp\/v2\/media?parent=70295430"}],"wp:term":[{"taxonomy":"product_brand","embeddable":true,"href":"https:\/\/bpk-archive.de\/tuellmann\/wp-json\/wp\/v2\/product_brand?post=70295430"},{"taxonomy":"product_cat","embeddable":true,"href":"https:\/\/bpk-archive.de\/tuellmann\/wp-json\/wp\/v2\/product_cat?post=70295430"},{"taxonomy":"product_tag","embeddable":true,"href":"https:\/\/bpk-archive.de\/tuellmann\/wp-json\/wp\/v2\/product_tag?post=70295430"}],"curies":[{"name":"wp","href":"https:\/\/api.w.org\/{rel}","templated":true}]}}