{"id":70295385,"date":"2019-09-05T15:06:20","date_gmt":"2019-09-05T13:06:20","guid":{"rendered":"http:\/\/abisagtuellmann.bpk-news.de\/atbild\/strassenschild-der-heimkehrerstrasse-in-friedland\/"},"modified":"2019-09-05T15:06:40","modified_gmt":"2019-09-05T13:06:40","slug":"strassenschild-der-heimkehrerstrasse-in-friedland","status":"publish","type":"product","link":"https:\/\/bpk-archive.de\/tuellmann\/produkt\/strassenschild-der-heimkehrerstrasse-in-friedland\/","title":{"rendered":"Stra\u00dfenschild der &#8222;Heimkehrerstra\u00dfe&#8220; in Friedland"},"content":{"rendered":"<p>Rechts im Hintergrund das Heimkehrerdenkmal<\/p>\n","protected":false},"excerpt":{"rendered":"<p>Rechts im Hintergrund das Heimkehrerdenkmal<\/p>\n","protected":false},"featured_media":70293193,"template":"","meta":[],"product_brand":[],"product_cat":[],"product_tag":[13230,13232,13234,13231,13233,13235,53289,13777,53195,53390,53391,53197,13250,53392,47720,47721,47722,47723,47365,47366,47367,14326,13469,13470,53393,53394,53395,53396,53397,53398,53399,13471,13472,13260,47728,47729,47730,47731,47734,47465,47466,47467,47468,47469,47470,47471,47472,47473,47474,47475,47476,47477,47478,47479,14186,14187,14188,14189,14190,14191,14192,14193,14194,13293,13786,13787,13294,13295,13296,13297,47377,14066,53400,53401,13301,47746,14222,53402,49816,47786,47787,49544,51652,51653,51654,53403,53404,53405,53406,53407,53408,53409,13328,13827,13828,13329,13330,13331,13332,13843,53410,53411,53412,53413,53414,53415,13877,13879,13865,13864,13866,13858,13859,13860,13861,13862,13863,13354,13869,13870,13871,13872,53416,53417,53418,53419,53420,53421,53422,53423,48165,48166,53424,53425,53426,13878,13880,53427,53428],"class_list":{"0":"post-70295385","1":"product","2":"type-product","3":"status-publish","4":"has-post-thumbnail","6":"product_tag-1970er-jahre","7":"product_tag-20-jahrhundert-nach-chr","8":"product_tag-20-jh-n-chr","9":"product_tag-20-jahrhundert","10":"product_tag-20-jh","11":"product_tag-70er","12":"product_tag-abt_003","13":"product_tag-abzug","14":"product_tag-at_migranten","15":"product_tag-auffanglager","16":"product_tag-aufnahmelager","17":"product_tag-auslaender","18":"product_tag-aussen","19":"product_tag-aussiedler","20":"product_tag-auswanderer","21":"product_tag-auswanderern","22":"product_tag-auswandern","23":"product_tag-auswanderung","24":"product_tag-bauten","25":"product_tag-bauwerk","26":"product_tag-bauwerke","27":"product_tag-bevoelkerung","28":"product_tag-brd","29":"product_tag-bundesrepublik-deutschland","30":"product_tag-ddr","31":"product_tag-denkmal","32":"product_tag-denkmale","33":"product_tag-denkmaeler","34":"product_tag-denkmals","35":"product_tag-deutsche-demokratische-republik","36":"product_tag-deutschen-demokratischen-republik","37":"product_tag-deutschland","38":"product_tag-deutschlands","39":"product_tag-draussen","40":"product_tag-einwandern","41":"product_tag-einwanderung","42":"product_tag-emigrant","43":"product_tag-emigranten","44":"product_tag-emigration","45":"product_tag-fliehen","46":"product_tag-fliehend","47":"product_tag-fliehende","48":"product_tag-fliehenden","49":"product_tag-fliehendes","50":"product_tag-fliehener","51":"product_tag-flieht","52":"product_tag-flucht","53":"product_tag-fluechten","54":"product_tag-fluechtend","55":"product_tag-fluechtende","56":"product_tag-fluechtenden","57":"product_tag-fluechtender","58":"product_tag-fluechtendes","59":"product_tag-fluechtet","60":"product_tag-fluechtling","61":"product_tag-fluechtlinge","62":"product_tag-fluechtlingen","63":"product_tag-fluechtlings","64":"product_tag-fluechtlingsheim","65":"product_tag-fluechtlingsheime","66":"product_tag-fluechtlingslager","67":"product_tag-fluechtlingsunterkunft","68":"product_tag-fluechtlingsunterkuenfte","69":"product_tag-foto","70":"product_tag-fotoabzug","71":"product_tag-fotoabzuege","72":"product_tag-fotografie","73":"product_tag-fotografien","74":"product_tag-fotografin","75":"product_tag-fotografinnen","76":"product_tag-gebaeude","77":"product_tag-geschichte","78":"product_tag-heimkehrender","79":"product_tag-heimkehrer","80":"product_tag-im-freien","81":"product_tag-immigration","82":"product_tag-lager","83":"product_tag-lagers","84":"product_tag-migrant","85":"product_tag-migranten","86":"product_tag-migration","87":"product_tag-minderheit","88":"product_tag-monument","89":"product_tag-monumente","90":"product_tag-monumentes","91":"product_tag-niedersachsen","92":"product_tag-niedersaechsisch","93":"product_tag-niedersaechsische","94":"product_tag-niedersaechsischem","95":"product_tag-niedersaechsischen","96":"product_tag-niedersaechsischer","97":"product_tag-niedersaechsisches","98":"product_tag-photo","99":"product_tag-photoabzug","100":"product_tag-photoabzuege","101":"product_tag-photographie","102":"product_tag-photographien","103":"product_tag-photographin","104":"product_tag-photographinnen","105":"product_tag-print","106":"product_tag-republikflucht","107":"product_tag-republikfluechtling","108":"product_tag-republikfluechtlinge","109":"product_tag-republikfluechtlingen","110":"product_tag-rueckkehrer","111":"product_tag-ruecksiedler","112":"product_tag-s-w-fotografie","113":"product_tag-s-w-photographie","114":"product_tag-schwarzweissphotographie","115":"product_tag-schwarz-weiss-fotografie","116":"product_tag-schwarz-weiss-photographie","117":"product_tag-schwarzweiss","118":"product_tag-schwarzweisse","119":"product_tag-schwarzweissen","120":"product_tag-schwarzweisser","121":"product_tag-schwarzweisses","122":"product_tag-schwarzweissfotografie","123":"product_tag-siebziger","124":"product_tag-silbergelatine","125":"product_tag-silbergelatineabzug","126":"product_tag-silbergelatineabzuege","127":"product_tag-silbergelatineprint","128":"product_tag-standbild","129":"product_tag-standbilder","130":"product_tag-standbildes","131":"product_tag-standbilds","132":"product_tag-standfigur","133":"product_tag-standfiguren","134":"product_tag-statue","135":"product_tag-statuen","136":"product_tag-strasse","137":"product_tag-strassen","138":"product_tag-strassenschild","139":"product_tag-strassenschilder","140":"product_tag-strassenschildern","141":"product_tag-sw-fotografie","142":"product_tag-sw-photographie","143":"product_tag-umsiedler","144":"product_tag-umsiedlern","145":"pa_datierung-april-1971","146":"pa_fotograf-abisag-tuellmann","147":"pa_geografischer_bezug-aufnahmeort-friedland-deutschland","148":"pa_grunddaten_material_technik-foto-silbergelatine-auf-barytpapier","149":"pa_inventarnummer-tue-71-045-28","150":"pa_jahr_von-49516","151":"pa_massangaben-bildformat-foto-235-x-293-cm","152":"pa_mediennummer-53386","153":"pa_objekt_typ-fotografie","155":"first","156":"instock","157":"product-type-simple"},"yoast_head":"<!-- This site is optimized with the Yoast SEO plugin v27.4 - https:\/\/yoast.com\/product\/yoast-seo-wordpress\/ -->\n<title>Stra\u00dfenschild der &quot;Heimkehrerstra\u00dfe&quot; in Friedland - Abisag T\u00fcllmann<\/title>\n<meta name=\"robots\" content=\"index, follow, max-snippet:-1, max-image-preview:large, max-video-preview:-1\" \/>\n<link rel=\"canonical\" href=\"https:\/\/bpk-archive.de\/tuellmann\/produkt\/strassenschild-der-heimkehrerstrasse-in-friedland\/\" \/>\n<meta property=\"og:locale\" content=\"de_DE\" \/>\n<meta property=\"og:type\" content=\"article\" \/>\n<meta property=\"og:title\" content=\"Stra\u00dfenschild der &quot;Heimkehrerstra\u00dfe&quot; in Friedland - Abisag T\u00fcllmann\" \/>\n<meta property=\"og:description\" content=\"Rechts im Hintergrund das Heimkehrerdenkmal\" \/>\n<meta property=\"og:url\" content=\"https:\/\/bpk-archive.de\/tuellmann\/produkt\/strassenschild-der-heimkehrerstrasse-in-friedland\/\" \/>\n<meta property=\"og:site_name\" content=\"Abisag T\u00fcllmann\" \/>\n<meta property=\"article:modified_time\" content=\"2019-09-05T13:06:40+00:00\" \/>\n<meta property=\"og:image\" content=\"https:\/\/bpk-archive.de\/tuellmann\/wp-content\/uploads\/2019\/08\/bpk_70298274.jpg\" \/>\n\t<meta property=\"og:image:width\" content=\"1200\" \/>\n\t<meta property=\"og:image:height\" content=\"980\" \/>\n\t<meta property=\"og:image:type\" content=\"image\/jpeg\" \/>\n<meta name=\"twitter:card\" content=\"summary_large_image\" \/>\n<script type=\"application\/ld+json\" class=\"yoast-schema-graph\">{\"@context\":\"https:\\\/\\\/schema.org\",\"@graph\":[{\"@type\":\"WebPage\",\"@id\":\"https:\\\/\\\/bpk-archive.de\\\/tuellmann\\\/produkt\\\/strassenschild-der-heimkehrerstrasse-in-friedland\\\/\",\"url\":\"https:\\\/\\\/bpk-archive.de\\\/tuellmann\\\/produkt\\\/strassenschild-der-heimkehrerstrasse-in-friedland\\\/\",\"name\":\"Stra\u00dfenschild der \\\"Heimkehrerstra\u00dfe\\\" in Friedland - Abisag T\u00fcllmann\",\"isPartOf\":{\"@id\":\"https:\\\/\\\/bpk-archive.de\\\/tuellmann\\\/#website\"},\"primaryImageOfPage\":{\"@id\":\"https:\\\/\\\/bpk-archive.de\\\/tuellmann\\\/produkt\\\/strassenschild-der-heimkehrerstrasse-in-friedland\\\/#primaryimage\"},\"image\":{\"@id\":\"https:\\\/\\\/bpk-archive.de\\\/tuellmann\\\/produkt\\\/strassenschild-der-heimkehrerstrasse-in-friedland\\\/#primaryimage\"},\"thumbnailUrl\":\"https:\\\/\\\/bpk-archive.de\\\/tuellmann\\\/wp-content\\\/uploads\\\/2019\\\/08\\\/bpk_70298274.jpg\",\"datePublished\":\"2019-09-05T13:06:20+00:00\",\"dateModified\":\"2019-09-05T13:06:40+00:00\",\"breadcrumb\":{\"@id\":\"https:\\\/\\\/bpk-archive.de\\\/tuellmann\\\/produkt\\\/strassenschild-der-heimkehrerstrasse-in-friedland\\\/#breadcrumb\"},\"inLanguage\":\"de\",\"potentialAction\":[{\"@type\":\"ReadAction\",\"target\":[\"https:\\\/\\\/bpk-archive.de\\\/tuellmann\\\/produkt\\\/strassenschild-der-heimkehrerstrasse-in-friedland\\\/\"]}]},{\"@type\":\"ImageObject\",\"inLanguage\":\"de\",\"@id\":\"https:\\\/\\\/bpk-archive.de\\\/tuellmann\\\/produkt\\\/strassenschild-der-heimkehrerstrasse-in-friedland\\\/#primaryimage\",\"url\":\"https:\\\/\\\/bpk-archive.de\\\/tuellmann\\\/wp-content\\\/uploads\\\/2019\\\/08\\\/bpk_70298274.jpg\",\"contentUrl\":\"https:\\\/\\\/bpk-archive.de\\\/tuellmann\\\/wp-content\\\/uploads\\\/2019\\\/08\\\/bpk_70298274.jpg\",\"width\":1200,\"height\":980,\"caption\":\"Stra\u00dfenschild der \\\"Heimkehrerstra\u00dfe\\\" in Friedland\"},{\"@type\":\"BreadcrumbList\",\"@id\":\"https:\\\/\\\/bpk-archive.de\\\/tuellmann\\\/produkt\\\/strassenschild-der-heimkehrerstrasse-in-friedland\\\/#breadcrumb\",\"itemListElement\":[{\"@type\":\"ListItem\",\"position\":1,\"name\":\"Startseite\",\"item\":\"https:\\\/\\\/bpk-archive.de\\\/tuellmann\\\/\"},{\"@type\":\"ListItem\",\"position\":2,\"name\":\"Shop\",\"item\":\"https:\\\/\\\/bpk-archive.de\\\/tuellmann\\\/shop\\\/\"},{\"@type\":\"ListItem\",\"position\":3,\"name\":\"Stra\u00dfenschild der &#8220;Heimkehrerstra\u00dfe&#8221; in Friedland\"}]},{\"@type\":\"WebSite\",\"@id\":\"https:\\\/\\\/bpk-archive.de\\\/tuellmann\\\/#website\",\"url\":\"https:\\\/\\\/bpk-archive.de\\\/tuellmann\\\/\",\"name\":\"Abisag T\u00fcllmann\",\"description\":\"Eine weitere WordPress-Website\",\"potentialAction\":[{\"@type\":\"SearchAction\",\"target\":{\"@type\":\"EntryPoint\",\"urlTemplate\":\"https:\\\/\\\/bpk-archive.de\\\/tuellmann\\\/?s={search_term_string}\"},\"query-input\":{\"@type\":\"PropertyValueSpecification\",\"valueRequired\":true,\"valueName\":\"search_term_string\"}}],\"inLanguage\":\"de\"}]}<\/script>\n<!-- \/ Yoast SEO plugin. -->","yoast_head_json":{"title":"Stra\u00dfenschild der \"Heimkehrerstra\u00dfe\" in Friedland - Abisag T\u00fcllmann","robots":{"index":"index","follow":"follow","max-snippet":"max-snippet:-1","max-image-preview":"max-image-preview:large","max-video-preview":"max-video-preview:-1"},"canonical":"https:\/\/bpk-archive.de\/tuellmann\/produkt\/strassenschild-der-heimkehrerstrasse-in-friedland\/","og_locale":"de_DE","og_type":"article","og_title":"Stra\u00dfenschild der \"Heimkehrerstra\u00dfe\" in Friedland - Abisag T\u00fcllmann","og_description":"Rechts im Hintergrund das Heimkehrerdenkmal","og_url":"https:\/\/bpk-archive.de\/tuellmann\/produkt\/strassenschild-der-heimkehrerstrasse-in-friedland\/","og_site_name":"Abisag T\u00fcllmann","article_modified_time":"2019-09-05T13:06:40+00:00","og_image":[{"width":1200,"height":980,"url":"https:\/\/bpk-archive.de\/tuellmann\/wp-content\/uploads\/2019\/08\/bpk_70298274.jpg","type":"image\/jpeg"}],"twitter_card":"summary_large_image","schema":{"@context":"https:\/\/schema.org","@graph":[{"@type":"WebPage","@id":"https:\/\/bpk-archive.de\/tuellmann\/produkt\/strassenschild-der-heimkehrerstrasse-in-friedland\/","url":"https:\/\/bpk-archive.de\/tuellmann\/produkt\/strassenschild-der-heimkehrerstrasse-in-friedland\/","name":"Stra\u00dfenschild der \"Heimkehrerstra\u00dfe\" in Friedland - Abisag T\u00fcllmann","isPartOf":{"@id":"https:\/\/bpk-archive.de\/tuellmann\/#website"},"primaryImageOfPage":{"@id":"https:\/\/bpk-archive.de\/tuellmann\/produkt\/strassenschild-der-heimkehrerstrasse-in-friedland\/#primaryimage"},"image":{"@id":"https:\/\/bpk-archive.de\/tuellmann\/produkt\/strassenschild-der-heimkehrerstrasse-in-friedland\/#primaryimage"},"thumbnailUrl":"https:\/\/bpk-archive.de\/tuellmann\/wp-content\/uploads\/2019\/08\/bpk_70298274.jpg","datePublished":"2019-09-05T13:06:20+00:00","dateModified":"2019-09-05T13:06:40+00:00","breadcrumb":{"@id":"https:\/\/bpk-archive.de\/tuellmann\/produkt\/strassenschild-der-heimkehrerstrasse-in-friedland\/#breadcrumb"},"inLanguage":"de","potentialAction":[{"@type":"ReadAction","target":["https:\/\/bpk-archive.de\/tuellmann\/produkt\/strassenschild-der-heimkehrerstrasse-in-friedland\/"]}]},{"@type":"ImageObject","inLanguage":"de","@id":"https:\/\/bpk-archive.de\/tuellmann\/produkt\/strassenschild-der-heimkehrerstrasse-in-friedland\/#primaryimage","url":"https:\/\/bpk-archive.de\/tuellmann\/wp-content\/uploads\/2019\/08\/bpk_70298274.jpg","contentUrl":"https:\/\/bpk-archive.de\/tuellmann\/wp-content\/uploads\/2019\/08\/bpk_70298274.jpg","width":1200,"height":980,"caption":"Stra\u00dfenschild der \"Heimkehrerstra\u00dfe\" in Friedland"},{"@type":"BreadcrumbList","@id":"https:\/\/bpk-archive.de\/tuellmann\/produkt\/strassenschild-der-heimkehrerstrasse-in-friedland\/#breadcrumb","itemListElement":[{"@type":"ListItem","position":1,"name":"Startseite","item":"https:\/\/bpk-archive.de\/tuellmann\/"},{"@type":"ListItem","position":2,"name":"Shop","item":"https:\/\/bpk-archive.de\/tuellmann\/shop\/"},{"@type":"ListItem","position":3,"name":"Stra\u00dfenschild der &#8220;Heimkehrerstra\u00dfe&#8221; in Friedland"}]},{"@type":"WebSite","@id":"https:\/\/bpk-archive.de\/tuellmann\/#website","url":"https:\/\/bpk-archive.de\/tuellmann\/","name":"Abisag T\u00fcllmann","description":"Eine weitere WordPress-Website","potentialAction":[{"@type":"SearchAction","target":{"@type":"EntryPoint","urlTemplate":"https:\/\/bpk-archive.de\/tuellmann\/?s={search_term_string}"},"query-input":{"@type":"PropertyValueSpecification","valueRequired":true,"valueName":"search_term_string"}}],"inLanguage":"de"}]}},"_links":{"self":[{"href":"https:\/\/bpk-archive.de\/tuellmann\/wp-json\/wp\/v2\/product\/70295385","targetHints":{"allow":["GET"]}}],"collection":[{"href":"https:\/\/bpk-archive.de\/tuellmann\/wp-json\/wp\/v2\/product"}],"about":[{"href":"https:\/\/bpk-archive.de\/tuellmann\/wp-json\/wp\/v2\/types\/product"}],"wp:featuredmedia":[{"embeddable":true,"href":"https:\/\/bpk-archive.de\/tuellmann\/wp-json\/wp\/v2\/media\/70293193"}],"wp:attachment":[{"href":"https:\/\/bpk-archive.de\/tuellmann\/wp-json\/wp\/v2\/media?parent=70295385"}],"wp:term":[{"taxonomy":"product_brand","embeddable":true,"href":"https:\/\/bpk-archive.de\/tuellmann\/wp-json\/wp\/v2\/product_brand?post=70295385"},{"taxonomy":"product_cat","embeddable":true,"href":"https:\/\/bpk-archive.de\/tuellmann\/wp-json\/wp\/v2\/product_cat?post=70295385"},{"taxonomy":"product_tag","embeddable":true,"href":"https:\/\/bpk-archive.de\/tuellmann\/wp-json\/wp\/v2\/product_tag?post=70295385"}],"curies":[{"name":"wp","href":"https:\/\/api.w.org\/{rel}","templated":true}]}}