{"id":70295377,"date":"2019-09-05T15:06:20","date_gmt":"2019-09-05T13:06:20","guid":{"rendered":"http:\/\/abisagtuellmann.bpk-news.de\/atbild\/zeitungsverkaeufer-vor-dem-frankfurter-hauptbahnhof\/"},"modified":"2019-09-05T15:06:29","modified_gmt":"2019-09-05T13:06:29","slug":"zeitungsverkaeufer-vor-dem-frankfurter-hauptbahnhof","status":"publish","type":"product","link":"https:\/\/bpk-archive.de\/tuellmann\/produkt\/zeitungsverkaeufer-vor-dem-frankfurter-hauptbahnhof\/","title":{"rendered":"Zeitungsverk\u00e4ufer vor dem Frankfurter Hauptbahnhof"},"content":{"rendered":"<p>R\u00fcckseitenbeschriftung von anderer Hand: &#8222;1972\/73&#8220;<\/p>\n","protected":false},"excerpt":{"rendered":"<p>R\u00fcckseitenbeschriftung von anderer Hand: &#8222;1972\/73&#8220;<\/p>\n","protected":false},"featured_media":70293214,"template":"","meta":[],"product_brand":[],"product_cat":[],"product_tag":[13230,13232,13234,13231,13233,13235,53289,13777,47456,47457,47458,47459,47460,47461,47462,53290,49961,53193,53194,53195,53196,53197,13250,47720,47721,47722,47723,53291,53292,53293,53294,53295,47876,47877,47878,47879,53296,13784,13785,53297,14177,13469,13470,13471,13472,13260,47727,47728,47729,47730,47731,47734,13293,13786,13787,13294,13295,13296,13297,47267,13485,13486,13482,13481,13483,13484,53202,53203,53204,53206,53209,53210,14327,53298,53299,13492,13493,13494,13495,13496,13497,13301,47744,47745,47746,50476,50477,50478,13818,13819,13820,13821,13822,13823,13824,13825,13826,49816,47786,47787,49544,13328,13827,13828,13329,13330,13331,13332,47332,50733,50734,13829,13830,13831,13832,13833,13834,13835,13836,13837,13838,13839,13840,13841,13842,13843,47333,47334,47335,47336,47337,13877,13879,13865,13864,13866,13858,13859,13860,13861,13862,13863,53300,53301,53302,53303,53304,53305,13354,13869,13870,13871,13872,13519,13520,13521,13522,13523,13524,49642,49643,49644,49645,49646,47821,47822,47823,47824,47825,47826,47827,47828,13878,13880,50467,50468,50018,50019,53306,47792],"class_list":{"0":"post-70295377","1":"product","2":"type-product","3":"status-publish","4":"has-post-thumbnail","6":"product_tag-1970er-jahre","7":"product_tag-20-jahrhundert-nach-chr","8":"product_tag-20-jh-n-chr","9":"product_tag-20-jahrhundert","10":"product_tag-20-jh","11":"product_tag-70er","12":"product_tag-abt_003","13":"product_tag-abzug","14":"product_tag-arbeit","15":"product_tag-arbeiten","16":"product_tag-arbeitend","17":"product_tag-arbeitende","18":"product_tag-arbeitenden","19":"product_tag-arbeitender","20":"product_tag-arbeitendes","21":"product_tag-arbeitskittel","22":"product_tag-arbeitskleidung","23":"product_tag-arbeitsmigrant","24":"product_tag-arbeitsmigranten","25":"product_tag-at_migranten","26":"product_tag-ausland","27":"product_tag-auslaender","28":"product_tag-aussen","29":"product_tag-auswanderer","30":"product_tag-auswanderern","31":"product_tag-auswandern","32":"product_tag-auswanderung","33":"product_tag-bahnhof","34":"product_tag-bahnhoefe","35":"product_tag-bahnhofs","36":"product_tag-bahnhofsplatz","37":"product_tag-bahnhofsvorplatz","38":"product_tag-beruf","39":"product_tag-berufe","40":"product_tag-berufes","41":"product_tag-berufs","42":"product_tag-bild-am-sonntag","43":"product_tag-bildnis","44":"product_tag-bildnisse","45":"product_tag-bildzeitung","46":"product_tag-blickkontakt","47":"product_tag-brd","48":"product_tag-bundesrepublik-deutschland","49":"product_tag-deutschland","50":"product_tag-deutschlands","51":"product_tag-draussen","52":"product_tag-einwanderer","53":"product_tag-einwandern","54":"product_tag-einwanderung","55":"product_tag-emigrant","56":"product_tag-emigranten","57":"product_tag-emigration","58":"product_tag-foto","59":"product_tag-fotoabzug","60":"product_tag-fotoabzuege","61":"product_tag-fotografie","62":"product_tag-fotografien","63":"product_tag-fotografin","64":"product_tag-fotografinnen","65":"product_tag-fotoreportage","66":"product_tag-frankfurt-m","67":"product_tag-frankfurt-main","68":"product_tag-frankfurt-a-main","69":"product_tag-frankfurt-a-m","70":"product_tag-frankfurt-am-main","71":"product_tag-frankfurter","72":"product_tag-fremdarbeiter","73":"product_tag-fremdarbeitern","74":"product_tag-fremdarbeiters","75":"product_tag-gastarbeiter","76":"product_tag-gastarbeitern","77":"product_tag-gastarbeiters","78":"product_tag-gesellschaft","79":"product_tag-hauptbahnhof","80":"product_tag-hbf","81":"product_tag-hessen","82":"product_tag-hessisch","83":"product_tag-hessische","84":"product_tag-hessischen","85":"product_tag-hessischer","86":"product_tag-hessisches","87":"product_tag-im-freien","88":"product_tag-immigrant","89":"product_tag-immigranten","90":"product_tag-immigration","91":"product_tag-kittel","92":"product_tag-kitteln","93":"product_tag-kittels","94":"product_tag-mann","95":"product_tag-maenner","96":"product_tag-maennerbildnis","97":"product_tag-maennerbildnisse","98":"product_tag-maennerportrait","99":"product_tag-maennerportraits","100":"product_tag-maennerportraet","101":"product_tag-maennerportraets","102":"product_tag-mannes","103":"product_tag-migrant","104":"product_tag-migranten","105":"product_tag-migration","106":"product_tag-minderheit","107":"product_tag-photo","108":"product_tag-photoabzug","109":"product_tag-photoabzuege","110":"product_tag-photographie","111":"product_tag-photographien","112":"product_tag-photographin","113":"product_tag-photographinnen","114":"product_tag-photoreportage","115":"product_tag-platz","116":"product_tag-plaetze","117":"product_tag-portrait","118":"product_tag-portraitaufnahme","119":"product_tag-portraitfoto","120":"product_tag-portraitfotografie","121":"product_tag-portraitphoto","122":"product_tag-portraitphotographie","123":"product_tag-portraits","124":"product_tag-portraet","125":"product_tag-portraetaufnahme","126":"product_tag-portraetfoto","127":"product_tag-portraetfotografie","128":"product_tag-portraetphoto","129":"product_tag-portraetphotographie","130":"product_tag-portraets","131":"product_tag-print","132":"product_tag-reportage","133":"product_tag-reportagefoto","134":"product_tag-reportagefotografie","135":"product_tag-reportagephoto","136":"product_tag-reportagephotographie","137":"product_tag-s-w-fotografie","138":"product_tag-s-w-photographie","139":"product_tag-schwarzweissphotographie","140":"product_tag-schwarz-weiss-fotografie","141":"product_tag-schwarz-weiss-photographie","142":"product_tag-schwarzweiss","143":"product_tag-schwarzweisse","144":"product_tag-schwarzweissen","145":"product_tag-schwarzweisser","146":"product_tag-schwarzweisses","147":"product_tag-schwarzweissfotografie","148":"product_tag-selbstbewusst","149":"product_tag-selbstbewusste","150":"product_tag-selbstbewussten","151":"product_tag-selbstbewusster","152":"product_tag-selbstbewusstes","153":"product_tag-selbstbewusstsein","154":"product_tag-siebziger","155":"product_tag-silbergelatine","156":"product_tag-silbergelatineabzug","157":"product_tag-silbergelatineabzuege","158":"product_tag-silbergelatineprint","159":"product_tag-stehen","160":"product_tag-stehend","161":"product_tag-stehende","162":"product_tag-stehenden","163":"product_tag-stehender","164":"product_tag-stehendes","165":"product_tag-stolz","166":"product_tag-stolze","167":"product_tag-stolzen","168":"product_tag-stolzer","169":"product_tag-stolzes","170":"product_tag-strassenhandel","171":"product_tag-strassenhandels","172":"product_tag-strassenhaendler","173":"product_tag-strassenhaendlers","174":"product_tag-strassenverkauf","175":"product_tag-strassenverkaeufer","176":"product_tag-strassenverkaeufers","177":"product_tag-strassenverkaufs","178":"product_tag-sw-fotografie","179":"product_tag-sw-photographie","180":"product_tag-vorplatz","181":"product_tag-vorplaetze","182":"product_tag-zeitung","183":"product_tag-zeitungen","184":"product_tag-zeitungsverkaeufer","185":"product_tag-zuwanderer","186":"pa_datierung-1970er-jahre","187":"pa_fotograf-abisag-tuellmann","188":"pa_geografischer_bezug-aufnahmeort-frankfurt-am-main-deutschland","189":"pa_grunddaten_material_technik-foto-silbergelatine-auf-barytpapier","190":"pa_jahr_von-1970er-jahre","191":"pa_massangaben-bildformat-foto-233-x-297-cm","192":"pa_mediennummer-53287","193":"pa_objekt_typ-fotografie","195":"first","196":"instock","197":"product-type-simple"},"yoast_head":"<!-- This site is optimized with the Yoast SEO plugin v27.3 - https:\/\/yoast.com\/product\/yoast-seo-wordpress\/ -->\n<title>Zeitungsverk\u00e4ufer vor dem Frankfurter Hauptbahnhof - Abisag T\u00fcllmann<\/title>\n<meta name=\"robots\" content=\"index, follow, max-snippet:-1, max-image-preview:large, max-video-preview:-1\" \/>\n<link rel=\"canonical\" href=\"https:\/\/bpk-archive.de\/tuellmann\/produkt\/zeitungsverkaeufer-vor-dem-frankfurter-hauptbahnhof\/\" \/>\n<meta property=\"og:locale\" content=\"de_DE\" \/>\n<meta property=\"og:type\" content=\"article\" \/>\n<meta property=\"og:title\" content=\"Zeitungsverk\u00e4ufer vor dem Frankfurter Hauptbahnhof - Abisag T\u00fcllmann\" \/>\n<meta property=\"og:description\" content=\"R\u00fcckseitenbeschriftung von anderer Hand: &#8222;1972\/73&#8220;\" \/>\n<meta property=\"og:url\" content=\"https:\/\/bpk-archive.de\/tuellmann\/produkt\/zeitungsverkaeufer-vor-dem-frankfurter-hauptbahnhof\/\" \/>\n<meta property=\"og:site_name\" content=\"Abisag T\u00fcllmann\" \/>\n<meta property=\"article:modified_time\" content=\"2019-09-05T13:06:29+00:00\" \/>\n<meta property=\"og:image\" content=\"https:\/\/bpk-archive.de\/tuellmann\/wp-content\/uploads\/2019\/08\/bpk_70298281.jpg\" \/>\n\t<meta property=\"og:image:width\" content=\"1200\" \/>\n\t<meta property=\"og:image:height\" content=\"958\" \/>\n\t<meta property=\"og:image:type\" content=\"image\/jpeg\" \/>\n<meta name=\"twitter:card\" content=\"summary_large_image\" \/>\n<script type=\"application\/ld+json\" class=\"yoast-schema-graph\">{\"@context\":\"https:\\\/\\\/schema.org\",\"@graph\":[{\"@type\":\"WebPage\",\"@id\":\"https:\\\/\\\/bpk-archive.de\\\/tuellmann\\\/produkt\\\/zeitungsverkaeufer-vor-dem-frankfurter-hauptbahnhof\\\/\",\"url\":\"https:\\\/\\\/bpk-archive.de\\\/tuellmann\\\/produkt\\\/zeitungsverkaeufer-vor-dem-frankfurter-hauptbahnhof\\\/\",\"name\":\"Zeitungsverk\u00e4ufer vor dem Frankfurter Hauptbahnhof - Abisag T\u00fcllmann\",\"isPartOf\":{\"@id\":\"https:\\\/\\\/bpk-archive.de\\\/tuellmann\\\/#website\"},\"primaryImageOfPage\":{\"@id\":\"https:\\\/\\\/bpk-archive.de\\\/tuellmann\\\/produkt\\\/zeitungsverkaeufer-vor-dem-frankfurter-hauptbahnhof\\\/#primaryimage\"},\"image\":{\"@id\":\"https:\\\/\\\/bpk-archive.de\\\/tuellmann\\\/produkt\\\/zeitungsverkaeufer-vor-dem-frankfurter-hauptbahnhof\\\/#primaryimage\"},\"thumbnailUrl\":\"https:\\\/\\\/bpk-archive.de\\\/tuellmann\\\/wp-content\\\/uploads\\\/2019\\\/08\\\/bpk_70298281.jpg\",\"datePublished\":\"2019-09-05T13:06:20+00:00\",\"dateModified\":\"2019-09-05T13:06:29+00:00\",\"breadcrumb\":{\"@id\":\"https:\\\/\\\/bpk-archive.de\\\/tuellmann\\\/produkt\\\/zeitungsverkaeufer-vor-dem-frankfurter-hauptbahnhof\\\/#breadcrumb\"},\"inLanguage\":\"de\",\"potentialAction\":[{\"@type\":\"ReadAction\",\"target\":[\"https:\\\/\\\/bpk-archive.de\\\/tuellmann\\\/produkt\\\/zeitungsverkaeufer-vor-dem-frankfurter-hauptbahnhof\\\/\"]}]},{\"@type\":\"ImageObject\",\"inLanguage\":\"de\",\"@id\":\"https:\\\/\\\/bpk-archive.de\\\/tuellmann\\\/produkt\\\/zeitungsverkaeufer-vor-dem-frankfurter-hauptbahnhof\\\/#primaryimage\",\"url\":\"https:\\\/\\\/bpk-archive.de\\\/tuellmann\\\/wp-content\\\/uploads\\\/2019\\\/08\\\/bpk_70298281.jpg\",\"contentUrl\":\"https:\\\/\\\/bpk-archive.de\\\/tuellmann\\\/wp-content\\\/uploads\\\/2019\\\/08\\\/bpk_70298281.jpg\",\"width\":1200,\"height\":958,\"caption\":\"Zeitungsverk\u00e4ufer vor dem Frankfurter Hauptbahnhof\"},{\"@type\":\"BreadcrumbList\",\"@id\":\"https:\\\/\\\/bpk-archive.de\\\/tuellmann\\\/produkt\\\/zeitungsverkaeufer-vor-dem-frankfurter-hauptbahnhof\\\/#breadcrumb\",\"itemListElement\":[{\"@type\":\"ListItem\",\"position\":1,\"name\":\"Startseite\",\"item\":\"https:\\\/\\\/bpk-archive.de\\\/tuellmann\\\/\"},{\"@type\":\"ListItem\",\"position\":2,\"name\":\"Shop\",\"item\":\"https:\\\/\\\/bpk-archive.de\\\/tuellmann\\\/shop\\\/\"},{\"@type\":\"ListItem\",\"position\":3,\"name\":\"Zeitungsverk\u00e4ufer vor dem Frankfurter Hauptbahnhof\"}]},{\"@type\":\"WebSite\",\"@id\":\"https:\\\/\\\/bpk-archive.de\\\/tuellmann\\\/#website\",\"url\":\"https:\\\/\\\/bpk-archive.de\\\/tuellmann\\\/\",\"name\":\"Abisag T\u00fcllmann\",\"description\":\"Eine weitere WordPress-Website\",\"potentialAction\":[{\"@type\":\"SearchAction\",\"target\":{\"@type\":\"EntryPoint\",\"urlTemplate\":\"https:\\\/\\\/bpk-archive.de\\\/tuellmann\\\/?s={search_term_string}\"},\"query-input\":{\"@type\":\"PropertyValueSpecification\",\"valueRequired\":true,\"valueName\":\"search_term_string\"}}],\"inLanguage\":\"de\"}]}<\/script>\n<!-- \/ Yoast SEO plugin. -->","yoast_head_json":{"title":"Zeitungsverk\u00e4ufer vor dem Frankfurter Hauptbahnhof - Abisag T\u00fcllmann","robots":{"index":"index","follow":"follow","max-snippet":"max-snippet:-1","max-image-preview":"max-image-preview:large","max-video-preview":"max-video-preview:-1"},"canonical":"https:\/\/bpk-archive.de\/tuellmann\/produkt\/zeitungsverkaeufer-vor-dem-frankfurter-hauptbahnhof\/","og_locale":"de_DE","og_type":"article","og_title":"Zeitungsverk\u00e4ufer vor dem Frankfurter Hauptbahnhof - Abisag T\u00fcllmann","og_description":"R\u00fcckseitenbeschriftung von anderer Hand: &#8222;1972\/73&#8220;","og_url":"https:\/\/bpk-archive.de\/tuellmann\/produkt\/zeitungsverkaeufer-vor-dem-frankfurter-hauptbahnhof\/","og_site_name":"Abisag T\u00fcllmann","article_modified_time":"2019-09-05T13:06:29+00:00","og_image":[{"width":1200,"height":958,"url":"https:\/\/bpk-archive.de\/tuellmann\/wp-content\/uploads\/2019\/08\/bpk_70298281.jpg","type":"image\/jpeg"}],"twitter_card":"summary_large_image","schema":{"@context":"https:\/\/schema.org","@graph":[{"@type":"WebPage","@id":"https:\/\/bpk-archive.de\/tuellmann\/produkt\/zeitungsverkaeufer-vor-dem-frankfurter-hauptbahnhof\/","url":"https:\/\/bpk-archive.de\/tuellmann\/produkt\/zeitungsverkaeufer-vor-dem-frankfurter-hauptbahnhof\/","name":"Zeitungsverk\u00e4ufer vor dem Frankfurter Hauptbahnhof - Abisag T\u00fcllmann","isPartOf":{"@id":"https:\/\/bpk-archive.de\/tuellmann\/#website"},"primaryImageOfPage":{"@id":"https:\/\/bpk-archive.de\/tuellmann\/produkt\/zeitungsverkaeufer-vor-dem-frankfurter-hauptbahnhof\/#primaryimage"},"image":{"@id":"https:\/\/bpk-archive.de\/tuellmann\/produkt\/zeitungsverkaeufer-vor-dem-frankfurter-hauptbahnhof\/#primaryimage"},"thumbnailUrl":"https:\/\/bpk-archive.de\/tuellmann\/wp-content\/uploads\/2019\/08\/bpk_70298281.jpg","datePublished":"2019-09-05T13:06:20+00:00","dateModified":"2019-09-05T13:06:29+00:00","breadcrumb":{"@id":"https:\/\/bpk-archive.de\/tuellmann\/produkt\/zeitungsverkaeufer-vor-dem-frankfurter-hauptbahnhof\/#breadcrumb"},"inLanguage":"de","potentialAction":[{"@type":"ReadAction","target":["https:\/\/bpk-archive.de\/tuellmann\/produkt\/zeitungsverkaeufer-vor-dem-frankfurter-hauptbahnhof\/"]}]},{"@type":"ImageObject","inLanguage":"de","@id":"https:\/\/bpk-archive.de\/tuellmann\/produkt\/zeitungsverkaeufer-vor-dem-frankfurter-hauptbahnhof\/#primaryimage","url":"https:\/\/bpk-archive.de\/tuellmann\/wp-content\/uploads\/2019\/08\/bpk_70298281.jpg","contentUrl":"https:\/\/bpk-archive.de\/tuellmann\/wp-content\/uploads\/2019\/08\/bpk_70298281.jpg","width":1200,"height":958,"caption":"Zeitungsverk\u00e4ufer vor dem Frankfurter Hauptbahnhof"},{"@type":"BreadcrumbList","@id":"https:\/\/bpk-archive.de\/tuellmann\/produkt\/zeitungsverkaeufer-vor-dem-frankfurter-hauptbahnhof\/#breadcrumb","itemListElement":[{"@type":"ListItem","position":1,"name":"Startseite","item":"https:\/\/bpk-archive.de\/tuellmann\/"},{"@type":"ListItem","position":2,"name":"Shop","item":"https:\/\/bpk-archive.de\/tuellmann\/shop\/"},{"@type":"ListItem","position":3,"name":"Zeitungsverk\u00e4ufer vor dem Frankfurter Hauptbahnhof"}]},{"@type":"WebSite","@id":"https:\/\/bpk-archive.de\/tuellmann\/#website","url":"https:\/\/bpk-archive.de\/tuellmann\/","name":"Abisag T\u00fcllmann","description":"Eine weitere WordPress-Website","potentialAction":[{"@type":"SearchAction","target":{"@type":"EntryPoint","urlTemplate":"https:\/\/bpk-archive.de\/tuellmann\/?s={search_term_string}"},"query-input":{"@type":"PropertyValueSpecification","valueRequired":true,"valueName":"search_term_string"}}],"inLanguage":"de"}]}},"_links":{"self":[{"href":"https:\/\/bpk-archive.de\/tuellmann\/wp-json\/wp\/v2\/product\/70295377","targetHints":{"allow":["GET"]}}],"collection":[{"href":"https:\/\/bpk-archive.de\/tuellmann\/wp-json\/wp\/v2\/product"}],"about":[{"href":"https:\/\/bpk-archive.de\/tuellmann\/wp-json\/wp\/v2\/types\/product"}],"wp:featuredmedia":[{"embeddable":true,"href":"https:\/\/bpk-archive.de\/tuellmann\/wp-json\/wp\/v2\/media\/70293214"}],"wp:attachment":[{"href":"https:\/\/bpk-archive.de\/tuellmann\/wp-json\/wp\/v2\/media?parent=70295377"}],"wp:term":[{"taxonomy":"product_brand","embeddable":true,"href":"https:\/\/bpk-archive.de\/tuellmann\/wp-json\/wp\/v2\/product_brand?post=70295377"},{"taxonomy":"product_cat","embeddable":true,"href":"https:\/\/bpk-archive.de\/tuellmann\/wp-json\/wp\/v2\/product_cat?post=70295377"},{"taxonomy":"product_tag","embeddable":true,"href":"https:\/\/bpk-archive.de\/tuellmann\/wp-json\/wp\/v2\/product_tag?post=70295377"}],"curies":[{"name":"wp","href":"https:\/\/api.w.org\/{rel}","templated":true}]}}