{"id":70295357,"date":"2019-09-05T15:05:56","date_gmt":"2019-09-05T13:05:56","guid":{"rendered":"http:\/\/abisagtuellmann.bpk-news.de\/atbild\/in-der-israelischen-siedlung-ofra-im-besetzten-westjordanland\/"},"modified":"2019-09-05T15:06:04","modified_gmt":"2019-09-05T13:06:04","slug":"in-der-israelischen-siedlung-ofra-im-besetzten-westjordanland","status":"publish","type":"product","link":"https:\/\/bpk-archive.de\/tuellmann\/produkt\/in-der-israelischen-siedlung-ofra-im-besetzten-westjordanland\/","title":{"rendered":"In der israelischen Siedlung &#8222;Ofra&#8220; im besetzten Westjordanland"},"content":{"rendered":"<p>Ein Junge f\u00fchrt einen Esel spazieren R\u00fcckseitenbeschriftung von anderer Hand: &#8222;Israel, Siedlung &#8218;Ofra&#8216; im besetzten Gebiet&#8220;<\/p>\n","protected":false},"excerpt":{"rendered":"<p>Ein Junge f\u00fchrt einen Esel spazieren R\u00fcckseitenbeschriftung von anderer Hand: &#8222;Israel, Siedlung &#8218;Ofra&#8216; im besetzten Gebiet&#8220;<\/p>\n","protected":false},"featured_media":70292893,"template":"","meta":[],"product_brand":[],"product_cat":[],"product_tag":[13230,13232,13234,13231,13233,13235,48353,47239,13777,48387,50487,50488,47241,13250,48043,48044,48045,47245,47246,47247,47248,47249,47250,47251,47252,47253,47254,47255,13784,13785,14178,14179,13260,52013,52014,52989,13293,13786,13787,13294,13295,13296,13297,47267,48059,48060,47378,47379,47380,47381,47382,49148,13301,47279,47747,47750,47280,47281,47282,47283,47284,47751,47752,47755,47756,47757,47758,47759,13813,13814,50444,50445,14203,14204,14205,14206,14207,14208,14209,14210,14213,14214,14215,14216,14217,14218,14219,48306,48307,48308,14220,14221,50446,50447,50448,50449,50450,47814,47815,52052,52053,52055,52056,52057,52058,47320,47322,47321,50508,50509,50510,50512,50513,47323,52060,52061,52062,52063,48070,47327,47328,47329,47330,47331,13328,13827,13828,13329,13330,13331,13332,47332,13829,13830,13831,13832,13833,13834,13835,13836,13837,13838,13839,13840,13841,13842,13843,52183,52184,47333,47334,47335,47336,47337,13877,13879,13865,13864,13866,13858,13859,13860,13861,13862,13863,13354,48159,48160,48161,13869,13870,13871,13872,48634,49894,49895,49898,49899,13878,13880,52071,52072,52073,52074,48079,48944,48945],"class_list":{"0":"post-70295357","1":"product","2":"type-product","3":"status-publish","4":"has-post-thumbnail","6":"product_tag-1970er-jahre","7":"product_tag-20-jahrhundert-nach-chr","8":"product_tag-20-jh-n-chr","9":"product_tag-20-jahrhundert","10":"product_tag-20-jh","11":"product_tag-70er","12":"product_tag-abt_000","13":"product_tag-abt_001","14":"product_tag-abzug","15":"product_tag-anhoehe","16":"product_tag-arbeitstier","17":"product_tag-arbeitstiere","18":"product_tag-at_israel","19":"product_tag-aussen","20":"product_tag-bergland","21":"product_tag-berglandschaft","22":"product_tag-berglandschaften","23":"product_tag-besatzungszeit","24":"product_tag-besatzungszone","25":"product_tag-besatzungszonen","26":"product_tag-besetzen","27":"product_tag-besetzt","28":"product_tag-besetzte","29":"product_tag-besetzten","30":"product_tag-besetzter","31":"product_tag-besetztes","32":"product_tag-besetzung","33":"product_tag-besetzungen","34":"product_tag-bildnis","35":"product_tag-bildnisse","36":"product_tag-bube","37":"product_tag-buben","38":"product_tag-draussen","39":"product_tag-esel","40":"product_tag-esels","41":"product_tag-fohlen","42":"product_tag-foto","43":"product_tag-fotoabzug","44":"product_tag-fotoabzuege","45":"product_tag-fotografie","46":"product_tag-fotografien","47":"product_tag-fotografin","48":"product_tag-fotografinnen","49":"product_tag-fotoreportage","50":"product_tag-gebirgslandschaft","51":"product_tag-gebirgslandschaften","52":"product_tag-gehen","53":"product_tag-gehend","54":"product_tag-gehende","55":"product_tag-gehender","56":"product_tag-gehendes","57":"product_tag-huegel","58":"product_tag-im-freien","59":"product_tag-israel","60":"product_tag-israeli","61":"product_tag-israelis","62":"product_tag-israelisch","63":"product_tag-israelische","64":"product_tag-israelischer","65":"product_tag-israelisches","66":"product_tag-israels","67":"product_tag-jude","68":"product_tag-juden","69":"product_tag-juedisch","70":"product_tag-juedische","71":"product_tag-juedischen","72":"product_tag-juedischer","73":"product_tag-juedisches","74":"product_tag-junge","75":"product_tag-jungen","76":"product_tag-jungenportrait","77":"product_tag-jungenportraet","78":"product_tag-jungens","79":"product_tag-jungs","80":"product_tag-kind","81":"product_tag-kinde","82":"product_tag-kinder","83":"product_tag-kinderbild","84":"product_tag-kinderbildnis","85":"product_tag-kinderbildnisse","86":"product_tag-kindern","87":"product_tag-kinderportrait","88":"product_tag-kinderportraits","89":"product_tag-kinderportraet","90":"product_tag-kinderportraets","91":"product_tag-kindes","92":"product_tag-kindheit","93":"product_tag-kippa","94":"product_tag-kippah","95":"product_tag-kippot","96":"product_tag-knabe","97":"product_tag-knaben","98":"product_tag-knabenbildnis","99":"product_tag-knabenbildnisse","100":"product_tag-knabenportrait","101":"product_tag-knabenportraet","102":"product_tag-knabenportraets","103":"product_tag-landleben","104":"product_tag-landlebens","105":"product_tag-landstrasse","106":"product_tag-landstrassen","107":"product_tag-lasttier","108":"product_tag-lasttiere","109":"product_tag-lasttieres","110":"product_tag-lasttiers","111":"product_tag-nahost","112":"product_tag-nahost-konflikt","113":"product_tag-nahostkonflikt","114":"product_tag-nutztier","115":"product_tag-nutztiere","116":"product_tag-nutztieres","117":"product_tag-nutztiers","118":"product_tag-nutzvieh","119":"product_tag-okkupation","120":"product_tag-packtier","121":"product_tag-packtiere","122":"product_tag-packtieres","123":"product_tag-packtiers","124":"product_tag-palaestina","125":"product_tag-palaestinensisch","126":"product_tag-palaestinensische","127":"product_tag-palaestinensischen","128":"product_tag-palaestinensischer","129":"product_tag-palaestinensisches","130":"product_tag-photo","131":"product_tag-photoabzug","132":"product_tag-photoabzuege","133":"product_tag-photographie","134":"product_tag-photographien","135":"product_tag-photographin","136":"product_tag-photographinnen","137":"product_tag-photoreportage","138":"product_tag-portrait","139":"product_tag-portraitaufnahme","140":"product_tag-portraitfoto","141":"product_tag-portraitfotografie","142":"product_tag-portraitphoto","143":"product_tag-portraitphotographie","144":"product_tag-portraits","145":"product_tag-portraet","146":"product_tag-portraetaufnahme","147":"product_tag-portraetfoto","148":"product_tag-portraetfotografie","149":"product_tag-portraetphoto","150":"product_tag-portraetphotographie","151":"product_tag-portraets","152":"product_tag-print","153":"product_tag-promenade","154":"product_tag-promenaden","155":"product_tag-reportage","156":"product_tag-reportagefoto","157":"product_tag-reportagefotografie","158":"product_tag-reportagephoto","159":"product_tag-reportagephotographie","160":"product_tag-s-w-fotografie","161":"product_tag-s-w-photographie","162":"product_tag-schwarzweissphotographie","163":"product_tag-schwarz-weiss-fotografie","164":"product_tag-schwarz-weiss-photographie","165":"product_tag-schwarzweiss","166":"product_tag-schwarzweisse","167":"product_tag-schwarzweissen","168":"product_tag-schwarzweisser","169":"product_tag-schwarzweisses","170":"product_tag-schwarzweissfotografie","171":"product_tag-siebziger","172":"product_tag-siedler","173":"product_tag-siedlung","174":"product_tag-siedlungen","175":"product_tag-silbergelatine","176":"product_tag-silbergelatineabzug","177":"product_tag-silbergelatineabzuege","178":"product_tag-silbergelatineprint","179":"product_tag-sommer","180":"product_tag-spaziergang","181":"product_tag-spaziergaenge","182":"product_tag-spazierganges","183":"product_tag-spaziergangs","184":"product_tag-sw-fotografie","185":"product_tag-sw-photographie","186":"product_tag-tragtier","187":"product_tag-tragtiere","188":"product_tag-tragtieres","189":"product_tag-tragtiers","190":"product_tag-unterwegs","191":"product_tag-westbank","192":"product_tag-westjordanland","193":"pa_datierung-august-1977","194":"pa_fotograf-abisag-tuellmann","195":"pa_geografischer_bezug-aufnahmeort-ofra-israel-westjordanland","196":"pa_grunddaten_material_technik-foto-silbergelatine-auf-barytpapier","197":"pa_inventarnummer-tue-77-311-30a","198":"pa_jahr_von-49467","199":"pa_massangaben-bildformat-foto232-x-303-cm","200":"pa_mediennummer-52985","201":"pa_objekt_typ-fotografie","203":"first","204":"instock","205":"product-type-simple"},"yoast_head":"<!-- This site is optimized with the Yoast SEO plugin v27.3 - https:\/\/yoast.com\/product\/yoast-seo-wordpress\/ -->\n<title>In der israelischen Siedlung &quot;Ofra&quot; im besetzten Westjordanland - Abisag T\u00fcllmann<\/title>\n<meta name=\"robots\" content=\"index, follow, max-snippet:-1, max-image-preview:large, max-video-preview:-1\" \/>\n<link rel=\"canonical\" href=\"https:\/\/bpk-archive.de\/tuellmann\/produkt\/in-der-israelischen-siedlung-ofra-im-besetzten-westjordanland\/\" \/>\n<meta property=\"og:locale\" content=\"de_DE\" \/>\n<meta property=\"og:type\" content=\"article\" \/>\n<meta property=\"og:title\" content=\"In der israelischen Siedlung &quot;Ofra&quot; im besetzten Westjordanland - Abisag T\u00fcllmann\" \/>\n<meta property=\"og:description\" content=\"Ein Junge f\u00fchrt einen Esel spazieren R\u00fcckseitenbeschriftung von anderer Hand: &#8222;Israel, Siedlung &#8218;Ofra&#8216; im besetzten Gebiet&#8220;\" \/>\n<meta property=\"og:url\" content=\"https:\/\/bpk-archive.de\/tuellmann\/produkt\/in-der-israelischen-siedlung-ofra-im-besetzten-westjordanland\/\" \/>\n<meta property=\"og:site_name\" content=\"Abisag T\u00fcllmann\" \/>\n<meta property=\"article:modified_time\" content=\"2019-09-05T13:06:04+00:00\" \/>\n<meta property=\"og:image\" content=\"https:\/\/bpk-archive.de\/tuellmann\/wp-content\/uploads\/2019\/08\/bpk_70271074.jpg\" \/>\n\t<meta property=\"og:image:width\" content=\"1200\" \/>\n\t<meta property=\"og:image:height\" content=\"935\" \/>\n\t<meta property=\"og:image:type\" content=\"image\/jpeg\" \/>\n<meta name=\"twitter:card\" content=\"summary_large_image\" \/>\n<script type=\"application\/ld+json\" class=\"yoast-schema-graph\">{\"@context\":\"https:\\\/\\\/schema.org\",\"@graph\":[{\"@type\":\"WebPage\",\"@id\":\"https:\\\/\\\/bpk-archive.de\\\/tuellmann\\\/produkt\\\/in-der-israelischen-siedlung-ofra-im-besetzten-westjordanland\\\/\",\"url\":\"https:\\\/\\\/bpk-archive.de\\\/tuellmann\\\/produkt\\\/in-der-israelischen-siedlung-ofra-im-besetzten-westjordanland\\\/\",\"name\":\"In der israelischen Siedlung \\\"Ofra\\\" im besetzten Westjordanland - Abisag T\u00fcllmann\",\"isPartOf\":{\"@id\":\"https:\\\/\\\/bpk-archive.de\\\/tuellmann\\\/#website\"},\"primaryImageOfPage\":{\"@id\":\"https:\\\/\\\/bpk-archive.de\\\/tuellmann\\\/produkt\\\/in-der-israelischen-siedlung-ofra-im-besetzten-westjordanland\\\/#primaryimage\"},\"image\":{\"@id\":\"https:\\\/\\\/bpk-archive.de\\\/tuellmann\\\/produkt\\\/in-der-israelischen-siedlung-ofra-im-besetzten-westjordanland\\\/#primaryimage\"},\"thumbnailUrl\":\"https:\\\/\\\/bpk-archive.de\\\/tuellmann\\\/wp-content\\\/uploads\\\/2019\\\/08\\\/bpk_70271074.jpg\",\"datePublished\":\"2019-09-05T13:05:56+00:00\",\"dateModified\":\"2019-09-05T13:06:04+00:00\",\"breadcrumb\":{\"@id\":\"https:\\\/\\\/bpk-archive.de\\\/tuellmann\\\/produkt\\\/in-der-israelischen-siedlung-ofra-im-besetzten-westjordanland\\\/#breadcrumb\"},\"inLanguage\":\"de\",\"potentialAction\":[{\"@type\":\"ReadAction\",\"target\":[\"https:\\\/\\\/bpk-archive.de\\\/tuellmann\\\/produkt\\\/in-der-israelischen-siedlung-ofra-im-besetzten-westjordanland\\\/\"]}]},{\"@type\":\"ImageObject\",\"inLanguage\":\"de\",\"@id\":\"https:\\\/\\\/bpk-archive.de\\\/tuellmann\\\/produkt\\\/in-der-israelischen-siedlung-ofra-im-besetzten-westjordanland\\\/#primaryimage\",\"url\":\"https:\\\/\\\/bpk-archive.de\\\/tuellmann\\\/wp-content\\\/uploads\\\/2019\\\/08\\\/bpk_70271074.jpg\",\"contentUrl\":\"https:\\\/\\\/bpk-archive.de\\\/tuellmann\\\/wp-content\\\/uploads\\\/2019\\\/08\\\/bpk_70271074.jpg\",\"width\":1200,\"height\":935,\"caption\":\"In der israelischen Siedlung \\\"Ofra\\\" im besetzten Westjordanland\"},{\"@type\":\"BreadcrumbList\",\"@id\":\"https:\\\/\\\/bpk-archive.de\\\/tuellmann\\\/produkt\\\/in-der-israelischen-siedlung-ofra-im-besetzten-westjordanland\\\/#breadcrumb\",\"itemListElement\":[{\"@type\":\"ListItem\",\"position\":1,\"name\":\"Startseite\",\"item\":\"https:\\\/\\\/bpk-archive.de\\\/tuellmann\\\/\"},{\"@type\":\"ListItem\",\"position\":2,\"name\":\"Shop\",\"item\":\"https:\\\/\\\/bpk-archive.de\\\/tuellmann\\\/shop\\\/\"},{\"@type\":\"ListItem\",\"position\":3,\"name\":\"In der israelischen Siedlung &#8220;Ofra&#8221; im besetzten Westjordanland\"}]},{\"@type\":\"WebSite\",\"@id\":\"https:\\\/\\\/bpk-archive.de\\\/tuellmann\\\/#website\",\"url\":\"https:\\\/\\\/bpk-archive.de\\\/tuellmann\\\/\",\"name\":\"Abisag T\u00fcllmann\",\"description\":\"Eine weitere WordPress-Website\",\"potentialAction\":[{\"@type\":\"SearchAction\",\"target\":{\"@type\":\"EntryPoint\",\"urlTemplate\":\"https:\\\/\\\/bpk-archive.de\\\/tuellmann\\\/?s={search_term_string}\"},\"query-input\":{\"@type\":\"PropertyValueSpecification\",\"valueRequired\":true,\"valueName\":\"search_term_string\"}}],\"inLanguage\":\"de\"}]}<\/script>\n<!-- \/ Yoast SEO plugin. -->","yoast_head_json":{"title":"In der israelischen Siedlung \"Ofra\" im besetzten Westjordanland - Abisag T\u00fcllmann","robots":{"index":"index","follow":"follow","max-snippet":"max-snippet:-1","max-image-preview":"max-image-preview:large","max-video-preview":"max-video-preview:-1"},"canonical":"https:\/\/bpk-archive.de\/tuellmann\/produkt\/in-der-israelischen-siedlung-ofra-im-besetzten-westjordanland\/","og_locale":"de_DE","og_type":"article","og_title":"In der israelischen Siedlung \"Ofra\" im besetzten Westjordanland - Abisag T\u00fcllmann","og_description":"Ein Junge f\u00fchrt einen Esel spazieren R\u00fcckseitenbeschriftung von anderer Hand: &#8222;Israel, Siedlung &#8218;Ofra&#8216; im besetzten Gebiet&#8220;","og_url":"https:\/\/bpk-archive.de\/tuellmann\/produkt\/in-der-israelischen-siedlung-ofra-im-besetzten-westjordanland\/","og_site_name":"Abisag T\u00fcllmann","article_modified_time":"2019-09-05T13:06:04+00:00","og_image":[{"width":1200,"height":935,"url":"https:\/\/bpk-archive.de\/tuellmann\/wp-content\/uploads\/2019\/08\/bpk_70271074.jpg","type":"image\/jpeg"}],"twitter_card":"summary_large_image","schema":{"@context":"https:\/\/schema.org","@graph":[{"@type":"WebPage","@id":"https:\/\/bpk-archive.de\/tuellmann\/produkt\/in-der-israelischen-siedlung-ofra-im-besetzten-westjordanland\/","url":"https:\/\/bpk-archive.de\/tuellmann\/produkt\/in-der-israelischen-siedlung-ofra-im-besetzten-westjordanland\/","name":"In der israelischen Siedlung \"Ofra\" im besetzten Westjordanland - Abisag T\u00fcllmann","isPartOf":{"@id":"https:\/\/bpk-archive.de\/tuellmann\/#website"},"primaryImageOfPage":{"@id":"https:\/\/bpk-archive.de\/tuellmann\/produkt\/in-der-israelischen-siedlung-ofra-im-besetzten-westjordanland\/#primaryimage"},"image":{"@id":"https:\/\/bpk-archive.de\/tuellmann\/produkt\/in-der-israelischen-siedlung-ofra-im-besetzten-westjordanland\/#primaryimage"},"thumbnailUrl":"https:\/\/bpk-archive.de\/tuellmann\/wp-content\/uploads\/2019\/08\/bpk_70271074.jpg","datePublished":"2019-09-05T13:05:56+00:00","dateModified":"2019-09-05T13:06:04+00:00","breadcrumb":{"@id":"https:\/\/bpk-archive.de\/tuellmann\/produkt\/in-der-israelischen-siedlung-ofra-im-besetzten-westjordanland\/#breadcrumb"},"inLanguage":"de","potentialAction":[{"@type":"ReadAction","target":["https:\/\/bpk-archive.de\/tuellmann\/produkt\/in-der-israelischen-siedlung-ofra-im-besetzten-westjordanland\/"]}]},{"@type":"ImageObject","inLanguage":"de","@id":"https:\/\/bpk-archive.de\/tuellmann\/produkt\/in-der-israelischen-siedlung-ofra-im-besetzten-westjordanland\/#primaryimage","url":"https:\/\/bpk-archive.de\/tuellmann\/wp-content\/uploads\/2019\/08\/bpk_70271074.jpg","contentUrl":"https:\/\/bpk-archive.de\/tuellmann\/wp-content\/uploads\/2019\/08\/bpk_70271074.jpg","width":1200,"height":935,"caption":"In der israelischen Siedlung \"Ofra\" im besetzten Westjordanland"},{"@type":"BreadcrumbList","@id":"https:\/\/bpk-archive.de\/tuellmann\/produkt\/in-der-israelischen-siedlung-ofra-im-besetzten-westjordanland\/#breadcrumb","itemListElement":[{"@type":"ListItem","position":1,"name":"Startseite","item":"https:\/\/bpk-archive.de\/tuellmann\/"},{"@type":"ListItem","position":2,"name":"Shop","item":"https:\/\/bpk-archive.de\/tuellmann\/shop\/"},{"@type":"ListItem","position":3,"name":"In der israelischen Siedlung &#8220;Ofra&#8221; im besetzten Westjordanland"}]},{"@type":"WebSite","@id":"https:\/\/bpk-archive.de\/tuellmann\/#website","url":"https:\/\/bpk-archive.de\/tuellmann\/","name":"Abisag T\u00fcllmann","description":"Eine weitere WordPress-Website","potentialAction":[{"@type":"SearchAction","target":{"@type":"EntryPoint","urlTemplate":"https:\/\/bpk-archive.de\/tuellmann\/?s={search_term_string}"},"query-input":{"@type":"PropertyValueSpecification","valueRequired":true,"valueName":"search_term_string"}}],"inLanguage":"de"}]}},"_links":{"self":[{"href":"https:\/\/bpk-archive.de\/tuellmann\/wp-json\/wp\/v2\/product\/70295357","targetHints":{"allow":["GET"]}}],"collection":[{"href":"https:\/\/bpk-archive.de\/tuellmann\/wp-json\/wp\/v2\/product"}],"about":[{"href":"https:\/\/bpk-archive.de\/tuellmann\/wp-json\/wp\/v2\/types\/product"}],"wp:featuredmedia":[{"embeddable":true,"href":"https:\/\/bpk-archive.de\/tuellmann\/wp-json\/wp\/v2\/media\/70292893"}],"wp:attachment":[{"href":"https:\/\/bpk-archive.de\/tuellmann\/wp-json\/wp\/v2\/media?parent=70295357"}],"wp:term":[{"taxonomy":"product_brand","embeddable":true,"href":"https:\/\/bpk-archive.de\/tuellmann\/wp-json\/wp\/v2\/product_brand?post=70295357"},{"taxonomy":"product_cat","embeddable":true,"href":"https:\/\/bpk-archive.de\/tuellmann\/wp-json\/wp\/v2\/product_cat?post=70295357"},{"taxonomy":"product_tag","embeddable":true,"href":"https:\/\/bpk-archive.de\/tuellmann\/wp-json\/wp\/v2\/product_tag?post=70295357"}],"curies":[{"name":"wp","href":"https:\/\/api.w.org\/{rel}","templated":true}]}}