{"id":70295317,"date":"2019-09-05T15:05:13","date_gmt":"2019-09-05T13:05:13","guid":{"rendered":"http:\/\/abisagtuellmann.bpk-news.de\/atbild\/gruppenbild-im-kibbuz-magen-in-der-negev-wueste\/"},"modified":"2019-09-05T15:05:20","modified_gmt":"2019-09-05T13:05:20","slug":"gruppenbild-im-kibbuz-magen-in-der-negev-wueste","status":"publish","type":"product","link":"https:\/\/bpk-archive.de\/tuellmann\/produkt\/gruppenbild-im-kibbuz-magen-in-der-negev-wueste\/","title":{"rendered":"Gruppenbild im Kibbuz Magen in der Negev-W\u00fcste"},"content":{"rendered":"<p>R\u00fcckseitenbeschriftung von Hand der Fotografin: &#8222;Magen&#8220;<\/p>\n","protected":false},"excerpt":{"rendered":"<p>R\u00fcckseitenbeschriftung von Hand der Fotografin: &#8222;Magen&#8220;<\/p>\n","protected":false},"featured_media":70292974,"template":"","meta":[],"product_brand":[],"product_cat":[],"product_tag":[47237,13232,13234,13231,13233,47238,47239,13777,47240,47241,13250,49576,49577,49578,13784,13785,13260,13293,13786,13787,13294,13295,13296,13297,47267,13487,13488,51013,50059,50060,14195,14196,50061,50062,50063,50064,14197,14198,14199,14200,13301,47279,47747,47750,47280,47281,47282,47283,47284,47751,47752,47755,47756,47757,47758,47759,51016,14205,14206,14207,14213,14218,14219,51018,13818,13819,13826,13319,13320,13321,13322,13323,47320,51442,51410,51411,13328,13827,13828,13329,13330,13331,13332,47332,13829,13830,13831,13832,13833,13834,13835,13836,13837,13838,13839,13840,13841,13842,14230,14231,14232,13843,47333,47334,47335,47336,47337,13877,13879,13865,13864,13866,13858,13859,13860,13861,13862,13863,48160,48161,13869,13870,13871,13872,14243,14244,14245,14246,14247,14248,14249,48634,13519,13520,13521,13522,13523,13524,13878,13880,49653,49654,49655,49656,48173,48174],"class_list":{"0":"post-70295317","1":"product","2":"type-product","3":"status-publish","4":"has-post-thumbnail","6":"product_tag-1980er-jahre","7":"product_tag-20-jahrhundert-nach-chr","8":"product_tag-20-jh-n-chr","9":"product_tag-20-jahrhundert","10":"product_tag-20-jh","11":"product_tag-80er","12":"product_tag-abt_001","13":"product_tag-abzug","14":"product_tag-achtziger","15":"product_tag-at_israel","16":"product_tag-aussen","17":"product_tag-bewohner","18":"product_tag-bewohnern","19":"product_tag-bewohners","20":"product_tag-bildnis","21":"product_tag-bildnisse","22":"product_tag-draussen","23":"product_tag-foto","24":"product_tag-fotoabzug","25":"product_tag-fotoabzuege","26":"product_tag-fotografie","27":"product_tag-fotografien","28":"product_tag-fotografin","29":"product_tag-fotografinnen","30":"product_tag-fotoreportage","31":"product_tag-frau","32":"product_tag-frauen","33":"product_tag-gemeinschaft","34":"product_tag-gruppenaufnahme","35":"product_tag-gruppenaufnahmen","36":"product_tag-gruppenbild","37":"product_tag-gruppenbilder","38":"product_tag-gruppenfoto","39":"product_tag-gruppenfotos","40":"product_tag-gruppenphoto","41":"product_tag-gruppenphotos","42":"product_tag-gruppenportrait","43":"product_tag-gruppenportraits","44":"product_tag-gruppenportraet","45":"product_tag-gruppenportraets","46":"product_tag-im-freien","47":"product_tag-israel","48":"product_tag-israeli","49":"product_tag-israelis","50":"product_tag-israelisch","51":"product_tag-israelische","52":"product_tag-israelischer","53":"product_tag-israelisches","54":"product_tag-israels","55":"product_tag-jude","56":"product_tag-juden","57":"product_tag-juedisch","58":"product_tag-juedische","59":"product_tag-juedischen","60":"product_tag-juedischer","61":"product_tag-juedisches","62":"product_tag-kibbuz","63":"product_tag-kind","64":"product_tag-kinde","65":"product_tag-kinder","66":"product_tag-kindern","67":"product_tag-kindes","68":"product_tag-kindheit","69":"product_tag-kollektiv","70":"product_tag-mann","71":"product_tag-maenner","72":"product_tag-mannes","73":"product_tag-menschenansammlung","74":"product_tag-menschenauflauf","75":"product_tag-menschenmassen","76":"product_tag-menschenmenge","77":"product_tag-menschenschar","78":"product_tag-nahost","79":"product_tag-negev","80":"product_tag-palme","81":"product_tag-palmen","82":"product_tag-photo","83":"product_tag-photoabzug","84":"product_tag-photoabzuege","85":"product_tag-photographie","86":"product_tag-photographien","87":"product_tag-photographin","88":"product_tag-photographinnen","89":"product_tag-photoreportage","90":"product_tag-portrait","91":"product_tag-portraitaufnahme","92":"product_tag-portraitfoto","93":"product_tag-portraitfotografie","94":"product_tag-portraitphoto","95":"product_tag-portraitphotographie","96":"product_tag-portraits","97":"product_tag-portraet","98":"product_tag-portraetaufnahme","99":"product_tag-portraetfoto","100":"product_tag-portraetfotografie","101":"product_tag-portraetphoto","102":"product_tag-portraetphotographie","103":"product_tag-portraets","104":"product_tag-pose","105":"product_tag-posieren","106":"product_tag-posiert","107":"product_tag-print","108":"product_tag-reportage","109":"product_tag-reportagefoto","110":"product_tag-reportagefotografie","111":"product_tag-reportagephoto","112":"product_tag-reportagephotographie","113":"product_tag-s-w-fotografie","114":"product_tag-s-w-photographie","115":"product_tag-schwarzweissphotographie","116":"product_tag-schwarz-weiss-fotografie","117":"product_tag-schwarz-weiss-photographie","118":"product_tag-schwarzweiss","119":"product_tag-schwarzweisse","120":"product_tag-schwarzweissen","121":"product_tag-schwarzweisser","122":"product_tag-schwarzweisses","123":"product_tag-schwarzweissfotografie","124":"product_tag-siedlung","125":"product_tag-siedlungen","126":"product_tag-silbergelatine","127":"product_tag-silbergelatineabzug","128":"product_tag-silbergelatineabzuege","129":"product_tag-silbergelatineprint","130":"product_tag-sitzen","131":"product_tag-sitzend","132":"product_tag-sitzende","133":"product_tag-sitzenden","134":"product_tag-sitzender","135":"product_tag-sitzendes","136":"product_tag-sitzt","137":"product_tag-sommer","138":"product_tag-stehen","139":"product_tag-stehend","140":"product_tag-stehende","141":"product_tag-stehenden","142":"product_tag-stehender","143":"product_tag-stehendes","144":"product_tag-sw-fotografie","145":"product_tag-sw-photographie","146":"product_tag-versammeln","147":"product_tag-versammelt","148":"product_tag-versammlung","149":"product_tag-versammlungen","150":"product_tag-wueste","151":"product_tag-wuesten","152":"pa_datierung-august-1984","153":"pa_fotograf-abisag-tuellmann","154":"pa_geografischer_bezug-aufnahmeort-magen-israel","155":"pa_grunddaten_material_technik-foto-silbergelatine-auf-barytpapier","156":"pa_inventarnummer-tue-84-217-49","157":"pa_jahr_von-48351","158":"pa_massangaben-bildformat-foto-197-x-304-cm","159":"pa_mediennummer-52438","160":"pa_objekt_typ-fotografie","162":"first","163":"instock","164":"product-type-simple"},"yoast_head":"<!-- This site is optimized with the Yoast SEO plugin v27.3 - https:\/\/yoast.com\/product\/yoast-seo-wordpress\/ -->\n<title>Gruppenbild im Kibbuz Magen in der Negev-W\u00fcste - Abisag T\u00fcllmann<\/title>\n<meta name=\"robots\" content=\"index, follow, max-snippet:-1, max-image-preview:large, max-video-preview:-1\" \/>\n<link rel=\"canonical\" href=\"https:\/\/bpk-archive.de\/tuellmann\/produkt\/gruppenbild-im-kibbuz-magen-in-der-negev-wueste\/\" \/>\n<meta property=\"og:locale\" content=\"de_DE\" \/>\n<meta property=\"og:type\" content=\"article\" \/>\n<meta property=\"og:title\" content=\"Gruppenbild im Kibbuz Magen in der Negev-W\u00fcste - Abisag T\u00fcllmann\" \/>\n<meta property=\"og:description\" content=\"R\u00fcckseitenbeschriftung von Hand der Fotografin: &#8222;Magen&#8220;\" \/>\n<meta property=\"og:url\" content=\"https:\/\/bpk-archive.de\/tuellmann\/produkt\/gruppenbild-im-kibbuz-magen-in-der-negev-wueste\/\" \/>\n<meta property=\"og:site_name\" content=\"Abisag T\u00fcllmann\" \/>\n<meta property=\"article:modified_time\" content=\"2019-09-05T13:05:20+00:00\" \/>\n<meta property=\"og:image\" content=\"https:\/\/bpk-archive.de\/tuellmann\/wp-content\/uploads\/2019\/08\/bpk_70271340.jpg\" \/>\n\t<meta property=\"og:image:width\" content=\"1200\" \/>\n\t<meta property=\"og:image:height\" content=\"794\" \/>\n\t<meta property=\"og:image:type\" content=\"image\/jpeg\" \/>\n<meta name=\"twitter:card\" content=\"summary_large_image\" \/>\n<script type=\"application\/ld+json\" class=\"yoast-schema-graph\">{\"@context\":\"https:\\\/\\\/schema.org\",\"@graph\":[{\"@type\":\"WebPage\",\"@id\":\"https:\\\/\\\/bpk-archive.de\\\/tuellmann\\\/produkt\\\/gruppenbild-im-kibbuz-magen-in-der-negev-wueste\\\/\",\"url\":\"https:\\\/\\\/bpk-archive.de\\\/tuellmann\\\/produkt\\\/gruppenbild-im-kibbuz-magen-in-der-negev-wueste\\\/\",\"name\":\"Gruppenbild im Kibbuz Magen in der Negev-W\u00fcste - Abisag T\u00fcllmann\",\"isPartOf\":{\"@id\":\"https:\\\/\\\/bpk-archive.de\\\/tuellmann\\\/#website\"},\"primaryImageOfPage\":{\"@id\":\"https:\\\/\\\/bpk-archive.de\\\/tuellmann\\\/produkt\\\/gruppenbild-im-kibbuz-magen-in-der-negev-wueste\\\/#primaryimage\"},\"image\":{\"@id\":\"https:\\\/\\\/bpk-archive.de\\\/tuellmann\\\/produkt\\\/gruppenbild-im-kibbuz-magen-in-der-negev-wueste\\\/#primaryimage\"},\"thumbnailUrl\":\"https:\\\/\\\/bpk-archive.de\\\/tuellmann\\\/wp-content\\\/uploads\\\/2019\\\/08\\\/bpk_70271340.jpg\",\"datePublished\":\"2019-09-05T13:05:13+00:00\",\"dateModified\":\"2019-09-05T13:05:20+00:00\",\"breadcrumb\":{\"@id\":\"https:\\\/\\\/bpk-archive.de\\\/tuellmann\\\/produkt\\\/gruppenbild-im-kibbuz-magen-in-der-negev-wueste\\\/#breadcrumb\"},\"inLanguage\":\"de\",\"potentialAction\":[{\"@type\":\"ReadAction\",\"target\":[\"https:\\\/\\\/bpk-archive.de\\\/tuellmann\\\/produkt\\\/gruppenbild-im-kibbuz-magen-in-der-negev-wueste\\\/\"]}]},{\"@type\":\"ImageObject\",\"inLanguage\":\"de\",\"@id\":\"https:\\\/\\\/bpk-archive.de\\\/tuellmann\\\/produkt\\\/gruppenbild-im-kibbuz-magen-in-der-negev-wueste\\\/#primaryimage\",\"url\":\"https:\\\/\\\/bpk-archive.de\\\/tuellmann\\\/wp-content\\\/uploads\\\/2019\\\/08\\\/bpk_70271340.jpg\",\"contentUrl\":\"https:\\\/\\\/bpk-archive.de\\\/tuellmann\\\/wp-content\\\/uploads\\\/2019\\\/08\\\/bpk_70271340.jpg\",\"width\":1200,\"height\":794,\"caption\":\"Gruppenbild im Kibbuz Magen in der Negev-W\u00fcste\"},{\"@type\":\"BreadcrumbList\",\"@id\":\"https:\\\/\\\/bpk-archive.de\\\/tuellmann\\\/produkt\\\/gruppenbild-im-kibbuz-magen-in-der-negev-wueste\\\/#breadcrumb\",\"itemListElement\":[{\"@type\":\"ListItem\",\"position\":1,\"name\":\"Startseite\",\"item\":\"https:\\\/\\\/bpk-archive.de\\\/tuellmann\\\/\"},{\"@type\":\"ListItem\",\"position\":2,\"name\":\"Shop\",\"item\":\"https:\\\/\\\/bpk-archive.de\\\/tuellmann\\\/shop\\\/\"},{\"@type\":\"ListItem\",\"position\":3,\"name\":\"Gruppenbild im Kibbuz Magen in der Negev-W\u00fcste\"}]},{\"@type\":\"WebSite\",\"@id\":\"https:\\\/\\\/bpk-archive.de\\\/tuellmann\\\/#website\",\"url\":\"https:\\\/\\\/bpk-archive.de\\\/tuellmann\\\/\",\"name\":\"Abisag T\u00fcllmann\",\"description\":\"Eine weitere WordPress-Website\",\"potentialAction\":[{\"@type\":\"SearchAction\",\"target\":{\"@type\":\"EntryPoint\",\"urlTemplate\":\"https:\\\/\\\/bpk-archive.de\\\/tuellmann\\\/?s={search_term_string}\"},\"query-input\":{\"@type\":\"PropertyValueSpecification\",\"valueRequired\":true,\"valueName\":\"search_term_string\"}}],\"inLanguage\":\"de\"}]}<\/script>\n<!-- \/ Yoast SEO plugin. -->","yoast_head_json":{"title":"Gruppenbild im Kibbuz Magen in der Negev-W\u00fcste - Abisag T\u00fcllmann","robots":{"index":"index","follow":"follow","max-snippet":"max-snippet:-1","max-image-preview":"max-image-preview:large","max-video-preview":"max-video-preview:-1"},"canonical":"https:\/\/bpk-archive.de\/tuellmann\/produkt\/gruppenbild-im-kibbuz-magen-in-der-negev-wueste\/","og_locale":"de_DE","og_type":"article","og_title":"Gruppenbild im Kibbuz Magen in der Negev-W\u00fcste - Abisag T\u00fcllmann","og_description":"R\u00fcckseitenbeschriftung von Hand der Fotografin: &#8222;Magen&#8220;","og_url":"https:\/\/bpk-archive.de\/tuellmann\/produkt\/gruppenbild-im-kibbuz-magen-in-der-negev-wueste\/","og_site_name":"Abisag T\u00fcllmann","article_modified_time":"2019-09-05T13:05:20+00:00","og_image":[{"width":1200,"height":794,"url":"https:\/\/bpk-archive.de\/tuellmann\/wp-content\/uploads\/2019\/08\/bpk_70271340.jpg","type":"image\/jpeg"}],"twitter_card":"summary_large_image","schema":{"@context":"https:\/\/schema.org","@graph":[{"@type":"WebPage","@id":"https:\/\/bpk-archive.de\/tuellmann\/produkt\/gruppenbild-im-kibbuz-magen-in-der-negev-wueste\/","url":"https:\/\/bpk-archive.de\/tuellmann\/produkt\/gruppenbild-im-kibbuz-magen-in-der-negev-wueste\/","name":"Gruppenbild im Kibbuz Magen in der Negev-W\u00fcste - Abisag T\u00fcllmann","isPartOf":{"@id":"https:\/\/bpk-archive.de\/tuellmann\/#website"},"primaryImageOfPage":{"@id":"https:\/\/bpk-archive.de\/tuellmann\/produkt\/gruppenbild-im-kibbuz-magen-in-der-negev-wueste\/#primaryimage"},"image":{"@id":"https:\/\/bpk-archive.de\/tuellmann\/produkt\/gruppenbild-im-kibbuz-magen-in-der-negev-wueste\/#primaryimage"},"thumbnailUrl":"https:\/\/bpk-archive.de\/tuellmann\/wp-content\/uploads\/2019\/08\/bpk_70271340.jpg","datePublished":"2019-09-05T13:05:13+00:00","dateModified":"2019-09-05T13:05:20+00:00","breadcrumb":{"@id":"https:\/\/bpk-archive.de\/tuellmann\/produkt\/gruppenbild-im-kibbuz-magen-in-der-negev-wueste\/#breadcrumb"},"inLanguage":"de","potentialAction":[{"@type":"ReadAction","target":["https:\/\/bpk-archive.de\/tuellmann\/produkt\/gruppenbild-im-kibbuz-magen-in-der-negev-wueste\/"]}]},{"@type":"ImageObject","inLanguage":"de","@id":"https:\/\/bpk-archive.de\/tuellmann\/produkt\/gruppenbild-im-kibbuz-magen-in-der-negev-wueste\/#primaryimage","url":"https:\/\/bpk-archive.de\/tuellmann\/wp-content\/uploads\/2019\/08\/bpk_70271340.jpg","contentUrl":"https:\/\/bpk-archive.de\/tuellmann\/wp-content\/uploads\/2019\/08\/bpk_70271340.jpg","width":1200,"height":794,"caption":"Gruppenbild im Kibbuz Magen in der Negev-W\u00fcste"},{"@type":"BreadcrumbList","@id":"https:\/\/bpk-archive.de\/tuellmann\/produkt\/gruppenbild-im-kibbuz-magen-in-der-negev-wueste\/#breadcrumb","itemListElement":[{"@type":"ListItem","position":1,"name":"Startseite","item":"https:\/\/bpk-archive.de\/tuellmann\/"},{"@type":"ListItem","position":2,"name":"Shop","item":"https:\/\/bpk-archive.de\/tuellmann\/shop\/"},{"@type":"ListItem","position":3,"name":"Gruppenbild im Kibbuz Magen in der Negev-W\u00fcste"}]},{"@type":"WebSite","@id":"https:\/\/bpk-archive.de\/tuellmann\/#website","url":"https:\/\/bpk-archive.de\/tuellmann\/","name":"Abisag T\u00fcllmann","description":"Eine weitere WordPress-Website","potentialAction":[{"@type":"SearchAction","target":{"@type":"EntryPoint","urlTemplate":"https:\/\/bpk-archive.de\/tuellmann\/?s={search_term_string}"},"query-input":{"@type":"PropertyValueSpecification","valueRequired":true,"valueName":"search_term_string"}}],"inLanguage":"de"}]}},"_links":{"self":[{"href":"https:\/\/bpk-archive.de\/tuellmann\/wp-json\/wp\/v2\/product\/70295317","targetHints":{"allow":["GET"]}}],"collection":[{"href":"https:\/\/bpk-archive.de\/tuellmann\/wp-json\/wp\/v2\/product"}],"about":[{"href":"https:\/\/bpk-archive.de\/tuellmann\/wp-json\/wp\/v2\/types\/product"}],"wp:featuredmedia":[{"embeddable":true,"href":"https:\/\/bpk-archive.de\/tuellmann\/wp-json\/wp\/v2\/media\/70292974"}],"wp:attachment":[{"href":"https:\/\/bpk-archive.de\/tuellmann\/wp-json\/wp\/v2\/media?parent=70295317"}],"wp:term":[{"taxonomy":"product_brand","embeddable":true,"href":"https:\/\/bpk-archive.de\/tuellmann\/wp-json\/wp\/v2\/product_brand?post=70295317"},{"taxonomy":"product_cat","embeddable":true,"href":"https:\/\/bpk-archive.de\/tuellmann\/wp-json\/wp\/v2\/product_cat?post=70295317"},{"taxonomy":"product_tag","embeddable":true,"href":"https:\/\/bpk-archive.de\/tuellmann\/wp-json\/wp\/v2\/product_tag?post=70295317"}],"curies":[{"name":"wp","href":"https:\/\/api.w.org\/{rel}","templated":true}]}}