{"id":70295281,"date":"2019-09-05T15:04:28","date_gmt":"2019-09-05T13:04:28","guid":{"rendered":"http:\/\/abisagtuellmann.bpk-news.de\/atbild\/gemeinschaftskueche-im-von-juden-bewohnten-hauskomplex-beit-hadassah-in-hebron\/"},"modified":"2019-09-05T15:04:39","modified_gmt":"2019-09-05T13:04:39","slug":"gemeinschaftskueche-im-von-juden-bewohnten-hauskomplex-beit-hadassah-in-hebron","status":"publish","type":"product","link":"https:\/\/bpk-archive.de\/tuellmann\/produkt\/gemeinschaftskueche-im-von-juden-bewohnten-hauskomplex-beit-hadassah-in-hebron\/","title":{"rendered":"Gemeinschaftsk\u00fcche im von Juden bewohnten Hauskomplex &#8222;Beit Hadassah&#8220; in Hebron"},"content":{"rendered":"<p>R\u00fcckseitenbeschriftung von Hand der Fotografin: &#8222;Israel: Gemeinschaftsk\u00fcche in &#8218;Beit Hadassah&#8216;, der von Juden bewohnten H\u00e4user in Hebron (Westbank)&#8220;<\/p>\n","protected":false},"excerpt":{"rendered":"<p>R\u00fcckseitenbeschriftung von Hand der Fotografin: &#8222;Israel: Gemeinschaftsk\u00fcche in &#8218;Beit Hadassah&#8216;, der von Juden bewohnten H\u00e4user in Hebron (Westbank)&#8220;<\/p>\n","protected":false},"featured_media":70292743,"template":"","meta":[],"product_brand":[],"product_cat":[],"product_tag":[47237,13232,13234,13231,13233,47238,48353,47239,13777,47240,48643,47456,47457,47458,47459,47460,47461,47462,47241,50700,47245,47246,47247,48359,48360,47248,47249,47250,47251,47252,47253,47254,47255,51011,13473,13293,13786,13787,13294,13295,13296,13297,47267,13487,13488,48579,47735,47736,51950,51951,51952,51953,51954,51013,51036,51955,51956,51957,51958,47887,47888,14195,14196,14197,14198,14199,14200,50372,50373,13498,47279,47747,47748,47749,47750,47280,47281,47282,47283,47284,47751,47752,47753,47754,47755,47756,47757,47758,47759,51959,51018,51019,47760,47761,51037,51038,51960,47320,14229,47323,48070,13328,13827,13828,13329,13330,13331,13332,47332,13843,47333,47334,47335,47336,47337,13877,13879,13865,13864,13866,13858,13859,13860,13861,13862,13863,48159,13869,13870,13871,13872,14243,14244,14245,14246,14247,14248,14249,13519,13520,13521,13522,13523,13524,48454,13878,13880,14250,14251,13525,48945,48330],"class_list":{"0":"post-70295281","1":"product","2":"type-product","3":"status-publish","4":"has-post-thumbnail","6":"product_tag-1980er-jahre","7":"product_tag-20-jahrhundert-nach-chr","8":"product_tag-20-jh-n-chr","9":"product_tag-20-jahrhundert","10":"product_tag-20-jh","11":"product_tag-80er","12":"product_tag-abt_000","13":"product_tag-abt_001","14":"product_tag-abzug","15":"product_tag-achtziger","16":"product_tag-altstadt","17":"product_tag-arbeit","18":"product_tag-arbeiten","19":"product_tag-arbeitend","20":"product_tag-arbeitende","21":"product_tag-arbeitenden","22":"product_tag-arbeitender","23":"product_tag-arbeitendes","24":"product_tag-at_israel","25":"product_tag-besatzungszei","26":"product_tag-besatzungszeit","27":"product_tag-besatzungszone","28":"product_tag-besatzungszonen","29":"product_tag-beschriftung","30":"product_tag-beschriftungen","31":"product_tag-besetzen","32":"product_tag-besetzt","33":"product_tag-besetzte","34":"product_tag-besetzten","35":"product_tag-besetzter","36":"product_tag-besetztes","37":"product_tag-besetzung","38":"product_tag-besetzungen","39":"product_tag-commune","40":"product_tag-drinnen","41":"product_tag-foto","42":"product_tag-fotoabzug","43":"product_tag-fotoabzuege","44":"product_tag-fotografie","45":"product_tag-fotografien","46":"product_tag-fotografin","47":"product_tag-fotografinnen","48":"product_tag-fotoreportage","49":"product_tag-frau","50":"product_tag-frauen","51":"product_tag-frauenarbeit","52":"product_tag-frauengruppe","53":"product_tag-frauengruppen","54":"product_tag-gemeinsam","55":"product_tag-gemeinsame","56":"product_tag-gemeinsamer","57":"product_tag-gemeinsames","58":"product_tag-gemeinsamkeit","59":"product_tag-gemeinschaft","60":"product_tag-gemeinschaftskueche","61":"product_tag-geschlechterspezifische","62":"product_tag-geschlechterspezifischer","63":"product_tag-geschlechterspezifisches","64":"product_tag-geschlechtsspezifisch","65":"product_tag-grossstadt","66":"product_tag-grossstaedte","67":"product_tag-gruppenbild","68":"product_tag-gruppenbilder","69":"product_tag-gruppenportrait","70":"product_tag-gruppenportraits","71":"product_tag-gruppenportraet","72":"product_tag-gruppenportraets","73":"product_tag-hausarbeit","74":"product_tag-hausarbeiten","75":"product_tag-innen","76":"product_tag-israel","77":"product_tag-israeli","78":"product_tag-israelin","79":"product_tag-israelinnen","80":"product_tag-israelis","81":"product_tag-israelisch","82":"product_tag-israelische","83":"product_tag-israelischer","84":"product_tag-israelisches","85":"product_tag-israels","86":"product_tag-jude","87":"product_tag-juden","88":"product_tag-juedin","89":"product_tag-juedinnen","90":"product_tag-juedisch","91":"product_tag-juedische","92":"product_tag-juedischen","93":"product_tag-juedischer","94":"product_tag-juedisches","95":"product_tag-kochen","96":"product_tag-kollektiv","97":"product_tag-kommune","98":"product_tag-kopftuch","99":"product_tag-kopftuecher","100":"product_tag-kueche","101":"product_tag-kuechen","102":"product_tag-kuechenarbeit","103":"product_tag-nahost","104":"product_tag-obdach","105":"product_tag-okkupation","106":"product_tag-palaestina","107":"product_tag-photo","108":"product_tag-photoabzug","109":"product_tag-photoabzuege","110":"product_tag-photographie","111":"product_tag-photographien","112":"product_tag-photographin","113":"product_tag-photographinnen","114":"product_tag-photoreportage","115":"product_tag-print","116":"product_tag-reportage","117":"product_tag-reportagefoto","118":"product_tag-reportagefotografie","119":"product_tag-reportagephoto","120":"product_tag-reportagephotographie","121":"product_tag-s-w-fotografie","122":"product_tag-s-w-photographie","123":"product_tag-schwarzweissphotographie","124":"product_tag-schwarz-weiss-fotografie","125":"product_tag-schwarz-weiss-photographie","126":"product_tag-schwarzweiss","127":"product_tag-schwarzweisse","128":"product_tag-schwarzweissen","129":"product_tag-schwarzweisser","130":"product_tag-schwarzweisses","131":"product_tag-schwarzweissfotografie","132":"product_tag-siedler","133":"product_tag-silbergelatine","134":"product_tag-silbergelatineabzug","135":"product_tag-silbergelatineabzuege","136":"product_tag-silbergelatineprint","137":"product_tag-sitzen","138":"product_tag-sitzend","139":"product_tag-sitzende","140":"product_tag-sitzenden","141":"product_tag-sitzender","142":"product_tag-sitzendes","143":"product_tag-sitzt","144":"product_tag-stehen","145":"product_tag-stehend","146":"product_tag-stehende","147":"product_tag-stehenden","148":"product_tag-stehender","149":"product_tag-stehendes","150":"product_tag-stempel","151":"product_tag-sw-fotografie","152":"product_tag-sw-photographie","153":"product_tag-unterkunft","154":"product_tag-unterkuenfte","155":"product_tag-von-innen","156":"product_tag-westjordanland","157":"product_tag-zionismus","158":"pa_datierung-juni-1981","159":"pa_fotograf-abisag-tuellmann","160":"pa_geografischer_bezug-aufnahmeort-hebron-israel-westjordanland","161":"pa_grunddaten_material_technik-foto-silbergelatine-auf-barytpapier","162":"pa_inventarnummer-tue-81-055-23","163":"pa_jahr_von-48126","164":"pa_massangaben-bildformat-foto-ca-23-x-305-cm","165":"pa_mediennummer-51948","166":"pa_objekt_typ-fotografie","168":"first","169":"instock","170":"product-type-simple"},"yoast_head":"<!-- This site is optimized with the Yoast SEO plugin v27.4 - https:\/\/yoast.com\/product\/yoast-seo-wordpress\/ -->\n<title>Gemeinschaftsk\u00fcche im von Juden bewohnten Hauskomplex &quot;Beit Hadassah&quot; in Hebron - Abisag T\u00fcllmann<\/title>\n<meta name=\"robots\" content=\"index, follow, max-snippet:-1, max-image-preview:large, max-video-preview:-1\" \/>\n<link rel=\"canonical\" href=\"https:\/\/bpk-archive.de\/tuellmann\/produkt\/gemeinschaftskueche-im-von-juden-bewohnten-hauskomplex-beit-hadassah-in-hebron\/\" \/>\n<meta property=\"og:locale\" content=\"de_DE\" \/>\n<meta property=\"og:type\" content=\"article\" \/>\n<meta property=\"og:title\" content=\"Gemeinschaftsk\u00fcche im von Juden bewohnten Hauskomplex &quot;Beit Hadassah&quot; in Hebron - Abisag T\u00fcllmann\" \/>\n<meta property=\"og:description\" content=\"R\u00fcckseitenbeschriftung von Hand der Fotografin: &#8222;Israel: Gemeinschaftsk\u00fcche in &#8218;Beit Hadassah&#8216;, der von Juden bewohnten H\u00e4user in Hebron (Westbank)&#8220;\" \/>\n<meta property=\"og:url\" content=\"https:\/\/bpk-archive.de\/tuellmann\/produkt\/gemeinschaftskueche-im-von-juden-bewohnten-hauskomplex-beit-hadassah-in-hebron\/\" \/>\n<meta property=\"og:site_name\" content=\"Abisag T\u00fcllmann\" \/>\n<meta property=\"article:modified_time\" content=\"2019-09-05T13:04:39+00:00\" \/>\n<meta property=\"og:image\" content=\"https:\/\/bpk-archive.de\/tuellmann\/wp-content\/uploads\/2019\/08\/bpk_70269174.jpg\" \/>\n\t<meta property=\"og:image:width\" content=\"1200\" \/>\n\t<meta property=\"og:image:height\" content=\"936\" \/>\n\t<meta property=\"og:image:type\" content=\"image\/jpeg\" \/>\n<meta name=\"twitter:card\" content=\"summary_large_image\" \/>\n<script type=\"application\/ld+json\" class=\"yoast-schema-graph\">{\"@context\":\"https:\\\/\\\/schema.org\",\"@graph\":[{\"@type\":\"WebPage\",\"@id\":\"https:\\\/\\\/bpk-archive.de\\\/tuellmann\\\/produkt\\\/gemeinschaftskueche-im-von-juden-bewohnten-hauskomplex-beit-hadassah-in-hebron\\\/\",\"url\":\"https:\\\/\\\/bpk-archive.de\\\/tuellmann\\\/produkt\\\/gemeinschaftskueche-im-von-juden-bewohnten-hauskomplex-beit-hadassah-in-hebron\\\/\",\"name\":\"Gemeinschaftsk\u00fcche im von Juden bewohnten Hauskomplex \\\"Beit Hadassah\\\" in Hebron - Abisag T\u00fcllmann\",\"isPartOf\":{\"@id\":\"https:\\\/\\\/bpk-archive.de\\\/tuellmann\\\/#website\"},\"primaryImageOfPage\":{\"@id\":\"https:\\\/\\\/bpk-archive.de\\\/tuellmann\\\/produkt\\\/gemeinschaftskueche-im-von-juden-bewohnten-hauskomplex-beit-hadassah-in-hebron\\\/#primaryimage\"},\"image\":{\"@id\":\"https:\\\/\\\/bpk-archive.de\\\/tuellmann\\\/produkt\\\/gemeinschaftskueche-im-von-juden-bewohnten-hauskomplex-beit-hadassah-in-hebron\\\/#primaryimage\"},\"thumbnailUrl\":\"https:\\\/\\\/bpk-archive.de\\\/tuellmann\\\/wp-content\\\/uploads\\\/2019\\\/08\\\/bpk_70269174.jpg\",\"datePublished\":\"2019-09-05T13:04:28+00:00\",\"dateModified\":\"2019-09-05T13:04:39+00:00\",\"breadcrumb\":{\"@id\":\"https:\\\/\\\/bpk-archive.de\\\/tuellmann\\\/produkt\\\/gemeinschaftskueche-im-von-juden-bewohnten-hauskomplex-beit-hadassah-in-hebron\\\/#breadcrumb\"},\"inLanguage\":\"de\",\"potentialAction\":[{\"@type\":\"ReadAction\",\"target\":[\"https:\\\/\\\/bpk-archive.de\\\/tuellmann\\\/produkt\\\/gemeinschaftskueche-im-von-juden-bewohnten-hauskomplex-beit-hadassah-in-hebron\\\/\"]}]},{\"@type\":\"ImageObject\",\"inLanguage\":\"de\",\"@id\":\"https:\\\/\\\/bpk-archive.de\\\/tuellmann\\\/produkt\\\/gemeinschaftskueche-im-von-juden-bewohnten-hauskomplex-beit-hadassah-in-hebron\\\/#primaryimage\",\"url\":\"https:\\\/\\\/bpk-archive.de\\\/tuellmann\\\/wp-content\\\/uploads\\\/2019\\\/08\\\/bpk_70269174.jpg\",\"contentUrl\":\"https:\\\/\\\/bpk-archive.de\\\/tuellmann\\\/wp-content\\\/uploads\\\/2019\\\/08\\\/bpk_70269174.jpg\",\"width\":1200,\"height\":936,\"caption\":\"Gemeinschaftsk\u00fcche im von Juden bewohnten Hauskomplex \\\"Beit Hadassah\\\" in Hebron\"},{\"@type\":\"BreadcrumbList\",\"@id\":\"https:\\\/\\\/bpk-archive.de\\\/tuellmann\\\/produkt\\\/gemeinschaftskueche-im-von-juden-bewohnten-hauskomplex-beit-hadassah-in-hebron\\\/#breadcrumb\",\"itemListElement\":[{\"@type\":\"ListItem\",\"position\":1,\"name\":\"Startseite\",\"item\":\"https:\\\/\\\/bpk-archive.de\\\/tuellmann\\\/\"},{\"@type\":\"ListItem\",\"position\":2,\"name\":\"Shop\",\"item\":\"https:\\\/\\\/bpk-archive.de\\\/tuellmann\\\/shop\\\/\"},{\"@type\":\"ListItem\",\"position\":3,\"name\":\"Gemeinschaftsk\u00fcche im von Juden bewohnten Hauskomplex &#8220;Beit Hadassah&#8221; in Hebron\"}]},{\"@type\":\"WebSite\",\"@id\":\"https:\\\/\\\/bpk-archive.de\\\/tuellmann\\\/#website\",\"url\":\"https:\\\/\\\/bpk-archive.de\\\/tuellmann\\\/\",\"name\":\"Abisag T\u00fcllmann\",\"description\":\"Eine weitere WordPress-Website\",\"potentialAction\":[{\"@type\":\"SearchAction\",\"target\":{\"@type\":\"EntryPoint\",\"urlTemplate\":\"https:\\\/\\\/bpk-archive.de\\\/tuellmann\\\/?s={search_term_string}\"},\"query-input\":{\"@type\":\"PropertyValueSpecification\",\"valueRequired\":true,\"valueName\":\"search_term_string\"}}],\"inLanguage\":\"de\"}]}<\/script>\n<!-- \/ Yoast SEO plugin. -->","yoast_head_json":{"title":"Gemeinschaftsk\u00fcche im von Juden bewohnten Hauskomplex \"Beit Hadassah\" in Hebron - Abisag T\u00fcllmann","robots":{"index":"index","follow":"follow","max-snippet":"max-snippet:-1","max-image-preview":"max-image-preview:large","max-video-preview":"max-video-preview:-1"},"canonical":"https:\/\/bpk-archive.de\/tuellmann\/produkt\/gemeinschaftskueche-im-von-juden-bewohnten-hauskomplex-beit-hadassah-in-hebron\/","og_locale":"de_DE","og_type":"article","og_title":"Gemeinschaftsk\u00fcche im von Juden bewohnten Hauskomplex \"Beit Hadassah\" in Hebron - Abisag T\u00fcllmann","og_description":"R\u00fcckseitenbeschriftung von Hand der Fotografin: &#8222;Israel: Gemeinschaftsk\u00fcche in &#8218;Beit Hadassah&#8216;, der von Juden bewohnten H\u00e4user in Hebron (Westbank)&#8220;","og_url":"https:\/\/bpk-archive.de\/tuellmann\/produkt\/gemeinschaftskueche-im-von-juden-bewohnten-hauskomplex-beit-hadassah-in-hebron\/","og_site_name":"Abisag T\u00fcllmann","article_modified_time":"2019-09-05T13:04:39+00:00","og_image":[{"width":1200,"height":936,"url":"https:\/\/bpk-archive.de\/tuellmann\/wp-content\/uploads\/2019\/08\/bpk_70269174.jpg","type":"image\/jpeg"}],"twitter_card":"summary_large_image","schema":{"@context":"https:\/\/schema.org","@graph":[{"@type":"WebPage","@id":"https:\/\/bpk-archive.de\/tuellmann\/produkt\/gemeinschaftskueche-im-von-juden-bewohnten-hauskomplex-beit-hadassah-in-hebron\/","url":"https:\/\/bpk-archive.de\/tuellmann\/produkt\/gemeinschaftskueche-im-von-juden-bewohnten-hauskomplex-beit-hadassah-in-hebron\/","name":"Gemeinschaftsk\u00fcche im von Juden bewohnten Hauskomplex \"Beit Hadassah\" in Hebron - Abisag T\u00fcllmann","isPartOf":{"@id":"https:\/\/bpk-archive.de\/tuellmann\/#website"},"primaryImageOfPage":{"@id":"https:\/\/bpk-archive.de\/tuellmann\/produkt\/gemeinschaftskueche-im-von-juden-bewohnten-hauskomplex-beit-hadassah-in-hebron\/#primaryimage"},"image":{"@id":"https:\/\/bpk-archive.de\/tuellmann\/produkt\/gemeinschaftskueche-im-von-juden-bewohnten-hauskomplex-beit-hadassah-in-hebron\/#primaryimage"},"thumbnailUrl":"https:\/\/bpk-archive.de\/tuellmann\/wp-content\/uploads\/2019\/08\/bpk_70269174.jpg","datePublished":"2019-09-05T13:04:28+00:00","dateModified":"2019-09-05T13:04:39+00:00","breadcrumb":{"@id":"https:\/\/bpk-archive.de\/tuellmann\/produkt\/gemeinschaftskueche-im-von-juden-bewohnten-hauskomplex-beit-hadassah-in-hebron\/#breadcrumb"},"inLanguage":"de","potentialAction":[{"@type":"ReadAction","target":["https:\/\/bpk-archive.de\/tuellmann\/produkt\/gemeinschaftskueche-im-von-juden-bewohnten-hauskomplex-beit-hadassah-in-hebron\/"]}]},{"@type":"ImageObject","inLanguage":"de","@id":"https:\/\/bpk-archive.de\/tuellmann\/produkt\/gemeinschaftskueche-im-von-juden-bewohnten-hauskomplex-beit-hadassah-in-hebron\/#primaryimage","url":"https:\/\/bpk-archive.de\/tuellmann\/wp-content\/uploads\/2019\/08\/bpk_70269174.jpg","contentUrl":"https:\/\/bpk-archive.de\/tuellmann\/wp-content\/uploads\/2019\/08\/bpk_70269174.jpg","width":1200,"height":936,"caption":"Gemeinschaftsk\u00fcche im von Juden bewohnten Hauskomplex \"Beit Hadassah\" in Hebron"},{"@type":"BreadcrumbList","@id":"https:\/\/bpk-archive.de\/tuellmann\/produkt\/gemeinschaftskueche-im-von-juden-bewohnten-hauskomplex-beit-hadassah-in-hebron\/#breadcrumb","itemListElement":[{"@type":"ListItem","position":1,"name":"Startseite","item":"https:\/\/bpk-archive.de\/tuellmann\/"},{"@type":"ListItem","position":2,"name":"Shop","item":"https:\/\/bpk-archive.de\/tuellmann\/shop\/"},{"@type":"ListItem","position":3,"name":"Gemeinschaftsk\u00fcche im von Juden bewohnten Hauskomplex &#8220;Beit Hadassah&#8221; in Hebron"}]},{"@type":"WebSite","@id":"https:\/\/bpk-archive.de\/tuellmann\/#website","url":"https:\/\/bpk-archive.de\/tuellmann\/","name":"Abisag T\u00fcllmann","description":"Eine weitere WordPress-Website","potentialAction":[{"@type":"SearchAction","target":{"@type":"EntryPoint","urlTemplate":"https:\/\/bpk-archive.de\/tuellmann\/?s={search_term_string}"},"query-input":{"@type":"PropertyValueSpecification","valueRequired":true,"valueName":"search_term_string"}}],"inLanguage":"de"}]}},"_links":{"self":[{"href":"https:\/\/bpk-archive.de\/tuellmann\/wp-json\/wp\/v2\/product\/70295281","targetHints":{"allow":["GET"]}}],"collection":[{"href":"https:\/\/bpk-archive.de\/tuellmann\/wp-json\/wp\/v2\/product"}],"about":[{"href":"https:\/\/bpk-archive.de\/tuellmann\/wp-json\/wp\/v2\/types\/product"}],"wp:featuredmedia":[{"embeddable":true,"href":"https:\/\/bpk-archive.de\/tuellmann\/wp-json\/wp\/v2\/media\/70292743"}],"wp:attachment":[{"href":"https:\/\/bpk-archive.de\/tuellmann\/wp-json\/wp\/v2\/media?parent=70295281"}],"wp:term":[{"taxonomy":"product_brand","embeddable":true,"href":"https:\/\/bpk-archive.de\/tuellmann\/wp-json\/wp\/v2\/product_brand?post=70295281"},{"taxonomy":"product_cat","embeddable":true,"href":"https:\/\/bpk-archive.de\/tuellmann\/wp-json\/wp\/v2\/product_cat?post=70295281"},{"taxonomy":"product_tag","embeddable":true,"href":"https:\/\/bpk-archive.de\/tuellmann\/wp-json\/wp\/v2\/product_tag?post=70295281"}],"curies":[{"name":"wp","href":"https:\/\/api.w.org\/{rel}","templated":true}]}}