{"id":70295237,"date":"2019-09-05T15:03:40","date_gmt":"2019-09-05T13:03:40","guid":{"rendered":"http:\/\/abisagtuellmann.bpk-news.de\/atbild\/strassenszene-in-hebron\/"},"modified":"2019-09-05T15:03:48","modified_gmt":"2019-09-05T13:03:48","slug":"strassenszene-in-hebron","status":"publish","type":"product","link":"https:\/\/bpk-archive.de\/tuellmann\/produkt\/strassenszene-in-hebron\/","title":{"rendered":"Stra\u00dfenszene in Hebron"},"content":{"rendered":"<p>R\u00fcckseitenbeschriftung von Hand der Fotografin: &#8222;Hebron&#8220;<\/p>\n","protected":false},"excerpt":{"rendered":"<p>R\u00fcckseitenbeschriftung von Hand der Fotografin: &#8222;Hebron&#8220;<\/p>\n","protected":false},"featured_media":70292780,"template":"","meta":[],"product_brand":[],"product_cat":[],"product_tag":[47237,13232,13234,13231,13233,47238,48353,47239,13777,47240,47541,47542,47543,47544,47545,47547,47548,48643,47241,13250,50700,47245,47246,47247,47248,47249,47250,47251,47252,47253,47254,47255,48047,48048,48049,48050,48051,50988,47880,14178,14179,13260,49022,49023,13293,13786,13787,13294,13295,13296,13297,47267,47737,47738,47557,47558,47559,13301,47279,47747,47750,47280,47281,47282,47283,47284,47751,47752,47755,47756,47757,47758,47759,13813,13814,14203,14204,14205,14206,14207,14213,14218,14219,48306,48307,48308,14220,14221,47560,50989,50990,50991,50992,50993,13818,13819,13826,49161,49162,49163,49164,47320,47323,48070,13328,13827,13828,13329,13330,13331,13332,47332,13843,47958,47333,47334,47335,47336,47337,13877,13879,48077,48078,13865,13864,13866,13858,13859,13860,13861,13862,13863,13869,13870,13871,13872,49605,49606,49607,49608,49609,49610,47406,47407,47408,47409,13878,13880,48086,48087,48945,49169,49170,49171,49172,47359],"class_list":{"0":"post-70295237","1":"product","2":"type-product","3":"status-publish","4":"has-post-thumbnail","6":"product_tag-1980er-jahre","7":"product_tag-20-jahrhundert-nach-chr","8":"product_tag-20-jh-n-chr","9":"product_tag-20-jahrhundert","10":"product_tag-20-jh","11":"product_tag-80er","12":"product_tag-abt_000","13":"product_tag-abt_001","14":"product_tag-abzug","15":"product_tag-achtziger","16":"product_tag-alltag","17":"product_tag-alltaeglich","18":"product_tag-alltaegliche","19":"product_tag-alltaeglicher","20":"product_tag-alltaegliches","21":"product_tag-alltagsszene","22":"product_tag-alltagsszenen","23":"product_tag-altstadt","24":"product_tag-at_israel","25":"product_tag-aussen","26":"product_tag-besatzungszei","27":"product_tag-besatzungszeit","28":"product_tag-besatzungszone","29":"product_tag-besatzungszonen","30":"product_tag-besetzen","31":"product_tag-besetzt","32":"product_tag-besetzte","33":"product_tag-besetzten","34":"product_tag-besetzter","35":"product_tag-besetztes","36":"product_tag-besetzung","37":"product_tag-besetzungen","38":"product_tag-bewaffnet","39":"product_tag-bewaffnete","40":"product_tag-bewaffneten","41":"product_tag-bewaffneter","42":"product_tag-bewaffnetes","43":"product_tag-bewaffnung","44":"product_tag-blickwechsel","45":"product_tag-bube","46":"product_tag-buben","47":"product_tag-draussen","48":"product_tag-einkaufsstrasse","49":"product_tag-einkaufsstrassen","50":"product_tag-foto","51":"product_tag-fotoabzug","52":"product_tag-fotoabzuege","53":"product_tag-fotografie","54":"product_tag-fotografien","55":"product_tag-fotografin","56":"product_tag-fotografinnen","57":"product_tag-fotoreportage","58":"product_tag-gemuesekiste","59":"product_tag-gemuesekisten","60":"product_tag-geschaeft","61":"product_tag-geschaefte","62":"product_tag-geschaeftes","63":"product_tag-im-freien","64":"product_tag-israel","65":"product_tag-israeli","66":"product_tag-israelis","67":"product_tag-israelisch","68":"product_tag-israelische","69":"product_tag-israelischer","70":"product_tag-israelisches","71":"product_tag-israels","72":"product_tag-jude","73":"product_tag-juden","74":"product_tag-juedisch","75":"product_tag-juedische","76":"product_tag-juedischen","77":"product_tag-juedischer","78":"product_tag-juedisches","79":"product_tag-junge","80":"product_tag-jungen","81":"product_tag-jungens","82":"product_tag-jungs","83":"product_tag-kind","84":"product_tag-kinde","85":"product_tag-kinder","86":"product_tag-kindern","87":"product_tag-kindes","88":"product_tag-kindheit","89":"product_tag-kippa","90":"product_tag-kippah","91":"product_tag-kippot","92":"product_tag-knabe","93":"product_tag-knaben","94":"product_tag-laden","95":"product_tag-laufen","96":"product_tag-laufend","97":"product_tag-laufende","98":"product_tag-laufender","99":"product_tag-laufendes","100":"product_tag-mann","101":"product_tag-maenner","102":"product_tag-mannes","103":"product_tag-maschinengewehr","104":"product_tag-maschinengewehre","105":"product_tag-maschinengewehren","106":"product_tag-mg","107":"product_tag-nahost","108":"product_tag-okkupation","109":"product_tag-palaestina","110":"product_tag-photo","111":"product_tag-photoabzug","112":"product_tag-photoabzuege","113":"product_tag-photographie","114":"product_tag-photographien","115":"product_tag-photographin","116":"product_tag-photographinnen","117":"product_tag-photoreportage","118":"product_tag-print","119":"product_tag-querformat","120":"product_tag-reportage","121":"product_tag-reportagefoto","122":"product_tag-reportagefotografie","123":"product_tag-reportagephoto","124":"product_tag-reportagephotographie","125":"product_tag-s-w-fotografie","126":"product_tag-s-w-photographie","127":"product_tag-schusswaffe","128":"product_tag-schusswaffen","129":"product_tag-schwarzweissphotographie","130":"product_tag-schwarz-weiss-fotografie","131":"product_tag-schwarz-weiss-photographie","132":"product_tag-schwarzweiss","133":"product_tag-schwarzweisse","134":"product_tag-schwarzweissen","135":"product_tag-schwarzweisser","136":"product_tag-schwarzweisses","137":"product_tag-schwarzweissfotografie","138":"product_tag-silbergelatine","139":"product_tag-silbergelatineabzug","140":"product_tag-silbergelatineabzuege","141":"product_tag-silbergelatineprint","142":"product_tag-spielen","143":"product_tag-spielend","144":"product_tag-spielende","145":"product_tag-spielenden","146":"product_tag-spielender","147":"product_tag-spielendes","148":"product_tag-stadt","149":"product_tag-staedte","150":"product_tag-strassenleben","151":"product_tag-strassenszene","152":"product_tag-sw-fotografie","153":"product_tag-sw-photographie","154":"product_tag-waffe","155":"product_tag-waffen","156":"product_tag-westjordanland","157":"product_tag-zivilist","158":"product_tag-zivilisten","159":"product_tag-zivilperson","160":"product_tag-zivilpersonen","161":"product_tag-zwei","162":"pa_datierung-juni-1981","163":"pa_fotograf-abisag-tuellmann","164":"pa_geografischer_bezug-aufnahmeort-hebron-israel-westjordanland","165":"pa_grunddaten_material_technik-foto-silbergelatine-auf-barytpapier","166":"pa_inventarnummer-tue-81-055a-03","167":"pa_jahr_von-48126","168":"pa_massangaben-bildformat-foto-233-x-303-cm","169":"pa_mediennummer-50986","170":"pa_objekt_typ-fotografie","172":"first","173":"instock","174":"product-type-simple"},"yoast_head":"<!-- This site is optimized with the Yoast SEO plugin v27.4 - https:\/\/yoast.com\/product\/yoast-seo-wordpress\/ -->\n<title>Stra\u00dfenszene in Hebron - Abisag T\u00fcllmann<\/title>\n<meta name=\"robots\" content=\"index, follow, max-snippet:-1, max-image-preview:large, max-video-preview:-1\" \/>\n<link rel=\"canonical\" href=\"https:\/\/bpk-archive.de\/tuellmann\/produkt\/strassenszene-in-hebron\/\" \/>\n<meta property=\"og:locale\" content=\"de_DE\" \/>\n<meta property=\"og:type\" content=\"article\" \/>\n<meta property=\"og:title\" content=\"Stra\u00dfenszene in Hebron - Abisag T\u00fcllmann\" \/>\n<meta property=\"og:description\" content=\"R\u00fcckseitenbeschriftung von Hand der Fotografin: &#8222;Hebron&#8220;\" \/>\n<meta property=\"og:url\" content=\"https:\/\/bpk-archive.de\/tuellmann\/produkt\/strassenszene-in-hebron\/\" \/>\n<meta property=\"og:site_name\" content=\"Abisag T\u00fcllmann\" \/>\n<meta property=\"article:modified_time\" content=\"2019-09-05T13:03:48+00:00\" \/>\n<meta property=\"og:image\" content=\"https:\/\/bpk-archive.de\/tuellmann\/wp-content\/uploads\/2019\/08\/bpk_70269652.jpg\" \/>\n\t<meta property=\"og:image:width\" content=\"1200\" \/>\n\t<meta property=\"og:image:height\" content=\"932\" \/>\n\t<meta property=\"og:image:type\" content=\"image\/jpeg\" \/>\n<meta name=\"twitter:card\" content=\"summary_large_image\" \/>\n<script type=\"application\/ld+json\" class=\"yoast-schema-graph\">{\"@context\":\"https:\\\/\\\/schema.org\",\"@graph\":[{\"@type\":\"WebPage\",\"@id\":\"https:\\\/\\\/bpk-archive.de\\\/tuellmann\\\/produkt\\\/strassenszene-in-hebron\\\/\",\"url\":\"https:\\\/\\\/bpk-archive.de\\\/tuellmann\\\/produkt\\\/strassenszene-in-hebron\\\/\",\"name\":\"Stra\u00dfenszene in Hebron - Abisag T\u00fcllmann\",\"isPartOf\":{\"@id\":\"https:\\\/\\\/bpk-archive.de\\\/tuellmann\\\/#website\"},\"primaryImageOfPage\":{\"@id\":\"https:\\\/\\\/bpk-archive.de\\\/tuellmann\\\/produkt\\\/strassenszene-in-hebron\\\/#primaryimage\"},\"image\":{\"@id\":\"https:\\\/\\\/bpk-archive.de\\\/tuellmann\\\/produkt\\\/strassenszene-in-hebron\\\/#primaryimage\"},\"thumbnailUrl\":\"https:\\\/\\\/bpk-archive.de\\\/tuellmann\\\/wp-content\\\/uploads\\\/2019\\\/08\\\/bpk_70269652.jpg\",\"datePublished\":\"2019-09-05T13:03:40+00:00\",\"dateModified\":\"2019-09-05T13:03:48+00:00\",\"breadcrumb\":{\"@id\":\"https:\\\/\\\/bpk-archive.de\\\/tuellmann\\\/produkt\\\/strassenszene-in-hebron\\\/#breadcrumb\"},\"inLanguage\":\"de\",\"potentialAction\":[{\"@type\":\"ReadAction\",\"target\":[\"https:\\\/\\\/bpk-archive.de\\\/tuellmann\\\/produkt\\\/strassenszene-in-hebron\\\/\"]}]},{\"@type\":\"ImageObject\",\"inLanguage\":\"de\",\"@id\":\"https:\\\/\\\/bpk-archive.de\\\/tuellmann\\\/produkt\\\/strassenszene-in-hebron\\\/#primaryimage\",\"url\":\"https:\\\/\\\/bpk-archive.de\\\/tuellmann\\\/wp-content\\\/uploads\\\/2019\\\/08\\\/bpk_70269652.jpg\",\"contentUrl\":\"https:\\\/\\\/bpk-archive.de\\\/tuellmann\\\/wp-content\\\/uploads\\\/2019\\\/08\\\/bpk_70269652.jpg\",\"width\":1200,\"height\":932,\"caption\":\"Stra\u00dfenszene in Hebron\"},{\"@type\":\"BreadcrumbList\",\"@id\":\"https:\\\/\\\/bpk-archive.de\\\/tuellmann\\\/produkt\\\/strassenszene-in-hebron\\\/#breadcrumb\",\"itemListElement\":[{\"@type\":\"ListItem\",\"position\":1,\"name\":\"Startseite\",\"item\":\"https:\\\/\\\/bpk-archive.de\\\/tuellmann\\\/\"},{\"@type\":\"ListItem\",\"position\":2,\"name\":\"Shop\",\"item\":\"https:\\\/\\\/bpk-archive.de\\\/tuellmann\\\/shop\\\/\"},{\"@type\":\"ListItem\",\"position\":3,\"name\":\"Stra\u00dfenszene in Hebron\"}]},{\"@type\":\"WebSite\",\"@id\":\"https:\\\/\\\/bpk-archive.de\\\/tuellmann\\\/#website\",\"url\":\"https:\\\/\\\/bpk-archive.de\\\/tuellmann\\\/\",\"name\":\"Abisag T\u00fcllmann\",\"description\":\"Eine weitere WordPress-Website\",\"potentialAction\":[{\"@type\":\"SearchAction\",\"target\":{\"@type\":\"EntryPoint\",\"urlTemplate\":\"https:\\\/\\\/bpk-archive.de\\\/tuellmann\\\/?s={search_term_string}\"},\"query-input\":{\"@type\":\"PropertyValueSpecification\",\"valueRequired\":true,\"valueName\":\"search_term_string\"}}],\"inLanguage\":\"de\"}]}<\/script>\n<!-- \/ Yoast SEO plugin. -->","yoast_head_json":{"title":"Stra\u00dfenszene in Hebron - Abisag T\u00fcllmann","robots":{"index":"index","follow":"follow","max-snippet":"max-snippet:-1","max-image-preview":"max-image-preview:large","max-video-preview":"max-video-preview:-1"},"canonical":"https:\/\/bpk-archive.de\/tuellmann\/produkt\/strassenszene-in-hebron\/","og_locale":"de_DE","og_type":"article","og_title":"Stra\u00dfenszene in Hebron - Abisag T\u00fcllmann","og_description":"R\u00fcckseitenbeschriftung von Hand der Fotografin: &#8222;Hebron&#8220;","og_url":"https:\/\/bpk-archive.de\/tuellmann\/produkt\/strassenszene-in-hebron\/","og_site_name":"Abisag T\u00fcllmann","article_modified_time":"2019-09-05T13:03:48+00:00","og_image":[{"width":1200,"height":932,"url":"https:\/\/bpk-archive.de\/tuellmann\/wp-content\/uploads\/2019\/08\/bpk_70269652.jpg","type":"image\/jpeg"}],"twitter_card":"summary_large_image","schema":{"@context":"https:\/\/schema.org","@graph":[{"@type":"WebPage","@id":"https:\/\/bpk-archive.de\/tuellmann\/produkt\/strassenszene-in-hebron\/","url":"https:\/\/bpk-archive.de\/tuellmann\/produkt\/strassenszene-in-hebron\/","name":"Stra\u00dfenszene in Hebron - Abisag T\u00fcllmann","isPartOf":{"@id":"https:\/\/bpk-archive.de\/tuellmann\/#website"},"primaryImageOfPage":{"@id":"https:\/\/bpk-archive.de\/tuellmann\/produkt\/strassenszene-in-hebron\/#primaryimage"},"image":{"@id":"https:\/\/bpk-archive.de\/tuellmann\/produkt\/strassenszene-in-hebron\/#primaryimage"},"thumbnailUrl":"https:\/\/bpk-archive.de\/tuellmann\/wp-content\/uploads\/2019\/08\/bpk_70269652.jpg","datePublished":"2019-09-05T13:03:40+00:00","dateModified":"2019-09-05T13:03:48+00:00","breadcrumb":{"@id":"https:\/\/bpk-archive.de\/tuellmann\/produkt\/strassenszene-in-hebron\/#breadcrumb"},"inLanguage":"de","potentialAction":[{"@type":"ReadAction","target":["https:\/\/bpk-archive.de\/tuellmann\/produkt\/strassenszene-in-hebron\/"]}]},{"@type":"ImageObject","inLanguage":"de","@id":"https:\/\/bpk-archive.de\/tuellmann\/produkt\/strassenszene-in-hebron\/#primaryimage","url":"https:\/\/bpk-archive.de\/tuellmann\/wp-content\/uploads\/2019\/08\/bpk_70269652.jpg","contentUrl":"https:\/\/bpk-archive.de\/tuellmann\/wp-content\/uploads\/2019\/08\/bpk_70269652.jpg","width":1200,"height":932,"caption":"Stra\u00dfenszene in Hebron"},{"@type":"BreadcrumbList","@id":"https:\/\/bpk-archive.de\/tuellmann\/produkt\/strassenszene-in-hebron\/#breadcrumb","itemListElement":[{"@type":"ListItem","position":1,"name":"Startseite","item":"https:\/\/bpk-archive.de\/tuellmann\/"},{"@type":"ListItem","position":2,"name":"Shop","item":"https:\/\/bpk-archive.de\/tuellmann\/shop\/"},{"@type":"ListItem","position":3,"name":"Stra\u00dfenszene in Hebron"}]},{"@type":"WebSite","@id":"https:\/\/bpk-archive.de\/tuellmann\/#website","url":"https:\/\/bpk-archive.de\/tuellmann\/","name":"Abisag T\u00fcllmann","description":"Eine weitere WordPress-Website","potentialAction":[{"@type":"SearchAction","target":{"@type":"EntryPoint","urlTemplate":"https:\/\/bpk-archive.de\/tuellmann\/?s={search_term_string}"},"query-input":{"@type":"PropertyValueSpecification","valueRequired":true,"valueName":"search_term_string"}}],"inLanguage":"de"}]}},"_links":{"self":[{"href":"https:\/\/bpk-archive.de\/tuellmann\/wp-json\/wp\/v2\/product\/70295237","targetHints":{"allow":["GET"]}}],"collection":[{"href":"https:\/\/bpk-archive.de\/tuellmann\/wp-json\/wp\/v2\/product"}],"about":[{"href":"https:\/\/bpk-archive.de\/tuellmann\/wp-json\/wp\/v2\/types\/product"}],"wp:featuredmedia":[{"embeddable":true,"href":"https:\/\/bpk-archive.de\/tuellmann\/wp-json\/wp\/v2\/media\/70292780"}],"wp:attachment":[{"href":"https:\/\/bpk-archive.de\/tuellmann\/wp-json\/wp\/v2\/media?parent=70295237"}],"wp:term":[{"taxonomy":"product_brand","embeddable":true,"href":"https:\/\/bpk-archive.de\/tuellmann\/wp-json\/wp\/v2\/product_brand?post=70295237"},{"taxonomy":"product_cat","embeddable":true,"href":"https:\/\/bpk-archive.de\/tuellmann\/wp-json\/wp\/v2\/product_cat?post=70295237"},{"taxonomy":"product_tag","embeddable":true,"href":"https:\/\/bpk-archive.de\/tuellmann\/wp-json\/wp\/v2\/product_tag?post=70295237"}],"curies":[{"name":"wp","href":"https:\/\/api.w.org\/{rel}","templated":true}]}}