{"id":70295210,"date":"2019-09-05T15:02:49","date_gmt":"2019-09-05T13:02:49","guid":{"rendered":"http:\/\/abisagtuellmann.bpk-news.de\/atbild\/aeltere-frau-in-einer-wohnwagensiedlung-der-sinti-und-roma-bei-koeln\/"},"modified":"2019-09-05T15:03:12","modified_gmt":"2019-09-05T13:03:12","slug":"aeltere-frau-in-einer-wohnwagensiedlung-der-sinti-und-roma-bei-koeln","status":"publish","type":"product","link":"https:\/\/bpk-archive.de\/tuellmann\/produkt\/aeltere-frau-in-einer-wohnwagensiedlung-der-sinti-und-roma-bei-koeln\/","title":{"rendered":"\u00c4ltere Frau in einer Wohnwagensiedlung der Sinti und Roma bei K\u00f6ln"},"content":{"rendered":"<p>R\u00fcckseitenbeschriftung von anderer Hand: &#8222;Zigeunerin&#8220;<\/p>\n","protected":false},"excerpt":{"rendered":"<p>R\u00fcckseitenbeschriftung von anderer Hand: &#8222;Zigeunerin&#8220;<\/p>\n","protected":false},"featured_media":70293028,"template":"","meta":[],"product_brand":[],"product_cat":[],"product_tag":[13230,13232,13234,13231,13233,13235,49668,13777,47541,47542,47543,47544,47545,47546,47547,47548,47418,47419,47420,47421,47422,47423,47424,49518,13250,14318,13784,13785,13469,50567,50568,50569,50570,13470,49579,49580,13958,13959,13471,13472,49519,13260,50558,49520,49521,49522,49523,49524,49525,49526,13293,13786,13787,13294,13295,13296,13297,47267,13487,13488,13974,13975,13976,13977,13978,47849,47850,47851,47852,47853,49528,49529,49530,49531,49532,47579,47580,47581,47582,50571,50572,48700,48701,48702,48703,48704,48705,48706,13301,49582,49583,47589,47590,14000,14001,14002,14003,14004,14005,14006,48005,48006,48007,48008,48009,48010,48011,49816,47786,49544,49586,49588,14229,13328,13827,13828,13329,13330,13331,13332,47332,13829,13830,13831,13832,13833,13834,13835,13836,13837,13838,13839,13840,13841,13842,13843,47333,49545,49546,49547,49548,49549,49550,49551,49552,49553,49555,49556,13877,13879,50573,50574,50575,50576,50577,13865,13864,13866,13858,13859,13860,13861,13862,13863,47701,13868,13354,48160,48161,13869,13870,13871,13872,49557,49558,13878,13880,14250,14251,49561,49562,49563,49564,49568,50578,50579,50580,49569,49591,49592,49570,13882],"class_list":{"0":"post-70295210","1":"product","2":"type-product","3":"status-publish","4":"has-post-thumbnail","6":"product_tag-1970er-jahre","7":"product_tag-20-jahrhundert-nach-chr","8":"product_tag-20-jh-n-chr","9":"product_tag-20-jahrhundert","10":"product_tag-20-jh","11":"product_tag-70er","12":"product_tag-abt_002","13":"product_tag-abzug","14":"product_tag-alltag","15":"product_tag-alltaeglich","16":"product_tag-alltaegliche","17":"product_tag-alltaeglicher","18":"product_tag-alltaegliches","19":"product_tag-alltagsleben","20":"product_tag-alltagsszene","21":"product_tag-alltagsszenen","22":"product_tag-alt","23":"product_tag-alte","24":"product_tag-alten","25":"product_tag-alter","26":"product_tag-aeltere","27":"product_tag-aelterer","28":"product_tag-altes","29":"product_tag-at_sinti-roma","30":"product_tag-aussen","31":"product_tag-aussenseiter","32":"product_tag-bildnis","33":"product_tag-bildnisse","34":"product_tag-brd","35":"product_tag-brustbild","36":"product_tag-brustbilder","37":"product_tag-brustbildnis","38":"product_tag-bruststueck","39":"product_tag-bundesrepublik-deutschland","40":"product_tag-coeln","41":"product_tag-coelner","42":"product_tag-damenportraet","43":"product_tag-damenportraets","44":"product_tag-deutschland","45":"product_tag-deutschlands","46":"product_tag-diskriminierung","47":"product_tag-draussen","48":"product_tag-dreiviertelprofil","49":"product_tag-ethnie","50":"product_tag-ethnien","51":"product_tag-ethnisch","52":"product_tag-ethnische","53":"product_tag-ethnischen","54":"product_tag-ethnischer","55":"product_tag-ethnisches","56":"product_tag-foto","57":"product_tag-fotoabzug","58":"product_tag-fotoabzuege","59":"product_tag-fotografie","60":"product_tag-fotografien","61":"product_tag-fotografin","62":"product_tag-fotografinnen","63":"product_tag-fotoreportage","64":"product_tag-frau","65":"product_tag-frauen","66":"product_tag-frauenbildnis","67":"product_tag-frauenportrait","68":"product_tag-frauenportraits","69":"product_tag-frauenportraet","70":"product_tag-frauenportraets","71":"product_tag-freundlich","72":"product_tag-freundliche","73":"product_tag-freundlicher","74":"product_tag-freundliches","75":"product_tag-freundlichkeit","76":"product_tag-gesellschaftlich","77":"product_tag-gesellschaftliche","78":"product_tag-gesellschaftlichen","79":"product_tag-gesellschaftlicher","80":"product_tag-gesellschaftliches","81":"product_tag-gespraech","82":"product_tag-gespraeche","83":"product_tag-gespraeches","84":"product_tag-gespraechs","85":"product_tag-goldzahn","86":"product_tag-goldzaehne","87":"product_tag-herzlich","88":"product_tag-herzliche","89":"product_tag-herzlichem","90":"product_tag-herzlichen","91":"product_tag-herzlicher","92":"product_tag-herzliches","93":"product_tag-herzlichkeit","94":"product_tag-im-freien","95":"product_tag-koeln","96":"product_tag-koelner","97":"product_tag-konversation","98":"product_tag-konversationen","99":"product_tag-laecheln","100":"product_tag-laechelnd","101":"product_tag-laechelnde","102":"product_tag-laechelnden","103":"product_tag-laechelnder","104":"product_tag-laechelndes","105":"product_tag-laechelt","106":"product_tag-lachen","107":"product_tag-lachend","108":"product_tag-lachende","109":"product_tag-lachendem","110":"product_tag-lachenden","111":"product_tag-lachender","112":"product_tag-lachendes","113":"product_tag-migrant","114":"product_tag-migranten","115":"product_tag-minderheit","116":"product_tag-nordrhein-westfalen","117":"product_tag-nrw","118":"product_tag-obdach","119":"product_tag-photo","120":"product_tag-photoabzug","121":"product_tag-photoabzuege","122":"product_tag-photographie","123":"product_tag-photographien","124":"product_tag-photographin","125":"product_tag-photographinnen","126":"product_tag-photoreportage","127":"product_tag-portrait","128":"product_tag-portraitaufnahme","129":"product_tag-portraitfoto","130":"product_tag-portraitfotografie","131":"product_tag-portraitphoto","132":"product_tag-portraitphotographie","133":"product_tag-portraits","134":"product_tag-portraet","135":"product_tag-portraetaufnahme","136":"product_tag-portraetfoto","137":"product_tag-portraetfotografie","138":"product_tag-portraetphoto","139":"product_tag-portraetphotographie","140":"product_tag-portraets","141":"product_tag-print","142":"product_tag-reportage","143":"product_tag-rheinisch","144":"product_tag-rheinische","145":"product_tag-rheinischen","146":"product_tag-rheinischer","147":"product_tag-rheinisches","148":"product_tag-rheinland","149":"product_tag-rheinlande","150":"product_tag-rheinlanden","151":"product_tag-rheinlandes","152":"product_tag-rheinlands","153":"product_tag-roma","154":"product_tag-s-w-fotografie","155":"product_tag-s-w-photographie","156":"product_tag-schlecht","157":"product_tag-schlechte","158":"product_tag-schlechten","159":"product_tag-schlechter","160":"product_tag-schlechtes","161":"product_tag-schwarzweissphotographie","162":"product_tag-schwarz-weiss-fotografie","163":"product_tag-schwarz-weiss-photographie","164":"product_tag-schwarzweiss","165":"product_tag-schwarzweisse","166":"product_tag-schwarzweissen","167":"product_tag-schwarzweisser","168":"product_tag-schwarzweisses","169":"product_tag-schwarzweissfotografie","170":"product_tag-seitenblick","171":"product_tag-seitlich","172":"product_tag-siebziger","173":"product_tag-siedlung","174":"product_tag-siedlungen","175":"product_tag-silbergelatine","176":"product_tag-silbergelatineabzug","177":"product_tag-silbergelatineabzuege","178":"product_tag-silbergelatineprint","179":"product_tag-sinti","180":"product_tag-sinti-und-roma","181":"product_tag-sw-fotografie","182":"product_tag-sw-photographie","183":"product_tag-unterkunft","184":"product_tag-unterkuenfte","185":"product_tag-volksgruppe","186":"product_tag-volksgruppen","187":"product_tag-volksstamm","188":"product_tag-volksstaemme","189":"product_tag-wohnwagen","190":"product_tag-zahn","191":"product_tag-zaehne","192":"product_tag-zaehnen","193":"product_tag-zigeuner","194":"product_tag-zigeunerin","195":"product_tag-zigeunerinnen","196":"product_tag-zigeunern","197":"product_tag-zur-seite","198":"pa_datierung-mai-1971","199":"pa_fotograf-abisag-tuellmann","200":"pa_geografischer_bezug-aufnahmeort-koeln-deutschland","201":"pa_grunddaten_material_technik-foto-silbergelatine-auf-barytpapier","202":"pa_inventarnummer-tue-71-063-27a","203":"pa_jahr_von-49516","204":"pa_massangaben-bildformat-foto-233-x-298-cm","205":"pa_mediennummer-50565","206":"pa_objekt_typ-fotografie","208":"first","209":"instock","210":"product-type-simple"},"yoast_head":"<!-- This site is optimized with the Yoast SEO plugin v27.3 - https:\/\/yoast.com\/product\/yoast-seo-wordpress\/ -->\n<title>\u00c4ltere Frau in einer Wohnwagensiedlung der Sinti und Roma bei K\u00f6ln - Abisag T\u00fcllmann<\/title>\n<meta name=\"robots\" content=\"index, follow, max-snippet:-1, max-image-preview:large, max-video-preview:-1\" \/>\n<link rel=\"canonical\" href=\"https:\/\/bpk-archive.de\/tuellmann\/produkt\/aeltere-frau-in-einer-wohnwagensiedlung-der-sinti-und-roma-bei-koeln\/\" \/>\n<meta property=\"og:locale\" content=\"de_DE\" \/>\n<meta property=\"og:type\" content=\"article\" \/>\n<meta property=\"og:title\" content=\"\u00c4ltere Frau in einer Wohnwagensiedlung der Sinti und Roma bei K\u00f6ln - Abisag T\u00fcllmann\" \/>\n<meta property=\"og:description\" content=\"R\u00fcckseitenbeschriftung von anderer Hand: &#8222;Zigeunerin&#8220;\" \/>\n<meta property=\"og:url\" content=\"https:\/\/bpk-archive.de\/tuellmann\/produkt\/aeltere-frau-in-einer-wohnwagensiedlung-der-sinti-und-roma-bei-koeln\/\" \/>\n<meta property=\"og:site_name\" content=\"Abisag T\u00fcllmann\" \/>\n<meta property=\"article:modified_time\" content=\"2019-09-05T13:03:12+00:00\" \/>\n<meta property=\"og:image\" content=\"https:\/\/bpk-archive.de\/tuellmann\/wp-content\/uploads\/2019\/08\/bpk_70275184.jpg\" \/>\n\t<meta property=\"og:image:width\" content=\"1200\" \/>\n\t<meta property=\"og:image:height\" content=\"956\" \/>\n\t<meta property=\"og:image:type\" content=\"image\/jpeg\" \/>\n<meta name=\"twitter:card\" content=\"summary_large_image\" \/>\n<script type=\"application\/ld+json\" class=\"yoast-schema-graph\">{\"@context\":\"https:\\\/\\\/schema.org\",\"@graph\":[{\"@type\":\"WebPage\",\"@id\":\"https:\\\/\\\/bpk-archive.de\\\/tuellmann\\\/produkt\\\/aeltere-frau-in-einer-wohnwagensiedlung-der-sinti-und-roma-bei-koeln\\\/\",\"url\":\"https:\\\/\\\/bpk-archive.de\\\/tuellmann\\\/produkt\\\/aeltere-frau-in-einer-wohnwagensiedlung-der-sinti-und-roma-bei-koeln\\\/\",\"name\":\"\u00c4ltere Frau in einer Wohnwagensiedlung der Sinti und Roma bei K\u00f6ln - Abisag T\u00fcllmann\",\"isPartOf\":{\"@id\":\"https:\\\/\\\/bpk-archive.de\\\/tuellmann\\\/#website\"},\"primaryImageOfPage\":{\"@id\":\"https:\\\/\\\/bpk-archive.de\\\/tuellmann\\\/produkt\\\/aeltere-frau-in-einer-wohnwagensiedlung-der-sinti-und-roma-bei-koeln\\\/#primaryimage\"},\"image\":{\"@id\":\"https:\\\/\\\/bpk-archive.de\\\/tuellmann\\\/produkt\\\/aeltere-frau-in-einer-wohnwagensiedlung-der-sinti-und-roma-bei-koeln\\\/#primaryimage\"},\"thumbnailUrl\":\"https:\\\/\\\/bpk-archive.de\\\/tuellmann\\\/wp-content\\\/uploads\\\/2019\\\/08\\\/bpk_70275184.jpg\",\"datePublished\":\"2019-09-05T13:02:49+00:00\",\"dateModified\":\"2019-09-05T13:03:12+00:00\",\"breadcrumb\":{\"@id\":\"https:\\\/\\\/bpk-archive.de\\\/tuellmann\\\/produkt\\\/aeltere-frau-in-einer-wohnwagensiedlung-der-sinti-und-roma-bei-koeln\\\/#breadcrumb\"},\"inLanguage\":\"de\",\"potentialAction\":[{\"@type\":\"ReadAction\",\"target\":[\"https:\\\/\\\/bpk-archive.de\\\/tuellmann\\\/produkt\\\/aeltere-frau-in-einer-wohnwagensiedlung-der-sinti-und-roma-bei-koeln\\\/\"]}]},{\"@type\":\"ImageObject\",\"inLanguage\":\"de\",\"@id\":\"https:\\\/\\\/bpk-archive.de\\\/tuellmann\\\/produkt\\\/aeltere-frau-in-einer-wohnwagensiedlung-der-sinti-und-roma-bei-koeln\\\/#primaryimage\",\"url\":\"https:\\\/\\\/bpk-archive.de\\\/tuellmann\\\/wp-content\\\/uploads\\\/2019\\\/08\\\/bpk_70275184.jpg\",\"contentUrl\":\"https:\\\/\\\/bpk-archive.de\\\/tuellmann\\\/wp-content\\\/uploads\\\/2019\\\/08\\\/bpk_70275184.jpg\",\"width\":1200,\"height\":956,\"caption\":\"\u00c4ltere Frau in einer Wohnwagensiedlung der Sinti und Roma bei K\u00f6ln\"},{\"@type\":\"BreadcrumbList\",\"@id\":\"https:\\\/\\\/bpk-archive.de\\\/tuellmann\\\/produkt\\\/aeltere-frau-in-einer-wohnwagensiedlung-der-sinti-und-roma-bei-koeln\\\/#breadcrumb\",\"itemListElement\":[{\"@type\":\"ListItem\",\"position\":1,\"name\":\"Startseite\",\"item\":\"https:\\\/\\\/bpk-archive.de\\\/tuellmann\\\/\"},{\"@type\":\"ListItem\",\"position\":2,\"name\":\"Shop\",\"item\":\"https:\\\/\\\/bpk-archive.de\\\/tuellmann\\\/shop\\\/\"},{\"@type\":\"ListItem\",\"position\":3,\"name\":\"\u00c4ltere Frau in einer Wohnwagensiedlung der Sinti und Roma bei K\u00f6ln\"}]},{\"@type\":\"WebSite\",\"@id\":\"https:\\\/\\\/bpk-archive.de\\\/tuellmann\\\/#website\",\"url\":\"https:\\\/\\\/bpk-archive.de\\\/tuellmann\\\/\",\"name\":\"Abisag T\u00fcllmann\",\"description\":\"Eine weitere WordPress-Website\",\"potentialAction\":[{\"@type\":\"SearchAction\",\"target\":{\"@type\":\"EntryPoint\",\"urlTemplate\":\"https:\\\/\\\/bpk-archive.de\\\/tuellmann\\\/?s={search_term_string}\"},\"query-input\":{\"@type\":\"PropertyValueSpecification\",\"valueRequired\":true,\"valueName\":\"search_term_string\"}}],\"inLanguage\":\"de\"}]}<\/script>\n<!-- \/ Yoast SEO plugin. -->","yoast_head_json":{"title":"\u00c4ltere Frau in einer Wohnwagensiedlung der Sinti und Roma bei K\u00f6ln - Abisag T\u00fcllmann","robots":{"index":"index","follow":"follow","max-snippet":"max-snippet:-1","max-image-preview":"max-image-preview:large","max-video-preview":"max-video-preview:-1"},"canonical":"https:\/\/bpk-archive.de\/tuellmann\/produkt\/aeltere-frau-in-einer-wohnwagensiedlung-der-sinti-und-roma-bei-koeln\/","og_locale":"de_DE","og_type":"article","og_title":"\u00c4ltere Frau in einer Wohnwagensiedlung der Sinti und Roma bei K\u00f6ln - Abisag T\u00fcllmann","og_description":"R\u00fcckseitenbeschriftung von anderer Hand: &#8222;Zigeunerin&#8220;","og_url":"https:\/\/bpk-archive.de\/tuellmann\/produkt\/aeltere-frau-in-einer-wohnwagensiedlung-der-sinti-und-roma-bei-koeln\/","og_site_name":"Abisag T\u00fcllmann","article_modified_time":"2019-09-05T13:03:12+00:00","og_image":[{"width":1200,"height":956,"url":"https:\/\/bpk-archive.de\/tuellmann\/wp-content\/uploads\/2019\/08\/bpk_70275184.jpg","type":"image\/jpeg"}],"twitter_card":"summary_large_image","schema":{"@context":"https:\/\/schema.org","@graph":[{"@type":"WebPage","@id":"https:\/\/bpk-archive.de\/tuellmann\/produkt\/aeltere-frau-in-einer-wohnwagensiedlung-der-sinti-und-roma-bei-koeln\/","url":"https:\/\/bpk-archive.de\/tuellmann\/produkt\/aeltere-frau-in-einer-wohnwagensiedlung-der-sinti-und-roma-bei-koeln\/","name":"\u00c4ltere Frau in einer Wohnwagensiedlung der Sinti und Roma bei K\u00f6ln - Abisag T\u00fcllmann","isPartOf":{"@id":"https:\/\/bpk-archive.de\/tuellmann\/#website"},"primaryImageOfPage":{"@id":"https:\/\/bpk-archive.de\/tuellmann\/produkt\/aeltere-frau-in-einer-wohnwagensiedlung-der-sinti-und-roma-bei-koeln\/#primaryimage"},"image":{"@id":"https:\/\/bpk-archive.de\/tuellmann\/produkt\/aeltere-frau-in-einer-wohnwagensiedlung-der-sinti-und-roma-bei-koeln\/#primaryimage"},"thumbnailUrl":"https:\/\/bpk-archive.de\/tuellmann\/wp-content\/uploads\/2019\/08\/bpk_70275184.jpg","datePublished":"2019-09-05T13:02:49+00:00","dateModified":"2019-09-05T13:03:12+00:00","breadcrumb":{"@id":"https:\/\/bpk-archive.de\/tuellmann\/produkt\/aeltere-frau-in-einer-wohnwagensiedlung-der-sinti-und-roma-bei-koeln\/#breadcrumb"},"inLanguage":"de","potentialAction":[{"@type":"ReadAction","target":["https:\/\/bpk-archive.de\/tuellmann\/produkt\/aeltere-frau-in-einer-wohnwagensiedlung-der-sinti-und-roma-bei-koeln\/"]}]},{"@type":"ImageObject","inLanguage":"de","@id":"https:\/\/bpk-archive.de\/tuellmann\/produkt\/aeltere-frau-in-einer-wohnwagensiedlung-der-sinti-und-roma-bei-koeln\/#primaryimage","url":"https:\/\/bpk-archive.de\/tuellmann\/wp-content\/uploads\/2019\/08\/bpk_70275184.jpg","contentUrl":"https:\/\/bpk-archive.de\/tuellmann\/wp-content\/uploads\/2019\/08\/bpk_70275184.jpg","width":1200,"height":956,"caption":"\u00c4ltere Frau in einer Wohnwagensiedlung der Sinti und Roma bei K\u00f6ln"},{"@type":"BreadcrumbList","@id":"https:\/\/bpk-archive.de\/tuellmann\/produkt\/aeltere-frau-in-einer-wohnwagensiedlung-der-sinti-und-roma-bei-koeln\/#breadcrumb","itemListElement":[{"@type":"ListItem","position":1,"name":"Startseite","item":"https:\/\/bpk-archive.de\/tuellmann\/"},{"@type":"ListItem","position":2,"name":"Shop","item":"https:\/\/bpk-archive.de\/tuellmann\/shop\/"},{"@type":"ListItem","position":3,"name":"\u00c4ltere Frau in einer Wohnwagensiedlung der Sinti und Roma bei K\u00f6ln"}]},{"@type":"WebSite","@id":"https:\/\/bpk-archive.de\/tuellmann\/#website","url":"https:\/\/bpk-archive.de\/tuellmann\/","name":"Abisag T\u00fcllmann","description":"Eine weitere WordPress-Website","potentialAction":[{"@type":"SearchAction","target":{"@type":"EntryPoint","urlTemplate":"https:\/\/bpk-archive.de\/tuellmann\/?s={search_term_string}"},"query-input":{"@type":"PropertyValueSpecification","valueRequired":true,"valueName":"search_term_string"}}],"inLanguage":"de"}]}},"_links":{"self":[{"href":"https:\/\/bpk-archive.de\/tuellmann\/wp-json\/wp\/v2\/product\/70295210","targetHints":{"allow":["GET"]}}],"collection":[{"href":"https:\/\/bpk-archive.de\/tuellmann\/wp-json\/wp\/v2\/product"}],"about":[{"href":"https:\/\/bpk-archive.de\/tuellmann\/wp-json\/wp\/v2\/types\/product"}],"wp:featuredmedia":[{"embeddable":true,"href":"https:\/\/bpk-archive.de\/tuellmann\/wp-json\/wp\/v2\/media\/70293028"}],"wp:attachment":[{"href":"https:\/\/bpk-archive.de\/tuellmann\/wp-json\/wp\/v2\/media?parent=70295210"}],"wp:term":[{"taxonomy":"product_brand","embeddable":true,"href":"https:\/\/bpk-archive.de\/tuellmann\/wp-json\/wp\/v2\/product_brand?post=70295210"},{"taxonomy":"product_cat","embeddable":true,"href":"https:\/\/bpk-archive.de\/tuellmann\/wp-json\/wp\/v2\/product_cat?post=70295210"},{"taxonomy":"product_tag","embeddable":true,"href":"https:\/\/bpk-archive.de\/tuellmann\/wp-json\/wp\/v2\/product_tag?post=70295210"}],"curies":[{"name":"wp","href":"https:\/\/api.w.org\/{rel}","templated":true}]}}