{"id":70295201,"date":"2019-09-05T15:02:49","date_gmt":"2019-09-05T13:02:49","guid":{"rendered":"http:\/\/abisagtuellmann.bpk-news.de\/atbild\/hausaufgabenbetreuung-in-einer-notunterkunft-fuer-sinti-und-roma-in-koeln-6\/"},"modified":"2020-08-12T10:24:52","modified_gmt":"2020-08-12T08:24:52","slug":"hausaufgabenbetreuung-in-einer-notunterkunft-fuer-sinti-und-roma-in-koeln-6","status":"publish","type":"product","link":"https:\/\/bpk-archive.de\/tuellmann\/produkt\/hausaufgabenbetreuung-in-einer-notunterkunft-fuer-sinti-und-roma-in-koeln-6\/","title":{"rendered":"Hausaufgabenbetreuung in einer Notunterkunft f\u00fcr Sinti und Roma in K\u00f6ln"},"content":{"rendered":"","protected":false},"excerpt":{"rendered":"","protected":false},"featured_media":70292975,"template":"","meta":[],"product_brand":[],"product_cat":[73395],"product_tag":[13230,13232,13234,13231,13233,13235,47921,49668,13777,47541,47542,47543,47544,47545,47546,47547,47548,49518,50314,14318,50140,13784,13785,50141,13469,13470,49579,49580,13253,13254,13255,13256,13257,13471,13472,49519,13960,13961,13962,13963,13964,13965,50315,13473,48971,50142,49520,49521,49522,49523,49524,49525,49526,50408,50409,13293,13786,13787,13294,13295,13296,13297,47267,13487,13488,50143,50144,50145,50146,50147,50148,50149,50150,49528,49529,49530,49531,49532,50410,50115,50116,49948,49949,49950,49951,49952,49953,50151,13498,49581,14205,14206,14207,14213,14218,14219,49582,49583,50411,50412,50413,50414,50415,50416,50417,50153,50418,50419,50119,13310,47313,47314,47315,47316,47317,47318,13311,50402,50403,49816,47786,49544,50159,50160,49586,47449,47450,49588,14229,13328,13827,13828,13329,13330,13331,13332,47332,13829,13830,13831,13832,13833,13834,13835,13836,13837,13838,13839,13840,13841,13842,13843,47958,50404,50405,47333,49545,49546,49547,49548,49549,49550,49551,49552,49553,49555,49556,13877,13879,50120,50121,50163,50164,13346,13347,50165,50166,13865,13864,13866,13858,13859,13860,13861,13862,13863,13354,48160,48161,13869,13870,13871,13872,49557,49558,14243,14244,14245,14246,14247,14248,14249,50167,50168,50169,50170,47967,13878,13880,48535,48536,48537,48538,47968,14250,14251,49561,49562,49563,49564,13525,50221,50420,50185,50186,50187,50188,50189,49569,49591,49592,50173,50174,49570],"class_list":{"0":"post-70295201","1":"product","2":"type-product","3":"status-publish","4":"has-post-thumbnail","6":"product_cat-sinti-und-roma","7":"product_tag-1970er-jahre","8":"product_tag-20-jahrhundert-nach-chr","9":"product_tag-20-jh-n-chr","10":"product_tag-20-jahrhundert","11":"product_tag-20-jh","12":"product_tag-70er","13":"product_tag-abisag","14":"product_tag-abt_002","15":"product_tag-abzug","16":"product_tag-alltag","17":"product_tag-alltaeglich","18":"product_tag-alltaegliche","19":"product_tag-alltaeglicher","20":"product_tag-alltaegliches","21":"product_tag-alltagsleben","22":"product_tag-alltagsszene","23":"product_tag-alltagsszenen","24":"product_tag-at_sinti-roma","25":"product_tag-aufsicht","26":"product_tag-aussenseiter","27":"product_tag-betreuung","28":"product_tag-bildnis","29":"product_tag-bildnisse","30":"product_tag-bildung","31":"product_tag-brd","32":"product_tag-bundesrepublik-deutschland","33":"product_tag-coeln","34":"product_tag-coelner","35":"product_tag-deutsch","36":"product_tag-deutsche","37":"product_tag-deutschen","38":"product_tag-deutscher","39":"product_tag-deutsches","40":"product_tag-deutschland","41":"product_tag-deutschlands","42":"product_tag-diskriminierung","43":"product_tag-doppelbildnis","44":"product_tag-doppelbildnisse","45":"product_tag-doppelportrait","46":"product_tag-doppelportraits","47":"product_tag-doppelportraet","48":"product_tag-doppelportraets","49":"product_tag-draufsicht","50":"product_tag-drinnen","51":"product_tag-erklaeren","52":"product_tag-erklaert","53":"product_tag-ethnie","54":"product_tag-ethnien","55":"product_tag-ethnisch","56":"product_tag-ethnische","57":"product_tag-ethnischen","58":"product_tag-ethnischer","59":"product_tag-ethnisches","60":"product_tag-finger","61":"product_tag-fingern","62":"product_tag-foto","63":"product_tag-fotoabzug","64":"product_tag-fotoabzuege","65":"product_tag-fotografie","66":"product_tag-fotografien","67":"product_tag-fotografin","68":"product_tag-fotografinnen","69":"product_tag-fotoreportage","70":"product_tag-frau","71":"product_tag-frauen","72":"product_tag-fuersorge","73":"product_tag-fuersorgeeinrichtung","74":"product_tag-fuersorgeeinrichtungen","75":"product_tag-fuersorglich","76":"product_tag-fuersorgliche","77":"product_tag-fuersorglichen","78":"product_tag-fuersorglicher","79":"product_tag-fuersorgliches","80":"product_tag-gesellschaftlich","81":"product_tag-gesellschaftliche","82":"product_tag-gesellschaftlichen","83":"product_tag-gesellschaftlicher","84":"product_tag-gesellschaftliches","85":"product_tag-haende","86":"product_tag-hausaufgabe","87":"product_tag-hausaufgaben","88":"product_tag-helfen","89":"product_tag-helfend","90":"product_tag-helfende","91":"product_tag-helfenden","92":"product_tag-helfender","93":"product_tag-helfendes","94":"product_tag-hilft","95":"product_tag-innen","96":"product_tag-integration","97":"product_tag-kind","98":"product_tag-kinde","99":"product_tag-kinder","100":"product_tag-kindern","101":"product_tag-kindes","102":"product_tag-kindheit","103":"product_tag-koeln","104":"product_tag-koelner","105":"product_tag-kontrast","106":"product_tag-kontraste","107":"product_tag-kontraststark","108":"product_tag-kontraststarke","109":"product_tag-kontraststarken","110":"product_tag-kontraststarker","111":"product_tag-kontraststarkes","112":"product_tag-konzentration","113":"product_tag-lehrerin","114":"product_tag-lehrerinnen","115":"product_tag-lernen","116":"product_tag-maedchen","117":"product_tag-maedchenbildnis","118":"product_tag-maedchenbildnisse","119":"product_tag-maedchenportrait","120":"product_tag-maedchenportraits","121":"product_tag-maedchenportraet","122":"product_tag-maedchenportraets","123":"product_tag-maedchens","124":"product_tag-mathe","125":"product_tag-mathematik","126":"product_tag-migrant","127":"product_tag-migranten","128":"product_tag-minderheit","129":"product_tag-nachdenken","130":"product_tag-nachdenklichkeit","131":"product_tag-nordrhein-westfalen","132":"product_tag-notunterkunft","133":"product_tag-notunterkuenfte","134":"product_tag-nrw","135":"product_tag-obdach","136":"product_tag-photo","137":"product_tag-photoabzug","138":"product_tag-photoabzuege","139":"product_tag-photographie","140":"product_tag-photographien","141":"product_tag-photographin","142":"product_tag-photographinnen","143":"product_tag-photoreportage","144":"product_tag-portrait","145":"product_tag-portraitaufnahme","146":"product_tag-portraitfoto","147":"product_tag-portraitfotografie","148":"product_tag-portraitphoto","149":"product_tag-portraitphotographie","150":"product_tag-portraits","151":"product_tag-portraet","152":"product_tag-portraetaufnahme","153":"product_tag-portraetfoto","154":"product_tag-portraetfotografie","155":"product_tag-portraetphoto","156":"product_tag-portraetphotographie","157":"product_tag-portraets","158":"product_tag-print","159":"product_tag-querformat","160":"product_tag-rechenkunst","161":"product_tag-rechnen","162":"product_tag-reportage","163":"product_tag-rheinisch","164":"product_tag-rheinische","165":"product_tag-rheinischen","166":"product_tag-rheinischer","167":"product_tag-rheinisches","168":"product_tag-rheinland","169":"product_tag-rheinlande","170":"product_tag-rheinlanden","171":"product_tag-rheinlandes","172":"product_tag-rheinlands","173":"product_tag-roma","174":"product_tag-s-w-fotografie","175":"product_tag-s-w-photographie","176":"product_tag-schulaufgabe","177":"product_tag-schulaufgaben","178":"product_tag-schule","179":"product_tag-schulen","180":"product_tag-schuelerin","181":"product_tag-schuelerinnen","182":"product_tag-schulheft","183":"product_tag-schulhefte","184":"product_tag-schwarzweissphotographie","185":"product_tag-schwarz-weiss-fotografie","186":"product_tag-schwarz-weiss-photographie","187":"product_tag-schwarzweiss","188":"product_tag-schwarzweisse","189":"product_tag-schwarzweissen","190":"product_tag-schwarzweisser","191":"product_tag-schwarzweisses","192":"product_tag-schwarzweissfotografie","193":"product_tag-siebziger","194":"product_tag-siedlung","195":"product_tag-siedlungen","196":"product_tag-silbergelatine","197":"product_tag-silbergelatineabzug","198":"product_tag-silbergelatineabzuege","199":"product_tag-silbergelatineprint","200":"product_tag-sinti","201":"product_tag-sinti-und-roma","202":"product_tag-sitzen","203":"product_tag-sitzend","204":"product_tag-sitzende","205":"product_tag-sitzenden","206":"product_tag-sitzender","207":"product_tag-sitzendes","208":"product_tag-sitzt","209":"product_tag-sozialarbeit","210":"product_tag-sozialarbeiter","211":"product_tag-sozialarbeiterin","212":"product_tag-sozialarbeiterinnen","213":"product_tag-sw","214":"product_tag-sw-fotografie","215":"product_tag-sw-photographie","216":"product_tag-tisch","217":"product_tag-tische","218":"product_tag-tischen","219":"product_tag-tisches","220":"product_tag-tuellmann","221":"product_tag-unterkunft","222":"product_tag-unterkuenfte","223":"product_tag-volksgruppe","224":"product_tag-volksgruppen","225":"product_tag-volksstamm","226":"product_tag-volksstaemme","227":"product_tag-von-innen","228":"product_tag-zahlen","229":"product_tag-zeichensprache","230":"product_tag-zentriert","231":"product_tag-zentrierte","232":"product_tag-zentrierten","233":"product_tag-zentrierter","234":"product_tag-zentriertes","235":"product_tag-zigeuner","236":"product_tag-zigeunerin","237":"product_tag-zigeunerinnen","238":"product_tag-zigeunerkind","239":"product_tag-zigeunerkinder","240":"product_tag-zigeunern","241":"pa_datierung-mai-1971","242":"pa_fotograf-abisag-tuellmann","243":"pa_geografischer_bezug-aufnahmeort-koeln-deutschland","244":"pa_grunddaten_material_technik-foto-silbergelatine-auf-barytpapier","245":"pa_inventarnummer-tue-71-066-30a","246":"pa_jahr_von-49516","247":"pa_massangaben-bildformat-foto-235-x-304-cm","248":"pa_mediennummer-50406","249":"pa_objekt_typ-fotografie","251":"first","252":"instock","253":"product-type-simple"},"yoast_head":"<!-- This site is optimized with the Yoast SEO plugin v27.3 - https:\/\/yoast.com\/product\/yoast-seo-wordpress\/ -->\n<title>Hausaufgabenbetreuung in einer Notunterkunft f\u00fcr Sinti und Roma in K\u00f6ln - Abisag T\u00fcllmann<\/title>\n<meta name=\"robots\" content=\"index, follow, max-snippet:-1, max-image-preview:large, max-video-preview:-1\" \/>\n<link rel=\"canonical\" href=\"https:\/\/bpk-archive.de\/tuellmann\/produkt\/hausaufgabenbetreuung-in-einer-notunterkunft-fuer-sinti-und-roma-in-koeln-6\/\" \/>\n<meta property=\"og:locale\" content=\"de_DE\" \/>\n<meta property=\"og:type\" content=\"article\" \/>\n<meta property=\"og:title\" content=\"Hausaufgabenbetreuung in einer Notunterkunft f\u00fcr Sinti und Roma in K\u00f6ln - Abisag T\u00fcllmann\" \/>\n<meta property=\"og:url\" content=\"https:\/\/bpk-archive.de\/tuellmann\/produkt\/hausaufgabenbetreuung-in-einer-notunterkunft-fuer-sinti-und-roma-in-koeln-6\/\" \/>\n<meta property=\"og:site_name\" content=\"Abisag T\u00fcllmann\" \/>\n<meta property=\"article:modified_time\" content=\"2020-08-12T08:24:52+00:00\" \/>\n<meta property=\"og:image\" content=\"https:\/\/bpk-archive.de\/tuellmann\/wp-content\/uploads\/2019\/08\/bpk_70275155.jpg\" \/>\n\t<meta property=\"og:image:width\" content=\"1200\" \/>\n\t<meta property=\"og:image:height\" content=\"940\" \/>\n\t<meta property=\"og:image:type\" content=\"image\/jpeg\" \/>\n<meta name=\"twitter:card\" content=\"summary_large_image\" \/>\n<script type=\"application\/ld+json\" class=\"yoast-schema-graph\">{\"@context\":\"https:\\\/\\\/schema.org\",\"@graph\":[{\"@type\":\"WebPage\",\"@id\":\"https:\\\/\\\/bpk-archive.de\\\/tuellmann\\\/produkt\\\/hausaufgabenbetreuung-in-einer-notunterkunft-fuer-sinti-und-roma-in-koeln-6\\\/\",\"url\":\"https:\\\/\\\/bpk-archive.de\\\/tuellmann\\\/produkt\\\/hausaufgabenbetreuung-in-einer-notunterkunft-fuer-sinti-und-roma-in-koeln-6\\\/\",\"name\":\"Hausaufgabenbetreuung in einer Notunterkunft f\u00fcr Sinti und Roma in K\u00f6ln - Abisag T\u00fcllmann\",\"isPartOf\":{\"@id\":\"https:\\\/\\\/bpk-archive.de\\\/tuellmann\\\/#website\"},\"primaryImageOfPage\":{\"@id\":\"https:\\\/\\\/bpk-archive.de\\\/tuellmann\\\/produkt\\\/hausaufgabenbetreuung-in-einer-notunterkunft-fuer-sinti-und-roma-in-koeln-6\\\/#primaryimage\"},\"image\":{\"@id\":\"https:\\\/\\\/bpk-archive.de\\\/tuellmann\\\/produkt\\\/hausaufgabenbetreuung-in-einer-notunterkunft-fuer-sinti-und-roma-in-koeln-6\\\/#primaryimage\"},\"thumbnailUrl\":\"https:\\\/\\\/bpk-archive.de\\\/tuellmann\\\/wp-content\\\/uploads\\\/2019\\\/08\\\/bpk_70275155.jpg\",\"datePublished\":\"2019-09-05T13:02:49+00:00\",\"dateModified\":\"2020-08-12T08:24:52+00:00\",\"breadcrumb\":{\"@id\":\"https:\\\/\\\/bpk-archive.de\\\/tuellmann\\\/produkt\\\/hausaufgabenbetreuung-in-einer-notunterkunft-fuer-sinti-und-roma-in-koeln-6\\\/#breadcrumb\"},\"inLanguage\":\"de\",\"potentialAction\":[{\"@type\":\"ReadAction\",\"target\":[\"https:\\\/\\\/bpk-archive.de\\\/tuellmann\\\/produkt\\\/hausaufgabenbetreuung-in-einer-notunterkunft-fuer-sinti-und-roma-in-koeln-6\\\/\"]}]},{\"@type\":\"ImageObject\",\"inLanguage\":\"de\",\"@id\":\"https:\\\/\\\/bpk-archive.de\\\/tuellmann\\\/produkt\\\/hausaufgabenbetreuung-in-einer-notunterkunft-fuer-sinti-und-roma-in-koeln-6\\\/#primaryimage\",\"url\":\"https:\\\/\\\/bpk-archive.de\\\/tuellmann\\\/wp-content\\\/uploads\\\/2019\\\/08\\\/bpk_70275155.jpg\",\"contentUrl\":\"https:\\\/\\\/bpk-archive.de\\\/tuellmann\\\/wp-content\\\/uploads\\\/2019\\\/08\\\/bpk_70275155.jpg\",\"width\":1200,\"height\":940,\"caption\":\"Hausaufgabenbetreuung in einer Notunterkunft f\u00fcr Sinti und Roma in K\u00f6ln\"},{\"@type\":\"BreadcrumbList\",\"@id\":\"https:\\\/\\\/bpk-archive.de\\\/tuellmann\\\/produkt\\\/hausaufgabenbetreuung-in-einer-notunterkunft-fuer-sinti-und-roma-in-koeln-6\\\/#breadcrumb\",\"itemListElement\":[{\"@type\":\"ListItem\",\"position\":1,\"name\":\"Startseite\",\"item\":\"https:\\\/\\\/bpk-archive.de\\\/tuellmann\\\/\"},{\"@type\":\"ListItem\",\"position\":2,\"name\":\"Shop\",\"item\":\"https:\\\/\\\/bpk-archive.de\\\/tuellmann\\\/shop\\\/\"},{\"@type\":\"ListItem\",\"position\":3,\"name\":\"Hausaufgabenbetreuung in einer Notunterkunft f\u00fcr Sinti und Roma in K\u00f6ln\"}]},{\"@type\":\"WebSite\",\"@id\":\"https:\\\/\\\/bpk-archive.de\\\/tuellmann\\\/#website\",\"url\":\"https:\\\/\\\/bpk-archive.de\\\/tuellmann\\\/\",\"name\":\"Abisag T\u00fcllmann\",\"description\":\"Eine weitere WordPress-Website\",\"potentialAction\":[{\"@type\":\"SearchAction\",\"target\":{\"@type\":\"EntryPoint\",\"urlTemplate\":\"https:\\\/\\\/bpk-archive.de\\\/tuellmann\\\/?s={search_term_string}\"},\"query-input\":{\"@type\":\"PropertyValueSpecification\",\"valueRequired\":true,\"valueName\":\"search_term_string\"}}],\"inLanguage\":\"de\"}]}<\/script>\n<!-- \/ Yoast SEO plugin. -->","yoast_head_json":{"title":"Hausaufgabenbetreuung in einer Notunterkunft f\u00fcr Sinti und Roma in K\u00f6ln - Abisag T\u00fcllmann","robots":{"index":"index","follow":"follow","max-snippet":"max-snippet:-1","max-image-preview":"max-image-preview:large","max-video-preview":"max-video-preview:-1"},"canonical":"https:\/\/bpk-archive.de\/tuellmann\/produkt\/hausaufgabenbetreuung-in-einer-notunterkunft-fuer-sinti-und-roma-in-koeln-6\/","og_locale":"de_DE","og_type":"article","og_title":"Hausaufgabenbetreuung in einer Notunterkunft f\u00fcr Sinti und Roma in K\u00f6ln - Abisag T\u00fcllmann","og_url":"https:\/\/bpk-archive.de\/tuellmann\/produkt\/hausaufgabenbetreuung-in-einer-notunterkunft-fuer-sinti-und-roma-in-koeln-6\/","og_site_name":"Abisag T\u00fcllmann","article_modified_time":"2020-08-12T08:24:52+00:00","og_image":[{"width":1200,"height":940,"url":"https:\/\/bpk-archive.de\/tuellmann\/wp-content\/uploads\/2019\/08\/bpk_70275155.jpg","type":"image\/jpeg"}],"twitter_card":"summary_large_image","schema":{"@context":"https:\/\/schema.org","@graph":[{"@type":"WebPage","@id":"https:\/\/bpk-archive.de\/tuellmann\/produkt\/hausaufgabenbetreuung-in-einer-notunterkunft-fuer-sinti-und-roma-in-koeln-6\/","url":"https:\/\/bpk-archive.de\/tuellmann\/produkt\/hausaufgabenbetreuung-in-einer-notunterkunft-fuer-sinti-und-roma-in-koeln-6\/","name":"Hausaufgabenbetreuung in einer Notunterkunft f\u00fcr Sinti und Roma in K\u00f6ln - Abisag T\u00fcllmann","isPartOf":{"@id":"https:\/\/bpk-archive.de\/tuellmann\/#website"},"primaryImageOfPage":{"@id":"https:\/\/bpk-archive.de\/tuellmann\/produkt\/hausaufgabenbetreuung-in-einer-notunterkunft-fuer-sinti-und-roma-in-koeln-6\/#primaryimage"},"image":{"@id":"https:\/\/bpk-archive.de\/tuellmann\/produkt\/hausaufgabenbetreuung-in-einer-notunterkunft-fuer-sinti-und-roma-in-koeln-6\/#primaryimage"},"thumbnailUrl":"https:\/\/bpk-archive.de\/tuellmann\/wp-content\/uploads\/2019\/08\/bpk_70275155.jpg","datePublished":"2019-09-05T13:02:49+00:00","dateModified":"2020-08-12T08:24:52+00:00","breadcrumb":{"@id":"https:\/\/bpk-archive.de\/tuellmann\/produkt\/hausaufgabenbetreuung-in-einer-notunterkunft-fuer-sinti-und-roma-in-koeln-6\/#breadcrumb"},"inLanguage":"de","potentialAction":[{"@type":"ReadAction","target":["https:\/\/bpk-archive.de\/tuellmann\/produkt\/hausaufgabenbetreuung-in-einer-notunterkunft-fuer-sinti-und-roma-in-koeln-6\/"]}]},{"@type":"ImageObject","inLanguage":"de","@id":"https:\/\/bpk-archive.de\/tuellmann\/produkt\/hausaufgabenbetreuung-in-einer-notunterkunft-fuer-sinti-und-roma-in-koeln-6\/#primaryimage","url":"https:\/\/bpk-archive.de\/tuellmann\/wp-content\/uploads\/2019\/08\/bpk_70275155.jpg","contentUrl":"https:\/\/bpk-archive.de\/tuellmann\/wp-content\/uploads\/2019\/08\/bpk_70275155.jpg","width":1200,"height":940,"caption":"Hausaufgabenbetreuung in einer Notunterkunft f\u00fcr Sinti und Roma in K\u00f6ln"},{"@type":"BreadcrumbList","@id":"https:\/\/bpk-archive.de\/tuellmann\/produkt\/hausaufgabenbetreuung-in-einer-notunterkunft-fuer-sinti-und-roma-in-koeln-6\/#breadcrumb","itemListElement":[{"@type":"ListItem","position":1,"name":"Startseite","item":"https:\/\/bpk-archive.de\/tuellmann\/"},{"@type":"ListItem","position":2,"name":"Shop","item":"https:\/\/bpk-archive.de\/tuellmann\/shop\/"},{"@type":"ListItem","position":3,"name":"Hausaufgabenbetreuung in einer Notunterkunft f\u00fcr Sinti und Roma in K\u00f6ln"}]},{"@type":"WebSite","@id":"https:\/\/bpk-archive.de\/tuellmann\/#website","url":"https:\/\/bpk-archive.de\/tuellmann\/","name":"Abisag T\u00fcllmann","description":"Eine weitere WordPress-Website","potentialAction":[{"@type":"SearchAction","target":{"@type":"EntryPoint","urlTemplate":"https:\/\/bpk-archive.de\/tuellmann\/?s={search_term_string}"},"query-input":{"@type":"PropertyValueSpecification","valueRequired":true,"valueName":"search_term_string"}}],"inLanguage":"de"}]}},"_links":{"self":[{"href":"https:\/\/bpk-archive.de\/tuellmann\/wp-json\/wp\/v2\/product\/70295201","targetHints":{"allow":["GET"]}}],"collection":[{"href":"https:\/\/bpk-archive.de\/tuellmann\/wp-json\/wp\/v2\/product"}],"about":[{"href":"https:\/\/bpk-archive.de\/tuellmann\/wp-json\/wp\/v2\/types\/product"}],"wp:featuredmedia":[{"embeddable":true,"href":"https:\/\/bpk-archive.de\/tuellmann\/wp-json\/wp\/v2\/media\/70292975"}],"wp:attachment":[{"href":"https:\/\/bpk-archive.de\/tuellmann\/wp-json\/wp\/v2\/media?parent=70295201"}],"wp:term":[{"taxonomy":"product_brand","embeddable":true,"href":"https:\/\/bpk-archive.de\/tuellmann\/wp-json\/wp\/v2\/product_brand?post=70295201"},{"taxonomy":"product_cat","embeddable":true,"href":"https:\/\/bpk-archive.de\/tuellmann\/wp-json\/wp\/v2\/product_cat?post=70295201"},{"taxonomy":"product_tag","embeddable":true,"href":"https:\/\/bpk-archive.de\/tuellmann\/wp-json\/wp\/v2\/product_tag?post=70295201"}],"curies":[{"name":"wp","href":"https:\/\/api.w.org\/{rel}","templated":true}]}}